10-11 16:06:09.310 D/UsbDeviceManager( 1447): [USB] handleMessage: 9; pre_mConnected=true, pre_mConfiguration=true
10-11 16:06:09.310 D/WifiController( 1447): processMsg: DeviceActiveState
10-11 16:06:09.310 D/WifiController( 1447): processMsg: StaEnabledState
10-11 16:06:09.311 D/WifiController( 1447): processMsg: DefaultState
10-11 16:06:09.311 D/WifiController( 1447): handleMessage: X
10-11 16:06:09.316 D/HeadsetStateMachine( 1639): Disconnected process message: 10, size: 0
10-11 16:06:09.318 I/VRCORE_PluginKit( 2388): VRDeviceStub.java:handleMessage(132) com.htc.vr.device.svr.SvrHmdDevice_1207d09[0] NativeDriverStub@c342b3c, event = 5
10-11 16:06:09.318 D/VRCORE_PluginKit( 2388): SendEventToClient at DriverStub
10-11 16:06:09.320 D/VRCORE_Server( 2113): Set other type's event
10-11 16:06:09.320 I/VRCORE_Server( 2113): SendEventToClient:devId=0, eventId =30005
10-11 16:06:09.320 I/VRCORE_Server( 2113): call onMessage event: 30005, device: 0
10-11 16:06:09.321 I/VRCORE ( 3043): OnReceiveEvent: event.eventType=30005
10-11 16:06:09.321 I/VRCORE ( 3043): OnReceiveCoreEvent: eventType = 30005, inputId = 0, device_index = 0, devType = 1, interaction_mode = 0, gaze_trigger = 0
10-11 16:06:09.321 D/VRAssistHelper( 2113): Send VREvent to VRAssist service, event Type: 30005
10-11 16:06:09.321 I/VRCORE_Server( 2113): device is not null in GetDisplayConfigure(), using DisplayConfigure of device
10-11 16:06:09.321 D/VRCORE_Server( 2113): TID:3217 setupDisplayConfigure(145) has external screen: false
10-11 16:06:09.321 D/VRCORE_Server( 2113): TID:3217 setupDisplayConfigure(180) initial screenOrientation config using default
10-11 16:06:09.321 D/VRCORE ( 3043): byte size:13
10-11 16:06:09.321 I/VRCORE ( 2179): OnReceiveEvent: event.eventType=30005
10-11 16:06:09.321 D/VRCORE_Server( 2113): model number: N/A
10-11 16:06:09.321 I/VRCORE ( 2179): OnReceiveCoreEvent: eventType = 30005, inputId = 0, device_index = 0, devType = 1, interaction_mode = 0, gaze_trigger = 0
10-11 16:06:09.322 D/VRCORE ( 2179): byte size:13
10-11 16:06:09.323 D/VROEM EnvironmentChecker( 2071): event: 30005 device Id: 0 device type: 1 tracker type: 0
10-11 16:06:09.323 D/VRNotificationService( 2071): onEvent()
10-11 16:06:09.323 D/WVRDeviceEvent( 2071): DispatchEventToListeners devId: 0 evt: 30005 deviceType: 1 data: 0
10-11 16:06:09.324 D/VRNotificationService( 2071): getDevicePropertyStatus()
10-11 16:06:09.324 E/QtiImsExtUtils( 1775): getConfigForPhoneId phoneId is invalid
10-11 16:06:09.324 E/QtiImsExtUtils( 1775): isCarrierConfigEnabled bundle is null
10-11 16:06:09.324 D/VRAssistHelper( 2113): getDevicePropertyStatus(0 , 10105 )
10-11 16:06:09.324 I/VRCORE_Server( 2113): device is not null in GetDisplayConfigure(), using DisplayConfigure of device
10-11 16:06:09.324 D/VRCORE_Server( 2113): TID:3217 setupDisplayConfigure(145) has external screen: false
10-11 16:06:09.324 D/VRCORE_Server( 2113): TID:3217 setupDisplayConfigure(180) initial screenOrientation config using default
10-11 16:06:09.325 D/VRCORE_Server( 2113): model number: N/A
10-11 16:06:09.326 D/VRCORE ( 2113): TID:2449 ./DeviceProxy.cc:54: Leave PollNextCommand
10-11 16:06:09.326 D/VRCORE_PluginKit( 2388): got request form client 2
10-11 16:06:09.327 I/VRCORE_PluginKit( 2388): RequestObserver.java:onNext(25) dev: com.htc.vr.device.svr.SvrHmdDevice_1207d09[0] Callback type: 2
10-11 16:06:09.327 D/SVR_HMD ( 2388): SvrHmdDevice.java:getInt(393) Attr_ChargeStatus_Int32: 3
10-11 16:06:09.328 I/BatteryController( 1657): (lvl,plug,charged,charging)=(100,T,T,T) [status,health,timeout,unsupprt]=[5,2,f,f]
10-11 16:06:09.328 D/VRCORE ( 2113): TID:2449 ./DeviceProxy.cc:54: Enter PollNextCommand
10-11 16:06:09.329 D/VRNotificationService( 2071): getDevicePropertyStatus() = 3
10-11 16:06:09.329 D/MiaCDeviceEventDetector( 2071): onChargingStatusChanged(1,0,3) start...
10-11 16:06:12.408 D/PMS ( 1447): acquireWL(104bd76): PARTIAL_WAKE_LOCK BatteryServiceUpdateStats_3 0x1 1447 1000 null
10-11 16:06:12.410 I/BatteryService( 1447): n_update end
10-11 16:06:12.414 W/SystemReader( 1447): Cannot find sku_id, use default value instead
10-11 16:06:12.414 D/HtcPowerSaver( 1447): updateBatteryInfo
10-11 16:06:12.417 D/PMS ( 1447): releaseWL(104bd76): PARTIAL_WAKE_LOCK BatteryServiceUpdateStats_3 0x1 null 0x0
10-11 16:06:12.421 D/UsbnetService( 1447): BroadcastReceiver::onReceive+
10-11 16:06:12.421 D/UsbnetService( 1447): onReceive BATTERY_CHANGED
10-11 16:06:12.421 D/UsbnetService( 1447): --> pluggedType = 2, mPluggedType = 0, mScreenOff = false
10-11 16:06:12.421 D/UsbnetService( 1447): BroadcastReceiver::onReceive-
10-11 16:06:12.421 I/DeviceIdleController( 1447): updateChargingLocked: charging=true
10-11 16:06:12.421 D/UsbDeviceManager( 1447): [USB] handleMessage: 9; pre_mConnected=true, pre_mConfiguration=true
10-11 16:06:12.421 I/VRCORE_PluginKit( 2388): VRDeviceStub.java:handleMessage(132) com.htc.vr.device.svr.SvrHmdDevice_1207d09[0] NativeDriverStub@c342b3c, event = 5
10-11 16:06:12.421 W/DeviceIdleController( 1447): becomeActiveLocked, reason = charging
10-11 16:06:12.421 D/VRCORE_PluginKit( 2388): SendEventToClient at DriverStub
10-11 16:06:12.421 D/PMS ( 1447): runPSCheck
10-11 16:06:12.421 D/HtcPowerSaver( 1447): Checking...
10-11 16:06:12.421 I/HtcPowerSaver( 1447): >> updateStatus
10-11 16:06:12.421 I/HtcPowerSaver( 1447): << updateStatus
10-11 16:06:12.421 D/HeadsetStateMachine( 1639): Disconnected process message: 10, size: 0
10-11 16:06:12.422 D/WifiController( 1447): handleMessage: E msg.what=155652
10-11 16:06:12.422 D/WifiController( 1447): processMsg: DeviceActiveState
10-11 16:06:12.422 D/WifiController( 1447): processMsg: StaEnabledState
10-11 16:06:12.422 D/VRCORE_Server( 2113): Set other type's event
10-11 16:06:12.422 D/WifiController( 1447): processMsg: DefaultState
10-11 16:06:12.422 D/WifiController( 1447): handleMessage: X
10-11 16:06:12.422 I/VRCORE_Server( 2113): SendEventToClient:devId=0, eventId =30005
10-11 16:06:12.422 I/VRCORE_Server( 2113): call onMessage event: 30005, device: 0
10-11 16:06:12.423 E/QtiImsExtUtils( 1775): getConfigForPhoneId phoneId is invalid
10-11 16:06:12.423 E/QtiImsExtUtils( 1775): isCarrierConfigEnabled bundle is null
10-11 16:06:12.423 D/VRAssistHelper( 2113): Send VREvent to VRAssist service, event Type: 30005
10-11 16:06:12.423 I/VRCORE_Server( 2113): device is not null in GetDisplayConfigure(), using DisplayConfigure of device
10-11 16:06:12.423 D/VRCORE_Server( 2113): TID:3217 setupDisplayConfigure(145) has external screen: false
10-11 16:06:12.423 D/VRCORE_Server( 2113): TID:3217 setupDisplayConfigure(180) initial screenOrientation config using default
10-11 16:06:12.423 D/VRCORE_Server( 2113): model number: N/A
10-11 16:06:12.425 I/BatteryController( 1657): (lvl,plug,charged,charging)=(100,T,T,T) [status,health,timeout,unsupprt]=[5,2,f,f]
10-11 16:06:12.425 I/VRCORE ( 3043): OnReceiveEvent: event.eventType=30005
10-11 16:06:12.425 I/VRCORE ( 3043): OnReceiveCoreEvent: eventType = 30005, inputId = 0, device_index = 0, devType = 1, interaction_mode = 0, gaze_trigger = 0
10-11 16:06:12.426 D/VROEM EnvironmentChecker( 2071): event: 30005 device Id: 0 device type: 1 tracker type: 0
10-11 16:06:12.426 D/VRNotificationService( 2071): onEvent()
10-11 16:06:12.426 D/WVRDeviceEvent( 2071): DispatchEventToListeners devId: 0 evt: 30005 deviceType: 1 data: 0
10-11 16:06:12.426 D/VRNotificationService( 2071): getDevicePropertyStatus()
10-11 16:06:12.426 D/VRCORE ( 3043): byte size:13
10-11 16:06:12.426 D/VRAssistHelper( 2113): getDevicePropertyStatus(0 , 10105 )
10-11 16:06:12.426 I/VRCORE_Server( 2113): device is not null in GetDisplayConfigure(), using DisplayConfigure of device
10-11 16:06:12.426 D/VRCORE_Server( 2113): TID:3217 setupDisplayConfigure(145) has external screen: false
10-11 16:06:12.426 D/VRCORE_Server( 2113): TID:3217 setupDisplayConfigure(180) initial screenOrientation config using default
10-11 16:06:12.427 D/VRCORE_Server( 2113): model number: N/A
10-11 16:06:12.428 D/VRCORE ( 2113): TID:2449 ./DeviceProxy.cc:54: Leave PollNextCommand
10-11 16:06:12.429 D/VRCORE_PluginKit( 2388): got request form client 2
10-11 16:06:12.429 I/VRCORE ( 2179): OnReceiveEvent: event.eventType=30005
10-11 16:06:12.429 I/VRCORE ( 2179): OnReceiveCoreEvent: eventType = 30005, inputId = 0, device_index = 0, devType = 1, interaction_mode = 0, gaze_trigger = 0
10-11 16:06:12.429 D/VRCORE ( 2179): byte size:13
10-11 16:06:12.430 I/VRCORE_PluginKit( 2388): RequestObserver.java:onNext(25) dev: com.htc.vr.device.svr.SvrHmdDevice_1207d09[0] Callback type: 2
10-11 16:06:12.430 D/SVR_HMD ( 2388): SvrHmdDevice.java:getInt(393) Attr_ChargeStatus_Int32: 3
10-11 16:06:12.431 D/VRCORE ( 2113): TID:2449 ./DeviceProxy.cc:54: Enter PollNextCommand
10-11 16:06:12.431 D/VRNotificationService( 2071): getDevicePropertyStatus() = 3
10-11 16:06:12.431 D/MiaCDeviceEventDetector( 2071): onChargingStatusChanged(1,0,3) start...
10-11 16:06:14.692 D/AndroidBatteryDetector( 2071): current battery temp is:360
10-11 16:06:14.692 D/AndroidBatteryDetector( 2071): current battery level is:100.0
10-11 16:06:15.857 W/SensorService( 1447): D/Accel(x, y, z, t) = ( -1.1, -9.6, 1.5, 286233ms), sys_time = 286364ms
10-11 16:06:25.948 W/SensorService( 1447): D/Accel(x, y, z, t) = ( -1.1, -9.6, 1.5, 296325ms), sys_time = 296455ms
10-11 16:06:36.106 W/SensorService( 1447): D/Accel(x, y, z, t) = ( -1.1, -9.6, 1.5, 306481ms), sys_time = 306612ms
10-11 16:06:42.324 D/BluetoothScanRecorder( 1639): mHandler receive Message:MESSAGE_UPDATE_RECORDER(1)
10-11 16:06:42.325 D/BluetoothScanRecorder( 1639): getScanningPackage
10-11 16:06:42.338 V/BluetoothScanRecorder( 1639): com.htc.miac.controllerutilityis at background.
10-11 16:06:42.338 V/BluetoothScanRecorder( 1639): package "com.htc.miac.controllerutility" is NOT a killer, set nodeRemove to true.
10-11 16:06:42.339 V/BluetoothScanRecorder( 1639): clear Recorder com.htc.miac.controllerutility
10-11 16:06:42.339 D/BluetoothScanRecorder( 1639): remove: packageName=com.htc.miac.controllerutility
10-11 16:06:44.005 D/HtcWLD_v6.6.4( 1447): Turn end: total_sum=30 screen_off_sum=15
10-11 16:06:44.006 D/HtcWLD_v6.6.4( 1447):
10-11 16:06:44.006 D/HtcWLD_v6.6.4( 1447): Turn#2
10-11 16:06:44.699 D/AndroidBatteryDetector( 2071): current battery temp is:360
10-11 16:06:44.699 D/AndroidBatteryDetector( 2071): current battery level is:100.0
10-11 16:06:46.196 W/SensorService( 1447): D/Accel(x, y, z, t) = ( -1.1, -9.6, 1.5, 316574ms), sys_time = 316702ms
10-11 16:06:56.289 W/SensorService( 1447): D/Accel(x, y, z, t) = ( -1.1, -9.6, 1.5, 326666ms), sys_time = 326795ms
10-11 16:06:57.832 E/ThermalEngine( 804): ACTION: FAN - Setting fan speed request to value 0
10-11 16:07:06.383 W/SensorService( 1447): D/Accel(x, y, z, t) = ( -1.1, -9.6, 1.5, 336760ms), sys_time = 336889ms
10-11 16:07:14.706 D/AndroidBatteryDetector( 2071): current battery temp is:360
10-11 16:07:14.707 D/AndroidBatteryDetector( 2071): current battery level is:100.0
10-11 16:07:16.475 W/SensorService( 1447): D/Accel(x, y, z, t) = ( -1.1, -9.6, 1.5, 346853ms), sys_time = 346982ms
10-11 16:07:26.632 W/SensorService( 1447): D/Accel(x, y, z, t) = ( -1.1, -9.6, 1.5, 357009ms), sys_time = 357138ms
10-11 16:07:36.726 W/SensorService( 1447): D/Accel(x, y, z, t) = ( -1.1, -9.6, 1.5, 367103ms), sys_time = 367233ms
10-11 16:07:44.716 D/AndroidBatteryDetector( 2071): current battery temp is:360
10-11 16:07:44.717 D/AndroidBatteryDetector( 2071): current battery level is:100.0
10-11 16:07:46.818 W/SensorService( 1447): D/Accel(x, y, z, t) = ( -1.1, -9.6, 1.5, 377196ms), sys_time = 377325ms
10-11 16:07:56.911 W/SensorService( 1447): D/Accel(x, y, z, t) = ( -1.1, -9.6, 1.5, 387288ms), sys_time = 387418ms
10-11 16:08:00.007 D/AlarmManager( 1447): sending alarm PendingIntent{4976d7b: PendingIntentRecord{ff74798 android broadcastIntent}}, i=android.intent.action.TIME_TICK, t=3, cnt=1, w=210507, Int=0, ws=null
10-11 16:08:00.009 D/PMS ( 1447): acquireWL(2cf77): PARTIAL_WAKE_LOCK *alarm* 0x40000001 1447 1000 WorkSource{1000}
10-11 16:08:00.086 D/PMS ( 1447): releaseWL(2cf77): PARTIAL_WAKE_LOCK *alarm* 0x40000001 WorkSource{1000} 0x0
10-11 16:08:07.003 W/SensorService( 1447): D/Accel(x, y, z, t) = ( -1.0, -9.6, 1.5, 397380ms), sys_time = 397510ms
10-11 16:08:14.723 D/AndroidBatteryDetector( 2071): current battery temp is:360
10-11 16:08:14.723 D/AndroidBatteryDetector( 2071): current battery level is:100.0
10-11 16:08:17.096 W/SensorService( 1447): D/Accel(x, y, z, t) = ( -1.0, -9.6, 1.5, 407473ms), sys_time = 407602ms
10-11 16:08:27.190 W/SensorService( 1447): D/Accel(x, y, z, t) = ( -1.0, -9.6, 1.5, 417565ms), sys_time = 417696ms
10-11 16:08:37.282 W/SensorService( 1447): D/Accel(x, y, z, t) = ( -1.0, -9.6, 1.5, 427657ms), sys_time = 427789ms