10-11 16:04:05.888 I/VRCORE_Client( 3043): DataDirectStub: stream start, device_id=1
10-11 16:04:05.888 I/svr ( 3043): Display Refresh : 75.000000
10-11 16:04:05.888 I/svr ( 3043): Display Width : 2880
10-11 16:04:05.889 I/svr ( 3043): Display Height : 1600
10-11 16:04:05.889 I/svr ( 3043): Display Orientation : 0
10-11 16:04:05.889 I/svr ( 3043): Failed to locate getRequestedOrientation method, ignore it!
10-11 16:04:05.890 I/VRCORE_PluginKit( 2129): DataDirectService::GetPoseStreaming +++: device_id=1
10-11 16:04:05.890 I/VRCORE_PluginKit( 2388): DataDirectService::GetPoseStreaming +++: device_id=0
10-11 16:04:05.890 D/VRCORE ( 3043): DeviceMapper.NotifyGrpcConnected: device_id=1
10-11 16:04:05.890 D/VRCORE ( 3043): DeviceMapper.NotifyGrpcConnected: device_id=0
10-11 16:04:05.903 I/svr ( 3043): Getting Android OS Version...
10-11 16:04:05.903 I/svr ( 3043): Android OS Version = 25
10-11 16:04:05.903 I/svr ( 3043): Calling QVRServiceClient_Create()...
10-11 16:04:05.903 I/QVRDebug( 3043): QVRDebug: set log level to 7
10-11 16:04:05.904 E/QVRServiceConnectionMgr( 836): qvrservice: Added client fd = 61, total connected clients = 2
10-11 16:04:05.904 E/QVRConnection( 836): Client 3043 has connected to the socket
10-11 16:04:05.904 E/QVRConnection( 836): Detected Client version: 2.0.4 api: 3
10-11 16:04:05.904 I/QVRClientImpl( 3043): Detected Service version: 2.0.4 api: 3
10-11 16:04:05.910 W/ActivityManager( 1447): Unable to start service Intent { cmp=com.qualcomm.snapdragonvrservice/.SvrService } U=0: not found
10-11 16:04:05.910 E/QVRConnection( 836): getparam name:tracker-supported-tracking-modes len:37 value:rotational,positional,rotational_mag
10-11 16:04:05.910 E/QVRConnection( 836): getparam name:tracker-supported-tracking-modes len:37 value:rotational,positional,rotational_mag
10-11 16:04:05.910 E/svr ( 3043): Error from QVRServiceClient_GetEyeTrackingMode: QVR_API_NOT_SUPPORTED
10-11 16:04:05.910 I/svr ( 3043): QVR Service supports rotational tracking
10-11 16:04:05.910 I/svr ( 3043): QVR Service supports positional tracking
10-11 16:04:05.910 E/QVRServiceConfiguration( 836): Failed to open svr config file: /vendor/etc/qvr/svrapi_config.txt
10-11 16:04:05.910 E/QVRServiceConfiguration( 836): Failed to read config file
10-11 16:04:05.911 E/QVRClientConnection( 3043): SendReceivePacket (3077): error occurred
10-11 16:04:05.911 E/QVRServiceClientImpl( 3043): GetSvrConfig failed
10-11 16:04:05.911 E/svr ( 3043): Error from QVRServiceClient_GetParam(QVRSERVICE_SDK_CONFIG_FILE - Length): QVR_ERROR
10-11 16:04:05.911 I/svr ( 3043): Loading config file from vendors has failed
10-11 16:04:05.911 I/svr ( 3043): svrSetTrackingMode : Using application defined tracking mode (1).
10-11 16:04:05.911 E/QVRConnection( 836): getparam name:tracker-supported-tracking-modes len:37 value:rotational,positional,rotational_mag
10-11 16:04:05.911 E/QVRConnection( 836): getparam name:tracker-supported-tracking-modes len:37 value:rotational,positional,rotational_mag
10-11 16:04:05.911 E/svr ( 3043): Error from QVRServiceClient_GetEyeTrackingMode: QVR_API_NOT_SUPPORTED
10-11 16:04:05.911 I/svr ( 3043): svrSetTrackingMode : Setting tracking mode to rotational
10-11 16:04:05.911 E/QVRConnection( 836): handle set param in connection thread: name len=21 name=tracker-tracking-mode value len=14 value=rotational_mag
10-11 16:04:05.911 E/svr ( 3043): Error from QVRServiceClient_SetEyeTrackingMode (Off): QVR_API_NOT_SUPPORTED
10-11 16:04:05.911 I/svr ( 3043): Using eye buffer 1440 x 1440
10-11 16:04:05.912 I/svr ( 3043): Vsync Offset : 0
10-11 16:04:05.912 I/svr ( 3043): Using QVR Performance Module
10-11 16:04:05.912 I/SVRMain ( 3043): noRender: no render 0
10-11 16:04:05.912 I/SVRMain ( 3043): SVR_Init WatchDog ++
10-11 16:04:05.912 E/VRWatchDog( 3043): reg id 1
10-11 16:04:05.912 I/SVRMain ( 3043): SVR_Init WatchDog ++
10-11 16:04:05.912 I/SVRMain ( 3043): SVR_RegisterCtfEventCallbacks ++
10-11 16:04:05.912 I/SVRMain ( 3043): SVR_RegisterCtfEventCallbacks --
10-11 16:04:05.912 I/VRScreenshot( 3043): display size 2880x1600 suggest size 1440x1440 flip 0
10-11 16:04:05.912 I/SVRMain ( 3043): SVR_Init --
10-11 16:04:05.912 I/VRCORE ( 3043): SVRInterface Init --
10-11 16:04:05.912 D/VRCORE ( 3043): TID:3077 ./SVRInterface.cc:218: Leave Init
10-11 16:04:05.912 D/VRCORE ( 3043): IVRInterface::SetServerVersionCode = 2000023
10-11 16:04:05.913 I/VRCORE_Server( 2113): SendEventToDriver target device :0
10-11 16:04:05.913 D/VRCORE_Server( 2113): PostEvent to device event: 30105
10-11 16:04:05.914 D/VRCORE_PluginKit( 2388): event_thread_entry(53) com.htc.vr.device.svr.SvrHmdDevice_1207d09[0] receive event [30105]
10-11 16:04:05.914 D/VRCORE PluginKit JNI( 2388): OnReceiveEvent(46)
10-11 16:04:05.914 D/VRCORE ( 3043): TID:3077 ./SVRInterface.cc:765: Enter OnRuntimeReady
10-11 16:04:05.914 D/VRPlatform( 3043): onRuntimeReady()
10-11 16:04:05.914 D/VRConfigServiceConnector( 3043): onRuntimeReady()
10-11 16:04:05.914 D/VRCORE ( 3043): TID:3077 ./SVRInterface.cc:765: Leave OnRuntimeReady
10-11 16:04:05.914 D/InputDevMapping( 3043): JavaExtensionFunc::Init()
10-11 16:04:05.914 D/InputDevMapping( 3043): call by native WVR_Init
10-11 16:04:05.915 I/ ( 3043): ptr: 3849156680
10-11 16:04:05.915 I/VRCORE_Server( 2113): device is not null in GetDisplayConfigure(), using DisplayConfigure of device
10-11 16:04:05.915 D/VRCORE_Server( 2113): TID:2928 setupDisplayConfigure(145) has external screen: false
10-11 16:04:05.915 D/VRCORE_Server( 2113): TID:2928 setupDisplayConfigure(180) initial screenOrientation config using default
10-11 16:04:05.916 D/VRCORE_Server( 2113): model number: N/A
10-11 16:04:05.917 I/VRCORE_Client( 3043): convert_to_openvr_device_info(170) has camera config
10-11 16:04:05.917 I/VRCORE_Client( 3043): CameraParameters[0] focal_length (292.270966, 292.818268)
10-11 16:04:05.917 I/VRCORE_Client( 3043): CameraParameters[0] principal_point (323.850555, 197.882965)
10-11 16:04:05.917 I/VRCORE_Client( 3043): CameraParameters[1] focal_length (292.154968, 292.550110)
10-11 16:04:05.917 I/VRCORE_Client( 3043): CameraParameters[1] principal_point (323.190277, 195.159805)
10-11 16:04:05.917 I/VRCORE_Client( 3043): trigger_mode_offset, trans(0.000000, 0.000000, 0.000000), wxyz(0.000000, 0.000000, 0.000000, 0.000000)
10-11 16:04:05.917 I/VRCORE_Client( 3043): panel_mode_offset, trans(0.000000, 0.000000, 0.000000), wxyz(0.000000, 0.000000, 0.000000, 0.000000)
10-11 16:04:05.917 I/VRCORE_Client( 3043): handle_mode_offset, trans(0.000000, 0.000000, 0.000000), wxyz(0.000000, 0.000000, 0.000000, 0.000000)
10-11 16:04:05.917 I/VRCORE_Client( 3043): trigger_mode_offset, trans(0.000000, 0.000000, 0.000000), wxyz(0.000000, 0.000000, 0.000000, 0.000000)
10-11 16:04:05.917 I/VRCORE_Client( 3043): panel_mode_offset, trans(0.000000, 0.000000, 0.000000), wxyz(0.000000, 0.000000, 0.000000, 0.000000)
10-11 16:04:05.917 I/VRCORE_Client( 3043): handle_mode_offset, trans(0.000000, 0.000000, 0.000000), wxyz(0.000000, 0.000000, 0.000000, 0.000000)
10-11 16:04:05.917 I/InputDevMapping( 3043): Java_com_htc_vr_core_VRCoreApi_nativeGetDevices size: 2
10-11 16:04:05.918 D/InputDevMapping( 3043): id = 0, type = 1
10-11 16:04:05.918 D/InputDevMapping( 3043): id = 1, type = 2
10-11 16:04:05.918 I/WVR_COMMON( 3043): [CheckPoint_D_1_E] WVR_Init() End
10-11 16:04:05.918 I/DisplayPrvdr( 3043): WVR_Init()=0
10-11 16:04:05.918 I/DisplayPrvdr( 3043): WVR_Init-
10-11 16:04:05.918 D/DisplayPrvdr( 3043): ---Initialize
10-11 16:04:05.918 D/DisplayPrvdr( 3043): ---Display_Initialize
10-11 16:04:05.923 D/InputProvider( 3043): +++Input_Initialize
10-11 16:04:05.923 D/InputProvider( 3043): +++Initialize
10-11 16:04:05.923 I/InputProvider( 3043): Initialize() 1. Set arm model.
10-11 16:04:05.923 I/SVRI ( 3043): SetArmModel, WVR_SimulationType 0
10-11 16:04:05.923 W/Wave_SDK( 3043): WVR_GetSupportedFeatures with API Level 5 is not supported by the current Runtime version 1
10-11 16:04:05.923 D/InputProvider( 3043): Initialize() 2. Supported feature 0
10-11 16:04:05.923 W/VRCORE ( 3043): CacheControllerPoseMode is unsupported on SVR path!
10-11 16:04:05.923 W/VRCORE ( 3043): SetControllerPoseMode is unsupported on SVR path!
10-11 16:04:05.923 W/WVR_COMMON( 3043): WVR_GetControllerPoseMode, devType(3) is disconnected!
10-11 16:04:05.923 W/VRCORE ( 3043): CacheControllerPoseMode is unsupported on SVR path!
10-11 16:04:05.923 W/VRCORE ( 3043): SetControllerPoseMode is unsupported on SVR path!
10-11 16:04:05.923 W/VRCORE ( 3043): GetControllerPoseMode is unsupported on SVR path!
10-11 16:04:05.923 D/InputProvider( 3043): Initialize() 3. Right controller mode is 0
10-11 16:04:05.923 I/InputProvider( 3043): Initialize() 4. Has system focus? 1
10-11 16:04:05.923 D/InputProvider( 3043): ---Initialize
10-11 16:04:05.923 D/InputProvider( 3043): ---Input_Initialize
10-11 16:04:05.924 D/XRMeshPrvdr( 3043): +++Mesh_Initialize
10-11 16:04:05.924 D/XRMeshPrvdr( 3043): ---Mesh_Initialize
10-11 16:04:05.930 D/Functions( 3043): GetFuncPtr(SetFoveatedRenderingParameter)
10-11 16:04:05.968 I/Settings( 3043): Set debugLogFlagForNative=11101
10-11 16:04:05.968 I/Settings( 3043): Get debugLogFlagForUnity=11181
10-11 16:04:05.983 W/SensorService( 1447): D/createSensorEventConnection: Before Autolock, mLock_st = 4
10-11 16:04:05.983 W/SensorService( 1447): D/createSensorEventConnection: After Autolock, mLock_st = 9
10-11 16:04:05.983 W/SensorService( 1447): D/createSensorEventConnection: Releasing Autolock, mLock_st = 103
10-11 16:04:05.984 D/StatusBarManagerService( 1447): setSystemUiVisibility(0x160e)
10-11 16:04:05.984 D/StatusBarManagerService( 1447): hiding MENU key
10-11 16:04:05.985 I/PhoneStatusBar( 1657): floatingMenu(showMenu:false hideMenu:false|false|true)
10-11 16:04:05.991 I/SensorManager( 3043): registerListenerImpl: listener = android.view.OrientationEventListener$SensorEventListenerImpl@d31199d, sensor = {Sensor name="BMA255 Accelerometer/Temperature/Double-tap", vendor="BOSCH", version=2080300, type=1, maxRange=39.22661, resolution=0.01914978, power=0.13, minDelay=2500}, delay = 200000, handler = null
10-11 16:04:05.991 W/SensorService( 1447): D/createSensorEventConnection: Before Autolock, mLock_st = 4
10-11 16:04:05.991 W/SensorService( 1447): D/createSensorEventConnection: After Autolock, mLock_st = 9
10-11 16:04:05.992 W/SensorService( 1447): D/createSensorEventConnection: Releasing Autolock, mLock_st = 103
10-11 16:04:05.992 W/SensorService( 1447): D/mConnectionLock_st = 16662
10-11 16:04:05.992 W/SensorService( 1447): D/enable: connection.get() = 0x7f77067ee0, [v01]
10-11 16:04:05.992 W/SensorService( 1447): D/enable: get sensor name = BMA255 Accelerometer/Temperature/Double-tap, mLock_st = 103
10-11 16:04:05.992 W/SensorService( 1447): D/enable: got mLock_st = 17, pkg_name = android.view.OrientationEventListener
10-11 16:04:05.992 W/SensorService( 1447): D/pid=3043, uid=10065
10-11 16:04:05.992 W/SensorService( 1447): D/Active sensors: size = 4
10-11 16:04:05.992 W/SensorService( 1447): BMA255 Accelerometer/Temperature/Double-tap (handle=0x00000000, connections=2)
10-11 16:04:05.992 W/SensorService( 1447): BMG160 Gyroscope (handle=0x00000002, connections=1)
10-11 16:04:05.992 W/SensorService( 1447): EPL8805x Proximity (handle=0x00000035, connections=2)
10-11 16:04:05.992 W/SensorService( 1447): Game Rotation Vector (handle=0x00000037, connections=1)
10-11 16:04:05.993 W/SensorService( 1447): D/enable--: mLock_st = 182
10-11 16:04:05.996 V/MediaRouter( 3043): Adding route: RouteInfo{ name=鎵嬫満, description=null, status=null, category=RouteCategory{ name=null types=ROUTE_TYPE_LIVE_AUDIO ROUTE_TYPE_LIVE_VIDEO groupable=false }, supportedTypes=ROUTE_TYPE_LIVE_AUDIO ROUTE_TYPE_LIVE_VIDEO , presentationDisplay=null }
10-11 16:04:05.998 V/MediaRouter( 3043): Updating audio routes: AudioRoutesInfo{ type=SPEAKER }
10-11 16:04:05.999 V/MediaRouter( 3043): Selecting route: RouteInfo{ name=鎵嬫満, description=null, status=null, category=RouteCategory{ name=null types=ROUTE_TYPE_LIVE_AUDIO ROUTE_TYPE_LIVE_VIDEO groupable=false }, supportedTypes=ROUTE_TYPE_LIVE_AUDIO ROUTE_TYPE_LIVE_VIDEO , presentationDisplay=null }
10-11 16:04:06.014 D/DisplayPrvdr( 3043): +++Start
10-11 16:04:06.014 W/Wave_SDK( 3043): WVR_GetSupportedFeatures with API Level 5 is not supported by the current Runtime version 1
10-11 16:04:06.014 I/DisplayPrvdr( 3043): TargetFPS=75.000000, WaveRRuntimVersion=1, WaveRRuntimVersion=7
10-11 16:04:06.014 D/DisplayPrvdr( 3043): ---Start
10-11 16:04:06.014 D/DisplayPrvdr( 3043): +++GfxThread_Start
10-11 16:04:06.014 D/DisplayPrvdr( 3043): Unity is using PBuffer surface
10-11 16:04:06.014 I/WVR_COMMON( 3043): [CheckPoint_D_2] WVR_RenderInit()
10-11 16:04:06.014 I/svr ( 3043): RenderInit mOverlayContext->mRenderConfig = 0x00000000
10-11 16:04:06.014 I/svr ( 3043): context renderConfig 4 renderConfig 4
10-11 16:04:06.014 I/svr ( 3043): Interface pass renderContext=0xc7253294 as shared context
10-11 16:04:06.014 I/svr ( 3043): gDisableReprojection(false) gSingleBufferWindow(true) gUsingGLNoErrorExtension(false)
10-11 16:04:06.014 I/SVRMain ( 3043): RenderInit()
10-11 16:04:06.014 E/gltools ( 3043): Toolbox manager should be initialized first.
10-11 16:04:06.015 I/WVRFoveat( 3043): InitFoveatGL: glTextureFoveationParametersQCOM 0
10-11 16:04:06.015 I/WVRFoveat( 3043): InitFoveatGL: GL_QCOM_texture_foveated 0
10-11 16:04:06.015 I/WVRFoveat( 3043): InitFoveatGL: no oem config
10-11 16:04:06.015 I/WVRFoveat( 3043): DefConfig: 0 f 0.000 0.000 g 3.575 3.575 a 0.000 m 0.000 fov 30.000 30.000 q 2 2
10-11 16:04:06.015 I/WVRFoveat( 3043): DefConfig: 1 f 0.000 0.000 g 3.602 3.602 a 0.000 m 0.000 fov 30.000 30.000 q 2 2
10-11 16:04:06.015 I/WVRFoveat( 3043): DefConfig: 0 f 0.000 0.000 g 3.575 3.575 a 0.000 m 0.000 fov 30.000 30.000 q 2 2
10-11 16:04:06.015 I/WVRFoveat( 3043): DefConfig: 1 f 0.000 0.000 g 3.602 3.602 a 0.000 m 0.000 fov 30.000 30.000 q 2 2
10-11 16:04:06.015 I/MonitorHUD( 3043): Setting app not installed, disable monitorHUD.
10-11 16:04:06.015 I/[VRPerfMgr]( 3043): Set refresh-rate : 75
10-11 16:04:06.015 D/VRCORE ( 3043): TID:3112 ./SVRInterface.cc:785: Enter OnRenderReady
10-11 16:04:06.016 D/VRPlatform( 3043): onRenderReady()
10-11 16:04:06.016 D/VRConfigServiceConnector( 3043): onRenderReady()
10-11 16:04:06.016 D/VRCORE Decorator( 3043): VRActivityDecorator::getConfigData, call IVRService_api1 getConfigData
10-11 16:04:06.016 D/VRBaseServiceConnector( 3043): getValueFromDecorator() key = boundary_blur value = null
10-11 16:04:06.016 D/VRConfigServiceConnector( 3043): [VRBoundaryBlurJAVA] Read boundary blur configuration from OEM-Service.
10-11 16:04:06.016 D/OEM_VRConfigService( 2071): getKeyValue: Get Value of Key[boundary_blur] from cache.
10-11 16:04:06.016 E/VRConfigServiceConnector( 3043): setBoundaryBlurConfig(): java.lang.NullPointerException: uri
10-11 16:04:06.017 D/VRCORE ( 3043): TID:3112 ./SVRInterface.cc:785: Leave OnRenderReady
10-11 16:04:06.017 I/WVR_COMMON( 3043): [CheckPoint_D_2_E] WVR_RenderInit() End
10-11 16:04:06.017 I/DisplayPrvdr( 3043): AMCMode=0, confirmed=0
10-11 16:04:06.017 I/svr ( 3043): AMC supported on WVR only.
10-11 16:04:06.017 I/SVRI ( 3043): TargetSize w:1440 h:1440
10-11 16:04:06.017 W/RenderMask( 3043): WaveVR get invalid RenderMask.
10-11 16:04:06.017 W/RenderMask( 3043): WaveVR get invalid RenderMask.
10-11 16:04:06.017 D/DisplayPrvdr( 3043): ---GfxThread_Start
10-11 16:04:06.017 D/InputProvider( 3043): +++Start
10-11 16:04:06.017 I/InputProvider( 3043): Start() 0.Set userPresence to true in resume..
10-11 16:04:06.017 I/InputProvider( 3043): Start() 1.Check the connection states in resume.
10-11 16:04:06.017 I/InputProvider( 3043): UpdateAllConnection()
10-11 16:04:06.017 I/InputProvider( 3043): UpdateDeviceConnection() device 0 connected? 0
10-11 16:04:06.017 I/InputProvider( 3043): UpdateDeviceConnection() device 1 connected? 1
10-11 16:04:06.017 I/InputProvider( 3043): UpdateDeviceConnection() device 1 connection changed to 1
10-11 16:04:06.017 I/InputProvider( 3043): RequestHMDButtons()
10-11 16:04:06.017 I/WVR_COMMON( 3043): This is NORMAL_VERSION. The WVR_InputId_Alias1_Back of WVR_Device_HMD is not supported.
10-11 16:04:06.017 I/WVR_COMMON( 3043): WVR_SetInputRequest - Auto add WVR_InputId_Alias1_Volume_Up.
10-11 16:04:06.017 I/WVR_COMMON( 3043): WVR_SetInputRequest - Auto add WVR_InputId_Alias1_Volume_Down.
10-11 16:04:06.017 W/Wave_SDK( 3043): WVR_InputId_Alias1_Parking with API Level 6 is not supported by the current Runtime version 1
10-11 16:04:06.017 D/VRCORE ( 3043): TID:3077 ./com_htc_vr_core_JavaExtFunction.cc:45: Enter SetInputRequest
10-11 16:04:06.017 D/InputDevMapping( 3043): JavaExtensionFunc::SetInputRequest(1, 0xcd778758, 3)
10-11 16:04:06.018 D/InputDevMapping( 3043): call by native WVR_SetInputRequest
10-11 16:04:06.018 D/InputDevMapping( 3043): device type: 1 array size: 3
10-11 16:04:06.018 D/InputDevMapping( 3043): NopMapperPlugin rule: com.htc.vr.core.DefaultMapping version: 4.1.1-u3
10-11 16:04:06.018 I/InputDevMapping( 3043): InputDevice devCap:(type, button, touch, analog, count) = (1, 0, 0, 0, 0)
10-11 16:04:06.018 I/InputDevMapping( 3043):
10-11 16:04:06.018 I/InputDevMapping( 3043): Index 0123 4567 8901 2345 6789 0123 4567 8901
10-11 16:04:06.018 I/InputDevMapping( 3043): Button 0000 0000 0000 0000 0000 0000 0000 0000
10-11 16:04:06.018 I/InputDevMapping( 3043): Touch 0000 0000 0000 0000 0000 0000 0000 0000
10-11 16:04:06.018 I/InputDevMapping( 3043): Analog 0000 0000 0000 0000 0000 0000 0000 0000
10-11 16:04:06.018 I/InputDevMapping( 3043): request count: 3
10-11 16:04:06.018 I/InputDevMapping( 3043): ******************** REQUEST ********************
10-11 16:04:06.018 D/InputDevMapping( 3043): dst 7 8 15
10-11 16:04:06.019 D/InputDevMapping( 3043): cap 1 1 1
10-11 16:04:06.019 D/InputDevMapping( 3043): type: 1, 3
10-11 16:04:06.019 D/VRCORE ( 3043): TID:3077 ./InputMapper.cc:155: Enter Java_com_htc_vr_core_InputMapper_nativeSet
10-11 16:04:06.019 I/InputDevMapping( 3043): getInputMappingPair jobjectArray size = 3
10-11 16:04:06.019 I/InputDevMapping( 3043): Dump InputMapper(0xcf3c9a80), device count: 1
10-11 16:04:06.019 I/InputDevMapping( 3043): [1] WVR_DeviceType_HMD, pair count: 3
10-11 16:04:06.019 I/InputDevMapping( 3043): (id, capability, axis_type) = DST( 7, 1, 0), SRC( 7, 0, 0)
10-11 16:04:06.019 I/InputDevMapping( 3043): (id, capability, axis_type) = DST( 8, 1, 0), SRC( 8, 0, 0)
10-11 16:04:06.019 I/InputDevMapping( 3043): (id, capability, axis_type) = DST(15, 1, 0), SRC(15, 0, 0)
10-11 16:04:06.019 D/VRCORE ( 3043): TID:3077 ./InputMapper.cc:155: Leave Java_com_htc_vr_core_InputMapper_nativeSet
10-11 16:04:06.019 D/VRCORE ( 3043): TID:3077 ./com_htc_vr_core_JavaExtFunction.cc:45: Leave SetInputRequest
10-11 16:04:06.020 W/Wave_SDK( 3043): WVR_SetInputRequest with API Level 3 is not supported by the current Runtime version 1
10-11 16:04:06.020 W/Wave_SDK( 3043): WVR_GetInputMappingTable with API Level 3 is not supported by the current Runtime version 1
10-11 16:04:06.020 I/InputProvider( 3043): UpdateHMDButtonsTable() HMD source button 7 has invalid capability.
10-11 16:04:06.020 I/InputProvider( 3043): UpdateHMDButtonsTable() HMD source button 8 has invalid capability.
10-11 16:04:06.020 I/InputProvider( 3043): UpdateHMDButtonsTable() HMD source button 15 has invalid capability.
10-11 16:04:06.020 I/InputProvider( 3043): UpdateDeviceConnection() InputSubsystem_DeviceConnected(1)
10-11 16:04:06.020 I/InputProvider( 3043): UpdateDeviceConnection() device 2 connected? 1
10-11 16:04:06.020 I/InputProvider( 3043): UpdateDeviceConnection() device 2 connection changed to 1
10-11 16:04:06.020 I/InputProvider( 3043): RequestRightButtons()
10-11 16:04:06.020 I/WVR_COMMON( 3043): WVR_SetInputRequest - Auto add WVR_InputId_Alias1_Volume_Up.
10-11 16:04:06.020 I/WVR_COMMON( 3043): WVR_SetInputRequest - Auto add WVR_InputId_Alias1_Volume_Down.
10-11 16:04:06.020 W/Wave_SDK( 3043): WVR_InputId_Alias1_Parking with API Level 6 is not supported by the current Runtime version 1
10-11 16:04:06.020 D/VRCORE ( 3043): TID:3077 ./com_htc_vr_core_JavaExtFunction.cc:45: Enter SetInputRequest
10-11 16:04:06.020 D/InputDevMapping( 3043): JavaExtensionFunc::SetInputRequest(2, 0xcd7786e0, 13)
10-11 16:04:06.020 D/InputDevMapping( 3043): call by native WVR_SetInputRequest
10-11 16:04:06.020 D/InputDevMapping( 3043): device type: 2 array size: 13
10-11 16:04:06.020 D/InputDevMapping( 3043): NopMapperPlugin rule: com.htc.vr.core.DefaultMapping version: 4.1.1-u3
10-11 16:04:06.020 I/InputDevMapping( 3043): InputDevice devCap:(type, button, touch, analog, count) = (2, 66435, 65536, 65536, 6)
10-11 16:04:06.020 I/InputDevMapping( 3043): InputId_16 = 1
10-11 16:04:06.020 I/InputDevMapping( 3043):
10-11 16:04:06.020 I/InputDevMapping( 3043): Index 0123 4567 8901 2345 6789 0123 4567 8901
10-11 16:04:06.020 I/InputDevMapping( 3043): Button 1100 0001 1100 0000 1000 0000 0000 0000
10-11 16:04:06.020 I/InputDevMapping( 3043): Touch 0000 0000 0000 0000 1000 0000 0000 0000
10-11 16:04:06.020 I/InputDevMapping( 3043): Analog 0000 0000 0000 0000 1000 0000 0000 0000
10-11 16:04:06.020 I/InputDevMapping( 3043): request count: 13
10-11 16:04:06.021 I/InputDevMapping( 3043): ******************** REQUEST ********************
10-11 16:04:06.021 D/InputDevMapping( 3043): dst 1 2 7 8 9 10 11 12 13 15 16 17 18
10-11 16:04:06.021 D/InputDevMapping( 3043): cap 1 7 1 1 7 3 3 3 3 1 7 7 7
10-11 16:04:06.021 I/InputDevMapping( 3043): ignore bumper request.
10-11 16:04:06.021 D/InputDevMapping( 3043): type: 2, 12
10-11 16:04:06.021 D/VRCORE ( 3043): TID:3077 ./InputMapper.cc:155: Enter Java_com_htc_vr_core_InputMapper_nativeSet
10-11 16:04:06.021 I/InputDevMapping( 3043): getInputMappingPair jobjectArray size = 12
10-11 16:04:06.021 I/InputDevMapping( 3043): Dump InputMapper(0xcf3c9a80), device count: 2
10-11 16:04:06.021 I/InputDevMapping( 3043): [1] WVR_DeviceType_HMD, pair count: 3
10-11 16:04:06.021 I/InputDevMapping( 3043): (id, capability, axis_type) = DST( 7, 1, 0), SRC( 7, 0, 0)
10-11 16:04:06.021 I/InputDevMapping( 3043): (id, capability, axis_type) = DST( 8, 1, 0), SRC( 8, 0, 0)
10-11 16:04:06.021 I/InputDevMapping( 3043): (id, capability, axis_type) = DST(15, 1, 0), SRC(15, 0, 0)
10-11 16:04:06.021 I/InputDevMapping( 3043): [2] WVR_DeviceType_Controller_Right, pair count: 12
10-11 16:04:06.021 I/InputDevMapping( 3043): (id, capability, axis_type) = DST( 1, 1, 0), SRC( 1, 1, 0)
10-11 16:04:06.021 I/InputDevMapping( 3043): (id, capability, axis_type) = DST( 2, 7, 2), SRC( 2, 0, 0)
10-11 16:04:06.021 I/InputDevMapping( 3043): (id, capability, axis_type) = DST( 7, 1, 0), SRC( 7, 1, 0)
10-11 16:04:06.021 I/InputDevMapping( 3043): (id, capability, axis_type) = DST( 8, 1, 0), SRC( 8, 1, 0)
10-11 16:04:06.021 I/InputDevMapping( 3043): (id, capability, axis_type) = DST(17, 7, 2), SRC( 9, 1, 0)
10-11 16:04:06.021 I/InputDevMapping( 3043): (id, capability, axis_type) = DST(10, 3, 0), SRC(10, 0, 0)
10-11 16:04:06.021 I/InputDevMapping( 3043): (id, capability, axis_type) = DST(11, 3, 0), SRC(11, 0, 0)
10-11 16:04:06.021 I/InputDevMapping( 3043): (id, capability, axis_type) = DST(12, 3, 0), SRC(12, 0, 0)
10-11 16:04:06.021 I/InputDevMapping( 3043): (id, capability, axis_type) = DST(13, 3, 0), SRC(13, 0, 0)
10-11 16:04:06.021 I/InputDevMapping( 3043): (id, capability, axis_type) = DST(15, 1, 0), SRC(15, 0, 0)
10-11 16:04:06.021 I/InputDevMapping( 3043): (id, capability, axis_type) = DST(16, 7, 1), SRC(16, 7, 1)
10-11 16:04:06.021 I/InputDevMapping( 3043): (id, capability, axis_type) = DST(18, 7, 1), SRC(18, 0, 0)
10-11 16:04:06.021 D/VRCORE ( 3043): TID:3077 ./InputMapper.cc:155: Leave Java_com_htc_vr_core_InputMapper_nativeSet
10-11 16:04:06.021 D/VRCORE ( 3043): TID:3077 ./com_htc_vr_core_JavaExtFunction.cc:45: Leave SetInputRequest
10-11 16:04:06.021 W/Wave_SDK( 3043): WVR_SetInputRequest with API Level 3 is not supported by the current Runtime version 1
10-11 16:04:06.021 W/Wave_SDK( 3043): WVR_GetInputMappingTable with API Level 3 is not supported by the current Runtime version 1
10-11 16:04:06.021 I/InputProvider( 3043): UpdateRightButtonsTable() Right source button 1 (capability 1) is mapping to destination input ID 1 (capability 1).
10-11 16:04:06.021 I/InputProvider( 3043): UpdateRightButtonsTable() Right source button 2 has invalid capability.
10-11 16:04:06.021 I/InputProvider( 3043): UpdateRightButtonsTable() Right source button 7 (capability 1) is mapping to destination input ID 7 (capability 1).
10-11 16:04:06.021 I/InputProvider( 3043): UpdateRightButtonsTable() Right source button 8 (capability 1) is mapping to destination input ID 8 (capability 1).
10-11 16:04:06.021 I/InputProvider( 3043): UpdateRightButtonsTable() Right source button 10 has invalid capability.
10-11 16:04:06.021 I/InputProvider( 3043): UpdateRightButtonsTable() Right source button 11 has invalid capability.
10-11 16:04:06.021 I/InputProvider( 3043): UpdateRightButtonsTable() Right source button 12 has invalid capability.
10-11 16:04:06.021 I/InputProvider( 3043): UpdateRightButtonsTable() Right source button 13 has invalid capability.
10-11 16:04:06.021 I/InputProvider( 3043): UpdateRightButtonsTable() Right source button 15 has invalid capability.
10-11 16:04:06.021 I/InputProvider( 3043): UpdateRightButtonsTable() Right source button 16 (capability 7) is mapping to destination input ID 16 (capability 7).
10-11 16:04:06.021 I/InputProvider( 3043): UpdateRightButtonsTable() Right source button 9 (capability 1) is mapping to destination input ID 17 (capability 7).
10-11 16:04:06.021 I/InputProvider( 3043): UpdateRightButtonsTable() Right source button 18 has invalid capability.
10-11 16:04:06.021 I/InputProvider( 3043): UpdateRightButtonsTable() primary2DButtonRight = Touchpad, secondary2DButtonRight = WVR_InputId_Max
10-11 16:04:06.021 I/InputProvider( 3043): UpdateRightButtonsTable() triggerButtonRight = Trigger
10-11 16:04:06.021 I/InputProvider( 3043): UpdateRightButtonsTable() primaryButtonRight: 32, secondaryButtonRight: 32, primary2DButtonRight: 16, secondary2DButtonRight: 32, triggerButtonRight: 17
10-11 16:04:06.021 I/InputProvider( 3043): UpdateDeviceConnection() InputSubsystem_DeviceConnected(2)
10-11 16:04:06.021 I/InputProvider( 3043): UpdateDeviceConnection() device 3 connected? 0
10-11 16:04:06.021 I/InputProvider( 3043): Start() 2.Check the battery life in resume.
10-11 16:04:06.021 W/VRCORE ( 3043): WVR_GetDeviceBatteryPercentage - Unknow WVR_DeviceType(0)!
10-11 16:04:06.021 I/InputProvider( 3043): UpdateAllBatteryLevel() device 0 battery -1.000000
10-11 16:04:06.023 I/VRCORE_Server( 2113): GetCallback target device :0, type: 3
10-11 16:04:06.023 D/VRCORE ( 2113): TID:2449 ./DeviceProxy.cc:54: Leave PollNextCommand
10-11 16:04:06.024 D/VRCORE_PluginKit( 2388): got request form client 3
10-11 16:04:06.025 I/VRCORE_PluginKit( 2388): RequestObserver.java:onNext(25) dev: com.htc.vr.device.svr.SvrHmdDevice_1207d09[0] Callback type: 3
10-11 16:04:06.025 D/SVR_HMD ( 2388): SvrHmdDevice.java:getFloat(366) Attr_DeviceBatteryPercentage_Float: 1.0
10-11 16:04:06.027 D/VRCORE ( 2113): TID:2449 ./DeviceProxy.cc:54: Enter PollNextCommand
10-11 16:04:06.028 I/InputProvider( 3043): UpdateAllBatteryLevel() device 1 battery 1.000000
10-11 16:04:06.028 I/VRCORE_Server( 2113): GetCallback target device :1, type: 3
10-11 16:04:06.029 D/VRCORE ( 2113): TID:2454 ./DeviceProxy.cc:54: Leave PollNextCommand
10-11 16:04:06.030 D/VRCORE_PluginKit( 2129): got request form client 3
10-11 16:04:06.032 I/VRCORE_PluginKit( 2129): ControllerDeviceRequestObserver.java:onNext(23) Device [com.htc.vr.bledevice.BleControllerDevice_3cae0c5] Callback type: 3
10-11 16:04:06.032 I/VRCORE_PluginKit( 2129): RequestObserver.java:onNext(25) dev: com.htc.vr.bledevice.BleControllerDevice_3cae0c5[1] Callback type: 3
10-11 16:04:06.033 D/VRCORE ( 2113): TID:2454 ./DeviceProxy.cc:54: Enter PollNextCommand
10-11 16:04:06.035 I/InputProvider( 3043): UpdateAllBatteryLevel() device 2 battery 0.780000
10-11 16:04:06.035 W/WVR_COMMON( 3043): WVR_GetDeviceBatteryPercentage failed! WVR_DeviceType_Controller_Left get attribute is Attr_DeviceBatteryPercentage_Float, ERROR = AttrError_InvalidDevice
10-11 16:04:06.035 I/InputProvider( 3043): UpdateAllBatteryLevel() device 3 battery -1.000000
10-11 16:04:06.035 D/InputProvider( 3043): ---Start
10-11 16:04:06.042 D/StatusBarManagerService( 1447): setSystemUiVisibility(0x160e)
10-11 16:04:06.042 D/StatusBarManagerService( 1447): hiding MENU key
10-11 16:04:06.043 I/PhoneStatusBar( 1657): floatingMenu(showMenu:false hideMenu:false|false|true)
10-11 16:04:06.045 D/PMS ( 1447): releaseWL(943db2c): SCREEN_BRIGHT_WAKE_LOCK ON_AFTER_RELEASE WindowManager 0x2000000a WorkSource{10065} 0x0
10-11 16:04:06.086 I/InputProvider( 3043): HandleWVREvents() WVR_EventType_InputDevMappingChanged device 1
10-11 16:04:06.086 I/InputProvider( 3043): HandleWVREvents() WVR_EventType_InputDevMappingChanged device 2
10-11 16:04:06.086 I/InputProvider( 3043): UpdateDeviceButtonTableAndInputDefinition() dev 1
10-11 16:04:06.086 W/Wave_SDK( 3043): WVR_GetInputMappingTable with API Level 3 is not supported by the current Runtime version 1
10-11 16:04:06.087 I/InputProvider( 3043): UpdateHMDButtonsTable() HMD source button 7 has invalid capability.
10-11 16:04:06.087 I/InputProvider( 3043): UpdateHMDButtonsTable() HMD source button 8 has invalid capability.
10-11 16:04:06.087 I/InputProvider( 3043): UpdateHMDButtonsTable() HMD source button 15 has invalid capability.
10-11 16:04:06.087 I/InputProvider( 3043): UpdateConnectedDeviceDefinition() InputSubsystem_DeviceDisconnected(1)
10-11 16:04:06.087 I/InputProvider( 3043): UpdateConnectedDeviceDefinition() InputSubsystem_DeviceConnected(1)
10-11 16:04:06.087 I/InputProvider( 3043): UpdateDeviceButtonTableAndInputDefinition() dev 2
10-11 16:04:06.087 W/Wave_SDK( 3043): WVR_GetInputMappingTable with API Level 3 is not supported by the current Runtime version 1
10-11 16:04:06.087 I/InputProvider( 3043): UpdateRightButtonsTable() Right source button 1 (capability 1) is mapping to destination input ID 1 (capability 1).
10-11 16:04:06.087 I/InputProvider( 3043): UpdateRightButtonsTable() Right source button 2 has invalid capability.
10-11 16:04:06.087 I/InputProvider( 3043): UpdateRightButtonsTable() Right source button 7 (capability 1) is mapping to destination input ID 7 (capability 1).
10-11 16:04:06.087 I/InputProvider( 3043): UpdateRightButtonsTable() Right source button 8 (capability 1) is mapping to destination input ID 8 (capability 1).
10-11 16:04:06.087 I/InputProvider( 3043): UpdateRightButtonsTable() Right source button 10 has invalid capability.
10-11 16:04:06.087 I/InputProvider( 3043): UpdateRightButtonsTable() Right source button 11 has invalid capability.
10-11 16:04:06.087 I/InputProvider( 3043): UpdateRightButtonsTable() Right source button 12 has invalid capability.
10-11 16:04:06.087 I/InputProvider( 3043): UpdateRightButtonsTable() Right source button 13 has invalid capability.
10-11 16:04:06.087 I/InputProvider( 3043): UpdateRightButtonsTable() Right source button 15 has invalid capability.
10-11 16:04:06.087 I/InputProvider( 3043): UpdateRightButtonsTable() Right source button 16 (capability 7) is mapping to destination input ID 16 (capability 7).
10-11 16:04:06.087 I/InputProvider( 3043): UpdateRightButtonsTable() Right source button 9 (capability 1) is mapping to destination input ID 17 (capability 7).
10-11 16:04:06.087 I/InputProvider( 3043): UpdateRightButtonsTable() Right source button 18 has invalid capability.
10-11 16:04:06.087 I/InputProvider( 3043): UpdateRightButtonsTable() primary2DButtonRight = Touchpad, secondary2DButtonRight = WVR_InputId_Max
10-11 16:04:06.087 I/InputProvider( 3043): UpdateRightButtonsTable() triggerButtonRight = Trigger
10-11 16:04:06.087 I/InputProvider( 3043): UpdateRightButtonsTable() primaryButtonRight: 32, secondaryButtonRight: 32, primary2DButtonRight: 16, secondary2DButtonRight: 32, triggerButtonRight: 17
10-11 16:04:06.087 I/InputProvider( 3043): UpdateConnectedDeviceDefinition() InputSubsystem_DeviceDisconnected(2)
10-11 16:04:06.087 I/InputProvider( 3043): UpdateConnectedDeviceDefinition() InputSubsystem_DeviceConnected(2)
10-11 16:04:06.088 I/InputProvider( 3043): FillHMDDefinition() HMD DeviceDefinition_SetName 0
10-11 16:04:06.088 I/InputProvider( 3043): FillHMDDefinition() HMD DeviceDefinition_SetCharacteristics 0
10-11 16:04:06.088 I/InputProvider( 3043): FillHMDDefinition() HMD DeviceDefinition_SetManufacturer 0
10-11 16:04:06.088 I/InputProvider( 3043): FillHMDDefinition() HMD DeviceDefinition_SetSerialNumber 0
10-11 16:04:06.088 I/InputProvider( 3043): FillHMDDefinition() User Presence index 0
10-11 16:04:06.088 I/InputProvider( 3043): FillHMDDefinition() HMD Is Tracked index 1
10-11 16:04:06.088 I/InputProvider( 3043): FillHMDDefinition() HMD Tracking State index 2
10-11 16:04:06.088 I/InputProvider( 3043): FillHMDDefinition() HMD Position index 3
10-11 16:04:06.088 I/InputProvider( 3043): FillHMDDefinition() HMD Rotation index 4
10-11 16:04:06.088 I/InputProvider( 3043): FillHMDDefinition() HMD Velocity index 5
10-11 16:04:06.088 I/InputProvider( 3043): FillHMDDefinition() HMD Angular Velocity index 6
10-11 16:04:06.088 I/InputProvider( 3043): FillHMDDefinition() HMD Acceleration index 7
10-11 16:04:06.088 I/InputProvider( 3043): FillHMDDefinition() HMD Angular Acceleration index 8
10-11 16:04:06.088 I/InputProvider( 3043): FillHMDDefinition() HMD Center Eye Position index 9
10-11 16:04:06.088 I/InputProvider( 3043): FillHMDDefinition() HMD Center Eye Rotation index 10
10-11 16:04:06.088 I/InputProvider( 3043): FillHMDDefinition() Supported Feature index 11
10-11 16:04:06.088 I/InputProvider( 3043): FillHMDDefinition() Battery Percentage index 12
10-11 16:04:06.089 D/WVR_COMMON( 3043): get WVR_DeviceType_Controller_Right render model name: WVR_CONTROLLER_FINCH3DOF_1_0. return 28, bufCnt = 128
10-11 16:04:06.089 I/InputProvider( 3043): right device's render model name: 29 WVR_CONTROLLER_FINCH3DOF_1_0
10-11 16:04:06.089 I/InputProvider( 3043): FillRightDefinition() Right Controller DeviceDefinition_SetName 0
10-11 16:04:06.089 I/InputProvider( 3043): FillRightDefinition() Right Controller DeviceDefinition_SetCharacteristics 0
10-11 16:04:06.089 I/InputProvider( 3043): FillRightDefinition() Right Controller DeviceDefinition_SetManufacturer 0
10-11 16:04:06.089 I/InputProvider( 3043): FillRightDefinition() Right Controller DeviceDefinition_SetSerialNumber 0
10-11 16:04:06.089 I/InputProvider( 3043): FillRightDefinition() Right Controller Is Tracked index 0
10-11 16:04:06.089 I/InputProvider( 3043): FillRightDefinition() Right Controller Tracking State index 1
10-11 16:04:06.089 I/InputProvider( 3043): FillRightDefinition() Right Controller Position index 2
10-11 16:04:06.089 I/InputProvider( 3043): FillRightDefinition() Right Controller Rotation index 3
10-11 16:04:06.089 I/InputProvider( 3043): FillRightDefinition() Right Controller Velocity index 4
10-11 16:04:06.089 I/InputProvider( 3043): FillRightDefinition() Right Controller Angular Velocity index 5
10-11 16:04:06.089 I/InputProvider( 3043): FillRightDefinition() Right Controller Acceleration index 6
10-11 16:04:06.089 I/InputProvider( 3043): FillRightDefinition() Right Controller Angular Acceleration index 7
10-11 16:04:06.089 I/InputProvider( 3043): FillRightDefinition() Right Controller Primary2DAxisClick (Touchpad) index 8
10-11 16:04:06.089 I/InputProvider( 3043): FillRightDefinition() Right Controller Primary2DAxisTouch (Touchpad Touch) index 9
10-11 16:04:06.089 I/InputProvider( 3043): FillRightDefinition() Right Controller Primary2DAxis (Touchpad Axis) index 10
10-11 16:04:06.089 I/InputProvider( 3043): FillRightDefinition() Right Controller TriggerButton index 11
10-11 16:04:06.089 I/InputProvider( 3043): FillRightDefinition() Right Controller Trigger (Trigger Axis) index 12
10-11 16:04:06.089 I/InputProvider( 3043): FillRightDefinition() Right Controller MenuButton index 13
10-11 16:04:06.089 I/InputProvider( 3043): FillRightDefinition() Battery Percentage index 14
10-11 16:04:06.089 I/InputProvider( 3043): FillHMDDefinition() HMD DeviceDefinition_SetName 0
10-11 16:04:06.089 I/InputProvider( 3043): FillHMDDefinition() HMD DeviceDefinition_SetCharacteristics 0
10-11 16:04:06.089 I/InputProvider( 3043): FillHMDDefinition() HMD DeviceDefinition_SetManufacturer 0
10-11 16:04:06.089 I/InputProvider( 3043): FillHMDDefinition() HMD DeviceDefinition_SetSerialNumber 0
10-11 16:04:06.089 I/InputProvider( 3043): FillHMDDefinition() User Presence index 0
10-11 16:04:06.089 I/InputProvider( 3043): FillHMDDefinition() HMD Is Tracked index 1
10-11 16:04:06.089 I/InputProvider( 3043): FillHMDDefinition() HMD Tracking State index 2
10-11 16:04:06.089 I/InputProvider( 3043): FillHMDDefinition() HMD Position index 3
10-11 16:04:06.089 I/InputProvider( 3043): FillHMDDefinition() HMD Rotation index 4
10-11 16:04:06.089 I/InputProvider( 3043): FillHMDDefinition() HMD Velocity index 5
10-11 16:04:06.089 I/InputProvider( 3043): FillHMDDefinition() HMD Angular Velocity index 6
10-11 16:04:06.089 I/InputProvider( 3043): FillHMDDefinition() HMD Acceleration index 7
10-11 16:04:06.089 I/InputProvider( 3043): FillHMDDefinition() HMD Angular Acceleration index 8
10-11 16:04:06.089 I/InputProvider( 3043): FillHMDDefinition() HMD Center Eye Position index 9
10-11 16:04:06.089 I/InputProvider( 3043): FillHMDDefinition() HMD Center Eye Rotation index 10
10-11 16:04:06.089 I/InputProvider( 3043): FillHMDDefinition() Supported Feature index 11
10-11 16:04:06.089 I/InputProvider( 3043): FillHMDDefinition() Battery Percentage index 12
10-11 16:04:06.090 D/WVR_COMMON( 3043): get WVR_DeviceType_Controller_Right render model name: WVR_CONTROLLER_FINCH3DOF_1_0. return 28, bufCnt = 128
10-11 16:04:06.090 I/InputProvider( 3043): right device's render model name: 29 WVR_CONTROLLER_FINCH3DOF_1_0
10-11 16:04:06.090 I/InputProvider( 3043): FillRightDefinition() Right Controller DeviceDefinition_SetName 0
10-11 16:04:06.090 I/InputProvider( 3043): FillRightDefinition() Right Controller DeviceDefinition_SetCharacteristics 0
10-11 16:04:06.090 I/InputProvider( 3043): FillRightDefinition() Right Controller DeviceDefinition_SetManufacturer 0
10-11 16:04:06.090 I/InputProvider( 3043): FillRightDefinition() Right Controller DeviceDefinition_SetSerialNumber 0
10-11 16:04:06.090 I/InputProvider( 3043): FillRightDefinition() Right Controller Is Tracked index 0
10-11 16:04:06.090 I/InputProvider( 3043): FillRightDefinition() Right Controller Tracking State index 1
10-11 16:04:06.090 I/InputProvider( 3043): FillRightDefinition() Right Controller Position index 2
10-11 16:04:06.090 I/InputProvider( 3043): FillRightDefinition() Right Controller Rotation index 3
10-11 16:04:06.090 I/InputProvider( 3043): FillRightDefinition() Right Controller Velocity index 4
10-11 16:04:06.090 I/InputProvider( 3043): FillRightDefinition() Right Controller Angular Velocity index 5
10-11 16:04:06.090 I/InputProvider( 3043): FillRightDefinition() Right Controller Acceleration index 6
10-11 16:04:06.090 I/InputProvider( 3043): FillRightDefinition() Right Controller Angular Acceleration index 7
10-11 16:04:06.090 I/InputProvider( 3043): FillRightDefinition() Right Controller Primary2DAxisClick (Touchpad) index 8
10-11 16:04:06.090 I/InputProvider( 3043): FillRightDefinition() Right Controller Primary2DAxisTouch (Touchpad Touch) index 9
10-11 16:04:06.090 I/InputProvider( 3043): FillRightDefinition() Right Controller Primary2DAxis (Touchpad Axis) index 10
10-11 16:04:06.090 I/InputProvider( 3043): FillRightDefinition() Right Controller TriggerButton index 11
10-11 16:04:06.090 I/InputProvider( 3043): FillRightDefinition() Right Controller Trigger (Trigger Axis) index 12
10-11 16:04:06.090 I/InputProvider( 3043): FillRightDefinition() Right Controller MenuButton index 13
10-11 16:04:06.090 I/InputProvider( 3043): FillRightDefinition() Battery Percentage index 14
10-11 16:04:06.105 E/svr ( 3043): svrGetPredictedDisplayTime Failed: Called when not in VR mode!
10-11 16:04:06.105 E/svr ( 3043): svrGetPredictedHeadPose Failed: Called when not in VR mode!
10-11 16:04:06.105 W/SVRI ( 3043): GetPoseState: svrHeadPoseState poseQuality becomes LOW! Turn on Gray Mask. 0 0
10-11 16:04:06.105 I/OverlayManager( 3043): setHMDLoseTracking mIsHMDLoseTracking = 1, mDrawLoading = 1, mNotifyOverlayResumeLater = 0
10-11 16:04:06.105 I/VRActivityEventManager( 3043): notifyOnHMDLostTracking call onHMDLostTrackingMethod
10-11 16:04:06.105 D/VRPlatform( 3043): onHMDLostTracking()
10-11 16:04:06.105 D/VROverlaySMD( 3043): onHMDLostTracking() tracking = true
10-11 16:04:06.105 D/VROverlaySMD( 3043): onHMDLostTracking() switch to loading
10-11 16:04:06.105 I/SVRI ( 3043): GetPoseState: SendEvent, device->id(0), DeviceLoading(30102)
10-11 16:04:06.106 I/VRCORE_Server( 2113): SendEventToDriver target device :0
10-11 16:04:06.106 I/VRCORE_Server( 2113): SendEventToClient:devId=0, eventId =30102
10-11 16:04:06.106 I/VRCORE_Server( 2113): call onMessage event: 30102, device: 0
10-11 16:04:06.106 D/VRAssistHelper( 2113): Send VREvent to VRAssist service, event Type: 30102
10-11 16:04:06.107 I/VRCORE_Server( 2113): device is not null in GetDisplayConfigure(), using DisplayConfigure of device
10-11 16:04:06.107 D/VRCORE_Server( 2113): TID:3120 setupDisplayConfigure(145) has external screen: false
10-11 16:04:06.107 D/VRCORE_Server( 2113): TID:3120 setupDisplayConfigure(180) initial screenOrientation config using default
10-11 16:04:06.107 D/VRCORE_Server( 2113): model number: N/A
10-11 16:04:06.108 D/VROEM EnvironmentChecker( 2071): event: 30102 device Id: 0 device type: 1 tracker type: 0
10-11 16:04:06.108 D/VRNotificationService( 2071): onEvent()
10-11 16:04:06.108 D/WVRDeviceEvent( 2071): DispatchEventToListeners devId: 0 evt: 30102 deviceType: 1 data: 0
10-11 16:04:06.108 D/MiaCDeviceEventDetector( 2071): onLoadingChanged(true) start...
10-11 16:04:06.108 D/VRNotificationService( 2071): Post Event Refuse:ID=152 isn't in white name list
10-11 16:04:06.108 I/VRCORE ( 3043): OnReceiveEvent: event.eventType=30102
10-11 16:04:06.108 I/SVRI ( 3043): GetPoseState svr_hmd_1 tm0(1) Quality Pose/Camera/Sensor -481831.38 -481831.25 -481831.38 ; lost 1 ; TS-3641281774213184284
10-11 16:04:06.109 D/ArmModel( 3043): ArmModel getArmedPose(2) 1, 0
10-11 16:04:06.108 I/VRCORE ( 3043): OnReceiveCoreEvent: eventType = 30102, inputId = 0, device_index = 0, devType = 1, interaction_mode = 0, gaze_trigger = 0
10-11 16:04:06.109 I/POSE ( 3043): GetSyncPose pose_hmd_1 INVALID (oemValid(1),isFocus(0)) Origin(0) 3DoF; Arena[1]_Trig(0)_Out(0)_OutLevel(0.0000); XYZ(-0.0000, -0.0000, -0.0000), EulerYPR(-0.00, -0.00, 0.00), Wxyz(1.0000, 0.0000, 0.0000, 0.0000); LVel(-0.0000, 259594304.0000, 481831.1250), AngV(180333568.0000, 481831.2500, 481831.2500); PoseTime=-3641281774213184284, predict time=-180335872.000ms(p0,r0), pose latency(I)=0.000
10-11 16:04:06.109 I/POSE ( 3043): GetSyncPose pose_clr_2 VALID(oemValid(1),isFocus(0)) Origin(0) 3DoF; Arena[1]_Trig(0)_Out(0)_OutLevel(0.0000); XYZ(0.0000, 0.0000, 0.0000), EulerYPR(-135.64, 177.77, 4.27), Wxyz(0.0418, 0.3766, -0.0039, 0.9254); LVel(0.0000, 0.0000, 0.0000), AngV(-0.0778, 0.0171, -0.0023); PoseTime=156596143306, predict time=0.000ms(p0,r0), pose latency(I)=0.000
10-11 16:04:06.109 I/VRCORE ( 2179): OnReceiveEvent: event.eventType=30102
10-11 16:04:06.109 I/VRCORE ( 2179): OnReceiveCoreEvent: eventType = 30102, inputId = 0, device_index = 0, devType = 1, interaction_mode = 0, gaze_trigger = 0
10-11 16:04:06.110 D/VRCORE ( 2179): byte size:11
10-11 16:04:06.111 D/VRCORE ( 3043): byte size:11
10-11 16:04:06.116 D/SVR_HMD ( 2388): SvrHmdDevice.java:onSensorChanged(273) SvrHmdDevice, onSensorChanged, sensor.getType() = 4, GYRO: AxisX = -0.023269653, AxisY = -0.015899658, AxisZ = 0.00843811
10-11 16:04:06.116 D/SVR_HMD ( 2388): SvrHmdDevice.java:onSensorChanged(281) SvrHmdDevice, onSensorChanged, sensor.getType() = 1, ACCELER: X = 1.353836, Y = 9.547913, Z = 1.8251343
10-11 16:04:06.122 I/SVRInternal( 3043): ResumeATW +
10-11 16:04:06.122 I/SVRMain ( 3043): UnityResumeVRLock ++
10-11 16:04:06.122 I/SVRMain ( 3043): UnityResumeVR: isUnityApp:true isUnrealApp:false
10-11 16:04:06.123 I/SVRI ( 3043): InitVRTrackingMode VRTrackingMode = 0
10-11 16:04:06.123 I/svr ( 3043): svrSetTrackingMode : Using application defined tracking mode (3).
10-11 16:04:06.123 E/QVRConnection( 836): getparam name:tracker-supported-tracking-modes len:37 value:rotational,positional,rotational_mag
10-11 16:04:06.123 E/QVRConnection( 836): getparam name:tracker-supported-tracking-modes len:37 value:rotational,positional,rotational_mag
10-11 16:04:06.123 E/svr ( 3043): Error from QVRServiceClient_GetEyeTrackingMode: QVR_API_NOT_SUPPORTED
10-11 16:04:06.123 I/svr ( 3043): svrSetTrackingMode : Setting tracking mode to positional
10-11 16:04:06.123 E/QVRConnection( 836): handle set param in connection thread: name len=21 name=tracker-tracking-mode value len=10 value=positional
10-11 16:04:06.123 E/svr ( 3043): Error from QVRServiceClient_SetEyeTrackingMode (Off): QVR_API_NOT_SUPPORTED
10-11 16:04:06.123 I/SVRMain ( 3043): glm too old to support simd
10-11 16:04:06.123 I/[VRPerfMgr]( 3043): Set CPU performance level to : 3
10-11 16:04:06.123 I/[VRPerfMgr]( 3043): Set GPU performance level to : 3
10-11 16:04:06.123 I/svr ( 3043): svrBeginVr
10-11 16:04:06.123 I/svr ( 3043): Set tracking mode context...
10-11 16:04:06.123 I/svr ( 3043): svrSetTrackingMode : Using application defined tracking mode (3).
10-11 16:04:06.123 E/QVRConnection( 836): getparam name:tracker-supported-tracking-modes len:37 value:rotational,positional,rotational_mag
10-11 16:04:06.123 E/QVRConnection( 836): getparam name:tracker-supported-tracking-modes len:37 value:rotational,positional,rotational_mag
10-11 16:04:06.124 E/svr ( 3043): Error from QVRServiceClient_GetEyeTrackingMode: QVR_API_NOT_SUPPORTED
10-11 16:04:06.124 I/svr ( 3043): svrSetTrackingMode : Setting tracking mode to positional
10-11 16:04:06.124 E/QVRConnection( 836): handle set param in connection thread: name len=21 name=tracker-tracking-mode value len=10 value=positional
10-11 16:04:06.124 E/svr ( 3043): Error from QVRServiceClient_SetEyeTrackingMode (Off): QVR_API_NOT_SUPPORTED
10-11 16:04:06.124 I/svr ( 3043): Creating mode context...
10-11 16:04:06.124 I/svr ( 3043): Starting VSync Monitoring...
10-11 16:04:06.124 I/svr ( 3043): Using Choreographer VSync Monitoring
10-11 16:04:06.125 I/SvrApi ( 3043): SVR vsyncThread tid:3135
10-11 16:04:06.125 I/svr ( 3043): [VRPerformanceSVR] Set Vsync thread: 3135, cpu_mask: 11110000
10-11 16:04:06.125 E/QVRService( 836): VR Mode starting
10-11 16:04:06.125 E/QVRServiceConnection( 836): cache size = 3
10-11 16:04:06.125 E/QVRConnection( 836): handle set param in connection thread: name len=21 name=tracker-tracking-mode value len=14 value=rotational_mag
10-11 16:04:06.125 I/QVRServiceClientImpl( 3043): STATUS_STATE_CHANGED 4 1
10-11 16:04:06.125 I/svr ( 3043): Creating EVENT QUEUE for thread : 3132
10-11 16:04:06.126 E/QVRConnection( 836): handle set param in connection thread: name len=21 name=tracker-tracking-mode value len=10 value=positional
10-11 16:04:06.126 I/QVRServiceClientImpl( 2179): STATUS_STATE_CHANGED 4 1
10-11 16:04:06.126 E/QVRConnection( 836): handle set param in connection thread: name len=21 name=tracker-tracking-mode value len=10 value=positional
10-11 16:04:06.205 E/QVRServiceTracker( 836): diff=3681005171 qtime=3079545875 qtime_ns=160393014322 boot_time=156712009151
10-11 16:04:06.205 E/QVRCamDeviceCtl( 836): Camera controller received start request for camera 0
10-11 16:04:06.205 E/QVRCamDeviceCtl( 836): camera controller is starting camera 0
10-11 16:04:06.205 E/QVRServiceCameraDeviceMgr( 836): Getting config parameters for camera 0
10-11 16:04:06.205 E/QVRServiceCameraDeviceMgr( 836): pushing camera options to camera device
10-11 16:04:06.205 E/QVRServiceCamDevice( 836): Sending notification to client 0xf20e4800
10-11 16:04:06.205 E/QVRServiceCamDevice( 836): Calling Init
10-11 16:04:06.205 E/QVRServiceTracker( 836): Created Thread VRTrackerF
10-11 16:04:06.206 E/QVRServiceCamDeviceHAL3( 836): *********** Camera Init done. Number of HAL3 cameras:1 ************
10-11 16:04:06.206 E/QVRServiceCamDevice( 836): Logging state is unchanged: cam_id = 0, logging mode = 0
10-11 16:04:06.208 E/QVRServiceCamDeviceHAL3( 836): HAL3 camera 0 is starting
10-11 16:04:06.208 E/QVRServiceCamDeviceHAL3( 836): Initializing shared memory for camera 0
10-11 16:04:06.227 E/mm-camera( 836): 1560: module_sensor_start_session: Powering up peer stereo sensor.
10-11 16:04:06.246 I/[vrbledevice]Finch3DofController[0]( 2129): updatePose: timeStamp(156751231811), Euler:[-135.64063,4.24587,177.85168] Quat:[0.04137,0.37654,-0.00337,0.92547] Acc:[0.04547,0.09212,1.21310] Gyro:[0.04012,-0.01007,-0.00285]
10-11 16:04:06.254 E/mm-camera( 836): 2989: stats_port_check_caps_reserve: Invalid Port capability type!
10-11 16:04:06.254 E/mm-camera( 836): 2989: stats_port_check_caps_reserve: Invalid Port capability type!
10-11 16:04:06.254 E/mm-camera( 836): 2989: stats_port_check_caps_reserve: Invalid Port capability type!
10-11 16:04:06.254 E/mm-camera( 836): 2989: stats_port_check_caps_reserve: Invalid Port capability type!
10-11 16:04:06.254 E/mm-camera( 836): 2989: stats_port_check_caps_reserve: Invalid Port capability type!
10-11 16:04:06.258 E/Camera2-Metadata( 836): Mismatched tag type when updating entry enable (-2146762752) of type byte; got type int32 data instead
10-11 16:04:06.258 E/Camera2-Metadata( 836): Mismatched tag type when updating entry is_main (-2146762751) of type byte; got type int32 data instead
10-11 16:04:06.259 E/QVRServiceCamDeviceHAL3( 836): Allocated 16 buffers for stream 0
10-11 16:04:06.259 E/QVRServiceCamDeviceHAL3( 836): HAL3 camera 0 started
