10-11 16:03:43.911 D/WVR_Foveated( 2179): Foveated rendering is not supported.
10-11 16:03:43.917 E/mm-camera( 836): 2232: aec_process_calc_current_hist_metered_luma: error: out of range, exit
10-11 16:03:43.925 D/WVR_Foveated( 2179): Foveated rendering is not supported.
10-11 16:03:43.933 I/ArmModel( 2179): Dev(0)LHOVHMDPos : (-0.266234,0.164301,-0.017440)
10-11 16:03:43.938 D/WVR_Foveated( 2179): Foveated rendering is not supported.
10-11 16:03:43.952 D/WVR_Foveated( 2179): Foveated rendering is not supported.
10-11 16:03:43.952 E/mm-camera( 836): 2232: aec_process_calc_current_hist_metered_luma: error: out of range, exit
10-11 16:03:43.965 D/WVR_Foveated( 2179): Foveated rendering is not supported.
10-11 16:03:43.978 D/WaveVR_Resource( 2179): getSystemLanguage, ret language = zh
10-11 16:03:43.978 D/WaveVR_Resource( 2179): getSystemCountry, ret country = CN
10-11 16:03:43.978 D/WVR_Foveated( 2179): Foveated rendering is not supported.
10-11 16:03:43.985 E/mm-camera( 836): 2232: aec_process_calc_current_hist_metered_luma: error: out of range, exit
10-11 16:03:43.991 D/WVR_Foveated( 2179): Foveated rendering is not supported.
10-11 16:03:44.005 D/WVR_Foveated( 2179): Foveated rendering is not supported.
10-11 16:03:44.017 E/mm-camera( 836): 2232: aec_process_calc_current_hist_metered_luma: error: out of range, exit
10-11 16:03:44.018 D/WVR_Foveated( 2179): Foveated rendering is not supported.
10-11 16:03:44.032 D/WVR_Foveated( 2179): Foveated rendering is not supported.
10-11 16:03:44.050 D/WVR_Foveated( 2179): Foveated rendering is not supported.
10-11 16:03:44.052 E/mm-camera( 836): 2232: aec_process_calc_current_hist_metered_luma: error: out of range, exit
10-11 16:03:44.058 D/WVR_Foveated( 2179): Foveated rendering is not supported.
10-11 16:03:44.062 D/SVR_HMD ( 2388): SvrHmdDevice.java:onSensorChanged(273) SvrHmdDevice, onSensorChanged, sensor.getType() = 4, GYRO: AxisX = -0.013671875, AxisY = -0.0020446777, AxisZ = -0.018203735
10-11 16:03:44.062 D/SVR_HMD ( 2388): SvrHmdDevice.java:onSensorChanged(281) SvrHmdDevice, onSensorChanged, sensor.getType() = 1, ACCELER: X = 2.4533691, Y = 9.4570465, Z = 0.9001007
10-11 16:03:44.071 D/WVR_Foveated( 2179): Foveated rendering is not supported.
10-11 16:03:44.074 I/svr ( 2179): FPS: 74.85
10-11 16:03:44.085 E/mm-camera( 836): 2232: aec_process_calc_current_hist_metered_luma: error: out of range, exit
10-11 16:03:44.085 D/WVR_Foveated( 2179): Foveated rendering is not supported.
10-11 16:03:44.098 D/WVR_Foveated( 2179): Foveated rendering is not supported.
10-11 16:03:44.112 D/WVR_Foveated( 2179): Foveated rendering is not supported.
10-11 16:03:44.117 E/mm-camera( 836): 2232: aec_process_calc_current_hist_metered_luma: error: out of range, exit
10-11 16:03:44.125 D/WVR_Foveated( 2179): Foveated rendering is not supported.
10-11 16:03:44.138 D/WVR_Foveated( 2179): Foveated rendering is not supported.
10-11 16:03:44.150 E/mm-camera( 836): 2232: aec_process_calc_current_hist_metered_luma: error: out of range, exit
10-11 16:03:44.152 D/WVR_Foveated( 2179): Foveated rendering is not supported.
10-11 16:03:44.165 D/WVR_Foveated( 2179): Foveated rendering is not supported.
10-11 16:03:44.178 D/WVR_Foveated( 2179): Foveated rendering is not supported.
10-11 16:03:44.183 E/mm-camera( 836): 2232: aec_process_calc_current_hist_metered_luma: error: out of range, exit
10-11 16:03:44.192 D/WVR_Foveated( 2179): Foveated rendering is not supported.
10-11 16:03:44.205 D/WVR_Foveated( 2179): Foveated rendering is not supported.
10-11 16:03:44.218 I/[vrbledevice]Finch3DofController[0]( 2129): updatePose: timeStamp(134724452742), Euler:[-111.59338,-0.51509,177.78880] Quat:[0.00713,0.56209,-0.01848,0.82684] Acc:[0.04247,-0.01316,1.21609] Gyro:[0.13715,-0.05113,3.56248]
10-11 16:03:44.219 E/mm-camera( 836): 2232: aec_process_calc_current_hist_metered_luma: error: out of range, exit
10-11 16:03:44.219 D/WVR_Foveated( 2179): Foveated rendering is not supported.
10-11 16:03:44.232 D/WVR_Foveated( 2179): Foveated rendering is not supported.
10-11 16:03:44.250 D/WVR_Foveated( 2179): Foveated rendering is not supported.
10-11 16:03:44.251 E/mm-camera( 836): 2232: aec_process_calc_current_hist_metered_luma: error: out of range, exit
10-11 16:03:44.254 D/ArmModel( 2179): ArmModel getArmedPose(2) 1, 1
10-11 16:03:44.254 D/ArmModel( 2179): Dev(0)LHOVHMDPos LOCKED : (-0.248709,0.151024,-0.041834)
10-11 16:03:44.254 D/ArmModel( 2179): Dev(2)ctrllerXYRotationRadio : 0.348233 elbowCurveLerpValue = 0.519647
10-11 16:03:44.254 D/ArmModel( 2179): Dev(2)quatCtrllerXYRot : (-0.022586,-0.519639,0.000000,0.854087)
10-11 16:03:44.254 D/ArmModel( 2179): Dev(2)quatCtrllerXYLerpRot : (-0.012189,-0.280436,0.000000,0.959795)
10-11 16:03:44.254 D/ArmModel( 2179): Dev(2)elbowOffset : (-0.074768,-0.528707,0.045186)
10-11 16:03:44.254 D/ArmModel( 2179): Dev(2)wristOffset : (-0.198747,-0.525443,0.129557)
10-11 16:03:44.254 D/ArmModel( 2179): Dev(2)ctrllerOffset : (-0.243129,-0.523514,0.152503)
10-11 16:03:44.254 D/ArmModel( 2179): Dev(2)finalCtrlPos : (-0.243129,-0.523514,-0.152503)
10-11 16:03:44.259 D/WVR_Foveated( 2179): Foveated rendering is not supported.
10-11 16:03:44.273 D/WVR_Foveated( 2179): Foveated rendering is not supported.
10-11 16:03:44.284 E/mm-camera( 836): 2232: aec_process_calc_current_hist_metered_luma: error: out of range, exit
10-11 16:03:44.286 D/WVR_Foveated( 2179): Foveated rendering is not supported.
10-11 16:03:44.299 D/WVR_Foveated( 2179): Foveated rendering is not supported.
10-11 16:03:44.312 D/WVR_Foveated( 2179): Foveated rendering is not supported.
10-11 16:03:44.317 E/mm-camera( 836): 2232: aec_process_calc_current_hist_metered_luma: error: out of range, exit
10-11 16:03:44.321 D/ArmModel( 2179): ArmModel getArmedPose(3) 0, 1
10-11 16:03:44.326 D/WVR_Foveated( 2179): Foveated rendering is not supported.
10-11 16:03:44.339 D/WVR_Foveated( 2179): Foveated rendering is not supported.
10-11 16:03:44.347 I/POSE ( 2179): GetSyncPose pose_hmd_1 CV(s1f0) om0 6DoF 1vw_t0o0 (0.0000) XYZ -0.2663 0.1642 0.0178 YPR 32.6255 -7.5113 13.1180 ; Wxyz 0.9535 -0.0304 0.2713 0.1277 ; RAW XYZ 0.2663 -0.1642 -0.0178 Wxyz 0.9535 0.0304 -0.2713 -0.1277 ; LVel -0.003 -0.000 0.007 LAc -0.00 -0.00 -0.00 AngV 0.052 0.006 0.003 AngAc -0.00 -0.00 -0.00 ; TS134850071464 15.43ms GetPoseState
10-11 16:03:44.351 E/mm-camera( 836): 2232: aec_process_calc_current_hist_metered_luma: error: out of range, exit
10-11 16:03:44.353 D/WVR_Foveated( 2179): Foveated rendering is not supported.
10-11 16:03:44.366 D/WVR_Foveated( 2179): Foveated rendering is not supported.
10-11 16:03:44.379 D/WVR_Foveated( 2179): Foveated rendering is not supported.
10-11 16:03:44.386 E/mm-camera( 836): 2232: aec_process_calc_current_hist_metered_luma: error: out of range, exit
10-11 16:03:44.387 I/SVRI ( 2179): GetPoseState svr_hmd_1 tm3(3) Quality Pose/Camera/Sensor 1.00 1.00 1.00 ; lost 0 ; TS134889988443
10-11 16:03:44.393 D/WVR_Foveated( 2179): Foveated rendering is not supported.
10-11 16:03:44.406 D/WVR_Foveated( 2179): Foveated rendering is not supported.
10-11 16:03:44.414 I/POSE ( 2179): GetSyncPose pose_clr_2 CV(s1f0) om0 3DoF 1vw_t0o0 (0.0000) XYZ -0.2431 -0.5235 -0.1525 YPR -91.6506 177.7889 -0.5151 ; Wxyz 0.0102 0.6968 -0.0170 0.7170 ; RAW XYZ 0.0000 0.0000 0.0000 Wxyz 0.0102 0.6968 -0.0170 0.7170 ; LVel 0.000 0.000 0.000 LAc 0.05 -0.01 1.21 AngV 0.137 -0.051 3.562 AngAc 0.00 0.00 0.00 ; TS134919946094 0.00ms GetPoseState
10-11 16:03:44.418 E/mm-camera( 836): 2232: aec_process_calc_current_hist_metered_luma: error: out of range, exit
10-11 16:03:44.419 D/WVR_Foveated( 2179): Foveated rendering is not supported.
10-11 16:03:44.433 D/WVR_Foveated( 2179): Foveated rendering is not supported.
10-11 16:03:44.450 E/mm-camera( 836): 2232: aec_process_calc_current_hist_metered_luma: error: out of range, exit
10-11 16:03:44.451 D/WVR_Foveated( 2179): Foveated rendering is not supported.
10-11 16:03:44.459 D/WVR_Foveated( 2179): Foveated rendering is not supported.
10-11 16:03:44.473 D/WVR_Foveated( 2179): Foveated rendering is not supported.
10-11 16:03:44.484 E/mm-camera( 836): 2232: aec_process_calc_current_hist_metered_luma: error: out of range, exit
10-11 16:03:44.487 D/WVR_Foveated( 2179): Foveated rendering is not supported.
10-11 16:03:44.494 I/ArmModel( 2179): Dev(0)LHOVHMDPos : (-0.266441,0.163654,-0.017735)
10-11 16:03:44.499 D/WVR_Foveated( 2179): Foveated rendering is not supported.
10-11 16:03:44.513 D/WVR_Foveated( 2179): Foveated rendering is not supported.
10-11 16:03:44.517 E/mm-camera( 836): 2232: aec_process_calc_current_hist_metered_luma: error: out of range, exit
10-11 16:03:44.526 D/WVR_Foveated( 2179): Foveated rendering is not supported.
10-11 16:03:44.540 D/WVR_Foveated( 2179): Foveated rendering is not supported.
10-11 16:03:44.550 E/mm-camera( 836): 2232: aec_process_calc_current_hist_metered_luma: error: out of range, exit
10-11 16:03:44.553 D/WVR_Foveated( 2179): Foveated rendering is not supported.
10-11 16:03:44.560 D/SVR_HMD ( 2388): SvrHmdDevice.java:onSensorChanged(273) SvrHmdDevice, onSensorChanged, sensor.getType() = 4, GYRO: AxisX = 0.006576538, AxisY = 0.0038146973, AxisZ = -0.03791809
10-11 16:03:44.560 D/SVR_HMD ( 2388): SvrHmdDevice.java:onSensorChanged(281) SvrHmdDevice, onSensorChanged, sensor.getType() = 1, ACCELER: X = 2.3952332, Y = 9.504791, Z = 0.8871155
10-11 16:03:44.567 D/WVR_Foveated( 2179): Foveated rendering is not supported.
10-11 16:03:44.579 D/WVR_Foveated( 2179): Foveated rendering is not supported.
10-11 16:03:44.580 W/SensorService( 1447): D/Accel(x, y, z, t) = ( 2.4, 9.5, 1.0, 135085ms), sys_time = 135087ms
10-11 16:03:44.584 E/mm-camera( 836): 2232: aec_process_calc_current_hist_metered_luma: error: out of range, exit
10-11 16:03:44.593 D/WVR_Foveated( 2179): Foveated rendering is not supported.
10-11 16:03:44.607 D/WVR_Foveated( 2179): Foveated rendering is not supported.
10-11 16:03:44.617 E/mm-camera( 836): 2232: aec_process_calc_current_hist_metered_luma: error: out of range, exit
10-11 16:03:44.619 D/WVR_Foveated( 2179): Foveated rendering is not supported.
10-11 16:03:44.633 D/WVR_Foveated( 2179): Foveated rendering is not supported.
10-11 16:03:44.650 E/mm-camera( 836): 2232: aec_process_calc_current_hist_metered_luma: error: out of range, exit
10-11 16:03:44.651 D/WVR_Foveated( 2179): Foveated rendering is not supported.
10-11 16:03:44.656 D/AndroidBatteryDetector( 2071): current battery temp is:350
10-11 16:03:44.656 D/AndroidBatteryDetector( 2071): current battery level is:100.0
10-11 16:03:44.660 D/WaveVR_Resource( 2179): getSystemLanguage, ret language = zh
10-11 16:03:44.660 D/WaveVR_Resource( 2179): getSystemCountry, ret country = CN
10-11 16:03:44.660 D/WVR_Foveated( 2179): Foveated rendering is not supported.
10-11 16:03:44.673 D/WVR_Foveated( 2179): Foveated rendering is not supported.
10-11 16:03:44.685 E/mm-camera( 836): 2232: aec_process_calc_current_hist_metered_luma: error: out of range, exit
10-11 16:03:44.687 D/WVR_Foveated( 2179): Foveated rendering is not supported.
10-11 16:03:44.699 D/WVR_Foveated( 2179): Foveated rendering is not supported.
10-11 16:03:44.709 I/ipdmonitor( 2388): ipd = 659
10-11 16:03:44.713 D/WVR_Foveated( 2179): Foveated rendering is not supported.
10-11 16:03:44.717 E/mm-camera( 836): 2232: aec_process_calc_current_hist_metered_luma: error: out of range, exit
10-11 16:03:44.727 D/WVR_Foveated( 2179): Foveated rendering is not supported.
10-11 16:03:44.740 D/WVR_Foveated( 2179): Foveated rendering is not supported.
10-11 16:03:44.750 E/mm-camera( 836): 2232: aec_process_calc_current_hist_metered_luma: error: out of range, exit
10-11 16:03:44.753 D/WVR_Foveated( 2179): Foveated rendering is not supported.
10-11 16:03:44.767 D/WVR_Foveated( 2179): Foveated rendering is not supported.
10-11 16:03:44.780 D/WVR_Foveated( 2179): Foveated rendering is not supported.
10-11 16:03:44.785 E/mm-camera( 836): 2232: aec_process_calc_current_hist_metered_luma: error: out of range, exit
10-11 16:03:44.794 D/WVR_Foveated( 2179): Foveated rendering is not supported.
10-11 16:03:44.817 E/mm-camera( 836): 2232: aec_process_calc_current_hist_metered_luma: error: out of range, exit
10-11 16:03:44.838 D/WVR_Foveated( 2179): Foveated rendering is not supported.
10-11 16:03:44.850 E/mm-camera( 836): 2232: aec_process_calc_current_hist_metered_luma: error: out of range, exit
10-11 16:03:44.855 D/ArmModel( 2179): ArmModel getArmedPose(2) 1, 1
10-11 16:03:44.855 D/ArmModel( 2179): Dev(0)LHOVHMDPos LOCKED : (-0.248709,0.151024,-0.041834)
10-11 16:03:44.855 D/ArmModel( 2179): Dev(2)ctrllerXYRotationRadio : 0.348233 elbowCurveLerpValue = 0.519647
10-11 16:03:44.855 D/ArmModel( 2179): Dev(2)quatCtrllerXYRot : (-0.022586,-0.519639,0.000000,0.854087)
10-11 16:03:44.855 D/ArmModel( 2179): Dev(2)quatCtrllerXYLerpRot : (-0.012189,-0.280436,0.000000,0.959795)
10-11 16:03:44.855 D/ArmModel( 2179): Dev(2)elbowOffset : (-0.074768,-0.528707,0.045186)
10-11 16:03:44.855 D/ArmModel( 2179): Dev(2)wristOffset : (-0.198747,-0.525443,0.129557)
10-11 16:03:44.855 D/ArmModel( 2179): Dev(2)ctrllerOffset : (-0.243129,-0.523514,0.152503)
10-11 16:03:44.855 D/ArmModel( 2179): Dev(2)finalCtrlPos : (-0.243129,-0.523514,-0.152503)
10-11 16:03:44.865 D/WVR_Foveated( 2179): Foveated rendering is not supported.
10-11 16:03:44.874 D/WVR_Foveated( 2179): Foveated rendering is not supported.
10-11 16:03:44.884 E/mm-camera( 836): 2232: aec_process_calc_current_hist_metered_luma: error: out of range, exit
10-11 16:03:44.888 D/WVR_Foveated( 2179): Foveated rendering is not supported.
10-11 16:03:44.900 D/WVR_Foveated( 2179): Foveated rendering is not supported.
10-11 16:03:44.914 D/WVR_Foveated( 2179): Foveated rendering is not supported.
10-11 16:03:44.917 E/mm-camera( 836): 2232: aec_process_calc_current_hist_metered_luma: error: out of range, exit
10-11 16:03:44.922 D/ArmModel( 2179): ArmModel getArmedPose(3) 0, 1
10-11 16:03:44.928 D/WVR_Foveated( 2179): Foveated rendering is not supported.
10-11 16:03:44.935 I/POSE ( 2179): GetSyncPose pose_hmd_1 CV(s1f0) om0 6DoF 1vw_t0o0 (0.0000) XYZ -0.2653 0.1621 0.0151 YPR 33.7653 -7.0469 12.1300 ; Wxyz 0.9516 -0.0279 0.2820 0.1187 ; RAW XYZ 0.2653 -0.1621 -0.0151 Wxyz 0.9516 0.0279 -0.2820 -0.1187 ; LVel 0.008 -0.011 0.031 LAc -0.00 -0.00 -0.00 AngV 0.037 -0.099 -0.004 AngAc -0.00 -0.00 -0.00 ; TS135437199120 15.75ms GetPoseState
10-11 16:03:44.940 D/WVR_Foveated( 2179): Foveated rendering is not supported.
10-11 16:03:44.952 E/mm-camera( 836): 2232: aec_process_calc_current_hist_metered_luma: error: out of range, exit
10-11 16:03:44.954 D/WVR_Foveated( 2179): Foveated rendering is not supported.
10-11 16:03:44.968 D/WVR_Foveated( 2179): Foveated rendering is not supported.
10-11 16:03:44.975 I/SVRI ( 2179): GetPoseState svr_hmd_1 tm3(3) Quality Pose/Camera/Sensor 1.00 1.00 1.00 ; lost 0 ; TS135477146620
10-11 16:03:44.980 D/WVR_Foveated( 2179): Foveated rendering is not supported.
10-11 16:03:44.984 E/mm-camera( 836): 2232: aec_process_calc_current_hist_metered_luma: error: out of range, exit
10-11 16:03:44.994 D/WVR_Foveated( 2179): Foveated rendering is not supported.
10-11 16:03:45.002 I/POSE ( 2179): GetSyncPose pose_clr_2 CV(s1f0) om0 3DoF 1vw_t0o0 (0.0000) XYZ -0.2431 -0.5235 -0.1525 YPR -91.6506 177.7889 -0.5151 ; Wxyz 0.0102 0.6968 -0.0170 0.7170 ; RAW XYZ 0.0000 0.0000 0.0000 Wxyz 0.0102 0.6968 -0.0170 0.7170 ; LVel 0.000 0.000 0.000 LAc 0.05 -0.01 1.22 AngV 0.137 -0.051 3.562 AngAc 0.00 0.00 0.00 ; TS135504325944 0.00ms GetPoseState
10-11 16:03:45.007 D/WVR_Foveated( 2179): Foveated rendering is not supported.
10-11 16:03:45.019 E/mm-camera( 836): 2232: aec_process_calc_current_hist_metered_luma: error: out of range, exit
10-11 16:03:45.021 D/WVR_Foveated( 2179): Foveated rendering is not supported.
10-11 16:03:45.028 I/SVRI ( 2179): checkSteady 2 moves at 1442
10-11 16:03:45.034 D/WVR_Foveated( 2179): Foveated rendering is not supported.
10-11 16:03:45.047 D/WVR_Foveated( 2179): Foveated rendering is not supported.
10-11 16:03:45.053 E/mm-camera( 836): 2232: aec_process_calc_current_hist_metered_luma: error: out of range, exit
10-11 16:03:45.056 D/SVR_HMD ( 2388): SvrHmdDevice.java:onSensorChanged(281) SvrHmdDevice, onSensorChanged, sensor.getType() = 1, ACCELER: X = 2.3639526, Y = 9.355072, Z = 0.8520508
10-11 16:03:45.057 D/SVR_HMD ( 2388): SvrHmdDevice.java:onSensorChanged(273) SvrHmdDevice, onSensorChanged, sensor.getType() = 4, GYRO: AxisX = 0.0134887695, AxisY = 0.032043457, AxisZ = 0.028137207
10-11 16:03:45.065 D/WVR_Foveated( 2179): Foveated rendering is not supported.
10-11 16:03:45.075 D/WVR_Foveated( 2179): Foveated rendering is not supported.
10-11 16:03:45.077 I/svr ( 2179): FPS: 71.78
10-11 16:03:45.084 E/mm-camera( 836): 2232: aec_process_calc_current_hist_metered_luma: error: out of range, exit
10-11 16:03:45.088 D/WVR_Foveated( 2179): Foveated rendering is not supported.
10-11 16:03:45.095 I/ArmModel( 2179): Dev(0)LHOVHMDPos : (-0.265449,0.161734,-0.015536)
10-11 16:03:45.101 D/WVR_Foveated( 2179): Foveated rendering is not supported.
10-11 16:03:45.114 D/WVR_Foveated( 2179): Foveated rendering is not supported.
10-11 16:03:45.118 E/mm-camera( 836): 2232: aec_process_calc_current_hist_metered_luma: error: out of range, exit
10-11 16:03:45.128 D/WVR_Foveated( 2179): Foveated rendering is not supported.
10-11 16:03:45.140 D/WVR_Foveated( 2179): Foveated rendering is not supported.
10-11 16:03:45.153 E/mm-camera( 836): 2232: aec_process_calc_current_hist_metered_luma: error: out of range, exit
10-11 16:03:45.155 D/WVR_Foveated( 2179): Foveated rendering is not supported.
10-11 16:03:45.168 D/WVR_Foveated( 2179): Foveated rendering is not supported.
10-11 16:03:45.181 D/WVR_Foveated( 2179): Foveated rendering is not supported.
10-11 16:03:45.186 E/mm-camera( 836): 2232: aec_process_calc_current_hist_metered_luma: error: out of range, exit
10-11 16:03:45.194 D/WVR_Foveated( 2179): Foveated rendering is not supported.
10-11 16:03:45.208 D/WVR_Foveated( 2179): Foveated rendering is not supported.
10-11 16:03:45.218 I/[vrbledevice]Finch3DofController[0]( 2129): updatePose: timeStamp(135723540758), Euler:[-112.92400,1.61695,177.39984] Quat:[0.02429,0.55203,-0.01112,0.83340] Acc:[-0.01973,0.09511,1.20948] Gyro:[0.00093,0.06040,0.31255]
10-11 16:03:45.219 E/mm-camera( 836): 2232: aec_process_calc_current_hist_metered_luma: error: out of range, exit
10-11 16:03:45.221 D/WVR_Foveated( 2179): Foveated rendering is not supported.
10-11 16:03:45.234 D/WVR_Foveated( 2179): Foveated rendering is not supported.
10-11 16:03:45.248 D/WVR_Foveated( 2179): Foveated rendering is not supported.
10-11 16:03:45.253 E/mm-camera( 836): 2232: aec_process_calc_current_hist_metered_luma: error: out of range, exit
10-11 16:03:45.266 D/WVR_Foveated( 2179): Foveated rendering is not supported.
10-11 16:03:45.275 D/WVR_Foveated( 2179): Foveated rendering is not supported.
10-11 16:03:45.286 E/mm-camera( 836): 2232: aec_process_calc_current_hist_metered_luma: error: out of range, exit
10-11 16:03:45.288 D/WVR_Foveated( 2179): Foveated rendering is not supported.
10-11 16:03:45.301 D/WVR_Foveated( 2179): Foveated rendering is not supported.
10-11 16:03:45.315 D/WVR_Foveated( 2179): Foveated rendering is not supported.
10-11 16:03:45.320 E/mm-camera( 836): 2232: aec_process_calc_current_hist_metered_luma: error: out of range, exit
10-11 16:03:45.328 D/WVR_Foveated( 2179): Foveated rendering is not supported.
10-11 16:03:45.341 D/WVR_Foveated( 2179): Foveated rendering is not supported.
10-11 16:03:45.353 E/mm-camera( 836): 2232: aec_process_calc_current_hist_metered_luma: error: out of range, exit
10-11 16:03:45.355 D/WVR_Foveated( 2179): Foveated rendering is not supported.
10-11 16:03:45.368 D/WVR_Foveated( 2179): Foveated rendering is not supported.
10-11 16:03:45.382 D/WaveVR_Resource( 2179): getSystemLanguage, ret language = zh
10-11 16:03:45.382 D/WaveVR_Resource( 2179): getSystemCountry, ret country = CN
10-11 16:03:45.382 D/WVR_Foveated( 2179): Foveated rendering is not supported.
10-11 16:03:45.385 E/mm-camera( 836): 2232: aec_process_calc_current_hist_metered_luma: error: out of range, exit
10-11 16:03:45.395 D/WVR_Foveated( 2179): Foveated rendering is not supported.
10-11 16:03:45.408 D/WVR_Foveated( 2179): Foveated rendering is not supported.
10-11 16:03:45.417 D/ArmModel( 2179): ArmModel getArmedPose(2) 1, 1
10-11 16:03:45.417 D/ArmModel( 2179): Dev(2)ctrllerXYRotationRadio : 0.316400 elbowCurveLerpValue = 0.513280
10-11 16:03:45.417 D/ArmModel( 2179): Dev(2)quatCtrllerXYRot : (-0.016775,-0.476495,0.000000,0.879017)
10-11 16:03:45.417 D/ArmModel( 2179): Dev(2)quatCtrllerXYLerpRot : (-0.008883,-0.252321,0.000000,0.967603)
10-11 16:03:45.417 D/ArmModel( 2179): Dev(2)elbowOffset : (-0.103105,-0.521717,0.090604)
10-11 16:03:45.417 D/ArmModel( 2179): Dev(2)wristOffset : (-0.232748,-0.519264,0.166016)
10-11 16:03:45.417 D/ArmModel( 2179): Dev(2)ctrllerOffset : (-0.274632,-0.517789,0.193283)
10-11 16:03:45.417 D/ArmModel( 2179): Dev(2)finalCtrlPos : (-0.274632,-0.517789,-0.193283)
10-11 16:03:45.420 E/mm-camera( 836): 2232: aec_process_calc_current_hist_metered_luma: error: out of range, exit
10-11 16:03:45.422 D/WVR_Foveated( 2179): Foveated rendering is not supported.
10-11 16:03:45.435 D/WVR_Foveated( 2179): Foveated rendering is not supported.
10-11 16:03:45.448 D/WVR_Foveated( 2179): Foveated rendering is not supported.
10-11 16:03:45.453 E/mm-camera( 836): 2232: aec_process_calc_current_hist_metered_luma: error: out of range, exit
10-11 16:03:45.461 D/WVR_Foveated( 2179): Foveated rendering is not supported.
10-11 16:03:45.480 D/WVR_Foveated( 2179): Foveated rendering is not supported.
10-11 16:03:45.484 D/ArmModel( 2179): ArmModel getArmedPose(3) 0, 1
10-11 16:03:45.484 I/POSE ( 2179): GetSyncPose pose_hmd_1 CV(s1f0) om0 6DoF 1vw_t0o0 (0.0000) XYZ -0.2676 0.1628 0.0155 YPR 33.8584 -7.4094 12.9878 ; Wxyz 0.9507 -0.0286 0.2817 0.1267 ; RAW XYZ 0.2676 -0.1628 -0.0155 Wxyz 0.9507 0.0286 -0.2817 -0.1267 ; LVel 0.001 -0.002 0.003 LAc -0.00 -0.00 -0.00 AngV -0.006 0.014 0.028 AngAc -0.00 -0.00 -0.00 ; TS135986454485 15.21ms GetPoseState
10-11 16:03:45.487 E/mm-camera( 836): 2232: aec_process_calc_current_hist_metered_luma: error: out of range, exit
10-11 16:03:45.489 D/WVR_Foveated( 2179): Foveated rendering is not supported.
10-11 16:03:45.501 D/WVR_Foveated( 2179): Foveated rendering is not supported.
10-11 16:03:45.515 D/WVR_Foveated( 2179): Foveated rendering is not supported.
10-11 16:03:45.519 E/mm-camera( 836): 2232: aec_process_calc_current_hist_metered_luma: error: out of range, exit
10-11 16:03:45.523 I/SVRI ( 2179): GetPoseState svr_hmd_1 tm3(3) Quality Pose/Camera/Sensor 1.00 1.00 1.00 ; lost 0 ; TS136025394954
10-11 16:03:45.529 D/WVR_Foveated( 2179): Foveated rendering is not supported.
10-11 16:03:45.542 D/WVR_Foveated( 2179): Foveated rendering is not supported.
10-11 16:03:45.551 I/POSE ( 2179): GetSyncPose pose_clr_2 CV(s1f0) om0 3DoF 1vw_t0o0 (0.0000) XYZ -0.2740 -0.5161 -0.1932 YPR -90.9709 178.1935 -1.0647 ; Wxyz 0.0044 0.7011 -0.0178 0.7129 ; RAW XYZ 0.0000 0.0000 0.0000 Wxyz 0.0044 0.7011 -0.0178 0.7129 ; LVel 0.000 0.000 0.000 LAc 0.04 -0.03 1.22 AngV -24.770 -0.009 2.630 AngAc 0.00 0.00 0.00 ; TS136052518499 0.00ms GetPoseState
10-11 16:03:45.551 E/mm-camera( 836): 2232: aec_process_calc_current_hist_metered_luma: error: out of range, exit
10-11 16:03:45.554 D/SVR_HMD ( 2388): SvrHmdDevice.java:onSensorChanged(273) SvrHmdDevice, onSensorChanged, sensor.getType() = 4, GYRO: AxisX = -0.039245605, AxisY = -0.04626465, AxisZ = 0.05796814
10-11 16:03:45.554 D/SVR_HMD ( 2388): SvrHmdDevice.java:onSensorChanged(281) SvrHmdDevice, onSensorChanged, sensor.getType() = 1, ACCELER: X = 2.7272186, Y = 9.458084, Z = 1.0224609
10-11 16:03:45.557 D/WVR_Foveated( 2179): Foveated rendering is not supported.
10-11 16:03:45.568 D/WVR_Foveated( 2179): Foveated rendering is not supported.
10-11 16:03:45.582 D/WVR_Foveated( 2179): Foveated rendering is not supported.
10-11 16:03:45.586 E/mm-camera( 836): 2232: aec_process_calc_current_hist_metered_luma: error: out of range, exit
10-11 16:03:45.595 D/WVR_Foveated( 2179): Foveated rendering is not supported.
10-11 16:03:45.610 D/WVR_Foveated( 2179): Foveated rendering is not supported.
10-11 16:03:45.619 E/mm-camera( 836): 2232: aec_process_calc_current_hist_metered_luma: error: out of range, exit
10-11 16:03:45.623 D/WVR_Foveated( 2179): Foveated rendering is not supported.
10-11 16:03:45.631 I/WVRFoveat( 2179): FovText: eye 0 s 0 id 74 0 mode 2 1 enable 1 0 support 0
10-11 16:03:45.634 I/WVRFoveat( 2179): FovText: eye 1 s 0 id 77 0 mode 2 1 enable 1 0 support 0
10-11 16:03:45.636 D/WVR_Foveated( 2179): Foveated rendering is not supported.
10-11 16:03:45.649 D/WVR_Foveated( 2179): Foveated rendering is not supported.
10-11 16:03:45.654 E/mm-camera( 836): 2232: aec_process_calc_current_hist_metered_luma: error: out of range, exit
10-11 16:03:45.657 I/ArmModel( 2179): Dev(0)LHOVHMDPos : (-0.265593,0.163687,-0.016550)
10-11 16:03:45.663 D/WVR_Foveated( 2179): Foveated rendering is not supported.
10-11 16:03:45.682 D/WVR_Foveated( 2179): Foveated rendering is not supported.
10-11 16:03:45.686 E/mm-camera( 836): 2232: aec_process_calc_current_hist_metered_luma: error: out of range, exit
10-11 16:03:45.686 I/SVRI ( 2179): checkSteady 2 stops
10-11 16:03:45.686 W/ArmModel( 2179): setHandSteady LOCKED
10-11 16:03:45.692 D/WVR_Foveated( 2179): Foveated rendering is not supported.
10-11 16:03:45.702 D/WVR_Foveated( 2179): Foveated rendering is not supported.
10-11 16:03:45.710 I/ipdmonitor( 2388): ipd = 659
10-11 16:03:45.716 D/WVR_Foveated( 2179): Foveated rendering is not supported.
10-11 16:03:45.720 E/mm-camera( 836): 2232: aec_process_calc_current_hist_metered_luma: error: out of range, exit
10-11 16:03:45.730 D/WVR_Foveated( 2179): Foveated rendering is not supported.
10-11 16:03:45.742 D/WVR_Foveated( 2179): Foveated rendering is not supported.
10-11 16:03:45.753 E/mm-camera( 836): 2232: aec_process_calc_current_hist_metered_luma: error: out of range, exit
10-11 16:03:45.756 D/WVR_Foveated( 2179): Foveated rendering is not supported.
10-11 16:03:45.769 D/WVR_Foveated( 2179): Foveated rendering is not supported.
10-11 16:03:45.777 I/SVRI ( 2179): checkSteady 2 moves at 37
10-11 16:03:45.782 D/WVR_Foveated( 2179): Foveated rendering is not supported.
10-11 16:03:45.786 E/mm-camera( 836): 2232: aec_process_calc_current_hist_metered_luma: error: out of range, exit
10-11 16:03:45.796 D/WVR_Foveated( 2179): Foveated rendering is not supported.
10-11 16:03:45.810 D/WVR_Foveated( 2179): Foveated rendering is not supported.
10-11 16:03:45.818 E/mm-camera( 836): 2232: aec_process_calc_current_hist_metered_luma: error: out of range, exit
10-11 16:03:45.823 D/WVR_Foveated( 2179): Foveated rendering is not supported.
10-11 16:03:45.837 D/WVR_Foveated( 2179): Foveated rendering is not supported.
10-11 16:03:45.849 D/WVR_Foveated( 2179): Foveated rendering is not supported.
10-11 16:03:45.852 E/mm-camera( 836): 2232: aec_process_calc_current_hist_metered_luma: error: out of range, exit
10-11 16:03:45.862 D/WVR_Foveated( 2179): Foveated rendering is not supported.
10-11 16:03:45.881 D/WVR_Foveated( 2179): Foveated rendering is not supported.
10-11 16:03:45.886 E/mm-camera( 836): 2232: aec_process_calc_current_hist_metered_luma: error: out of range, exit
10-11 16:03:45.890 D/WVR_Foveated( 2179): Foveated rendering is not supported.
10-11 16:03:45.903 D/WVR_Foveated( 2179): Foveated rendering is not supported.
10-11 16:03:45.917 D/WVR_Foveated( 2179): Foveated rendering is not supported.
10-11 16:03:45.918 E/mm-camera( 836): 2232: aec_process_calc_current_hist_metered_luma: error: out of range, exit
10-11 16:03:45.929 D/WVR_Foveated( 2179): Foveated rendering is not supported.
10-11 16:03:45.943 D/WVR_Foveated( 2179): Foveated rendering is not supported.
10-11 16:03:45.953 E/mm-camera( 836): 2232: aec_process_calc_current_hist_metered_luma: error: out of range, exit
10-11 16:03:45.956 D/WVR_Foveated( 2179): Foveated rendering is not supported.
10-11 16:03:45.959 D/RRClientDetector( 2179): Supported : false
10-11 16:03:45.962 I/ViveportM( 2179): VRCheck.CheckInternet.101: VRGameFunction-VRCheck-CheckInternet, Have Internet
10-11 16:03:45.962 D/RRClientDetector( 2179): Supported : false
10-11 16:03:45.976 D/WVR_Foveated( 2179): Foveated rendering is not supported.
10-11 16:03:45.986 E/mm-camera( 836): 2232: aec_process_calc_current_hist_metered_luma: error: out of range, exit
10-11 16:03:45.991 D/ArmModel( 2179): ArmModel getArmedPose(2) 1, 1
10-11 16:03:45.991 D/ArmModel( 2179): Dev(2)ctrllerXYRotationRadio : 0.324048 elbowCurveLerpValue = 0.514810
10-11 16:03:45.991 D/ArmModel( 2179): Dev(2)quatCtrllerXYRot : (-0.021643,-0.486835,0.000000,0.873226)
10-11 16:03:45.991 D/ArmModel( 2179): Dev(2)quatCtrllerXYLerpRot : (-0.011512,-0.258962,0.000000,0.965819)
10-11 16:03:45.991 D/ArmModel( 2179): Dev(2)elbowOffset : (-0.102508,-0.515684,0.084946)
10-11 16:03:45.991 D/ArmModel( 2179): Dev(2)wristOffset : (-0.231898,-0.512528,0.160764)
10-11 16:03:45.991 D/ArmModel( 2179): Dev(2)ctrllerOffset : (-0.274410,-0.510638,0.187017)
10-11 16:03:45.991 D/ArmModel( 2179): Dev(2)finalCtrlPos : (-0.274410,-0.510638,-0.187017)
10-11 16:03:45.996 D/WVR_Foveated( 2179): Foveated rendering is not supported.
10-11 16:03:46.010 D/WVR_Foveated( 2179): Foveated rendering is not supported.
10-11 16:03:46.019 E/mm-camera( 836): 2232: aec_process_calc_current_hist_metered_luma: error: out of range, exit
10-11 16:03:46.023 D/WVR_Foveated( 2179): Foveated rendering is not supported.
10-11 16:03:46.036 D/WVR_Foveated( 2179): Foveated rendering is not supported.
10-11 16:03:46.044 I/POSE ( 2179): GetSyncPose pose_hmd_1 CV(s1f0) om0 6DoF 1vw_t0o0 (0.0000) XYZ -0.2672 0.1645 0.0188 YPR 33.0796 -7.3427 14.0529 ; Wxyz 0.9517 -0.0262 0.2745 0.1351 ; RAW XYZ 0.2672 -0.1645 -0.0188 Wxyz 0.9517 0.0262 -0.2745 -0.1351 ; LVel 0.000 -0.000 -0.001 LAc -0.00 -0.00 -0.00 AngV 0.003 -0.037 0.044 AngAc -0.00 -0.00 -0.00 ; TS136546696204 15.92ms GetPoseState
10-11 16:03:46.050 D/WVR_Foveated( 2179): Foveated rendering is not supported.
10-11 16:03:46.052 D/SVR_HMD ( 2388): SvrHmdDevice.java:onSensorChanged(273) SvrHmdDevice, onSensorChanged, sensor.getType() = 4, GYRO: AxisX = 0.0017700195, AxisY = -0.018569946, AxisZ = 0.05529785
10-11 16:03:46.052 D/SVR_HMD ( 2388): SvrHmdDevice.java:onSensorChanged(281) SvrHmdDevice, onSensorChanged, sensor.getType() = 1, ACCELER: X = 2.7947693, Y = 9.336456, Z = 0.9732208
10-11 16:03:46.053 E/mm-camera( 836): 2232: aec_process_calc_current_hist_metered_luma: error: out of range, exit
10-11 16:03:46.058 D/ArmModel( 2179): ArmModel getArmedPose(3) 0, 1
10-11 16:03:46.063 D/WVR_Foveated( 2179): Foveated rendering is not supported.
10-11 16:03:46.079 I/svr ( 2179): FPS: 73.85
10-11 16:03:46.081 D/WaveVR_Resource( 2179): getSystemLanguage, ret language = zh
10-11 16:03:46.081 D/WaveVR_Resource( 2179): getSystemCountry, ret country = CN
10-11 16:03:46.081 D/WVR_Foveated( 2179): Foveated rendering is not supported.
10-11 16:03:46.085 I/SVRI ( 2179): GetPoseState svr_hmd_1 tm3(3) Quality Pose/Camera/Sensor 1.00 1.00 1.00 ; lost 0 ; TS136587681308
10-11 16:03:46.086 E/mm-camera( 836): 2232: aec_process_calc_current_hist_metered_luma: error: out of range, exit
10-11 16:03:46.091 D/WVR_Foveated( 2179): Foveated rendering is not supported.
10-11 16:03:46.103 D/WVR_Foveated( 2179): Foveated rendering is not supported.
10-11 16:03:46.111 I/POSE ( 2179): GetSyncPose pose_clr_2 CV(s1f0) om0 3DoF 1vw_t0o0 (0.0000) XYZ -0.2732 -0.5107 -0.1868 YPR -90.3717 177.8629 -1.5013 ; Wxyz 0.0039 0.7048 -0.0225 0.7090 ; RAW XYZ 0.0000 0.0000 0.0000 Wxyz 0.0039 0.7048 -0.0225 0.7090 ; LVel 0.000 0.000 0.000 LAc 0.04 -0.03 1.22 AngV -0.123 0.043 0.004 AngAc 0.00 0.00 0.00 ; TS136614313867 0.00ms GetPoseState
10-11 16:03:46.117 D/WVR_Foveated( 2179): Foveated rendering is not supported.
10-11 16:03:46.119 E/mm-camera( 836): 2232: aec_process_calc_current_hist_metered_luma: error: out of range, exit
10-11 16:03:46.130 D/WVR_Foveated( 2179): Foveated rendering is not supported.
10-11 16:03:46.143 D/WVR_Foveated( 2179): Foveated rendering is not supported.
10-11 16:03:46.153 E/mm-camera( 836): 2232: aec_process_calc_current_hist_metered_luma: error: out of range, exit
10-11 16:03:46.157 D/WVR_Foveated( 2179): Foveated rendering is not supported.
10-11 16:03:46.171 D/WVR_Foveated( 2179): Foveated rendering is not supported.
10-11 16:03:46.184 D/WVR_Foveated( 2179): Foveated rendering is not supported.
10-11 16:03:46.186 E/mm-camera( 836): 2232: aec_process_calc_current_hist_metered_luma: error: out of range, exit
10-11 16:03:46.196 D/WVR_Foveated( 2179): Foveated rendering is not supported.
10-11 16:03:46.205 I/SVRI ( 2179): checkSteady 2 stops
10-11 16:03:46.205 W/ArmModel( 2179): setHandSteady LOCKED
10-11 16:03:46.211 D/WVR_Foveated( 2179): Foveated rendering is not supported.
10-11 16:03:46.220 E/mm-camera( 836): 2232: aec_process_calc_current_hist_metered_luma: error: out of range, exit
10-11 16:03:46.221 I/[vrbledevice]Finch3DofController[0]( 2129): updatePose: timeStamp(136726762733), Euler:[-110.31802,-1.14096,177.83380] Quat:[0.00263,0.57132,-0.02120,0.82045] Acc:[0.04427,-0.02512,1.21369] Gyro:[-0.04307,0.00077,0.00143]
10-11 16:03:46.225 D/WVR_Foveated( 2179): Foveated rendering is not supported.
10-11 16:03:46.231 I/ArmModel( 2179): Dev(0)LHOVHMDPos : (-0.265083,0.164313,-0.019221)
10-11 16:03:46.237 D/WVR_Foveated( 2179): Foveated rendering is not supported.
10-11 16:03:46.250 D/WVR_Foveated( 2179): Foveated rendering is not supported.
10-11 16:03:46.251 E/mm-camera( 836): 2232: aec_process_calc_current_hist_metered_luma: error: out of range, exit
10-11 16:03:46.264 D/WVR_Foveated( 2179): Foveated rendering is not supported.
10-11 16:03:46.281 D/WVR_Foveated( 2179): Foveated rendering is not supported.
10-11 16:03:46.285 E/mm-camera( 836): 2232: aec_process_calc_current_hist_metered_luma: error: out of range, exit
10-11 16:03:46.291 D/WVR_Foveated( 2179): Foveated rendering is not supported.
10-11 16:03:46.305 D/WVR_Foveated( 2179): Foveated rendering is not supported.
10-11 16:03:46.317 D/WVR_Foveated( 2179): Foveated rendering is not supported.
10-11 16:03:46.319 E/mm-camera( 836): 2232: aec_process_calc_current_hist_metered_luma: error: out of range, exit
10-11 16:03:46.331 D/WVR_Foveated( 2179): Foveated rendering is not supported.
10-11 16:03:46.344 D/WVR_Foveated( 2179): Foveated rendering is not supported.
10-11 16:03:46.353 E/mm-camera( 836): 2232: aec_process_calc_current_hist_metered_luma: error: out of range, exit
10-11 16:03:46.358 D/WVR_Foveated( 2179): Foveated rendering is not supported.
10-11 16:03:46.371 D/WVR_Foveated( 2179): Foveated rendering is not supported.
10-11 16:03:46.385 D/WVR_Foveated( 2179): Foveated rendering is not supported.
10-11 16:03:46.385 E/mm-camera( 836): 2232: aec_process_calc_current_hist_metered_luma: error: out of range, exit
10-11 16:03:46.397 D/WVR_Foveated( 2179): Foveated rendering is not supported.
10-11 16:03:46.411 D/WVR_Foveated( 2179): Foveated rendering is not supported.
10-11 16:03:46.420 E/mm-camera( 836): 2232: aec_process_calc_current_hist_metered_luma: error: out of range, exit
10-11 16:03:46.425 D/WVR_Foveated( 2179): Foveated rendering is not supported.
10-11 16:03:46.432 I/SVRI ( 2179): checkSteady 2 moves at 47
10-11 16:03:46.437 D/WVR_Foveated( 2179): Foveated rendering is not supported.
10-11 16:03:46.451 D/WVR_Foveated( 2179): Foveated rendering is not supported.
10-11 16:03:46.454 E/mm-camera( 836): 2232: aec_process_calc_current_hist_metered_luma: error: out of range, exit
10-11 16:03:46.465 D/WVR_Foveated( 2179): Foveated rendering is not supported.
10-11 16:03:46.482 D/WVR_Foveated( 2179): Foveated rendering is not supported.
10-11 16:03:46.485 E/mm-camera( 836): 2232: aec_process_calc_current_hist_metered_luma: error: out of range, exit
10-11 16:03:46.492 D/WVR_Foveated( 2179): Foveated rendering is not supported.
10-11 16:03:46.504 D/WVR_Foveated( 2179): Foveated rendering is not supported.
10-11 16:03:46.518 D/WVR_Foveated( 2179): Foveated rendering is not supported.
10-11 16:03:46.521 E/mm-camera( 836): 2232: aec_process_calc_current_hist_metered_luma: error: out of range, exit
10-11 16:03:46.531 D/WVR_Foveated( 2179): Foveated rendering is not supported.
10-11 16:03:46.545 D/WVR_Foveated( 2179): Foveated rendering is not supported.
10-11 16:03:46.548 D/SVR_HMD ( 2388): SvrHmdDevice.java:onSensorChanged(281) SvrHmdDevice, onSensorChanged, sensor.getType() = 1, ACCELER: X = 2.3561707, Y = 9.424973, Z = 0.75761414
10-11 16:03:46.549 D/SVR_HMD ( 2388): SvrHmdDevice.java:onSensorChanged(273) SvrHmdDevice, onSensorChanged, sensor.getType() = 4, GYRO: AxisX = 0.016693115, AxisY = -0.008972168, AxisZ = -0.0075531006
10-11 16:03:46.552 E/mm-camera( 836): 2232: aec_process_calc_current_hist_metered_luma: error: out of range, exit
10-11 16:03:46.553 D/ArmModel( 2179): ArmModel getArmedPose(2) 1, 1
10-11 16:03:46.553 D/ArmModel( 2179): Dev(2)ctrllerXYRotationRadio : 0.327436 elbowCurveLerpValue = 0.515487
10-11 16:03:46.553 D/ArmModel( 2179): Dev(2)quatCtrllerXYRot : (-0.021409,-0.491490,0.000000,0.870620)
10-11 16:03:46.553 D/ArmModel( 2179): Dev(2)quatCtrllerXYLerpRot : (-0.011411,-0.261963,0.000000,0.965010)
10-11 16:03:46.553 D/ArmModel( 2179): Dev(2)elbowOffset : (-0.100093,-0.515856,0.081210)
10-11 16:03:46.553 D/ArmModel( 2179): Dev(2)wristOffset : (-0.229008,-0.512738,0.157834)
10-11 16:03:46.553 D/ArmModel( 2179): Dev(2)ctrllerOffset : (-0.271798,-0.510874,0.183631)
10-11 16:03:46.553 D/ArmModel( 2179): Dev(2)finalCtrlPos : (-0.271798,-0.510874,-0.183631)
10-11 16:03:46.558 D/WVR_Foveated( 2179): Foveated rendering is not supported.
10-11 16:03:46.571 D/WVR_Foveated( 2179): Foveated rendering is not supported.
10-11 16:03:46.585 D/WVR_Foveated( 2179): Foveated rendering is not supported.
10-11 16:03:46.587 E/mm-camera( 836): 2232: aec_process_calc_current_hist_metered_luma: error: out of range, exit
10-11 16:03:46.593 I/POSE ( 2179): GetSyncPose pose_hmd_1 CV(s1f0) om0 6DoF 1vw_t0o0 (0.0000) XYZ -0.2662 0.1644 0.0211 YPR 32.4217 -7.0002 13.7014 ; Wxyz 0.9536 -0.0250 0.2697 0.1312 ; RAW XYZ 0.2662 -0.1644 -0.0211 Wxyz 0.9536 0.0250 -0.2697 -0.1312 ; LVel -0.020 -0.008 0.004 LAc -0.00 -0.00 -0.00 AngV 0.035 -0.010 0.008 AngAc -0.00 -0.00 -0.00 ; TS137094944485 15.60ms GetPoseState
10-11 16:03:46.598 D/WVR_Foveated( 2179): Foveated rendering is not supported.
10-11 16:03:46.611 D/WVR_Foveated( 2179): Foveated rendering is not supported.
10-11 16:03:46.620 E/mm-camera( 836): 2232: aec_process_calc_current_hist_metered_luma: error: out of range, exit
10-11 16:03:46.620 D/ArmModel( 2179): ArmModel getArmedPose(3) 0, 1
10-11 16:03:46.625 D/WVR_Foveated( 2179): Foveated rendering is not supported.
10-11 16:03:46.633 I/SVRI ( 2179): GetPoseState svr_hmd_1 tm3(3) Quality Pose/Camera/Sensor 1.00 1.00 1.00 ; lost 0 ; TS137134891985
10-11 16:03:46.638 D/WVR_Foveated( 2179): Foveated rendering is not supported.
10-11 16:03:46.652 D/WVR_Foveated( 2179): Foveated rendering is not supported.
10-11 16:03:46.654 E/mm-camera( 836): 2232: aec_process_calc_current_hist_metered_luma: error: out of range, exit
10-11 16:03:46.659 I/POSE ( 2179): GetSyncPose pose_clr_2 CV(s1f0) om0 3DoF 1vw_t0o0 (0.0000) XYZ -0.2727 -0.5111 -0.1830 YPR -90.3711 177.8336 -1.2506 ; Wxyz 0.0056 0.7048 -0.0211 0.7091 ; RAW XYZ 0.0000 0.0000 0.0000 Wxyz 0.0056 0.7048 -0.0211 0.7091 ; LVel 0.000 0.000 0.000 LAc 0.04 -0.03 1.21 AngV -0.025 0.068 0.009 AngAc 0.00 0.00 0.00 ; TS137147619546 0.00ms GetPoseState
10-11 16:03:46.665 D/WVR_Foveated( 2179): Foveated rendering is not supported.
10-11 16:03:46.683 D/WVR_Foveated( 2179): Foveated rendering is not supported.
10-11 16:03:46.685 E/mm-camera( 836): 2232: aec_process_calc_current_hist_metered_luma: error: out of range, exit
10-11 16:03:46.692 D/WVR_Foveated( 2179): Foveated rendering is not supported.
10-11 16:03:46.695 D/WVR_Foveated( 2179): LateUpdate: !isEnabled || !useValuesInInspector || Instance != this
10-11 16:03:46.699 D/WVR_Render( 2179): RenderLoop() is still running
10-11 16:03:46.699 D/WVR_WaveVR( 2179): UpdateEachFrame()
10-11 16:03:46.700 D/WVR_WaveVR( 2179): UpdateEachFrame() device HMD is connected, pose is valid, pos: {-0.2669136, 0.1639125, -0.02097372}, rot: {0.02542488, -0.2683752, 0.1296885, 0.9542061}
10-11 16:03:46.700 D/WVR_WaveVR( 2179): UpdateEachFrame() device controller right is connected, pose is valid, pos: {-0.2725006, -0.51141, 0.1831008}, rot: {-0.7047632, 0.02107618, 0.7091092, 0.005360088}
10-11 16:03:46.700 D/WVR_WaveVR( 2179): UpdateEachFrame() device controller left is disconnected, pose is invalid, pos: {0, 0, 0}, rot: {0, 0, 0, 0}
10-11 16:03:46.700 D/WVR_WaveVR( 2179): UpdateEachFrame() after new pose.
10-11 16:03:46.700 D/WVR_TexMngr( 2179): Get texture from queue
10-11 16:03:46.700 D/WVR_TexMngr( 2179): Get texture from queue
10-11 16:03:46.700 D/WVR_Render( 2179): Render_WVR_Eye_Left
10-11 16:03:46.702 D/WVR_Render( 2179): Render_WVR_Eye_Right
10-11 16:03:46.703 D/WVR_Render( 2179): End of frame
10-11 16:03:46.705 D/WaveVR_InputModuleManager( 2179): updateInteractionModeAndGazeTriggerType() OverrideSystemSettings is true.
10-11 16:03:46.705 D/WaveVR_InputModuleManager( 2179): updateInteractionModeAndGazeTriggerType() InteractionMode_System is controller.
10-11 16:03:46.705 D/WaveVR_InputModuleManager( 2179): updateInteractionModeAndGazeTriggerType() InteractionMode_User is controller.
10-11 16:03:46.705 D/WaveVR_InputModuleManager( 2179): updateInteractionModeAndGazeTriggerType() gazeTriggerType_System is timeout.
10-11 16:03:46.705 D/WaveVR_InputModuleManager( 2179): updateInteractionModeAndGazeTriggerType() gazeTriggerType_User is button.
10-11 16:03:46.705 D/WaveVR_ControllerInstanceManager( 2179): Controller instance: 1, Focus controller: WVR_DeviceType_Controller_Right, enable single beam: True
10-11 16:03:46.705 D/WaveVR_PoseTrackerManager( 2179): Update() Dominant, showTrackedObject is true.
10-11 16:03:46.705 D/WaveVR_PoseTrackerManager( 2179): Update() Dominant, Update() GameObject MIA_Ctrl is active.
10-11 16:03:46.705 D/WaveVR_PoseTrackerManager( 2179): Update() Dominant, Update() GameObject BeamR is active.
10-11 16:03:46.705 D/WaveVR_PoseTrackerManager( 2179): Update() Dominant, Update() GameObject ControllerPointerR is active.
10-11 16:03:46.705 D/WaveVR_Beam( 2179): Dominant Update() BeamR is shown, start offset: 0.015, end offset: 9.5, start width: 0.000625, end width: 0.00125, start color: RGBA(255, 255, 255, 255), end color: RGBA(255, 255, 255, 77)
10-11 16:03:46.705 D/WaveVR_ControllerPointer( 2179): Dominant ControllerPointerR is hidden, pointer color: RGBA(1.000, 1.000, 1.000, 1.000), use texture: True, pointer outer diameter: 0.258224, pointer distance: 13.4112, render queue: 5000
10-11 16:03:46.705 D/WVR_Foveated( 2179): Waiting for graphic ready to enable foveated rendering.
10-11 16:03:46.705 D/WVR_Foveated( 2179): Foveated rendering is not supported.
10-11 16:03:46.711 I/ipdmonitor( 2388): ipd = 659
10-11 16:03:46.717 D/viveport( 2179): new(115.775) Ck: Update/s=73.21
10-11 16:03:46.718 D/viveport( 2179): Swipe.Upd#stat(0.021)0.014~0.052:367
10-11 16:03:46.719 D/WVR_Foveated( 2179): Foveated rendering is not supported.
10-11 16:03:46.721 E/mm-camera( 836): 2232: aec_process_calc_current_hist_metered_luma: error: out of range, exit
10-11 16:03:46.721 D/viveport( 2179): Update#stat(4.444)3.306~13.835:367
10-11 16:03:46.732 D/WVR_Foveated( 2179): Foveated rendering is not supported.
10-11 16:03:46.745 D/WVR_Foveated( 2179): Foveated rendering is not supported.
10-11 16:03:46.754 E/mm-camera( 836): 2232: aec_process_calc_current_hist_metered_luma: error: out of range, exit
10-11 16:03:46.759 D/WaveVR_Resource( 2179): getSystemLanguage, ret language = zh
10-11 16:03:46.759 D/WaveVR_Resource( 2179): getSystemCountry, ret country = CN
10-11 16:03:46.759 D/WVR_Foveated( 2179): Foveated rendering is not supported.
10-11 16:03:46.772 D/WVR_Foveated( 2179): Foveated rendering is not supported.
10-11 16:03:46.785 E/mm-camera( 836): 2232: aec_process_calc_current_hist_metered_luma: error: out of range, exit
10-11 16:03:46.786 D/WVR_Foveated( 2179): Foveated rendering is not supported.
10-11 16:03:46.793 I/ArmModel( 2179): Dev(0)LHOVHMDPos : (-0.266981,0.163802,-0.020618)
10-11 16:03:46.799 D/WVR_Foveated( 2179): Foveated rendering is not supported.
10-11 16:03:46.813 D/WVR_Foveated( 2179): Foveated rendering is not supported.
10-11 16:03:46.818 E/mm-camera( 836): 2232: aec_process_calc_current_hist_metered_luma: error: out of range, exit
10-11 16:03:46.820 D/WifiStateMachine( 1447): handleMessage: E msg.what=131155
10-11 16:03:46.820 D/WifiStateMachine( 1447): processMsg: ConnectedState
10-11 16:03:46.820 D/WifiStateMachine( 1447): processMsg: L2ConnectedState
10-11 16:03:46.826 D/WVR_Foveated( 2179): Foveated rendering is not supported.
10-11 16:03:46.834 D/WifiStateMachine( 1447): CMD_RSSI_POLL: TxBytes = 640, RxBytes = 897
10-11 16:03:46.835 D/WifiStateMachine( 1447): handleMessage: X
10-11 16:03:46.838 D/WVR_Foveated( 2179): Foveated rendering is not supported.
10-11 16:03:46.852 D/WVR_Foveated( 2179): Foveated rendering is not supported.
10-11 16:03:46.855 E/mm-camera( 836): 2232: aec_process_calc_current_hist_metered_luma: error: out of range, exit
10-11 16:03:46.865 D/WVR_Foveated( 2179): Foveated rendering is not supported.
10-11 16:03:46.884 D/WVR_Foveated( 2179): Foveated rendering is not supported.
10-11 16:03:46.887 E/mm-camera( 836): 2232: aec_process_calc_current_hist_metered_luma: error: out of range, exit
10-11 16:03:46.894 D/WVR_Foveated( 2179): Foveated rendering is not supported.
10-11 16:03:46.906 D/WVR_Foveated( 2179): Foveated rendering is not supported.
10-11 16:03:46.919 D/WVR_Foveated( 2179): Foveated rendering is not supported.
10-11 16:03:46.921 E/mm-camera( 836): 2232: aec_process_calc_current_hist_metered_luma: error: out of range, exit
10-11 16:03:46.932 D/WVR_Foveated( 2179): Foveated rendering is not supported.
10-11 16:03:46.945 D/WVR_Foveated( 2179): Foveated rendering is not supported.
10-11 16:03:46.953 E/mm-camera( 836): 2232: aec_process_calc_current_hist_metered_luma: error: out of range, exit
10-11 16:03:46.959 D/WVR_Foveated( 2179): Foveated rendering is not supported.
10-11 16:03:46.973 D/WVR_Foveated( 2179): Foveated rendering is not supported.
10-11 16:03:46.985 E/mm-camera( 836): 2232: aec_process_calc_current_hist_metered_luma: error: out of range, exit
10-11 16:03:46.987 D/WVR_Foveated( 2179): Foveated rendering is not supported.
10-11 16:03:46.999 D/WVR_Foveated( 2179): Foveated rendering is not supported.
10-11 16:03:47.013 D/WVR_Foveated( 2179): Foveated rendering is not supported.
10-11 16:03:47.021 E/mm-camera( 836): 2232: aec_process_calc_current_hist_metered_luma: error: out of range, exit
10-11 16:03:47.028 D/WVR_Foveated( 2179): Foveated rendering is not supported.
10-11 16:03:47.039 D/WVR_Foveated( 2179): Foveated rendering is not supported.
10-11 16:03:47.046 D/SVR_HMD ( 2388): SvrHmdDevice.java:onSensorChanged(273) SvrHmdDevice, onSensorChanged, sensor.getType() = 4, GYRO: AxisX = -0.0078125, AxisY = 0.027786255, AxisZ = -0.019805908
10-11 16:03:47.046 D/SVR_HMD ( 2388): SvrHmdDevice.java:onSensorChanged(281) SvrHmdDevice, onSensorChanged, sensor.getType() = 1, ACCELER: X = 2.444275, Y = 9.450226, Z = 0.82240295
10-11 16:03:47.053 D/WVR_Foveated( 2179): Foveated rendering is not supported.
10-11 16:03:47.053 E/mm-camera( 836): 2232: aec_process_calc_current_hist_metered_luma: error: out of range, exit
10-11 16:03:47.066 D/WVR_Foveated( 2179): Foveated rendering is not supported.
10-11 16:03:47.081 I/svr ( 2179): FPS: 74.85
10-11 16:03:47.085 D/WVR_Foveated( 2179): Foveated rendering is not supported.
10-11 16:03:47.087 E/mm-camera( 836): 2232: aec_process_calc_current_hist_metered_luma: error: out of range, exit
10-11 16:03:47.088 I/SVRI ( 2179): checkSteady 2 stops
10-11 16:03:47.089 W/ArmModel( 2179): setHandSteady LOCKED
10-11 16:03:47.094 D/WVR_Foveated( 2179): Foveated rendering is not supported.
10-11 16:03:47.106 D/WVR_Foveated( 2179): Foveated rendering is not supported.
10-11 16:03:47.114 D/ArmModel( 2179): ArmModel getArmedPose(2) 1, 1
10-11 16:03:47.114 D/ArmModel( 2179): Dev(0)LHOVHMDPos LOCKED : (-0.268600,0.163322,-0.019011)
10-11 16:03:47.114 D/ArmModel( 2179): Dev(2)ctrllerXYRotationRadio : 0.327464 elbowCurveLerpValue = 0.515493
10-11 16:03:47.114 D/ArmModel( 2179): Dev(2)quatCtrllerXYRot : (-0.022007,-0.491502,0.000000,0.870598)
10-11 16:03:47.114 D/ArmModel( 2179): Dev(2)quatCtrllerXYLerpRot : (-0.011730,-0.261974,0.000000,0.965004)
10-11 16:03:47.114 D/ArmModel( 2179): Dev(2)elbowOffset : (-0.102930,-0.516548,0.082951)
10-11 16:03:47.114 D/ArmModel( 2179): Dev(2)wristOffset : (-0.231827,-0.513342,0.159601)
10-11 16:03:47.114 D/ArmModel( 2179): Dev(2)ctrllerOffset : (-0.274617,-0.511426,0.185395)
10-11 16:03:47.114 D/ArmModel( 2179): Dev(2)finalCtrlPos : (-0.274617,-0.511426,-0.185395)
10-11 16:03:47.118 E/mm-camera( 836): 2232: aec_process_calc_current_hist_metered_luma: error: out of range, exit
10-11 16:03:47.120 D/WVR_Foveated( 2179): Foveated rendering is not supported.
10-11 16:03:47.133 D/WVR_Foveated( 2179): Foveated rendering is not supported.
10-11 16:03:47.151 E/mm-camera( 836): 2232: aec_process_calc_current_hist_metered_luma: error: out of range, exit
10-11 16:03:47.174 I/SVRI ( 2179): checkSteady 2 moves at 34
10-11 16:03:47.174 I/POSE ( 2179): GetSyncPose pose_hmd_1 CV(s1f0) om0 6DoF 1vw_t0o0 (0.0000) XYZ -0.2694 0.1635 0.0192 YPR 32.4868 -7.0570 13.4383 ; Wxyz 0.9537 -0.0260 0.2704 0.1292 ; RAW XYZ 0.2694 -0.1635 -0.0192 Wxyz 0.9537 0.0260 -0.2704 -0.1292 ; LVel 0.002 0.005 -0.003 LAc -0.00 -0.00 -0.00 AngV -0.001 0.060 0.017 AngAc -0.00 -0.00 -0.00 ; TS137677158860 22.13ms GetPoseState
