--------- beginning of system
10-11 16:01:44.982 D/ValidateNoPeople( 1447): setContact(com.htc.updater,0.0,false)
10-11 16:01:44.988 D/PMS ( 1447): acquireWL(20cf00): PARTIAL_WAKE_LOCK RingtonePlayer 0x1 1657 10021 null
10-11 16:01:44.990 E/spcomlib( 764): skp dev-node doesn't exist.
10-11 16:01:45.000 E/spcomlib( 764): skp dev-node doesn't exist.
10-11 16:01:45.003 D/PMS ( 1447): acquireWL(bd6fd7e): PARTIAL_WAKE_LOCK AudioMix 0x1 0 1041 null
10-11 16:01:45.007 D/PMS ( 1447): acquireWL(93a82df): PARTIAL_WAKE_LOCK AudioMix 0x1 0 1041 null
10-11 16:01:45.011 E/spcomlib( 764): skp dev-node doesn't exist.
10-11 16:01:45.021 E/spcomlib( 764): skp dev-node doesn't exist.
10-11 16:01:45.031 E/spcomlib( 764): skp dev-node doesn't exist.
10-11 16:01:45.041 E/spcomlib( 764): skp dev-node doesn't exist.
10-11 16:01:45.043 D/StatusBarManagerService( 1447): setSystemUiVisibility(0x160e)
10-11 16:01:45.043 D/StatusBarManagerService( 1447): hiding MENU key
10-11 16:01:45.045 D/PMS ( 1447): acquireWL(943db2c): SCREEN_BRIGHT_WAKE_LOCK ON_AFTER_RELEASE WindowManager 0x2000000a 1447 1000 WorkSource{10023}
10-11 16:01:45.050 D/PMS ( 1447): releaseWL(20cf00): PARTIAL_WAKE_LOCK RingtonePlayer 0x1 null 0x0
10-11 16:01:45.052 E/spcomlib( 764): skp dev-node doesn't exist.
10-11 16:01:45.056 D/StatusBarManagerService( 1447): setSystemUiVisibility(0x160e)
10-11 16:01:45.057 D/StatusBarManagerService( 1447): hiding MENU key
10-11 16:01:45.062 E/spcomlib( 764): skp dev-node doesn't exist.
10-11 16:01:45.072 E/spcomlib( 764): skp dev-node doesn't exist.
10-11 16:01:45.082 E/spcomlib( 764): skp dev-node doesn't exist.
10-11 16:01:45.092 E/spcomlib( 764): skp dev-node doesn't exist.
10-11 16:01:45.102 E/spcomlib( 764): skp dev-node doesn't exist.
10-11 16:01:45.113 E/spcomlib( 764): skp dev-node doesn't exist.
10-11 16:01:45.123 E/spcomlib( 764): skp dev-node doesn't exist.
10-11 16:01:45.133 E/spcomlib( 764): skp dev-node doesn't exist.
10-11 16:01:45.143 E/spcomlib( 764): skp dev-node doesn't exist.
10-11 16:01:45.144 I/ActivityManager( 1447): Cannot resolve ContentProvider=com.htc.sense.hsp.upservice.HtcUPDataProvider
10-11 16:01:45.145 E/ActivityThread( 1447): Failed to find provider info for com.htc.sense.hsp.upservice.HtcUPDataProvider
10-11 16:01:45.153 E/spcomlib( 764): skp dev-node doesn't exist.
10-11 16:01:45.164 E/spcomlib( 764): skp dev-node doesn't exist.
10-11 16:01:45.174 E/spcomlib( 764): skp dev-node doesn't exist.
10-11 16:01:45.184 E/spcomlib( 764): skp dev-node doesn't exist.
10-11 16:01:45.194 E/spcomlib( 764): skp dev-node doesn't exist.
10-11 16:01:45.204 E/spcomlib( 764): skp dev-node doesn't exist.
10-11 16:01:45.215 E/spcomlib( 764): skp dev-node doesn't exist.
10-11 16:01:45.225 E/spcomlib( 764): skp dev-node doesn't exist.
10-11 16:01:45.235 E/spcomlib( 764): skp dev-node doesn't exist.
10-11 16:01:45.238 D/PMS ( 1447): releaseWL(e631a60): PARTIAL_WAKE_LOCK MediaScannerServiceEx 0x1 null 0x0
10-11 16:01:45.240 D/PMS ( 1447): acquireWL(eb3e9f5): PARTIAL_WAKE_LOCK MediaScannerServiceEx 0x1 2272 10010 null
10-11 16:01:45.245 E/spcomlib( 764): skp dev-node doesn't exist.
10-11 16:01:45.255 E/spcomlib( 764): skp dev-node doesn't exist.
10-11 16:01:45.266 E/spcomlib( 764): skp dev-node doesn't exist.
10-11 16:01:45.276 E/spcomlib( 764): skp dev-node doesn't exist.
10-11 16:01:45.286 E/spcomlib( 764): skp dev-node doesn't exist.
10-11 16:01:45.292 D/PMS ( 1447): releaseWL(eb3e9f5): PARTIAL_WAKE_LOCK MediaScannerServiceEx 0x1 null 0x0
10-11 16:01:45.296 D/PMS ( 1447): acquireWL(c61738a): PARTIAL_WAKE_LOCK MediaScannerServiceEx 0x1 2272 10010 null
10-11 16:01:45.296 E/spcomlib( 764): skp dev-node doesn't exist.
10-11 16:01:45.306 E/spcomlib( 764): skp dev-node doesn't exist.
10-11 16:01:45.314 D/PMS ( 1447): releaseWL(204889b): PARTIAL_WAKE_LOCK GsmCellBroadcastHandler 0x1 null 0x0
10-11 16:01:45.316 E/spcomlib( 764): skp dev-node doesn't exist.
10-11 16:01:45.327 D/PMS ( 1447): releaseWL(508fa6f): PARTIAL_WAKE_LOCK CellBroadcastHandler 0x1 null 0x0
10-11 16:01:45.327 E/spcomlib( 764): skp dev-node doesn't exist.
10-11 16:01:45.330 D/PMS ( 1447): releaseWL(c0c7b68): PARTIAL_WAKE_LOCK CdmaServiceCategoryProgramHandler 0x1 null 0x0
10-11 16:01:45.334 D/PMS ( 1447): releaseWL(d4ce8b): PARTIAL_WAKE_LOCK CdmaInboundSmsHandler 0x1 null 0x0
10-11 16:01:45.335 D/PMS ( 1447): releaseWL(5817013): PARTIAL_WAKE_LOCK GsmInboundSmsHandler 0x1 null 0x0
10-11 16:01:45.337 E/spcomlib( 764): skp dev-node doesn't exist.
10-11 16:01:45.347 E/spcomlib( 764): skp dev-node doesn't exist.
10-11 16:01:45.357 E/spcomlib( 764): skp dev-node doesn't exist.
10-11 16:01:45.367 E/spcomlib( 764): skp dev-node doesn't exist.
10-11 16:01:45.378 E/spcomlib( 764): skp dev-node doesn't exist.
10-11 16:01:45.388 E/spcomlib( 764): skp dev-node doesn't exist.
10-11 16:01:45.398 E/spcomlib( 764): skp dev-node doesn't exist.
10-11 16:01:45.408 E/spcomlib( 764): skp dev-node doesn't exist.
10-11 16:01:45.418 E/spcomlib( 764): skp dev-node doesn't exist.
10-11 16:01:45.429 E/spcomlib( 764): skp dev-node doesn't exist.
10-11 16:01:45.439 E/spcomlib( 764): skp dev-node doesn't exist.
10-11 16:01:45.449 E/spcomlib( 764): skp dev-node doesn't exist.
10-11 16:01:45.459 E/spcomlib( 764): skp dev-node doesn't exist.
10-11 16:01:45.469 E/spcomlib( 764): skp dev-node doesn't exist.
10-11 16:01:45.476 V/WiredAccessoryManager( 1447): Headset UEVENT: {SUBSYSTEM=switch, SEQNUM=4085, ACTION=change, SWITCH_STATE=1, SWITCH_NAME=Beats, DEVPATH=/devices/virtual/switch/Beats}
10-11 16:01:45.476 V/WiredAccessoryManager( 1447): Effect Icon UEVENT: STATE:1
10-11 16:01:45.476 V/WiredAccessoryManager( 1447): Effect Icon UEVENT: icon_status:true
10-11 16:01:45.480 E/spcomlib( 764): skp dev-node doesn't exist.
10-11 16:01:45.490 E/spcomlib( 764): skp dev-node doesn't exist.
10-11 16:01:45.500 E/spcomlib( 764): skp dev-node doesn't exist.
10-11 16:01:45.510 E/spcomlib( 764): skp dev-node doesn't exist.
10-11 16:01:45.521 E/spcomlib( 764): skp dev-node doesn't exist.
10-11 16:01:45.531 E/spcomlib( 764): skp dev-node doesn't exist.
10-11 16:01:45.541 E/spcomlib( 764): skp dev-node doesn't exist.
10-11 16:01:45.551 E/spcomlib( 764): skp dev-node doesn't exist.
10-11 16:01:45.561 E/spcomlib( 764): skp dev-node doesn't exist.
10-11 16:01:45.571 E/spcomlib( 764): skp dev-node doesn't exist.
10-11 16:01:45.581 E/spcomlib( 764): skp dev-node doesn't exist.
10-11 16:01:45.592 E/spcomlib( 764): skp dev-node doesn't exist.
10-11 16:01:45.602 E/spcomlib( 764): skp dev-node doesn't exist.
10-11 16:01:45.612 E/spcomlib( 764): skp dev-node doesn't exist.
10-11 16:01:45.622 E/spcomlib( 764): skp dev-node doesn't exist.
10-11 16:01:45.632 E/spcomlib( 764): skp dev-node doesn't exist.
10-11 16:01:45.637 D/PMS ( 1447): releaseWL(c61738a): PARTIAL_WAKE_LOCK MediaScannerServiceEx 0x1 null 0x0
10-11 16:01:45.643 E/spcomlib( 764): skp dev-node doesn't exist.
10-11 16:01:45.653 E/spcomlib( 764): skp dev-node doesn't exist.
10-11 16:01:45.663 E/spcomlib( 764): skp dev-node doesn't exist.
10-11 16:01:45.673 E/spcomlib( 764): skp dev-node doesn't exist.
10-11 16:01:45.684 E/spcomlib( 764): skp dev-node doesn't exist.
10-11 16:01:45.694 E/spcomlib( 764): skp dev-node doesn't exist.
10-11 16:01:45.704 E/spcomlib( 764): skp dev-node doesn't exist.
10-11 16:01:45.714 E/spcomlib( 764): skp dev-node doesn't exist.
10-11 16:01:45.725 E/spcomlib( 764): skp dev-node doesn't exist.
10-11 16:01:45.735 E/spcomlib( 764): skp dev-node doesn't exist.
10-11 16:01:45.746 E/spcomlib( 764): skp dev-node doesn't exist.
10-11 16:01:45.757 E/spcomlib( 764): skp dev-node doesn't exist.
10-11 16:01:45.767 E/spcomlib( 764): skp dev-node doesn't exist.
10-11 16:01:45.777 E/spcomlib( 764): skp dev-node doesn't exist.
10-11 16:01:45.787 E/spcomlib( 764): skp dev-node doesn't exist.
10-11 16:01:45.798 E/spcomlib( 764): skp dev-node doesn't exist.
10-11 16:01:45.808 E/spcomlib( 764): skp dev-node doesn't exist.
10-11 16:01:45.818 E/spcomlib( 764): skp dev-node doesn't exist.
10-11 16:01:45.830 E/spcomlib( 764): skp dev-node doesn't exist.
10-11 16:01:45.841 E/spcomlib( 764): skp dev-node doesn't exist.
10-11 16:01:45.851 E/spcomlib( 764): skp dev-node doesn't exist.
10-11 16:01:45.861 E/spcomlib( 764): skp dev-node doesn't exist.
10-11 16:01:45.871 E/spcomlib( 764): skp dev-node doesn't exist.
10-11 16:01:45.882 E/spcomlib( 764): skp dev-node doesn't exist.
10-11 16:01:45.892 E/spcomlib( 764): skp dev-node doesn't exist.
10-11 16:01:45.902 E/spcomlib( 764): skp dev-node doesn't exist.
10-11 16:01:45.913 E/spcomlib( 764): skp dev-node doesn't exist.
10-11 16:01:45.923 E/spcomlib( 764): skp dev-node doesn't exist.
10-11 16:01:45.933 E/spcomlib( 764): skp dev-node doesn't exist.
10-11 16:01:45.944 E/spcomlib( 764): skp dev-node doesn't exist.
10-11 16:01:45.955 E/spcomlib( 764): skp dev-node doesn't exist.
10-11 16:01:45.966 E/spcomlib( 764): skp dev-node doesn't exist.
10-11 16:01:45.976 E/spcomlib( 764): skp dev-node doesn't exist.
10-11 16:01:45.986 E/spcomlib( 764): skp dev-node doesn't exist.
10-11 16:01:45.996 E/spcomlib( 764): skp dev-node doesn't exist.
10-11 16:01:46.006 E/spcomlib( 764): skp dev-node doesn't exist.
10-11 16:01:46.017 E/spcomlib( 764): skp dev-node doesn't exist.
10-11 16:01:46.028 E/spcomlib( 764): skp dev-node doesn't exist.
10-11 16:01:46.038 E/spcomlib( 764): skp dev-node doesn't exist.
10-11 16:01:46.048 E/spcomlib( 764): skp dev-node doesn't exist.
10-11 16:01:46.059 E/spcomlib( 764): skp dev-node doesn't exist.
10-11 16:01:46.069 E/spcomlib( 764): skp dev-node doesn't exist.
10-11 16:01:46.079 E/spcomlib( 764): skp dev-node doesn't exist.
10-11 16:01:46.090 E/spcomlib( 764): skp dev-node doesn't exist.
10-11 16:01:46.100 E/spcomlib( 764): skp dev-node doesn't exist.
10-11 16:01:46.110 E/spcomlib( 764): skp dev-node doesn't exist.
10-11 16:01:46.121 E/spcomlib( 764): skp dev-node doesn't exist.
10-11 16:01:46.131 E/spcomlib( 764): skp dev-node doesn't exist.
10-11 16:01:46.141 E/spcomlib( 764): skp dev-node doesn't exist.
10-11 16:01:46.151 E/spcomlib( 764): skp dev-node doesn't exist.
10-11 16:01:46.160 D/ConnectivityService( 1447): Got NetworkAgent Messenger
10-11 16:01:46.160 D/ConnectivityService( 1447): NetworkAgentInfo [WIFI () - 100] EVENT_NETWORK_INFO_CHANGED, going from null to CONNECTING
10-11 16:01:46.161 D/ConnectivityService( 1447): NetworkAgent connected
10-11 16:01:46.162 E/spcomlib( 764): skp dev-node doesn't exist.
10-11 16:01:46.172 E/spcomlib( 764): skp dev-node doesn't exist.
10-11 16:01:46.182 E/spcomlib( 764): skp dev-node doesn't exist.
10-11 16:01:46.183 D/ConnectivityService( 1447): ignoring duplicate network state non-change
10-11 16:01:46.183 D/ConnectivityService( 1447): notifyType CAP_CHANGED for NetworkAgentInfo [WIFI () - 100]
10-11 16:01:46.183 D/ConnectivityService( 1447): updateNetworkScore for NetworkAgentInfo [WIFI () - 100] to 60
10-11 16:01:46.191 D/ConnectivityService( 1447): Update of LinkProperties for NetworkAgentInfo [WIFI () - 100]; created=false; everConnected=false
10-11 16:01:46.192 E/spcomlib( 764): skp dev-node doesn't exist.
10-11 16:01:46.193 D/PMS ( 1447): acquireWL(2889fb6): PARTIAL_WAKE_LOCK Wifi_DHCP 0x1 1447 1000 null
10-11 16:01:46.202 E/spcomlib( 764): skp dev-node doesn't exist.
10-11 16:01:46.213 E/spcomlib( 764): skp dev-node doesn't exist.
10-11 16:01:46.219 D/PMS ( 1447): releaseWL(2889fb6): PARTIAL_WAKE_LOCK Wifi_DHCP 0x1 null 0x0
10-11 16:01:46.221 D/ConnectivityService( 1447): Update of LinkProperties for NetworkAgentInfo [WIFI () - 100]; created=false; everConnected=false
10-11 16:01:46.223 E/spcomlib( 764): skp dev-node doesn't exist.
10-11 16:01:46.227 D/ConnectivityService( 1447): Update of LinkProperties for NetworkAgentInfo [WIFI () - 100]; created=false; everConnected=false
10-11 16:01:46.230 D/ConnectivityService( 1447): NetworkAgentInfo [WIFI () - 100] EVENT_NETWORK_INFO_CHANGED, going from CONNECTING to CONNECTED
10-11 16:01:46.232 D/ConnectivityService( 1447): Adding iface wlan0 to network 100
10-11 16:01:46.233 E/spcomlib( 764): skp dev-node doesn't exist.
10-11 16:01:46.242 D/HtcWifiWanDetect( 1447): WAN detection
10-11 16:01:46.242 D/HtcWifiWanDetect( 1447): canDoWanDetection: mHtcWanDetectionDialogEnabled: true mHtcWanDetectionEnabled: true
10-11 16:01:46.244 E/spcomlib( 764): skp dev-node doesn't exist.
10-11 16:01:46.254 E/spcomlib( 764): skp dev-node doesn't exist.
10-11 16:01:46.264 E/spcomlib( 764): skp dev-node doesn't exist.
10-11 16:01:46.274 E/spcomlib( 764): skp dev-node doesn't exist.
10-11 16:01:46.281 D/ConnectivityService( 1447): Adding Route [fe80::/64 -> :: wlan0] to network 100
10-11 16:01:46.283 D/ConnectivityService( 1447): Adding Route [192.168.1.0/24 -> 0.0.0.0 wlan0] to network 100
10-11 16:01:46.284 D/ConnectivityService( 1447): Adding Route [0.0.0.0/0 -> 192.168.1.1 wlan0] to network 100
10-11 16:01:46.284 E/spcomlib( 764): skp dev-node doesn't exist.
10-11 16:01:46.285 D/ConnectivityService( 1447): Setting DNS servers for network 100 to [/202.102.128.68, /202.102.134.68]
10-11 16:01:46.286 D/NetworkManagement( 1447): isBandwidthControlEnabled: doneSignal.getCount()= 0
10-11 16:01:46.287 D/PMS ( 1447): acquireWL(df7ef8e): PARTIAL_WAKE_LOCK NetworkStats 0x1 1447 1000 null
10-11 16:01:46.293 V/NetworkPolicy( 1447): updateNetworkEnabledNL()
10-11 16:01:46.294 D/PMS ( 1447): releaseWL(df7ef8e): PARTIAL_WAKE_LOCK NetworkStats 0x1 null 0x0
10-11 16:01:46.294 D/ConnectivityService( 1447): notifyType IP_CHANGED for NetworkAgentInfo [WIFI () - 100]
10-11 16:01:46.294 D/NetworkManagement( 1447): isBandwidthControlEnabled: doneSignal.getCount()= 0
10-11 16:01:46.294 D/PMS ( 1447): acquireWL(36273af): PARTIAL_WAKE_LOCK NetworkStats 0x1 1447 1000 null
10-11 16:01:46.295 E/spcomlib( 764): skp dev-node doesn't exist.
10-11 16:01:46.297 V/NetworkPolicy( 1447): updateNetworkEnabledNL()
10-11 16:01:46.298 D/PMS ( 1447): releaseWL(36273af): PARTIAL_WAKE_LOCK NetworkStats 0x1 null 0x0
10-11 16:01:46.298 D/ConnectivityService( 1447): scheduleUnvalidatedPrompt 100
10-11 16:01:46.298 D/ConnectivityService( 1447): updateSignalStrengthThresholds: CONNECT, sending [] to NetworkAgentInfo [WIFI () - 100]
10-11 16:01:46.299 D/ConnectivityService( 1447): rematching NetworkAgentInfo [WIFI () - 100]
10-11 16:01:46.299 D/ConnectivityService( 1447): network has: [ Transports: WIFI Capabilities: NOT_METERED&INTERNET&NOT_RESTRICTED&TRUSTED&NOT_VPN&FOREGROUND LinkUpBandwidth>=1048576Kbps LinkDnBandwidth>=1048576Kbps SignalStrength: -40]
10-11 16:01:46.299 D/ConnectivityService( 1447): checking if request is satisfied: NetworkRequest [ REQUEST id=1, [ Capabilities: INTERNET&NOT_RESTRICTED&TRUSTED&NOT_VPN] ]
10-11 16:01:46.299 D/ConnectivityService( 1447): currentScore = 0, newScore = 20
10-11 16:01:46.299 D/ConnectivityService( 1447): rematch for NetworkAgentInfo [WIFI () - 100]
10-11 16:01:46.299 D/ConnectivityService( 1447): accepting network in place of null
10-11 16:01:46.300 D/ConnectivityService( 1447): sending new Min Network Score(20): NetworkRequest [ REQUEST id=1, [ Capabilities: INTERNET&NOT_RESTRICTED&TRUSTED&NOT_VPN] ], isSkipMobile=false
10-11 16:01:46.300 D/NetworkManagement( 1447): Adding idletimer
10-11 16:01:46.305 E/spcomlib( 764): skp dev-node doesn't exist.
10-11 16:01:46.315 E/spcomlib( 764): skp dev-node doesn't exist.
10-11 16:01:46.325 E/spcomlib( 764): skp dev-node doesn't exist.
10-11 16:01:46.335 E/spcomlib( 764): skp dev-node doesn't exist.
10-11 16:01:46.346 E/spcomlib( 764): skp dev-node doesn't exist.
10-11 16:01:46.348 W/ActivityManager( 1447): Unable to start service Intent { cmp=com.htc.viveport.test/com.htc.viveport.storeservice.StoreService } U=0: not found
10-11 16:01:46.348 W/ActivityManager( 1447): Unable to start service Intent { cmp=com.htc.viveport.test/com.htc.viveport.storeservice.StoreService } U=0: not found
10-11 16:01:46.356 E/spcomlib( 764): skp dev-node doesn't exist.
10-11 16:01:46.359 I/ActivityManager( 1447): Start proc 2632:com.htc.mobilevr.launcher:StoreService/u0a23 for service com.htc.mobilevr.launcher/com.htc.viveport.storeservice.StoreService
10-11 16:01:46.366 E/spcomlib( 764): skp dev-node doesn't exist.
10-11 16:01:46.373 D/ConnectivityService( 1447): Setting tx/rx TCP buffers to 524288,1048576,2097152,262144,524288,1048576
10-11 16:01:46.376 E/spcomlib( 764): skp dev-node doesn't exist.
10-11 16:01:46.382 D/ConnectivityService( 1447): sending notification AVAILABLE for NetworkRequest [ LISTEN id=5, [] ]
10-11 16:01:46.382 D/ConnectivityService( 1447): sending notification AVAILABLE for NetworkRequest [ LISTEN id=3, [] ]
10-11 16:01:46.382 D/ConnectivityService( 1447): sending notification AVAILABLE for NetworkRequest [ LISTEN id=4, [ Capabilities: TRUSTED&NOT_VPN] ]
10-11 16:01:46.383 D/ConnectivityService( 1447): Sending CONNECTED broadcast for type 1 NetworkAgentInfo [WIFI () - 100] isDefaultNetwork=true
10-11 16:01:46.383 V/NetworkPolicy( 1447): ensureActiveMobilePolicyAL()
10-11 16:01:46.383 D/ConnectivityService( 1447): sendGeneralBroadcast, restrictEnable=false
10-11 16:01:46.383 D/ConnectivityService( 1447): sendStickyBroadcast: action=android.net.conn.CONNECTIVITY_CHANGE
10-11 16:01:46.384 D/ConnectivityService( 1447): notifyType PRECHECK for NetworkAgentInfo [WIFI () - 100]
10-11 16:01:46.384 D/ConnectivityService( 1447): sending notification for NetworkRequest [ REQUEST id=1, [ Capabilities: INTERNET&NOT_RESTRICTED&TRUSTED&NOT_VPN] ]
10-11 16:01:46.384 D/ConnectivityService( 1447): sending notification for NetworkRequest [ LISTEN id=3, [] ]
10-11 16:01:46.384 D/ConnectivityService( 1447): sending notification PRECHECK for NetworkRequest [ LISTEN id=3, [] ]
10-11 16:01:46.384 D/ConnectivityService( 1447): sending notification for NetworkRequest [ LISTEN id=4, [ Capabilities: TRUSTED&NOT_VPN] ]
10-11 16:01:46.384 D/ConnectivityService( 1447): sending notification PRECHECK for NetworkRequest [ LISTEN id=4, [ Capabilities: TRUSTED&NOT_VPN] ]
10-11 16:01:46.384 D/ConnectivityService( 1447): sending notification for NetworkRequest [ LISTEN id=5, [] ]
10-11 16:01:46.384 D/ConnectivityService( 1447): sending notification PRECHECK for NetworkRequest [ LISTEN id=5, [] ]
10-11 16:01:46.384 D/ConnectivityService( 1447): NetworkAgentInfo [WIFI () - 100] validation passed
10-11 16:01:46.384 D/ConnectivityService( 1447): rematching NetworkAgentInfo [WIFI () - 100]
10-11 16:01:46.384 D/ConnectivityService( 1447): network has: [ Transports: WIFI Capabilities: NOT_METERED&INTERNET&NOT_RESTRICTED&TRUSTED&NOT_VPN&VALIDATED&FOREGROUND LinkUpBandwidth>=1048576Kbps LinkDnBandwidth>=1048576Kbps SignalStrength: -40]
10-11 16:01:46.385 D/ConnectivityService( 1447): Network NetworkAgentInfo [WIFI () - 100] was already satisfying request 1. No change.
10-11 16:01:46.385 D/ConnectivityService( 1447): notifyType CAP_CHANGED for NetworkAgentInfo [WIFI () - 100]
10-11 16:01:46.385 D/ConnectivityService( 1447): sending notification for NetworkRequest [ REQUEST id=1, [ Capabilities: INTERNET&NOT_RESTRICTED&TRUSTED&NOT_VPN] ]
10-11 16:01:46.385 D/ConnectivityService( 1447): sending notification for NetworkRequest [ LISTEN id=3, [] ]
10-11 16:01:46.385 D/ConnectivityService( 1447): sending notification CAP_CHANGED for NetworkRequest [ LISTEN id=3, [] ]
10-11 16:01:46.385 D/ConnectivityService( 1447): sending notification for NetworkRequest [ LISTEN id=4, [ Capabilities: TRUSTED&NOT_VPN] ]
10-11 16:01:46.385 D/ConnectivityService( 1447): sending notification CAP_CHANGED for NetworkRequest [ LISTEN id=4, [ Capabilities: TRUSTED&NOT_VPN] ]
10-11 16:01:46.385 D/ConnectivityService( 1447): sending notification for NetworkRequest [ LISTEN id=5, [] ]
10-11 16:01:46.385 D/ConnectivityService( 1447): sending notification CAP_CHANGED for NetworkRequest [ LISTEN id=5, [] ]
10-11 16:01:46.385 D/ConnectivityService( 1447): sending new Min Network Score(60): NetworkRequest [ REQUEST id=1, [ Capabilities: INTERNET&NOT_RESTRICTED&TRUSTED&NOT_VPN] ], isSkipMobile=false
10-11 16:01:46.387 E/spcomlib( 764): skp dev-node doesn't exist.
10-11 16:01:46.387 D/ConnectivityService( 1447): sendGeneralBroadcast, restrictEnable=false
10-11 16:01:46.387 D/ConnectivityService( 1447): sendStickyBroadcast: action=android.net.conn.INET_CONDITION_ACTION
10-11 16:01:46.394 V/NetworkPolicy( 1447): updateNetworkEnabledNL()
10-11 16:01:46.394 V/NetworkPolicy( 1447): updateNetworkRulesNL()
10-11 16:01:46.395 D/NetworkManagement( 1447): isBandwidthControlEnabled: doneSignal.getCount()= 0
10-11 16:01:46.396 W/ContextImpl( 1447): Calling a method in the system process without a qualified user: android.app.ContextImpl.sendBroadcast:877 android.content.ContextWrapper.sendBroadcast:421 com.htc.checkinprovider.htcCheckinService$ConnectivityReceiver.onReceive:2864 android.app.LoadedApk$ReceiverDispatcher$Args.run:1175 android.os.Handler.handleCallback:751
10-11 16:01:46.397 E/spcomlib( 764): skp dev-node doesn't exist.
10-11 16:01:46.397 W/ContextImpl( 1447): Calling a method in the system process without a qualified user: android.app.ContextImpl.startService:1357 android.content.ContextWrapper.startService:613 com.htc.checkinprovider.htcCheckinService$ConnectivityReceiver.onReceive:2903 android.app.LoadedApk$ReceiverDispatcher$Args.run:1175 android.os.Handler.handleCallback:751
10-11 16:01:46.407 E/spcomlib( 764): skp dev-node doesn't exist.
10-11 16:01:46.418 E/spcomlib( 764): skp dev-node doesn't exist.
10-11 16:01:46.420 D/ConnectivityService( 1447): requestNetwork for uid/pid:10023/2632 NetworkRequest [ TRACK_DEFAULT id=6, [ Capabilities: INTERNET&NOT_RESTRICTED&TRUSTED&NOT_VPN] ]
10-11 16:01:46.421 D/ConnectivityService( 1447): rematching NetworkAgentInfo [WIFI () - 100]
10-11 16:01:46.421 D/ConnectivityService( 1447): network has: [ Transports: WIFI Capabilities: NOT_METERED&INTERNET&NOT_RESTRICTED&TRUSTED&NOT_VPN&VALIDATED&FOREGROUND LinkUpBandwidth>=1048576Kbps LinkDnBandwidth>=1048576Kbps SignalStrength: -40]
10-11 16:01:46.421 D/ConnectivityService( 1447): Network NetworkAgentInfo [WIFI () - 100] was already satisfying request 1. No change.
10-11 16:01:46.421 D/ConnectivityService( 1447): checking if request is satisfied: NetworkRequest [ TRACK_DEFAULT id=6, [ Capabilities: INTERNET&NOT_RESTRICTED&TRUSTED&NOT_VPN] ]
10-11 16:01:46.421 D/ConnectivityService( 1447): currentScore = 0, newScore = 60
10-11 16:01:46.421 D/ConnectivityService( 1447): rematch for NetworkAgentInfo [WIFI () - 100]
10-11 16:01:46.421 D/ConnectivityService( 1447): accepting network in place of null
10-11 16:01:46.421 D/ConnectivityService( 1447): sending new Min Network Score(60): NetworkRequest [ TRACK_DEFAULT id=6, [ Capabilities: INTERNET&NOT_RESTRICTED&TRUSTED&NOT_VPN] ], isSkipMobile=false
10-11 16:01:46.422 D/ConnectivityService( 1447): sending notification AVAILABLE for NetworkRequest [ TRACK_DEFAULT id=6, [ Capabilities: INTERNET&NOT_RESTRICTED&TRUSTED&NOT_VPN] ]
10-11 16:01:46.422 V/ActivityManager( 1447): Attempted to start a foreground service (ComponentInfo{com.htc.mobilevr.launcher/com.htc.viveport.storeservice.StoreService}) with a broken notification (no icon: Notification(pri=0 contentView=null vibrate=null sound=null defaults=0x0 flags=0x40 color=0x00000000 vis=PRIVATE))
10-11 16:01:46.424 D/ValidateNoPeople( 1447): setContact(com.htc.mobilevr.launcher,0.0,false)
10-11 16:01:46.428 E/spcomlib( 764): skp dev-node doesn't exist.
10-11 16:01:46.435 W/ActivityManager( 1447): Unable to start service Intent { cmp=com.qualcomm.snapdragonvrservice/.SvrService } U=0: not found
10-11 16:01:46.438 E/spcomlib( 764): skp dev-node doesn't exist.
10-11 16:01:46.448 E/spcomlib( 764): skp dev-node doesn't exist.
10-11 16:01:46.458 E/spcomlib( 764): skp dev-node doesn't exist.
10-11 16:01:46.469 E/spcomlib( 764): skp dev-node doesn't exist.
10-11 16:01:46.479 E/spcomlib( 764): skp dev-node doesn't exist.
10-11 16:01:46.489 E/spcomlib( 764): skp dev-node doesn't exist.
10-11 16:01:46.499 E/spcomlib( 764): skp dev-node doesn't exist.
10-11 16:01:46.509 E/spcomlib( 764): skp dev-node doesn't exist.
10-11 16:01:46.520 E/spcomlib( 764): skp dev-node doesn't exist.
10-11 16:01:46.530 E/spcomlib( 764): skp dev-node doesn't exist.
10-11 16:01:46.540 E/spcomlib( 764): skp dev-node doesn't exist.
10-11 16:01:46.550 E/spcomlib( 764): skp dev-node doesn't exist.
10-11 16:01:46.561 E/spcomlib( 764): skp dev-node doesn't exist.
10-11 16:01:46.571 E/spcomlib( 764): skp dev-node doesn't exist.
10-11 16:01:46.582 E/spcomlib( 764): skp dev-node doesn't exist.
10-11 16:01:46.593 E/spcomlib( 764): skp dev-node doesn't exist.
10-11 16:01:46.603 E/spcomlib( 764): skp dev-node doesn't exist.
10-11 16:01:46.613 E/spcomlib( 764): skp dev-node doesn't exist.
10-11 16:01:46.625 E/spcomlib( 764): skp dev-node doesn't exist.
10-11 16:01:46.635 E/spcomlib( 764): skp dev-node doesn't exist.
10-11 16:01:46.646 E/spcomlib( 764): skp dev-node doesn't exist.
10-11 16:01:46.656 E/spcomlib( 764): skp dev-node doesn't exist.
10-11 16:01:46.667 E/spcomlib( 764): skp dev-node doesn't exist.
10-11 16:01:46.677 E/spcomlib( 764): skp dev-node doesn't exist.
10-11 16:01:46.688 E/spcomlib( 764): skp dev-node doesn't exist.
10-11 16:01:46.698 E/spcomlib( 764): skp dev-node doesn't exist.
10-11 16:01:46.708 E/spcomlib( 764): skp dev-node doesn't exist.
10-11 16:01:46.719 E/spcomlib( 764): skp dev-node doesn't exist.
10-11 16:01:46.729 E/spcomlib( 764): skp dev-node doesn't exist.
10-11 16:01:46.739 E/spcomlib( 764): skp dev-node doesn't exist.
10-11 16:01:46.749 E/spcomlib( 764): skp dev-node doesn't exist.
10-11 16:01:46.759 E/spcomlib( 764): skp dev-node doesn't exist.
10-11 16:01:46.770 E/spcomlib( 764): skp dev-node doesn't exist.
10-11 16:01:46.780 E/spcomlib( 764): skp dev-node doesn't exist.
10-11 16:01:46.790 E/spcomlib( 764): skp dev-node doesn't exist.
10-11 16:01:46.800 E/spcomlib( 764): skp dev-node doesn't exist.
10-11 16:01:46.811 E/spcomlib( 764): skp dev-node doesn't exist.
10-11 16:01:46.821 E/spcomlib( 764): skp dev-node doesn't exist.
10-11 16:01:46.831 E/spcomlib( 764): skp dev-node doesn't exist.
10-11 16:01:46.842 E/spcomlib( 764): skp dev-node doesn't exist.
10-11 16:01:46.852 E/spcomlib( 764): skp dev-node doesn't exist.
10-11 16:01:46.863 E/spcomlib( 764): skp dev-node doesn't exist.
10-11 16:01:46.873 E/spcomlib( 764): skp dev-node doesn't exist.
10-11 16:01:46.884 E/spcomlib( 764): skp dev-node doesn't exist.
10-11 16:01:46.894 E/spcomlib( 764): skp dev-node doesn't exist.
10-11 16:01:46.904 E/spcomlib( 764): skp dev-node doesn't exist.
10-11 16:01:46.915 E/spcomlib( 764): skp dev-node doesn't exist.
10-11 16:01:46.925 E/spcomlib( 764): skp dev-node doesn't exist.
10-11 16:01:46.936 E/spcomlib( 764): skp dev-node doesn't exist.
10-11 16:01:46.946 E/spcomlib( 764): skp dev-node doesn't exist.
10-11 16:01:46.957 E/spcomlib( 764): skp dev-node doesn't exist.
10-11 16:01:46.967 E/spcomlib( 764): skp dev-node doesn't exist.
10-11 16:01:46.978 E/spcomlib( 764): skp dev-node doesn't exist.
10-11 16:01:46.988 E/spcomlib( 764): skp dev-node doesn't exist.
10-11 16:01:46.999 E/spcomlib( 764): skp dev-node doesn't exist.
10-11 16:01:47.009 E/spcomlib( 764): skp dev-node doesn't exist.
10-11 16:01:47.020 E/spcomlib( 764): skp dev-node doesn't exist.
10-11 16:01:47.030 E/spcomlib( 764): skp dev-node doesn't exist.
10-11 16:01:47.041 E/spcomlib( 764): skp dev-node doesn't exist.
10-11 16:01:47.051 E/spcomlib( 764): skp dev-node doesn't exist.
10-11 16:01:47.061 E/spcomlib( 764): skp dev-node doesn't exist.
10-11 16:01:47.072 E/spcomlib( 764): skp dev-node doesn't exist.
10-11 16:01:47.083 E/spcomlib( 764): skp dev-node doesn't exist.
10-11 16:01:47.094 E/spcomlib( 764): skp dev-node doesn't exist.
10-11 16:01:47.104 E/spcomlib( 764): skp dev-node doesn't exist.
10-11 16:01:47.115 E/spcomlib( 764): skp dev-node doesn't exist.
10-11 16:01:47.125 E/spcomlib( 764): skp dev-node doesn't exist.
10-11 16:01:47.136 E/spcomlib( 764): skp dev-node doesn't exist.
10-11 16:01:47.146 E/spcomlib( 764): skp dev-node doesn't exist.
10-11 16:01:47.157 E/spcomlib( 764): skp dev-node doesn't exist.
10-11 16:01:47.168 E/spcomlib( 764): skp dev-node doesn't exist.
10-11 16:01:47.178 E/spcomlib( 764): skp dev-node doesn't exist.
10-11 16:01:47.189 E/spcomlib( 764): skp dev-node doesn't exist.
10-11 16:01:47.200 E/spcomlib( 764): skp dev-node doesn't exist.
10-11 16:01:47.210 E/spcomlib( 764): skp dev-node doesn't exist.
10-11 16:01:47.220 E/spcomlib( 764): skp dev-node doesn't exist.
10-11 16:01:47.231 E/spcomlib( 764): skp dev-node doesn't exist.
10-11 16:01:47.242 E/spcomlib( 764): skp dev-node doesn't exist.
10-11 16:01:47.252 E/spcomlib( 764): skp dev-node doesn't exist.
10-11 16:01:47.263 E/spcomlib( 764): skp dev-node doesn't exist.
10-11 16:01:47.273 E/spcomlib( 764): skp dev-node doesn't exist.
10-11 16:01:47.284 E/spcomlib( 764): skp dev-node doesn't exist.
10-11 16:01:47.294 E/spcomlib( 764): skp dev-node doesn't exist.
10-11 16:01:47.304 E/spcomlib( 764): skp dev-node doesn't exist.
10-11 16:01:47.315 E/spcomlib( 764): skp dev-node doesn't exist.
10-11 16:01:47.325 E/spcomlib( 764): skp dev-node doesn't exist.
10-11 16:01:47.336 E/spcomlib( 764): skp dev-node doesn't exist.
10-11 16:01:47.346 E/spcomlib( 764): skp dev-node doesn't exist.
10-11 16:01:47.357 E/spcomlib( 764): skp dev-node doesn't exist.
10-11 16:01:47.367 E/spcomlib( 764): skp dev-node doesn't exist.
10-11 16:01:47.379 E/spcomlib( 764): skp dev-node doesn't exist.
10-11 16:01:47.389 E/spcomlib( 764): skp dev-node doesn't exist.
10-11 16:01:47.398 D/PMS ( 1447): acquireWL(f5e93ec): PARTIAL_WAKE_LOCK NetworkTimeUpdateService 0x1 1447 1000 null
10-11 16:01:47.400 E/spcomlib( 764): skp dev-node doesn't exist.
10-11 16:01:47.411 E/spcomlib( 764): skp dev-node doesn't exist.
10-11 16:01:47.421 E/spcomlib( 764): skp dev-node doesn't exist.
10-11 16:01:47.431 E/spcomlib( 764): skp dev-node doesn't exist.
10-11 16:01:47.441 E/spcomlib( 764): skp dev-node doesn't exist.
10-11 16:01:47.452 E/spcomlib( 764): skp dev-node doesn't exist.
10-11 16:01:47.462 E/spcomlib( 764): skp dev-node doesn't exist.
10-11 16:01:47.473 E/spcomlib( 764): skp dev-node doesn't exist.
10-11 16:01:47.483 E/spcomlib( 764): skp dev-node doesn't exist.
10-11 16:01:47.493 E/spcomlib( 764): skp dev-node doesn't exist.
10-11 16:01:47.504 E/spcomlib( 764): skp dev-node doesn't exist.
10-11 16:01:47.514 E/spcomlib( 764): skp dev-node doesn't exist.
10-11 16:01:47.525 E/spcomlib( 764): skp dev-node doesn't exist.
10-11 16:01:47.535 E/spcomlib( 764): skp dev-node doesn't exist.
10-11 16:01:47.545 E/spcomlib( 764): skp dev-node doesn't exist.
10-11 16:01:47.555 E/spcomlib( 764): skp dev-node doesn't exist.
10-11 16:01:47.566 E/spcomlib( 764): skp dev-node doesn't exist.
10-11 16:01:47.576 E/spcomlib( 764): skp dev-node doesn't exist.
10-11 16:01:47.586 E/spcomlib( 764): skp dev-node doesn't exist.
10-11 16:01:47.596 E/spcomlib( 764): skp dev-node doesn't exist.
10-11 16:01:47.607 E/spcomlib( 764): skp dev-node doesn't exist.
10-11 16:01:47.617 E/spcomlib( 764): skp dev-node doesn't exist.
10-11 16:01:47.627 E/spcomlib( 764): skp dev-node doesn't exist.
10-11 16:01:47.638 E/spcomlib( 764): skp dev-node doesn't exist.
10-11 16:01:47.648 E/spcomlib( 764): skp dev-node doesn't exist.
10-11 16:01:47.658 E/spcomlib( 764): skp dev-node doesn't exist.
10-11 16:01:47.669 E/spcomlib( 764): skp dev-node doesn't exist.
10-11 16:01:47.679 E/spcomlib( 764): skp dev-node doesn't exist.
10-11 16:01:47.690 E/spcomlib( 764): skp dev-node doesn't exist.
10-11 16:01:47.701 E/spcomlib( 764): skp dev-node doesn't exist.
10-11 16:01:47.711 E/spcomlib( 764): skp dev-node doesn't exist.
10-11 16:01:47.722 E/spcomlib( 764): skp dev-node doesn't exist.
10-11 16:01:47.733 E/spcomlib( 764): skp dev-node doesn't exist.
10-11 16:01:47.744 E/spcomlib( 764): skp dev-node doesn't exist.
10-11 16:01:47.754 E/spcomlib( 764): skp dev-node doesn't exist.
10-11 16:01:47.765 E/spcomlib( 764): skp dev-node doesn't exist.
10-11 16:01:47.775 E/spcomlib( 764): skp dev-node doesn't exist.
10-11 16:01:47.786 E/spcomlib( 764): skp dev-node doesn't exist.
10-11 16:01:47.796 E/spcomlib( 764): skp dev-node doesn't exist.
10-11 16:01:47.808 E/spcomlib( 764): skp dev-node doesn't exist.
10-11 16:01:47.818 E/spcomlib( 764): skp dev-node doesn't exist.
10-11 16:01:47.829 E/spcomlib( 764): skp dev-node doesn't exist.
10-11 16:01:47.839 E/spcomlib( 764): skp dev-node doesn't exist.
10-11 16:01:47.850 E/spcomlib( 764): skp dev-node doesn't exist.
10-11 16:01:47.860 E/spcomlib( 764): skp dev-node doesn't exist.
10-11 16:01:47.870 E/spcomlib( 764): skp dev-node doesn't exist.
10-11 16:01:47.881 E/spcomlib( 764): skp dev-node doesn't exist.
10-11 16:01:47.891 E/spcomlib( 764): skp dev-node doesn't exist.
10-11 16:01:47.902 E/spcomlib( 764): skp dev-node doesn't exist.
10-11 16:01:47.912 E/spcomlib( 764): skp dev-node doesn't exist.
10-11 16:01:47.923 E/spcomlib( 764): skp dev-node doesn't exist.
10-11 16:01:47.934 E/spcomlib( 764): skp dev-node doesn't exist.
10-11 16:01:47.945 E/spcomlib( 764): skp dev-node doesn't exist.
10-11 16:01:47.955 E/spcomlib( 764): skp dev-node doesn't exist.
10-11 16:01:47.966 E/spcomlib( 764): skp dev-node doesn't exist.
10-11 16:01:47.976 E/spcomlib( 764): skp dev-node doesn't exist.
10-11 16:01:47.987 E/spcomlib( 764): skp dev-node doesn't exist.
10-11 16:01:47.998 E/spcomlib( 764): skp dev-node doesn't exist.
10-11 16:01:48.008 E/spcomlib( 764): skp dev-node doesn't exist.
10-11 16:01:48.019 E/spcomlib( 764): skp dev-node doesn't exist.
10-11 16:01:48.030 E/spcomlib( 764): skp dev-node doesn't exist.
10-11 16:01:48.040 E/spcomlib( 764): skp dev-node doesn't exist.
10-11 16:01:48.050 E/spcomlib( 764): skp dev-node doesn't exist.
10-11 16:01:48.061 E/spcomlib( 764): skp dev-node doesn't exist.
10-11 16:01:48.071 E/spcomlib( 764): skp dev-node doesn't exist.
10-11 16:01:48.082 E/spcomlib( 764): skp dev-node doesn't exist.
10-11 16:01:48.092 E/spcomlib( 764): skp dev-node doesn't exist.
10-11 16:01:48.105 E/spcomlib( 764): skp dev-node doesn't exist.
10-11 16:01:48.115 E/spcomlib( 764): skp dev-node doesn't exist.
10-11 16:01:48.126 E/spcomlib( 764): skp dev-node doesn't exist.
10-11 16:01:48.136 E/spcomlib( 764): skp dev-node doesn't exist.
10-11 16:01:48.147 E/spcomlib( 764): skp dev-node doesn't exist.
10-11 16:01:48.157 E/spcomlib( 764): skp dev-node doesn't exist.
10-11 16:01:48.167 E/spcomlib( 764): skp dev-node doesn't exist.
10-11 16:01:48.177 E/spcomlib( 764): skp dev-node doesn't exist.
10-11 16:01:48.187 E/spcomlib( 764): skp dev-node doesn't exist.
10-11 16:01:48.198 E/spcomlib( 764): skp dev-node doesn't exist.
10-11 16:01:48.208 E/spcomlib( 764): skp dev-node doesn't exist.
10-11 16:01:48.218 E/spcomlib( 764): skp dev-node doesn't exist.
10-11 16:01:48.228 E/spcomlib( 764): skp dev-node doesn't exist.
10-11 16:01:48.239 E/spcomlib( 764): skp dev-node doesn't exist.
10-11 16:01:48.249 E/spcomlib( 764): skp dev-node doesn't exist.
10-11 16:01:48.260 E/spcomlib( 764): skp dev-node doesn't exist.
10-11 16:01:48.270 E/spcomlib( 764): skp dev-node doesn't exist.
10-11 16:01:48.281 E/spcomlib( 764): skp dev-node doesn't exist.
10-11 16:01:48.291 E/spcomlib( 764): skp dev-node doesn't exist.
10-11 16:01:48.302 E/spcomlib( 764): skp dev-node doesn't exist.
10-11 16:01:48.313 E/spcomlib( 764): skp dev-node doesn't exist.
10-11 16:01:48.323 E/spcomlib( 764): skp dev-node doesn't exist.
10-11 16:01:48.334 E/spcomlib( 764): skp dev-node doesn't exist.
10-11 16:01:48.344 E/spcomlib( 764): skp dev-node doesn't exist.
10-11 16:01:48.355 E/spcomlib( 764): skp dev-node doesn't exist.
10-11 16:01:48.365 E/spcomlib( 764): skp dev-node doesn't exist.
10-11 16:01:48.376 E/spcomlib( 764): skp dev-node doesn't exist.
10-11 16:01:48.386 E/spcomlib( 764): skp dev-node doesn't exist.
10-11 16:01:48.397 E/spcomlib( 764): skp dev-node doesn't exist.
10-11 16:01:48.407 E/spcomlib( 764): skp dev-node doesn't exist.
10-11 16:01:48.418 E/spcomlib( 764): skp dev-node doesn't exist.
10-11 16:01:48.428 E/spcomlib( 764): skp dev-node doesn't exist.
10-11 16:01:48.439 E/spcomlib( 764): skp dev-node doesn't exist.
10-11 16:01:48.451 E/spcomlib( 764): skp dev-node doesn't exist.
10-11 16:01:48.461 E/spcomlib( 764): skp dev-node doesn't exist.
10-11 16:01:48.472 E/spcomlib( 764): skp dev-node doesn't exist.
10-11 16:01:48.482 E/spcomlib( 764): skp dev-node doesn't exist.
10-11 16:01:48.493 E/spcomlib( 764): skp dev-node doesn't exist.
10-11 16:01:48.503 E/spcomlib( 764): skp dev-node doesn't exist.
10-11 16:01:48.514 E/spcomlib( 764): skp dev-node doesn't exist.
10-11 16:01:48.524 E/spcomlib( 764): skp dev-node doesn't exist.
10-11 16:01:48.534 E/spcomlib( 764): skp dev-node doesn't exist.
10-11 16:01:48.544 E/spcomlib( 764): skp dev-node doesn't exist.
10-11 16:01:48.554 E/spcomlib( 764): skp dev-node doesn't exist.
10-11 16:01:48.565 E/spcomlib( 764): skp dev-node doesn't exist.
10-11 16:01:48.575 E/spcomlib( 764): skp dev-node doesn't exist.
10-11 16:01:48.585 E/spcomlib( 764): skp dev-node doesn't exist.
10-11 16:01:48.595 E/spcomlib( 764): skp dev-node doesn't exist.
10-11 16:01:48.606 E/spcomlib( 764): skp dev-node doesn't exist.
10-11 16:01:48.616 E/spcomlib( 764): skp dev-node doesn't exist.
10-11 16:01:48.627 E/spcomlib( 764): skp dev-node doesn't exist.
10-11 16:01:48.638 E/spcomlib( 764): skp dev-node doesn't exist.
10-11 16:01:48.648 E/spcomlib( 764): skp dev-node doesn't exist.
10-11 16:01:48.658 E/spcomlib( 764): skp dev-node doesn't exist.
10-11 16:01:48.670 E/spcomlib( 764): skp dev-node doesn't exist.
10-11 16:01:48.681 E/spcomlib( 764): skp dev-node doesn't exist.
10-11 16:01:48.691 E/spcomlib( 764): skp dev-node doesn't exist.
10-11 16:01:48.702 E/spcomlib( 764): skp dev-node doesn't exist.
10-11 16:01:48.713 E/spcomlib( 764): skp dev-node doesn't exist.
10-11 16:01:48.721 D/StatusBarManagerService( 1447): setSystemUiVisibility(0x160e)
10-11 16:01:48.721 D/StatusBarManagerService( 1447): hiding MENU key
10-11 16:01:48.723 E/spcomlib( 764): skp dev-node doesn't exist.
10-11 16:01:48.733 E/spcomlib( 764): skp dev-node doesn't exist.
10-11 16:01:48.743 E/spcomlib( 764): skp dev-node doesn't exist.
10-11 16:01:48.754 E/spcomlib( 764): skp dev-node doesn't exist.
10-11 16:01:48.764 E/spcomlib( 764): skp dev-node doesn't exist.
10-11 16:01:48.774 E/spcomlib( 764): skp dev-node doesn't exist.
10-11 16:01:48.784 E/spcomlib( 764): skp dev-node doesn't exist.
10-11 16:01:48.795 E/spcomlib( 764): skp dev-node doesn't exist.
10-11 16:01:48.805 E/spcomlib( 764): skp dev-node doesn't exist.
10-11 16:01:48.815 E/spcomlib( 764): skp dev-node doesn't exist.
10-11 16:01:48.826 E/spcomlib( 764): skp dev-node doesn't exist.
10-11 16:01:48.836 E/spcomlib( 764): skp dev-node doesn't exist.
10-11 16:01:48.846 E/spcomlib( 764): skp dev-node doesn't exist.
10-11 16:01:48.856 E/spcomlib( 764): skp dev-node doesn't exist.
10-11 16:01:48.867 E/spcomlib( 764): skp dev-node doesn't exist.
10-11 16:01:48.877 E/spcomlib( 764): skp dev-node doesn't exist.
10-11 16:01:48.887 E/spcomlib( 764): skp dev-node doesn't exist.
10-11 16:01:48.897 E/spcomlib( 764): skp dev-node doesn't exist.
10-11 16:01:48.907 E/spcomlib( 764): skp dev-node doesn't exist.
10-11 16:01:48.917 E/spcomlib( 764): skp dev-node doesn't exist.
10-11 16:01:48.928 E/spcomlib( 764): skp dev-node doesn't exist.
10-11 16:01:48.938 E/spcomlib( 764): skp dev-node doesn't exist.
10-11 16:01:48.948 E/spcomlib( 764): skp dev-node doesn't exist.
10-11 16:01:48.959 E/spcomlib( 764): skp dev-node doesn't exist.
10-11 16:01:48.969 E/spcomlib( 764): skp dev-node doesn't exist.
10-11 16:01:48.979 E/spcomlib( 764): skp dev-node doesn't exist.
10-11 16:01:48.991 E/spcomlib( 764): skp dev-node doesn't exist.
10-11 16:01:49.002 E/spcomlib( 764): skp dev-node doesn't exist.
10-11 16:01:49.012 E/spcomlib( 764): skp dev-node doesn't exist.
10-11 16:01:49.022 I/ActivityManager( 1447): Start proc 2677:com.htc.mobilevr.launcher:blc/u0a23 for content provider com.htc.mobilevr.launcher/com.htc.vr.bilog.core.BiProvider
10-11 16:01:49.023 E/spcomlib( 764): skp dev-node doesn't exist.
10-11 16:01:49.033 E/spcomlib( 764): skp dev-node doesn't exist.
10-11 16:01:49.043 E/spcomlib( 764): skp dev-node doesn't exist.
10-11 16:01:49.053 E/spcomlib( 764): skp dev-node doesn't exist.
10-11 16:01:49.064 E/spcomlib( 764): skp dev-node doesn't exist.
10-11 16:01:49.074 E/spcomlib( 764): skp dev-node doesn't exist.
10-11 16:01:49.084 E/spcomlib( 764): skp dev-node doesn't exist.
10-11 16:01:49.095 E/spcomlib( 764): skp dev-node doesn't exist.
10-11 16:01:49.105 D/StatusBarManagerService( 1447): setSystemUiVisibility(0x160e)
10-11 16:01:49.105 D/StatusBarManagerService( 1447): hiding MENU key
10-11 16:01:49.105 E/spcomlib( 764): skp dev-node doesn't exist.
10-11 16:01:49.115 E/spcomlib( 764): skp dev-node doesn't exist.
10-11 16:01:49.118 D/StatusBarManagerService( 1447): setSystemUiVisibility(0x160e)
10-11 16:01:49.118 D/StatusBarManagerService( 1447): hiding MENU key
10-11 16:01:49.125 E/spcomlib( 764): skp dev-node doesn't exist.
10-11 16:01:49.136 E/spcomlib( 764): skp dev-node doesn't exist.
10-11 16:01:49.146 E/spcomlib( 764): skp dev-node doesn't exist.
10-11 16:01:49.156 E/spcomlib( 764): skp dev-node doesn't exist.
10-11 16:01:49.166 E/spcomlib( 764): skp dev-node doesn't exist.
10-11 16:01:49.176 E/spcomlib( 764): skp dev-node doesn't exist.
10-11 16:01:49.187 E/spcomlib( 764): skp dev-node doesn't exist.
10-11 16:01:49.198 E/spcomlib( 764): skp dev-node doesn't exist.
10-11 16:01:49.208 E/spcomlib( 764): skp dev-node doesn't exist.
10-11 16:01:49.218 E/spcomlib( 764): skp dev-node doesn't exist.
10-11 16:01:49.228 E/spcomlib( 764): skp dev-node doesn't exist.
10-11 16:01:49.239 E/spcomlib( 764): skp dev-node doesn't exist.
10-11 16:01:49.249 E/spcomlib( 764): skp dev-node doesn't exist.
10-11 16:01:49.258 D/HtcWifiWanDetect( 1447): Find DNS Address www.htc.com/218.58.101.150
10-11 16:01:49.258 D/HtcWifiWanDetect( 1447): check dns address for www.htc.com
10-11 16:01:49.260 E/spcomlib( 764): skp dev-node doesn't exist.
10-11 16:01:49.270 E/spcomlib( 764): skp dev-node doesn't exist.
10-11 16:01:49.280 E/spcomlib( 764): skp dev-node doesn't exist.
10-11 16:01:49.290 E/spcomlib( 764): skp dev-node doesn't exist.
10-11 16:01:49.298 W/ActivityManager( 1447): Unable to start service Intent { pkg=com.android.settings cmp=com.android.settings/.wifi.WISPrStartService } U=0: not found
10-11 16:01:49.300 E/spcomlib( 764): skp dev-node doesn't exist.
10-11 16:01:49.311 E/spcomlib( 764): skp dev-node doesn't exist.
10-11 16:01:49.321 E/spcomlib( 764): skp dev-node doesn't exist.
10-11 16:01:49.323 I/ActivityManager( 1447): Start proc 2706:com.htc.mobilevr.launcher:backgroundService/u0a23 for service com.htc.mobilevr.launcher/com.htc.store.viveport.StoreService
10-11 16:01:49.332 E/spcomlib( 764): skp dev-node doesn't exist.
10-11 16:01:49.342 E/spcomlib( 764): skp dev-node doesn't exist.
10-11 16:01:49.352 E/spcomlib( 764): skp dev-node doesn't exist.
10-11 16:01:49.360 D/StatusBarManagerService( 1447): setSystemUiVisibility(0x160e)
10-11 16:01:49.360 D/StatusBarManagerService( 1447): hiding MENU key
10-11 16:01:49.362 E/spcomlib( 764): skp dev-node doesn't exist.
10-11 16:01:49.373 E/spcomlib( 764): skp dev-node doesn't exist.
10-11 16:01:49.383 E/spcomlib( 764): skp dev-node doesn't exist.
10-11 16:01:49.393 E/spcomlib( 764): skp dev-node doesn't exist.
10-11 16:01:49.403 E/spcomlib( 764): skp dev-node doesn't exist.
10-11 16:01:49.413 E/spcomlib( 764): skp dev-node doesn't exist.
10-11 16:01:49.424 E/spcomlib( 764): skp dev-node doesn't exist.
10-11 16:01:49.434 E/spcomlib( 764): skp dev-node doesn't exist.
10-11 16:01:49.444 E/spcomlib( 764): skp dev-node doesn't exist.
10-11 16:01:49.455 E/spcomlib( 764): skp dev-node doesn't exist.
10-11 16:01:49.456 D/AlarmManager( 1447): sending alarm PendingIntent{fde49fa: PendingIntentRecord{d8bdbab com.android.providers.calendar broadcastIntent}}, i=com.android.providers.calendar.intent.CalendarProvider2, t=2, cnt=1, w=19962, Int=0, ws=null
10-11 16:01:49.456 D/PMS ( 1447): acquireWL(2bcd208): PARTIAL_WAKE_LOCK *alarm* 0x1 1447 1000 WorkSource{10004}
10-11 16:01:49.458 D/PMS ( 1447): acquireWL(c940da1): PARTIAL_WAKE_LOCK ScheduleNextAlarmWakeLock 0x1 2402 10004 null
10-11 16:01:49.461 D/PMS ( 1447): releaseWL(2bcd208): PARTIAL_WAKE_LOCK *alarm* 0x1 WorkSource{10004} 0x0
10-11 16:01:49.465 E/spcomlib( 764): skp dev-node doesn't exist.
10-11 16:01:49.475 E/spcomlib( 764): skp dev-node doesn't exist.
10-11 16:01:49.485 D/PMS ( 1447): releaseWL(c940da1): PARTIAL_WAKE_LOCK ScheduleNextAlarmWakeLock 0x1 null 0x0
10-11 16:01:49.486 E/spcomlib( 764): skp dev-node doesn't exist.
10-11 16:01:49.497 E/spcomlib( 764): skp dev-node doesn't exist.
10-11 16:01:49.507 E/spcomlib( 764): skp dev-node doesn't exist.
10-11 16:01:49.517 E/spcomlib( 764): skp dev-node doesn't exist.
10-11 16:01:49.528 E/spcomlib( 764): skp dev-node doesn't exist.
10-11 16:01:49.538 E/spcomlib( 764): skp dev-node doesn't exist.
10-11 16:01:49.548 E/spcomlib( 764): skp dev-node doesn't exist.
10-11 16:01:49.558 E/spcomlib( 764): skp dev-node doesn't exist.
10-11 16:01:49.568 E/spcomlib( 764): skp dev-node doesn't exist.
10-11 16:01:49.579 E/spcomlib( 764): skp dev-node doesn't exist.
10-11 16:01:49.589 E/spcomlib( 764): skp dev-node doesn't exist.
10-11 16:01:49.599 E/spcomlib( 764): skp dev-node doesn't exist.
10-11 16:01:49.609 E/spcomlib( 764): skp dev-node doesn't exist.
10-11 16:01:49.620 E/spcomlib( 764): skp dev-node doesn't exist.
10-11 16:01:49.630 E/spcomlib( 764): skp dev-node doesn't exist.
10-11 16:01:49.640 E/spcomlib( 764): skp dev-node doesn't exist.
10-11 16:01:49.650 E/spcomlib( 764): skp dev-node doesn't exist.
10-11 16:01:49.660 E/spcomlib( 764): skp dev-node doesn't exist.
10-11 16:01:49.671 E/spcomlib( 764): skp dev-node doesn't exist.
10-11 16:01:49.681 E/spcomlib( 764): skp dev-node doesn't exist.
10-11 16:01:49.691 E/spcomlib( 764): skp dev-node doesn't exist.
10-11 16:01:49.694 D/PMS ( 1447): releaseWL(93a82df): PARTIAL_WAKE_LOCK AudioMix 0x1 null 0x0
10-11 16:01:49.702 E/spcomlib( 764): skp dev-node doesn't exist.
10-11 16:01:49.712 E/spcomlib( 764): skp dev-node doesn't exist.
10-11 16:01:49.722 E/spcomlib( 764): skp dev-node doesn't exist.
10-11 16:01:49.732 E/spcomlib( 764): skp dev-node doesn't exist.
10-11 16:01:49.743 E/spcomlib( 764): skp dev-node doesn't exist.
10-11 16:01:49.753 E/spcomlib( 764): skp dev-node doesn't exist.
10-11 16:01:49.763 E/spcomlib( 764): skp dev-node doesn't exist.
10-11 16:01:49.773 E/spcomlib( 764): skp dev-node doesn't exist.
10-11 16:01:49.783 E/spcomlib( 764): skp dev-node doesn't exist.
10-11 16:01:49.794 E/spcomlib( 764): skp dev-node doesn't exist.
10-11 16:01:49.804 E/spcomlib( 764): skp dev-node doesn't exist.
10-11 16:01:49.814 E/spcomlib( 764): skp dev-node doesn't exist.
10-11 16:01:49.824 E/spcomlib( 764): skp dev-node doesn't exist.
10-11 16:01:49.835 E/spcomlib( 764): skp dev-node doesn't exist.
10-11 16:01:49.845 E/spcomlib( 764): skp dev-node doesn't exist.
10-11 16:01:49.855 E/spcomlib( 764): skp dev-node doesn't exist.
10-11 16:01:49.866 E/spcomlib( 764): skp dev-node doesn't exist.
10-11 16:01:49.876 E/spcomlib( 764): skp dev-node doesn't exist.
10-11 16:01:49.887 E/spcomlib( 764): skp dev-node doesn't exist.
10-11 16:01:49.897 E/spcomlib( 764): skp dev-node doesn't exist.
10-11 16:01:49.907 E/spcomlib( 764): skp dev-node doesn't exist.
10-11 16:01:49.918 E/spcomlib( 764): skp dev-node doesn't exist.
10-11 16:01:49.928 E/spcomlib( 764): skp dev-node doesn't exist.
10-11 16:01:49.939 E/spcomlib( 764): skp dev-node doesn't exist.
10-11 16:01:49.949 E/spcomlib( 764): skp dev-node doesn't exist.
10-11 16:01:49.960 E/spcomlib( 764): skp dev-node doesn't exist.
10-11 16:01:49.970 E/spcomlib( 764): skp dev-node doesn't exist.
10-11 16:01:49.981 E/spcomlib( 764): skp dev-node doesn't exist.
10-11 16:01:49.991 E/spcomlib( 764): skp dev-node doesn't exist.
10-11 16:01:50.001 E/spcomlib( 764): skp dev-node doesn't exist.
10-11 16:01:50.012 E/spcomlib( 764): skp dev-node doesn't exist.
10-11 16:01:50.022 E/spcomlib( 764): skp dev-node doesn't exist.
10-11 16:01:50.032 E/spcomlib( 764): skp dev-node doesn't exist.
10-11 16:01:50.042 E/spcomlib( 764): skp dev-node doesn't exist.
10-11 16:01:50.052 E/spcomlib( 764): skp dev-node doesn't exist.
10-11 16:01:50.063 E/spcomlib( 764): skp dev-node doesn't exist.
10-11 16:01:50.073 E/spcomlib( 764): skp dev-node doesn't exist.
10-11 16:01:50.083 E/spcomlib( 764): skp dev-node doesn't exist.
10-11 16:01:50.094 E/spcomlib( 764): skp dev-node doesn't exist.
10-11 16:01:50.104 E/spcomlib( 764): skp dev-node doesn't exist.
10-11 16:01:50.114 E/spcomlib( 764): skp dev-node doesn't exist.
10-11 16:01:50.125 E/spcomlib( 764): skp dev-node doesn't exist.
10-11 16:01:50.135 E/spcomlib( 764): skp dev-node doesn't exist.
10-11 16:01:50.146 E/spcomlib( 764): skp dev-node doesn't exist.
10-11 16:01:50.157 E/spcomlib( 764): skp dev-node doesn't exist.
10-11 16:01:50.167 E/spcomlib( 764): skp dev-node doesn't exist.
10-11 16:01:50.178 E/spcomlib( 764): skp dev-node doesn't exist.
10-11 16:01:50.188 E/spcomlib( 764): skp dev-node doesn't exist.
10-11 16:01:50.199 E/spcomlib( 764): skp dev-node doesn't exist.
10-11 16:01:50.209 E/spcomlib( 764): skp dev-node doesn't exist.
10-11 16:01:50.220 E/spcomlib( 764): skp dev-node doesn't exist.
10-11 16:01:50.231 E/spcomlib( 764): skp dev-node doesn't exist.
10-11 16:01:50.241 E/spcomlib( 764): skp dev-node doesn't exist.
10-11 16:01:50.252 E/spcomlib( 764): skp dev-node doesn't exist.
10-11 16:01:50.262 E/spcomlib( 764): skp dev-node doesn't exist.
10-11 16:01:50.273 E/spcomlib( 764): skp dev-node doesn't exist.
10-11 16:01:50.283 E/spcomlib( 764): skp dev-node doesn't exist.
10-11 16:01:50.293 E/spcomlib( 764): skp dev-node doesn't exist.
10-11 16:01:50.303 E/spcomlib( 764): skp dev-node doesn't exist.
10-11 16:01:50.313 E/spcomlib( 764): skp dev-node doesn't exist.
10-11 16:01:50.324 E/spcomlib( 764): skp dev-node doesn't exist.
