10-11 16:03:38.252 I/POSE ( 2179): GetSyncPose pose_clr_2 CV(s1f0) om0 3DoF 1vw_t0o0 (0.0000) XYZ -0.2431 -0.5235 -0.1525 YPR -91.6506 177.7889 -0.5151 ; Wxyz 0.0102 0.6968 -0.0170 0.7170 ; RAW XYZ 0.0000 0.0000 0.0000 Wxyz 0.0102 0.6968 -0.0170 0.7170 ; LVel 0.000 0.000 0.000 LAc 0.04 -0.01 1.22 AngV 0.137 -0.051 3.562 AngAc 0.00 0.00 0.00 ; TS128754799178 0.00ms GetPoseState
10-11 16:03:38.257 D/WVR_Foveated( 2179): Foveated rendering is not supported.
10-11 16:03:38.265 I/SVRI ( 2179): GetPoseState svr_hmd_1 tm1(3) Quality Pose/Camera/Sensor 0.70 1.00 1.00 ; lost 0 ; TS128767338287
10-11 16:03:38.265 I/WVR_WaveVR( 2179): UpdateEachFrame() device HMD pose is invalid.
10-11 16:03:38.265 D/WaveVR_PoseTrackerManager( 2179): onDeviceConnected() Dominant is disconnected.
10-11 16:03:38.265 D/WaveVR_ControllerInstanceManager( 2179): onDeviceConnected() device WVR_DeviceType_HMD is disconnected., left-handed? False
10-11 16:03:38.265 D/WaveVR_ControllerLoader( 2179): Hand: Dominant, onDeviceConnected() device WVR_DeviceType_HMD is disconnected.
10-11 16:03:38.265 D/WaveVR_ControllerLoader( 2179): Hand: Non_Dominant, onDeviceConnected() device WVR_DeviceType_HMD is disconnected.
10-11 16:03:38.271 D/WVR_Foveated( 2179): Foveated rendering is not supported.
10-11 16:03:38.282 E/mm-camera( 836): 2232: aec_process_calc_current_hist_metered_luma: error: out of range, exit
10-11 16:03:38.283 D/WVR_Foveated( 2179): Foveated rendering is not supported.
10-11 16:03:38.297 D/WaveVR_Resource( 2179): getSystemLanguage, ret language = zh
10-11 16:03:38.297 D/WaveVR_Resource( 2179): getSystemCountry, ret country = CN
10-11 16:03:38.297 D/WVR_Foveated( 2179): Foveated rendering is not supported.
10-11 16:03:38.310 D/WVR_Foveated( 2179): Foveated rendering is not supported.
10-11 16:03:38.316 E/mm-camera( 836): 2232: aec_process_calc_current_hist_metered_luma: error: out of range, exit
10-11 16:03:38.323 D/WVR_Foveated( 2179): Foveated rendering is not supported.
10-11 16:03:38.337 D/WVR_Foveated( 2179): Foveated rendering is not supported.
10-11 16:03:38.347 E/mm-camera( 836): 2232: aec_process_calc_current_hist_metered_luma: error: out of range, exit
10-11 16:03:38.350 D/WVR_Foveated( 2179): Foveated rendering is not supported.
10-11 16:03:38.363 D/WVR_Foveated( 2179): Foveated rendering is not supported.
10-11 16:03:38.377 D/WVR_Foveated( 2179): Foveated rendering is not supported.
10-11 16:03:38.381 E/mm-camera( 836): 2232: aec_process_calc_current_hist_metered_luma: error: out of range, exit
10-11 16:03:38.391 D/WVR_Foveated( 2179): Foveated rendering is not supported.
10-11 16:03:38.405 D/WVR_Foveated( 2179): Foveated rendering is not supported.
10-11 16:03:38.416 E/mm-camera( 836): 2232: aec_process_calc_current_hist_metered_luma: error: out of range, exit
10-11 16:03:38.422 D/WVR_Foveated( 2179): Foveated rendering is not supported.
10-11 16:03:38.431 D/WVR_Foveated( 2179): Foveated rendering is not supported.
10-11 16:03:38.444 D/WVR_Foveated( 2179): Foveated rendering is not supported.
10-11 16:03:38.447 E/mm-camera( 836): 2232: aec_process_calc_current_hist_metered_luma: error: out of range, exit
10-11 16:03:38.457 D/WVR_Foveated( 2179): Foveated rendering is not supported.
10-11 16:03:38.471 D/WVR_Foveated( 2179): Foveated rendering is not supported.
10-11 16:03:38.481 E/mm-camera( 836): 2232: aec_process_calc_current_hist_metered_luma: error: out of range, exit
10-11 16:03:38.485 D/WVR_Foveated( 2179): Foveated rendering is not supported.
10-11 16:03:38.497 D/WVR_Foveated( 2179): Foveated rendering is not supported.
10-11 16:03:38.505 D/ArmModel( 2179): ArmModel getArmedPose(2) 1, 1
10-11 16:03:38.506 D/ArmModel( 2179): Dev(0)LHOVHMDPos LOCKED : (-0.248709,0.151024,-0.041834)
10-11 16:03:38.506 D/ArmModel( 2179): Dev(2)ctrllerXYRotationRadio : 0.348233 elbowCurveLerpValue = 0.519647
10-11 16:03:38.506 D/ArmModel( 2179): Dev(2)quatCtrllerXYRot : (-0.022586,-0.519639,0.000000,0.854087)
10-11 16:03:38.506 D/ArmModel( 2179): Dev(2)quatCtrllerXYLerpRot : (-0.012189,-0.280436,0.000000,0.959795)
10-11 16:03:38.506 D/ArmModel( 2179): Dev(2)elbowOffset : (-0.074768,-0.528707,0.045186)
10-11 16:03:38.506 D/ArmModel( 2179): Dev(2)wristOffset : (-0.198747,-0.525443,0.129557)
10-11 16:03:38.506 D/ArmModel( 2179): Dev(2)ctrllerOffset : (-0.243129,-0.523514,0.152503)
10-11 16:03:38.506 D/ArmModel( 2179): Dev(2)finalCtrlPos : (-0.243129,-0.523514,-0.152503)
10-11 16:03:38.512 D/WVR_Foveated( 2179): Foveated rendering is not supported.
10-11 16:03:38.515 E/mm-camera( 836): 2232: aec_process_calc_current_hist_metered_luma: error: out of range, exit
10-11 16:03:38.524 D/WVR_Foveated( 2179): Foveated rendering is not supported.
10-11 16:03:38.537 D/WVR_Foveated( 2179): Foveated rendering is not supported.
10-11 16:03:38.547 E/mm-camera( 836): 2232: aec_process_calc_current_hist_metered_luma: error: out of range, exit
10-11 16:03:38.551 D/WVR_Foveated( 2179): Foveated rendering is not supported.
10-11 16:03:38.559 D/ArmModel( 2179): ArmModel getArmedPose(3) 0, 1
10-11 16:03:38.564 D/WVR_Foveated( 2179): Foveated rendering is not supported.
10-11 16:03:38.578 D/WVR_Foveated( 2179): Foveated rendering is not supported.
10-11 16:03:38.582 E/mm-camera( 836): 2232: aec_process_calc_current_hist_metered_luma: error: out of range, exit
10-11 16:03:38.589 D/SVR_HMD ( 2388): SvrHmdDevice.java:onSensorChanged(273) SvrHmdDevice, onSensorChanged, sensor.getType() = 4, GYRO: AxisX = -0.0067596436, AxisY = -9.765625E-4, AxisZ = -6.2561035E-4
10-11 16:03:38.591 D/WVR_Foveated( 2179): Foveated rendering is not supported.
10-11 16:03:38.591 D/SVR_HMD ( 2388): SvrHmdDevice.java:onSensorChanged(281) SvrHmdDevice, onSensorChanged, sensor.getType() = 1, ACCELER: X = 2.4996643, Y = 9.438736, Z = 1.1364288
10-11 16:03:38.605 D/WVR_Foveated( 2179): Foveated rendering is not supported.
10-11 16:03:38.616 E/mm-camera( 836): 2232: aec_process_calc_current_hist_metered_luma: error: out of range, exit
10-11 16:03:38.623 D/WVR_Foveated( 2179): Foveated rendering is not supported.
10-11 16:03:38.631 D/WVR_Foveated( 2179): Foveated rendering is not supported.
10-11 16:03:38.640 I/POSE ( 2179): GetSyncPose pose_hmd_1 C INVALID (s1f0) om0 3DoF 1vw_t0o0 (0.0000) XYZ -0.2647 0.1640 0.0156 YPR 33.1595 -8.4447 13.1795 ; Wxyz 0.9519 -0.0374 0.2746 0.1306 ; RAW XYZ 0.2650 -0.1642 -0.0160 Wxyz 0.9519 0.0373 -0.2746 -0.1303 ; LVel 0.001 0.004 -0.001 LAc -0.00 -0.00 -0.00 AngV -0.014 0.001 0.013 AngAc -0.00 -0.00 -0.00 ; TS129141819485 15.62ms GetPoseState
10-11 16:03:38.645 D/WVR_Foveated( 2179): Foveated rendering is not supported.
10-11 16:03:38.649 E/mm-camera( 836): 2232: aec_process_calc_current_hist_metered_luma: error: out of range, exit
10-11 16:03:38.657 D/WVR_Foveated( 2179): Foveated rendering is not supported.
10-11 16:03:38.671 D/WVR_Foveated( 2179): Foveated rendering is not supported.
10-11 16:03:38.679 W/SVRI ( 2179): GetPoseState: svrHeadPoseState poseQuality becomes LOW! Turn on Gray Mask. 1 32
10-11 16:03:38.679 I/OverlayManager( 2179): setHMDLoseTracking mIsHMDLoseTracking = 1, mDrawLoading = 0, mNotifyOverlayResumeLater = 0
10-11 16:03:38.679 D/VRCORE ( 2179): TID:2350 ./VRSystemStub.cc:620: Enter SetParameters
10-11 16:03:38.681 I/VRCORE_Server( 2113): GetCallback target device :0, type: 9
10-11 16:03:38.681 D/VRCORE ( 2113): TID:2449 ./DeviceProxy.cc:54: Leave PollNextCommand
10-11 16:03:38.682 D/VRCORE_PluginKit( 2388): got request form client 9
10-11 16:03:38.683 I/VRCORE_PluginKit( 2388): RequestObserver.java:onNext(25) dev: com.htc.vr.device.svr.SvrHmdDevice_1207d09[0] Callback type: 9
10-11 16:03:38.683 I/VRCORE_PluginKit( 2388): RequestObserver.java:onNext(156) SetParameters : [com.htc.vr.device.svr.SvrHmdDevice_1207d09] set string [setLostTracking=0].
10-11 16:03:38.683 D/SVR_HMD ( 2388): SvrHmdDevice.java:setParameters(452) Notify LOW poseQuality from DeviceService as in WVR/LINK
10-11 16:03:38.683 E/mm-camera( 836): 2232: aec_process_calc_current_hist_metered_luma: error: out of range, exit
10-11 16:03:38.683 I/VRCORE_PluginKit( 2388): VRDeviceStub.java:DeviceSetErrorType(518) set error status: 64
10-11 16:03:38.684 I/VRCORE_PluginKit( 2388): VRDeviceStub.java:handleMessage(132) com.htc.vr.device.svr.SvrHmdDevice_1207d09[0] NativeDriverStub@c342b3c, event = 5
10-11 16:03:38.684 D/VRCORE_PluginKit( 2388): SendEventToClient at DriverStub
10-11 16:03:38.684 D/VRCORE ( 2113): TID:2449 ./DeviceProxy.cc:54: Enter PollNextCommand
10-11 16:03:38.684 D/VRCORE_Server( 2113): Set other type's event
10-11 16:03:38.684 I/VRCORE_Server( 2113): SendEventToClient:devId=0, eventId =30006
10-11 16:03:38.684 I/VRCORE_Server( 2113): call onMessage event: 30006, device: 0
10-11 16:03:38.685 D/VRCORE ( 2179): TID:2350 ./VRSystemStub.cc:620: Leave SetParameters
10-11 16:03:38.685 I/SVRI ( 2179): GetPoseState svr_hmd_1 tm1(3) Quality Pose/Camera/Sensor 0.65 1.00 1.00 ; lost 1 ; TS129181766985
10-11 16:03:38.685 I/VRCORE ( 2179): OnReceiveEvent: event.eventType=30006
10-11 16:03:38.685 I/VRCORE ( 2179): OnReceiveCoreEvent: eventType = 30006, inputId = 0, device_index = 0, devType = 1, interaction_mode = 0, gaze_trigger = 0
10-11 16:03:38.685 D/VRAssistHelper( 2113): Send VREvent to VRAssist service, event Type: 30006
10-11 16:03:38.685 I/VRCORE_Server( 2113): device is not null in GetDisplayConfigure(), using DisplayConfigure of device
10-11 16:03:38.685 I/VRActivityEventManager( 2179): This event sent by system key. Filter it!!!
10-11 16:03:38.685 D/VRCORE_Server( 2113): TID:3023 setupDisplayConfigure(145) has external screen: false
10-11 16:03:38.685 D/VRCORE_Server( 2113): TID:3023 setupDisplayConfigure(180) initial screenOrientation config using default
10-11 16:03:38.685 D/VRCORE ( 2179): byte size:17
10-11 16:03:38.685 D/VRCORE_Server( 2113): model number: N/A
10-11 16:03:38.687 D/VROEM EnvironmentChecker( 2071): event: 30006 device Id: 0 device type: 1 tracker type: 0
10-11 16:03:38.687 D/VRNotificationService( 2071): onEvent()
10-11 16:03:38.687 D/WVRDeviceEvent( 2071): DispatchEventToListeners devId: 0 evt: 30006 deviceType: 1 data: 64
10-11 16:03:38.687 D/MiaCDeviceEventDetector( 2071): mDevErrorListener onEventReceive...
10-11 16:03:38.687 D/MiaCDeviceEventDetector( 2071): onErrorStatusChanged(1,0,0,2,64) start...
10-11 16:03:38.687 D/VRNotificationService( 2071): Add notification:@vive.wave.vr.oem|鏃犳硶杩借釜浣嶇疆|璇疯繑鍥炶拷韪尯锛屾垨鍙栦笅澶存埓寮忚澶囦甫閲嶆柊鎴翠笂
10-11 16:03:38.687 D/WVRNotificationOverlayService( 2071): onAddNotificationItem() start..||鏃犳硶杩借釜浣嶇疆
10-11 16:03:38.687 D/WVRNotificationOverlayService( 2071): processDrawViewTask(): update notification view...
10-11 16:03:38.689 D/WVRNotificationOverlayService( 2071): drawNotification(view,3,0,thread,pos[]) start...
10-11 16:03:38.690 D/VRCustomizeOverlay( 2071): showOverlay(id=11) Begin
10-11 16:03:38.690 D/VRCustomizeOverlay( 2071): showOverlay(id=11) mService.mServiceName = vive.wave.vr.oem.notification.WVRNotificationOverlayService
10-11 16:03:38.690 D/WVR_Foveated( 2179): Foveated rendering is not supported.
10-11 16:03:38.691 D/VROverlay( 2071): addOverlayView() mService.mServiceName = vive.wave.vr.oem.notification.WVRNotificationOverlayService
10-11 16:03:38.691 D/VROverlaySMD( 2179): showOverlay() Activity Statue = ACTIVITY_ONRENDERREADY
10-11 16:03:38.691 I/OverlayManager( 2179): showOverlay mCurrentFocusedController = 2
10-11 16:03:38.691 D/VROverlaySMD( 2179): showOverlay() id = 11 res = 0
10-11 16:03:38.694 I/OverlayManager( 2179): drawBlockScreen mIsHMDLoseTracking changed = 1
10-11 16:03:38.694 I/CustomizeOverlay( 2179): CustomizeOverlay::draw widthRatio = 1.000000, heightRatio = 1.000000
10-11 16:03:38.700 D/VROverlay( 2071): onPreDraw() mServiceName = vive.wave.vr.oem.notification.WVRNotificationOverlayService
10-11 16:03:38.700 D/VROverlay( 2071): onPreDraw() vrActivityStatus = ON_RESUME
10-11 16:03:38.700 D/VROverlay( 2071): onPreDraw() overlayId = 11
10-11 16:03:38.701 D/VROverlaySMD( 2179): IVROverlayActivityCallback isActivityResumed false
10-11 16:03:38.702 I/ipdmonitor( 2388): ipd = 659
10-11 16:03:38.712 D/WVR_Foveated( 2179): Foveated rendering is not supported.
10-11 16:03:38.716 E/mm-camera( 836): 2232: aec_process_calc_current_hist_metered_luma: error: out of range, exit
10-11 16:03:38.718 D/VROverlayService( 2071): getTaskCountInQueueVRActivity() taskCount = 0
10-11 16:03:38.718 D/VROverlaySMD( 2179): isLowMemory() false
10-11 16:03:38.719 D/VROverlaySMD( 2179): IVROverlayActivityCallback isActivityDestroyed false
10-11 16:03:38.719 D/VROverlayService( 2071): getViewBitmap(final View view) isRunAtUiTread = true
10-11 16:03:38.726 D/WVR_Foveated( 2179): Foveated rendering is not supported.
10-11 16:03:38.734 D/VROverlaySMD( 2179): IVROverlayActivityCallback isActivityDestroyed false
10-11 16:03:38.747 D/VROverlay( 2071): onPreDraw() mServiceName = vive.wave.vr.oem.notification.WVRNotificationOverlayService
10-11 16:03:38.747 D/VROverlay( 2071): onPreDraw() vrActivityStatus = ON_RESUME
10-11 16:03:38.747 D/VROverlay( 2071): onPreDraw() overlayId = 11
10-11 16:03:38.748 D/VROverlaySMD( 2179): IVROverlayActivityCallback isActivityResumed false
10-11 16:03:38.748 E/mm-camera( 836): 2232: aec_process_calc_current_hist_metered_luma: error: out of range, exit
10-11 16:03:38.752 D/WVR_Foveated( 2179): Foveated rendering is not supported.
10-11 16:03:38.755 I/CustomizeOverlay( 2179): CustomizeOverlay::draw widthRatio = 1.000000, heightRatio = 1.000000
10-11 16:03:38.765 D/VROverlayService( 2071): getTaskCountInQueueVRActivity() taskCount = 0
10-11 16:03:38.765 D/VROverlaySMD( 2179): isLowMemory() false
10-11 16:03:38.766 D/WVR_Foveated( 2179): Foveated rendering is not supported.
10-11 16:03:38.766 D/VROverlaySMD( 2179): IVROverlayActivityCallback isActivityDestroyed false
10-11 16:03:38.766 D/VROverlayService( 2071): getViewBitmap(final View view) isRunAtUiTread = true
10-11 16:03:38.780 D/VROverlaySMD( 2179): IVROverlayActivityCallback isActivityDestroyed false
10-11 16:03:38.785 E/mm-camera( 836): 2232: aec_process_calc_current_hist_metered_luma: error: out of range, exit
10-11 16:03:38.788 D/VRCustomizeOverlay( 2071): showOverlay(id=11) End
10-11 16:03:38.788 D/WVRNotificationOverlayService( 2071): setSceneShadow(true) start...
10-11 16:03:38.789 D/VROverlayService( 2071): setShowShadow
10-11 16:03:38.794 D/WVR_Foveated( 2179): Foveated rendering is not supported.
10-11 16:03:38.797 I/CustomizeOverlay( 2179): CustomizeOverlay::draw widthRatio = 1.000000, heightRatio = 1.000000
10-11 16:03:38.816 E/mm-camera( 836): 2232: aec_process_calc_current_hist_metered_luma: error: out of range, exit
10-11 16:03:38.824 D/WVR_Foveated( 2179): Foveated rendering is not supported.
10-11 16:03:38.828 I/POSE ( 2179): GetSyncPose pose_clr_2 CV(s1f0) om0 3DoF 1vw_t0o0 (0.0000) XYZ -0.2431 -0.5235 -0.1525 YPR -91.6506 177.7889 -0.5151 ; Wxyz 0.0102 0.6968 -0.0170 0.7170 ; RAW XYZ 0.0000 0.0000 0.0000 Wxyz 0.0102 0.6968 -0.0170 0.7170 ; LVel 0.000 0.000 0.000 LAc 0.05 -0.01 1.22 AngV 0.137 -0.051 3.562 AngAc 0.00 0.00 0.00 ; TS129331645069 0.00ms GetPoseState
10-11 16:03:38.834 D/WVR_Foveated( 2179): Foveated rendering is not supported.
10-11 16:03:38.849 E/mm-camera( 836): 2232: aec_process_calc_current_hist_metered_luma: error: out of range, exit
10-11 16:03:38.860 D/WVR_Foveated( 2179): Foveated rendering is not supported.
10-11 16:03:38.873 D/WVR_Foveated( 2179): Foveated rendering is not supported.
10-11 16:03:38.882 E/mm-camera( 836): 2232: aec_process_calc_current_hist_metered_luma: error: out of range, exit
10-11 16:03:38.894 W/SVRI ( 2179): GetPoseState: svrHeadPoseState poseQuality is back to GOOD! Turn off Gray Mask. 1
10-11 16:03:38.894 I/OverlayManager( 2179): setHMDLoseTracking mIsHMDLoseTracking = 0, mDrawLoading = 0, mNotifyOverlayResumeLater = 0
10-11 16:03:38.894 D/VRCORE ( 2179): TID:2350 ./VRSystemStub.cc:620: Enter SetParameters
10-11 16:03:38.895 I/VRCORE_Server( 2113): GetCallback target device :0, type: 9
10-11 16:03:38.895 D/VRCORE ( 2113): TID:2449 ./DeviceProxy.cc:54: Leave PollNextCommand
10-11 16:03:38.895 D/VRCORE_PluginKit( 2388): got request form client 9
10-11 16:03:38.896 I/VRCORE_PluginKit( 2388): RequestObserver.java:onNext(25) dev: com.htc.vr.device.svr.SvrHmdDevice_1207d09[0] Callback type: 9
10-11 16:03:38.896 I/VRCORE_PluginKit( 2388): RequestObserver.java:onNext(156) SetParameters : [com.htc.vr.device.svr.SvrHmdDevice_1207d09] set string [setTrackingLostRecovery=0].
10-11 16:03:38.896 D/SVR_HMD ( 2388): SvrHmdDevice.java:setParameters(456) Notify GOOD poseQuality from DeviceService as in WVR/LINK
10-11 16:03:38.896 I/VRCORE_PluginKit( 2388): VRDeviceStub.java:DeviceSetErrorType(518) set error status: 128
10-11 16:03:38.896 I/VRCORE_PluginKit( 2388): VRDeviceStub.java:handleMessage(132) com.htc.vr.device.svr.SvrHmdDevice_1207d09[0] NativeDriverStub@c342b3c, event = 5
10-11 16:03:38.896 D/VRCORE_PluginKit( 2388): SendEventToClient at DriverStub
10-11 16:03:38.896 D/VRCORE ( 2113): TID:2449 ./DeviceProxy.cc:54: Enter PollNextCommand
10-11 16:03:38.897 D/VRCORE_Server( 2113): Set other type's event
10-11 16:03:38.897 I/VRCORE_Server( 2113): SendEventToClient:devId=0, eventId =30006
10-11 16:03:38.897 I/VRCORE_Server( 2113): call onMessage event: 30006, device: 0
10-11 16:03:38.897 D/VRCORE ( 2179): TID:2350 ./VRSystemStub.cc:620: Leave SetParameters
10-11 16:03:38.897 I/SVRI ( 2179): GetPoseState: SendEvent, device->id(0), DeviceLoadingDone(30103)
10-11 16:03:38.897 I/VRCORE ( 2179): OnReceiveEvent: event.eventType=30006
10-11 16:03:38.897 I/VRCORE ( 2179): OnReceiveCoreEvent: eventType = 30006, inputId = 0, device_index = 0, devType = 1, interaction_mode = 0, gaze_trigger = 0
10-11 16:03:38.897 D/VRAssistHelper( 2113): Send VREvent to VRAssist service, event Type: 30006
10-11 16:03:38.897 I/VRCORE_Server( 2113): device is not null in GetDisplayConfigure(), using DisplayConfigure of device
10-11 16:03:38.897 D/VRCORE_Server( 2113): TID:3027 setupDisplayConfigure(145) has external screen: false
10-11 16:03:38.897 D/VRCORE_Server( 2113): TID:3027 setupDisplayConfigure(180) initial screenOrientation config using default
10-11 16:03:38.897 I/VRActivityEventManager( 2179): This event sent by system key. Filter it!!!
10-11 16:03:38.897 D/VRCORE ( 2179): byte size:18
10-11 16:03:38.897 D/VRCORE_Server( 2113): model number: N/A
10-11 16:03:38.898 I/VRCORE_Server( 2113): SendEventToDriver target device :0
10-11 16:03:38.898 I/VRCORE_Server( 2113): SendEventToClient:devId=0, eventId =30103
10-11 16:03:38.898 I/VRCORE_Server( 2113): call onMessage event: 30103, device: 0
10-11 16:03:38.898 I/VRCORE ( 2179): OnReceiveEvent: event.eventType=30103
10-11 16:03:38.898 I/VRCORE ( 2179): OnReceiveCoreEvent: eventType = 30103, inputId = 0, device_index = 0, devType = 1, interaction_mode = 0, gaze_trigger = 0
10-11 16:03:38.898 D/VRCORE ( 2179): byte size:11
10-11 16:03:38.899 D/VROEM EnvironmentChecker( 2071): event: 30006 device Id: 0 device type: 1 tracker type: 0
10-11 16:03:38.899 D/VRNotificationService( 2071): onEvent()
10-11 16:03:38.899 D/WVRDeviceEvent( 2071): DispatchEventToListeners devId: 0 evt: 30006 deviceType: 1 data: 128
10-11 16:03:38.899 D/MiaCDeviceEventDetector( 2071): mDevErrorListener onEventReceive...
10-11 16:03:38.899 D/MiaCDeviceEventDetector( 2071): onErrorStatusChanged(1,0,0,2,128) start...
10-11 16:03:38.899 D/VRNotificationService( 2071): removeNotificationWithKey($CSK-Vr-7134L:124) start...
10-11 16:03:38.899 D/WVRNotificationOverlayService( 2071): onDelNotificationItem() start..||鏃犳硶杩借釜浣嶇疆
10-11 16:03:38.899 D/WVRNotificationOverlayService( 2071): processDrawViewTask(): update notification view...
10-11 16:03:38.899 D/VRCustomizeOverlay( 2071): hideOverlay(id=11) Begin
10-11 16:03:38.899 D/WVRNotificationOverlayService( 2071): restoreSceneShadow() start...
10-11 16:03:38.900 D/VROverlaySMD( 2179): hideOverlay() Activity Statue = ACTIVITY_ONRENDERREADY
10-11 16:03:38.900 D/VROverlaySMD( 2179): hideOverlay() id = 11 res = 0
10-11 16:03:38.900 D/VROverlay( 2071): removeOverlayView() mService.mServiceName = vive.wave.vr.oem.notification.WVRNotificationOverlayService
10-11 16:03:38.900 D/VRCustomizeOverlay( 2071): hideOverlay(id=11) End
10-11 16:03:38.900 D/WVRNotificationOverlayService( 2071): processDrawViewTask(): call to hideOverlay()
10-11 16:03:38.900 D/WVRNotificationOverlayService( 2071): setSceneShadow(false) start...
10-11 16:03:38.900 D/VROverlayService( 2071): setShowShadow
10-11 16:03:38.901 D/VROEM VROEMService_api1( 2071): onEvent: GET RECENTER EVENT, do recenter if necessary.
10-11 16:03:38.901 D/VRProximityEventHandler( 2071): doRecenter: Already Recentered Screen. Skip recenter round
10-11 16:03:38.902 D/VRAssistHelper( 2113): Send VREvent to VRAssist service, event Type: 30103
10-11 16:03:38.902 I/VRCORE_Server( 2113): device is not null in GetDisplayConfigure(), using DisplayConfigure of device
10-11 16:03:38.902 D/VRCORE_Server( 2113): TID:2928 setupDisplayConfigure(145) has external screen: false
10-11 16:03:38.902 D/VRCORE_Server( 2113): TID:2928 setupDisplayConfigure(180) initial screenOrientation config using default
10-11 16:03:38.903 D/VRCORE_Server( 2113): model number: N/A
10-11 16:03:38.904 D/VROEM EnvironmentChecker( 2071): event: 30103 device Id: 0 device type: 1 tracker type: 0
10-11 16:03:38.904 D/VRNotificationService( 2071): onEvent()
10-11 16:03:38.904 D/WVRDeviceEvent( 2071): DispatchEventToListeners devId: 0 evt: 30103 deviceType: 1 data: 0
10-11 16:03:38.904 D/MiaCDeviceEventDetector( 2071): onLoadingChanged(false) start...
10-11 16:03:38.905 I/WVR_WaveVR( 2179): UpdateEachFrame() device HMD pose is valid.
10-11 16:03:38.905 D/WaveVR_PoseTrackerManager( 2179): onDeviceConnected() Dominant is connected.
10-11 16:03:38.905 D/WaveVR_ControllerInstanceManager( 2179): onDeviceConnected() device WVR_DeviceType_HMD is connected., left-handed? False
10-11 16:03:38.905 D/WaveVR_ControllerLoader( 2179): Hand: Dominant, onDeviceConnected() device WVR_DeviceType_HMD is connected.
10-11 16:03:38.905 D/WaveVR_ControllerLoader( 2179): Hand: Non_Dominant, onDeviceConnected() device WVR_DeviceType_HMD is connected.
10-11 16:03:38.911 I/OverlayManager( 2179): hasOnContextOverlay drawLastOverlay = 1
10-11 16:03:38.911 D/WVR_Foveated( 2179): Foveated rendering is not supported.
10-11 16:03:38.917 E/mm-camera( 836): 2232: aec_process_calc_current_hist_metered_luma: error: out of range, exit
10-11 16:03:38.917 I/OverlayManager( 2179): hasOnTextureOverlay drawLastOverlay = 1
10-11 16:03:38.917 I/OverlayManager( 2179): drawBlockScreen mIsHMDLoseTracking changed = 0
10-11 16:03:38.926 D/WVR_Foveated( 2179): Foveated rendering is not supported.
10-11 16:03:38.938 D/WVR_Foveated( 2179): Foveated rendering is not supported.
10-11 16:03:38.949 E/mm-camera( 836): 2232: aec_process_calc_current_hist_metered_luma: error: out of range, exit
10-11 16:03:38.952 D/WVR_Foveated( 2179): Foveated rendering is not supported.
10-11 16:03:38.966 D/WVR_Foveated( 2179): Foveated rendering is not supported.
10-11 16:03:38.979 D/WVR_Foveated( 2179): Foveated rendering is not supported.
10-11 16:03:38.983 E/mm-camera( 836): 2232: aec_process_calc_current_hist_metered_luma: error: out of range, exit
10-11 16:03:38.992 D/WVR_Foveated( 2179): Foveated rendering is not supported.
10-11 16:03:39.014 E/mm-camera( 836): 2232: aec_process_calc_current_hist_metered_luma: error: out of range, exit
10-11 16:03:39.038 D/WVR_Foveated( 2179): Foveated rendering is not supported.
10-11 16:03:39.048 D/WVR_Foveated( 2179): Foveated rendering is not supported.
10-11 16:03:39.049 E/mm-camera( 836): 2232: aec_process_calc_current_hist_metered_luma: error: out of range, exit
10-11 16:03:39.050 I/svr ( 2179): FPS: 65.74
10-11 16:03:39.058 D/WVR_Foveated( 2179): Foveated rendering is not supported.
10-11 16:03:39.072 D/WVR_Foveated( 2179): Foveated rendering is not supported.
10-11 16:03:39.081 E/mm-camera( 836): 2232: aec_process_calc_current_hist_metered_luma: error: out of range, exit
10-11 16:03:39.086 D/WVR_Foveated( 2179): Foveated rendering is not supported.
10-11 16:03:39.088 D/SVR_HMD ( 2388): SvrHmdDevice.java:onSensorChanged(281) SvrHmdDevice, onSensorChanged, sensor.getType() = 1, ACCELER: X = 2.4112854, Y = 9.382645, Z = 1.0547638
10-11 16:03:39.089 D/SVR_HMD ( 2388): SvrHmdDevice.java:onSensorChanged(273) SvrHmdDevice, onSensorChanged, sensor.getType() = 4, GYRO: AxisX = -0.023803711, AxisY = -0.01322937, AxisZ = -0.029388428
10-11 16:03:39.094 D/ArmModel( 2179): ArmModel getArmedPose(2) 1, 1
10-11 16:03:39.094 D/ArmModel( 2179): Dev(0)LHOVHMDPos LOCKED : (-0.248709,0.151024,-0.041834)
10-11 16:03:39.094 D/ArmModel( 2179): Dev(2)ctrllerXYRotationRadio : 0.348233 elbowCurveLerpValue = 0.519647
10-11 16:03:39.094 D/ArmModel( 2179): Dev(2)quatCtrllerXYRot : (-0.022586,-0.519639,0.000000,0.854087)
10-11 16:03:39.094 D/ArmModel( 2179): Dev(2)quatCtrllerXYLerpRot : (-0.012189,-0.280436,0.000000,0.959795)
10-11 16:03:39.094 D/ArmModel( 2179): Dev(2)elbowOffset : (-0.074768,-0.528707,0.045186)
10-11 16:03:39.094 D/ArmModel( 2179): Dev(2)wristOffset : (-0.198747,-0.525443,0.129557)
10-11 16:03:39.094 D/ArmModel( 2179): Dev(2)ctrllerOffset : (-0.243129,-0.523514,0.152503)
10-11 16:03:39.094 D/ArmModel( 2179): Dev(2)finalCtrlPos : (-0.243129,-0.523514,-0.152503)
10-11 16:03:39.099 D/WaveVR_Resource( 2179): getSystemLanguage, ret language = zh
10-11 16:03:39.099 D/WaveVR_Resource( 2179): getSystemCountry, ret country = CN
10-11 16:03:39.100 D/WVR_Foveated( 2179): Foveated rendering is not supported.
10-11 16:03:39.112 D/WVR_Foveated( 2179): Foveated rendering is not supported.
10-11 16:03:39.116 E/mm-camera( 836): 2232: aec_process_calc_current_hist_metered_luma: error: out of range, exit
10-11 16:03:39.126 D/WVR_Foveated( 2179): Foveated rendering is not supported.
10-11 16:03:39.139 D/WVR_Foveated( 2179): Foveated rendering is not supported.
10-11 16:03:39.149 E/mm-camera( 836): 2232: aec_process_calc_current_hist_metered_luma: error: out of range, exit
10-11 16:03:39.153 D/WVR_Foveated( 2179): Foveated rendering is not supported.
10-11 16:03:39.161 D/ArmModel( 2179): ArmModel getArmedPose(3) 0, 1
10-11 16:03:39.166 D/WVR_Foveated( 2179): Foveated rendering is not supported.
10-11 16:03:39.180 D/WVR_Foveated( 2179): Foveated rendering is not supported.
10-11 16:03:39.183 E/mm-camera( 836): 2232: aec_process_calc_current_hist_metered_luma: error: out of range, exit
10-11 16:03:39.194 D/WVR_Foveated( 2179): Foveated rendering is not supported.
10-11 16:03:39.207 D/WVR_Foveated( 2179): Foveated rendering is not supported.
10-11 16:03:39.209 I/[vrbledevice]Finch3DofController[0]( 2129): updatePose: timeStamp(129714414326), Euler:[-111.59338,-0.51509,177.78880] Quat:[0.00713,0.56209,-0.01848,0.82684] Acc:[0.04726,-0.01137,1.21669] Gyro:[0.13715,-0.05113,3.56248]
10-11 16:03:39.216 E/mm-camera( 836): 2232: aec_process_calc_current_hist_metered_luma: error: out of range, exit
10-11 16:03:39.219 D/WVR_Foveated( 2179): Foveated rendering is not supported.
10-11 16:03:39.237 D/WVR_Foveated( 2179): Foveated rendering is not supported.
10-11 16:03:39.246 D/WVR_Foveated( 2179): Foveated rendering is not supported.
10-11 16:03:39.248 E/mm-camera( 836): 2232: aec_process_calc_current_hist_metered_luma: error: out of range, exit
10-11 16:03:39.260 D/WVR_Foveated( 2179): Foveated rendering is not supported.
10-11 16:03:39.273 D/WVR_Foveated( 2179): Foveated rendering is not supported.
10-11 16:03:39.282 E/mm-camera( 836): 2232: aec_process_calc_current_hist_metered_luma: error: out of range, exit
10-11 16:03:39.286 D/WVR_Foveated( 2179): Foveated rendering is not supported.
10-11 16:03:39.299 D/WVR_Foveated( 2179): Foveated rendering is not supported.
10-11 16:03:39.308 I/POSE ( 2179): GetSyncPose pose_hmd_1 CV(s1f0) om0 6DoF 1vw_t0o0 (0.0000) XYZ -0.2653 0.1644 0.0159 YPR 33.2091 -8.4321 13.1300 ; Wxyz 0.9518 -0.0374 0.2751 0.1301 ; RAW XYZ 0.2653 -0.1644 -0.0159 Wxyz 0.9518 0.0374 -0.2751 -0.1301 ; LVel -0.004 0.003 0.001 LAc -0.00 -0.00 -0.00 AngV -0.003 0.010 0.021 AngAc -0.00 -0.00 -0.00 ; TS129809879797 15.64ms GetPoseState
10-11 16:03:39.314 D/WVR_Foveated( 2179): Foveated rendering is not supported.
10-11 16:03:39.317 E/mm-camera( 836): 2232: aec_process_calc_current_hist_metered_luma: error: out of range, exit
10-11 16:03:39.327 D/WVR_Foveated( 2179): Foveated rendering is not supported.
10-11 16:03:39.334 I/ArmModel( 2179): Dev(0)LHOVHMDPos : (-0.265386,0.164439,-0.015820)
10-11 16:03:39.339 D/WVR_Foveated( 2179): Foveated rendering is not supported.
10-11 16:03:39.348 I/SVRI ( 2179): GetPoseState svr_hmd_1 tm3(3) Quality Pose/Camera/Sensor 0.88 1.00 1.00 ; lost 0 ; TS129849827297
10-11 16:03:39.350 E/mm-camera( 836): 2232: aec_process_calc_current_hist_metered_luma: error: out of range, exit
10-11 16:03:39.354 D/WVR_Foveated( 2179): Foveated rendering is not supported.
10-11 16:03:39.366 D/WVR_Foveated( 2179): Foveated rendering is not supported.
10-11 16:03:39.375 I/POSE ( 2179): GetSyncPose pose_clr_2 CV(s1f0) om0 3DoF 1vw_t0o0 (0.0000) XYZ -0.2431 -0.5235 -0.1525 YPR -91.6506 177.7889 -0.5151 ; Wxyz 0.0102 0.6968 -0.0170 0.7170 ; RAW XYZ 0.0000 0.0000 0.0000 Wxyz 0.0102 0.6968 -0.0170 0.7170 ; LVel 0.000 0.000 0.000 LAc 0.05 -0.01 1.21 AngV 0.137 -0.051 3.562 AngAc 0.00 0.00 0.00 ; TS129879296582 0.00ms GetPoseState
10-11 16:03:39.380 D/WVR_Foveated( 2179): Foveated rendering is not supported.
10-11 16:03:39.383 E/mm-camera( 836): 2232: aec_process_calc_current_hist_metered_luma: error: out of range, exit
10-11 16:03:39.393 D/WVR_Foveated( 2179): Foveated rendering is not supported.
10-11 16:03:39.407 D/WVR_Foveated( 2179): Foveated rendering is not supported.
10-11 16:03:39.416 E/mm-camera( 836): 2232: aec_process_calc_current_hist_metered_luma: error: out of range, exit
10-11 16:03:39.420 D/WVR_Foveated( 2179): Foveated rendering is not supported.
10-11 16:03:39.438 D/WVR_Foveated( 2179): Foveated rendering is not supported.
10-11 16:03:39.447 E/mm-camera( 836): 2232: aec_process_calc_current_hist_metered_luma: error: out of range, exit
10-11 16:03:39.448 D/WVR_Foveated( 2179): Foveated rendering is not supported.
10-11 16:03:39.459 D/WVR_Foveated( 2179): Foveated rendering is not supported.
10-11 16:03:39.473 D/WVR_Foveated( 2179): Foveated rendering is not supported.
10-11 16:03:39.481 E/mm-camera( 836): 2232: aec_process_calc_current_hist_metered_luma: error: out of range, exit
10-11 16:03:39.487 D/WVR_Foveated( 2179): Foveated rendering is not supported.
10-11 16:03:39.500 D/WVR_Foveated( 2179): Foveated rendering is not supported.
10-11 16:03:39.514 E/mm-camera( 836): 2232: aec_process_calc_current_hist_metered_luma: error: out of range, exit
10-11 16:03:39.515 D/WVR_Foveated( 2179): Foveated rendering is not supported.
10-11 16:03:39.527 D/WVR_Foveated( 2179): Foveated rendering is not supported.
10-11 16:03:39.540 D/WVR_Foveated( 2179): Foveated rendering is not supported.
10-11 16:03:39.547 E/mm-camera( 836): 2232: aec_process_calc_current_hist_metered_luma: error: out of range, exit
10-11 16:03:39.554 D/WVR_Foveated( 2179): Foveated rendering is not supported.
10-11 16:03:39.567 D/WVR_Foveated( 2179): Foveated rendering is not supported.
10-11 16:03:39.580 D/WVR_Foveated( 2179): Foveated rendering is not supported.
10-11 16:03:39.584 E/mm-camera( 836): 2232: aec_process_calc_current_hist_metered_luma: error: out of range, exit
10-11 16:03:39.585 D/SVR_HMD ( 2388): SvrHmdDevice.java:onSensorChanged(281) SvrHmdDevice, onSensorChanged, sensor.getType() = 1, ACCELER: X = 2.4402466, Y = 9.35437, Z = 1.0665588
10-11 16:03:39.586 D/SVR_HMD ( 2388): SvrHmdDevice.java:onSensorChanged(273) SvrHmdDevice, onSensorChanged, sensor.getType() = 4, GYRO: AxisX = 0.012420654, AxisY = 0.017669678, AxisZ = 0.011627197
10-11 16:03:39.594 D/WVR_Foveated( 2179): Foveated rendering is not supported.
10-11 16:03:39.607 D/WVR_Foveated( 2179): Foveated rendering is not supported.
10-11 16:03:39.615 I/WVRFoveat( 2179): FovText: eye 0 s 0 id 73 0 mode 2 1 enable 1 0 support 0
10-11 16:03:39.616 E/mm-camera( 836): 2232: aec_process_calc_current_hist_metered_luma: error: out of range, exit
10-11 16:03:39.619 I/WVRFoveat( 2179): FovText: eye 1 s 0 id 76 0 mode 2 1 enable 1 0 support 0
10-11 16:03:39.620 D/WVR_Foveated( 2179): Foveated rendering is not supported.
10-11 16:03:39.638 D/WVR_Foveated( 2179): Foveated rendering is not supported.
10-11 16:03:39.647 E/mm-camera( 836): 2232: aec_process_calc_current_hist_metered_luma: error: out of range, exit
10-11 16:03:39.648 D/WVR_Foveated( 2179): Foveated rendering is not supported.
10-11 16:03:39.655 D/ArmModel( 2179): ArmModel getArmedPose(2) 1, 1
10-11 16:03:39.655 D/ArmModel( 2179): Dev(0)LHOVHMDPos LOCKED : (-0.248709,0.151024,-0.041834)
10-11 16:03:39.655 D/ArmModel( 2179): Dev(2)ctrllerXYRotationRadio : 0.348233 elbowCurveLerpValue = 0.519647
10-11 16:03:39.655 D/ArmModel( 2179): Dev(2)quatCtrllerXYRot : (-0.022586,-0.519639,0.000000,0.854087)
10-11 16:03:39.655 D/ArmModel( 2179): Dev(2)quatCtrllerXYLerpRot : (-0.012189,-0.280436,0.000000,0.959795)
10-11 16:03:39.655 D/ArmModel( 2179): Dev(2)elbowOffset : (-0.074768,-0.528707,0.045186)
10-11 16:03:39.655 D/ArmModel( 2179): Dev(2)wristOffset : (-0.198747,-0.525443,0.129557)
10-11 16:03:39.655 D/ArmModel( 2179): Dev(2)ctrllerOffset : (-0.243129,-0.523514,0.152503)
10-11 16:03:39.655 D/ArmModel( 2179): Dev(2)finalCtrlPos : (-0.243129,-0.523514,-0.152503)
10-11 16:03:39.661 D/WVR_Foveated( 2179): Foveated rendering is not supported.
10-11 16:03:39.674 D/WVR_Foveated( 2179): Foveated rendering is not supported.
10-11 16:03:39.683 E/mm-camera( 836): 2232: aec_process_calc_current_hist_metered_luma: error: out of range, exit
10-11 16:03:39.688 D/WVR_Foveated( 2179): Foveated rendering is not supported.
10-11 16:03:39.700 D/WVR_Foveated( 2179): Foveated rendering is not supported.
10-11 16:03:39.703 I/ipdmonitor( 2388): ipd = 659
10-11 16:03:39.714 D/WVR_Foveated( 2179): Foveated rendering is not supported.
10-11 16:03:39.717 E/mm-camera( 836): 2232: aec_process_calc_current_hist_metered_luma: error: out of range, exit
10-11 16:03:39.722 D/ArmModel( 2179): ArmModel getArmedPose(3) 0, 1
10-11 16:03:39.728 D/WVR_Foveated( 2179): Foveated rendering is not supported.
10-11 16:03:39.740 D/WVR_Foveated( 2179): Foveated rendering is not supported.
10-11 16:03:39.750 E/mm-camera( 836): 2232: aec_process_calc_current_hist_metered_luma: error: out of range, exit
10-11 16:03:39.754 D/WVR_Foveated( 2179): Foveated rendering is not supported.
10-11 16:03:39.767 D/WVR_Foveated( 2179): Foveated rendering is not supported.
10-11 16:03:39.781 E/mm-camera( 836): 2232: aec_process_calc_current_hist_metered_luma: error: out of range, exit
10-11 16:03:39.781 D/WaveVR_Resource( 2179): getSystemLanguage, ret language = zh
10-11 16:03:39.781 D/WaveVR_Resource( 2179): getSystemCountry, ret country = CN
10-11 16:03:39.781 D/WVR_Foveated( 2179): Foveated rendering is not supported.
10-11 16:03:39.794 D/WVR_Foveated( 2179): Foveated rendering is not supported.
10-11 16:03:39.807 D/WVR_Foveated( 2179): Foveated rendering is not supported.
10-11 16:03:39.817 E/mm-camera( 836): 2232: aec_process_calc_current_hist_metered_luma: error: out of range, exit
10-11 16:03:39.821 D/WVR_Foveated( 2179): Foveated rendering is not supported.
10-11 16:03:39.839 D/WVR_Foveated( 2179): Foveated rendering is not supported.
10-11 16:03:39.848 E/mm-camera( 836): 2232: aec_process_calc_current_hist_metered_luma: error: out of range, exit
10-11 16:03:39.849 D/WVR_Foveated( 2179): Foveated rendering is not supported.
10-11 16:03:39.856 I/POSE ( 2179): GetSyncPose pose_hmd_1 CV(s1f0) om0 6DoF 1vw_t0o0 (0.0000) XYZ -0.2662 0.1649 0.0150 YPR 33.2971 -8.4542 13.2453 ; Wxyz 0.9515 -0.0372 0.2757 0.1312 ; RAW XYZ 0.2662 -0.1649 -0.0150 Wxyz 0.9515 0.0372 -0.2757 -0.1312 ; LVel -0.009 0.002 0.002 LAc -0.00 -0.00 -0.00 AngV 0.027 -0.006 0.019 AngAc -0.00 -0.00 -0.00 ; TS130358158599 15.82ms GetPoseState
10-11 16:03:39.861 D/WVR_Foveated( 2179): Foveated rendering is not supported.
10-11 16:03:39.874 D/WVR_Foveated( 2179): Foveated rendering is not supported.
10-11 16:03:39.883 E/mm-camera( 836): 2232: aec_process_calc_current_hist_metered_luma: error: out of range, exit
10-11 16:03:39.888 D/WVR_Foveated( 2179): Foveated rendering is not supported.
10-11 16:03:39.896 I/SVRI ( 2179): GetPoseState svr_hmd_1 tm3(3) Quality Pose/Camera/Sensor 0.92 1.00 1.00 ; lost 0 ; TS130398075579
10-11 16:03:39.896 I/ArmModel( 2179): Dev(0)LHOVHMDPos : (-0.266412,0.164990,-0.015026)
10-11 16:03:39.901 D/WVR_Foveated( 2179): Foveated rendering is not supported.
10-11 16:03:39.914 E/mm-camera( 836): 2232: aec_process_calc_current_hist_metered_luma: error: out of range, exit
10-11 16:03:39.915 D/WVR_Foveated( 2179): Foveated rendering is not supported.
10-11 16:03:39.922 I/POSE ( 2179): GetSyncPose pose_clr_2 CV(s1f0) om0 3DoF 1vw_t0o0 (0.0000) XYZ -0.2431 -0.5235 -0.1525 YPR -91.6506 177.7889 -0.5151 ; Wxyz 0.0102 0.6968 -0.0170 0.7170 ; RAW XYZ 0.0000 0.0000 0.0000 Wxyz 0.0102 0.6968 -0.0170 0.7170 ; LVel 0.000 0.000 0.000 LAc 0.04 -0.01 1.21 AngV 0.137 -0.051 3.562 AngAc 0.00 0.00 0.00 ; TS130426986324 0.00ms GetPoseState
10-11 16:03:39.928 D/WVR_Foveated( 2179): Foveated rendering is not supported.
10-11 16:03:39.941 D/WVR_Foveated( 2179): Foveated rendering is not supported.
10-11 16:03:39.948 E/mm-camera( 836): 2232: aec_process_calc_current_hist_metered_luma: error: out of range, exit
10-11 16:03:39.954 D/WVR_Foveated( 2179): Foveated rendering is not supported.
10-11 16:03:39.957 D/RRClientDetector( 2179): Supported : false
10-11 16:03:39.960 I/ViveportM( 2179): VRCheck.CheckInternet.101: VRGameFunction-VRCheck-CheckInternet, Have Internet
10-11 16:03:39.961 D/RRClientDetector( 2179): Supported : false
10-11 16:03:39.974 D/WVR_Foveated( 2179): Foveated rendering is not supported.
10-11 16:03:39.984 E/mm-camera( 836): 2232: aec_process_calc_current_hist_metered_luma: error: out of range, exit
10-11 16:03:39.994 D/WVR_Foveated( 2179): Foveated rendering is not supported.
10-11 16:03:40.008 D/WVR_Foveated( 2179): Foveated rendering is not supported.
10-11 16:03:40.017 E/mm-camera( 836): 2232: aec_process_calc_current_hist_metered_luma: error: out of range, exit
10-11 16:03:40.021 D/WVR_Foveated( 2179): Foveated rendering is not supported.
10-11 16:03:40.039 D/WVR_Foveated( 2179): Foveated rendering is not supported.
10-11 16:03:40.048 D/WVR_Foveated( 2179): Foveated rendering is not supported.
10-11 16:03:40.051 E/mm-camera( 836): 2232: aec_process_calc_current_hist_metered_luma: error: out of range, exit
10-11 16:03:40.061 D/WVR_Foveated( 2179): Foveated rendering is not supported.
10-11 16:03:40.064 I/svr ( 2179): FPS: 73.96
10-11 16:03:40.075 D/WVR_Foveated( 2179): Foveated rendering is not supported.
10-11 16:03:40.083 D/SVR_HMD ( 2388): SvrHmdDevice.java:onSensorChanged(273) SvrHmdDevice, onSensorChanged, sensor.getType() = 4, GYRO: AxisX = 0.030014038, AxisY = 0.072525024, AxisZ = 0.054244995
10-11 16:03:40.084 D/SVR_HMD ( 2388): SvrHmdDevice.java:onSensorChanged(281) SvrHmdDevice, onSensorChanged, sensor.getType() = 1, ACCELER: X = 2.5690613, Y = 9.510788, Z = 1.1777191
10-11 16:03:40.084 E/mm-camera( 836): 2232: aec_process_calc_current_hist_metered_luma: error: out of range, exit
10-11 16:03:40.089 D/WVR_Foveated( 2179): Foveated rendering is not supported.
10-11 16:03:40.101 D/WVR_Foveated( 2179): Foveated rendering is not supported.
10-11 16:03:40.115 E/mm-camera( 836): 2232: aec_process_calc_current_hist_metered_luma: error: out of range, exit
10-11 16:03:40.115 D/WVR_Foveated( 2179): Foveated rendering is not supported.
10-11 16:03:40.128 D/WVR_Foveated( 2179): Foveated rendering is not supported.
10-11 16:03:40.149 E/mm-camera( 836): 2232: aec_process_calc_current_hist_metered_luma: error: out of range, exit
10-11 16:03:40.176 D/WVR_Foveated( 2179): Foveated rendering is not supported.
10-11 16:03:40.183 E/mm-camera( 836): 2232: aec_process_calc_current_hist_metered_luma: error: out of range, exit
10-11 16:03:40.195 D/WVR_Foveated( 2179): Foveated rendering is not supported.
10-11 16:03:40.211 D/WVR_Foveated( 2179): Foveated rendering is not supported.
10-11 16:03:40.213 I/[vrbledevice]Finch3DofController[0]( 2129): updatePose: timeStamp(130719080884), Euler:[-111.59338,-0.51509,177.78880] Quat:[0.00713,0.56209,-0.01848,0.82684] Acc:[0.05025,-0.01017,1.20831] Gyro:[0.13715,-0.05113,3.56248]
10-11 16:03:40.217 E/mm-camera( 836): 2232: aec_process_calc_current_hist_metered_luma: error: out of range, exit
10-11 16:03:40.222 D/WVR_Foveated( 2179): Foveated rendering is not supported.
10-11 16:03:40.240 D/WVR_Foveated( 2179): Foveated rendering is not supported.
10-11 16:03:40.250 E/mm-camera( 836): 2232: aec_process_calc_current_hist_metered_luma: error: out of range, exit
10-11 16:03:40.250 D/WVR_Foveated( 2179): Foveated rendering is not supported.
10-11 16:03:40.263 D/WVR_Foveated( 2179): Foveated rendering is not supported.
10-11 16:03:40.270 D/ArmModel( 2179): ArmModel getArmedPose(2) 1, 1
10-11 16:03:40.270 D/ArmModel( 2179): Dev(0)LHOVHMDPos LOCKED : (-0.248709,0.151024,-0.041834)
10-11 16:03:40.270 D/ArmModel( 2179): Dev(2)ctrllerXYRotationRadio : 0.348233 elbowCurveLerpValue = 0.519647
10-11 16:03:40.270 D/ArmModel( 2179): Dev(2)quatCtrllerXYRot : (-0.022586,-0.519639,0.000000,0.854087)
10-11 16:03:40.270 D/ArmModel( 2179): Dev(2)quatCtrllerXYLerpRot : (-0.012189,-0.280436,0.000000,0.959795)
10-11 16:03:40.270 D/ArmModel( 2179): Dev(2)elbowOffset : (-0.074768,-0.528707,0.045186)
10-11 16:03:40.270 D/ArmModel( 2179): Dev(2)wristOffset : (-0.198747,-0.525443,0.129557)
10-11 16:03:40.270 D/ArmModel( 2179): Dev(2)ctrllerOffset : (-0.243129,-0.523514,0.152503)
10-11 16:03:40.270 D/ArmModel( 2179): Dev(2)finalCtrlPos : (-0.243129,-0.523514,-0.152503)
10-11 16:03:40.276 D/WVR_Foveated( 2179): Foveated rendering is not supported.
10-11 16:03:40.283 E/mm-camera( 836): 2232: aec_process_calc_current_hist_metered_luma: error: out of range, exit
10-11 16:03:40.290 D/WVR_Foveated( 2179): Foveated rendering is not supported.
10-11 16:03:40.302 D/WVR_Foveated( 2179): Foveated rendering is not supported.
10-11 16:03:40.316 D/WVR_Foveated( 2179): Foveated rendering is not supported.
10-11 16:03:40.317 E/mm-camera( 836): 2232: aec_process_calc_current_hist_metered_luma: error: out of range, exit
10-11 16:03:40.329 D/WVR_Foveated( 2179): Foveated rendering is not supported.
10-11 16:03:40.337 W/SVRI ( 2179): M2P SVRWRA invalid_pose 11/s, under6dof_pose 11/s
10-11 16:03:40.338 D/ArmModel( 2179): ArmModel getArmedPose(3) 0, 1
10-11 16:03:40.342 D/WVR_Foveated( 2179): Foveated rendering is not supported.
10-11 16:03:40.350 E/mm-camera( 836): 2232: aec_process_calc_current_hist_metered_luma: error: out of range, exit
10-11 16:03:40.356 D/WVR_Foveated( 2179): Foveated rendering is not supported.
10-11 16:03:40.369 D/WVR_Foveated( 2179): Foveated rendering is not supported.
10-11 16:03:40.383 D/WVR_Foveated( 2179): Foveated rendering is not supported.
10-11 16:03:40.384 E/mm-camera( 836): 2232: aec_process_calc_current_hist_metered_luma: error: out of range, exit
10-11 16:03:40.396 D/WVR_Foveated( 2179): Foveated rendering is not supported.
10-11 16:03:40.409 D/WVR_Foveated( 2179): Foveated rendering is not supported.
10-11 16:03:40.417 E/mm-camera( 836): 2232: aec_process_calc_current_hist_metered_luma: error: out of range, exit
10-11 16:03:40.423 D/WVR_Foveated( 2179): Foveated rendering is not supported.
10-11 16:03:40.441 D/WVR_Foveated( 2179): Foveated rendering is not supported.
10-11 16:03:40.448 E/mm-camera( 836): 2232: aec_process_calc_current_hist_metered_luma: error: out of range, exit
10-11 16:03:40.450 D/WVR_Foveated( 2179): Foveated rendering is not supported.
10-11 16:03:40.457 I/POSE ( 2179): GetSyncPose pose_hmd_1 CV(s1f0) om0 6DoF 1vw_t0o0 (0.0000) XYZ -0.2652 0.1641 0.0138 YPR 34.3998 -8.0774 13.2008 ; Wxyz 0.9490 -0.0329 0.2853 0.1302 ; RAW XYZ 0.2652 -0.1641 -0.0138 Wxyz 0.9490 0.0329 -0.2853 -0.1302 ; LVel -0.022 0.003 0.000 LAc -0.00 -0.00 -0.00 AngV 0.078 0.146 0.026 AngAc -0.00 -0.00 -0.00 ; TS130959324381 15.54ms GetPoseState
10-11 16:03:40.463 D/WVR_Foveated( 2179): Foveated rendering is not supported.
10-11 16:03:40.476 D/WVR_Foveated( 2179): Foveated rendering is not supported.
10-11 16:03:40.483 E/mm-camera( 836): 2232: aec_process_calc_current_hist_metered_luma: error: out of range, exit
10-11 16:03:40.490 D/WVR_Foveated( 2179): Foveated rendering is not supported.
10-11 16:03:40.497 I/SVRI ( 2179): GetPoseState svr_hmd_1 tm3(3) Quality Pose/Camera/Sensor 0.78 1.00 1.00 ; lost 0 ; TS130999271881
10-11 16:03:40.502 D/WVR_Foveated( 2179): Foveated rendering is not supported.
10-11 16:03:40.511 I/ArmModel( 2179): Dev(0)LHOVHMDPos : (-0.266123,0.164291,-0.012858)
10-11 16:03:40.516 E/mm-camera( 836): 2232: aec_process_calc_current_hist_metered_luma: error: out of range, exit
10-11 16:03:40.517 D/WaveVR_Resource( 2179): getSystemLanguage, ret language = zh
10-11 16:03:40.517 D/WaveVR_Resource( 2179): getSystemCountry, ret country = CN
10-11 16:03:40.518 D/WVR_Foveated( 2179): Foveated rendering is not supported.
10-11 16:03:40.524 I/POSE ( 2179): GetSyncPose pose_clr_2 CV(s1f0) om0 3DoF 1vw_t0o0 (0.0000) XYZ -0.2431 -0.5235 -0.1525 YPR -91.6506 177.7889 -0.5151 ; Wxyz 0.0102 0.6968 -0.0170 0.7170 ; RAW XYZ 0.0000 0.0000 0.0000 Wxyz 0.0102 0.6968 -0.0170 0.7170 ; LVel 0.000 0.000 0.000 LAc 0.05 -0.01 1.20 AngV 0.137 -0.051 3.562 AngAc 0.00 0.00 0.00 ; TS131026981957 0.00ms GetPoseState
10-11 16:03:40.530 D/WVR_Foveated( 2179): Foveated rendering is not supported.
10-11 16:03:40.542 D/WVR_Foveated( 2179): Foveated rendering is not supported.
10-11 16:03:40.550 E/mm-camera( 836): 2232: aec_process_calc_current_hist_metered_luma: error: out of range, exit
10-11 16:03:40.557 D/WVR_Foveated( 2179): Foveated rendering is not supported.
10-11 16:03:40.569 D/WVR_Foveated( 2179): Foveated rendering is not supported.
10-11 16:03:40.579 D/SVR_HMD ( 2388): SvrHmdDevice.java:onSensorChanged(281) SvrHmdDevice, onSensorChanged, sensor.getType() = 1, ACCELER: X = 2.841751, Y = 9.190033, Z = 0.97566223
10-11 16:03:40.582 D/SVR_HMD ( 2388): SvrHmdDevice.java:onSensorChanged(273) SvrHmdDevice, onSensorChanged, sensor.getType() = 4, GYRO: AxisX = -0.01473999, AxisY = -0.07022095, AxisZ = 0.014297485
10-11 16:03:40.583 D/WVR_Foveated( 2179): Foveated rendering is not supported.
10-11 16:03:40.584 E/mm-camera( 836): 2232: aec_process_calc_current_hist_metered_luma: error: out of range, exit
10-11 16:03:40.596 D/WVR_Foveated( 2179): Foveated rendering is not supported.
10-11 16:03:40.610 D/WVR_Foveated( 2179): Foveated rendering is not supported.
10-11 16:03:40.617 E/mm-camera( 836): 2232: aec_process_calc_current_hist_metered_luma: error: out of range, exit
10-11 16:03:40.623 D/WVR_Foveated( 2179): Foveated rendering is not supported.
10-11 16:03:40.641 D/WVR_Foveated( 2179): Foveated rendering is not supported.
10-11 16:03:40.648 E/mm-camera( 836): 2232: aec_process_calc_current_hist_metered_luma: error: out of range, exit
10-11 16:03:40.651 D/WVR_Foveated( 2179): Foveated rendering is not supported.
10-11 16:03:40.663 D/WVR_Foveated( 2179): Foveated rendering is not supported.
10-11 16:03:40.676 D/WVR_Foveated( 2179): Foveated rendering is not supported.
10-11 16:03:40.679 D/WVR_Foveated( 2179): LateUpdate: !isEnabled || !useValuesInInspector || Instance != this
10-11 16:03:40.683 E/mm-camera( 836): 2232: aec_process_calc_current_hist_metered_luma: error: out of range, exit
10-11 16:03:40.685 D/WVR_Render( 2179): RenderLoop() is still running
10-11 16:03:40.685 D/WVR_WaveVR( 2179): UpdateEachFrame()
10-11 16:03:40.685 D/WVR_WaveVR( 2179): UpdateEachFrame() device HMD is connected, pose is valid, pos: {-0.2655616, 0.1640863, -0.0103535}, rot: {0.0332792, -0.2816038, 0.1322665, 0.9497881}
10-11 16:03:40.685 D/WVR_WaveVR( 2179): UpdateEachFrame() device controller right is connected, pose is valid, pos: {-0.2431288, -0.5235139, 0.1525031}, rot: {-0.6967742, 0.01697043, 0.7170169, 0.01022243}
10-11 16:03:40.685 D/WVR_WaveVR( 2179): UpdateEachFrame() device controller left is disconnected, pose is invalid, pos: {0, 0, 0}, rot: {0, 0, 0, 0}
10-11 16:03:40.685 D/WVR_WaveVR( 2179): UpdateEachFrame() after new pose.
10-11 16:03:40.685 D/WVR_TexMngr( 2179): Get texture from queue
10-11 16:03:40.685 D/WVR_TexMngr( 2179): Get texture from queue
10-11 16:03:40.685 D/WVR_Render( 2179): Render_WVR_Eye_Left
10-11 16:03:40.687 D/WVR_Render( 2179): Render_WVR_Eye_Right
10-11 16:03:40.689 D/WVR_Render( 2179): End of frame
10-11 16:03:40.690 D/WaveVR_InputModuleManager( 2179): updateInteractionModeAndGazeTriggerType() OverrideSystemSettings is true.
10-11 16:03:40.690 D/WaveVR_InputModuleManager( 2179): updateInteractionModeAndGazeTriggerType() InteractionMode_System is controller.
10-11 16:03:40.691 D/WaveVR_InputModuleManager( 2179): updateInteractionModeAndGazeTriggerType() InteractionMode_User is controller.
10-11 16:03:40.691 D/WaveVR_InputModuleManager( 2179): updateInteractionModeAndGazeTriggerType() gazeTriggerType_System is timeout.
10-11 16:03:40.691 D/WaveVR_InputModuleManager( 2179): updateInteractionModeAndGazeTriggerType() gazeTriggerType_User is button.
10-11 16:03:40.691 D/WaveVR_ControllerInstanceManager( 2179): Controller instance: 1, Focus controller: WVR_DeviceType_Controller_Right, enable single beam: True
10-11 16:03:40.691 D/WaveVR_PoseTrackerManager( 2179): Update() Dominant, showTrackedObject is true.
10-11 16:03:40.691 D/WaveVR_PoseTrackerManager( 2179): Update() Dominant, Update() GameObject MIA_Ctrl is active.
10-11 16:03:40.691 D/WaveVR_PoseTrackerManager( 2179): Update() Dominant, Update() GameObject BeamR is active.
10-11 16:03:40.691 D/WaveVR_PoseTrackerManager( 2179): Update() Dominant, Update() GameObject ControllerPointerR is active.
