10-11 16:03:50.516 D/WVR_Foveated( 2179): Foveated rendering is not supported.
10-11 16:03:50.520 E/mm-camera( 836): 2232: aec_process_calc_current_hist_metered_luma: error: out of range, exit
10-11 16:03:50.528 D/SVR_HMD ( 2388): SvrHmdDevice.java:onSensorChanged(281) SvrHmdDevice, onSensorChanged, sensor.getType() = 1, ACCELER: X = 2.3441925, Y = 9.389328, Z = 0.90823364
10-11 16:03:50.528 D/WVR_Foveated( 2179): Foveated rendering is not supported.
10-11 16:03:50.530 D/SVR_HMD ( 2388): SvrHmdDevice.java:onSensorChanged(273) SvrHmdDevice, onSensorChanged, sensor.getType() = 4, GYRO: AxisX = 0.0049743652, AxisY = 0.01020813, AxisZ = -0.013946533
10-11 16:03:50.536 I/POSE ( 2179): GetSyncPose pose_hmd_1 CV(s1f0) om0 6DoF 1vw_t0o0 (0.0000) XYZ -0.2690 0.1630 0.0208 YPR 32.1991 -7.2703 12.0977 ; Wxyz 0.9554 -0.0314 0.2688 0.1185 ; RAW XYZ 0.2690 -0.1630 -0.0208 Wxyz 0.9554 0.0314 -0.2688 -0.1185 ; LVel -0.001 0.000 0.003 LAc -0.00 -0.00 -0.00 AngV 0.007 0.023 -0.001 AngAc -0.00 -0.00 -0.00 ; TS141038548027 15.49ms GetPoseState
10-11 16:03:50.541 D/WVR_Foveated( 2179): Foveated rendering is not supported.
10-11 16:03:50.554 D/WVR_Foveated( 2179): Foveated rendering is not supported.
10-11 16:03:50.555 E/mm-camera( 836): 2232: aec_process_calc_current_hist_metered_luma: error: out of range, exit
10-11 16:03:50.568 D/WVR_Foveated( 2179): Foveated rendering is not supported.
10-11 16:03:50.576 I/SVRI ( 2179): GetPoseState svr_hmd_1 tm3(3) Quality Pose/Camera/Sensor 1.00 1.00 1.00 ; lost 0 ; TS141078526047
10-11 16:03:50.581 D/WVR_Foveated( 2179): Foveated rendering is not supported.
10-11 16:03:50.587 E/mm-camera( 836): 2232: aec_process_calc_current_hist_metered_luma: error: out of range, exit
10-11 16:03:50.589 D/ArmModel( 2179): ArmModel getArmedPose(2) 1, 1
10-11 16:03:50.589 D/ArmModel( 2179): Dev(0)LHOVHMDPos LOCKED : (-0.269550,0.162642,-0.019637)
10-11 16:03:50.589 D/ArmModel( 2179): Dev(2)ctrllerXYRotationRadio : 0.326999 elbowCurveLerpValue = 0.515400
10-11 16:03:50.589 D/ArmModel( 2179): Dev(2)quatCtrllerXYRot : (-0.021774,-0.490875,0.000000,0.870958)
10-11 16:03:50.589 D/ArmModel( 2179): Dev(2)quatCtrllerXYLerpRot : (-0.011602,-0.261568,0.000000,0.965115)
10-11 16:03:50.589 D/ArmModel( 2179): Dev(2)elbowOffset : (-0.103978,-0.517433,0.082590)
10-11 16:03:50.589 D/ArmModel( 2179): Dev(2)wristOffset : (-0.232951,-0.514261,0.159114)
10-11 16:03:50.589 D/ArmModel( 2179): Dev(2)ctrllerOffset : (-0.275704,-0.512365,0.184971)
10-11 16:03:50.589 D/ArmModel( 2179): Dev(2)finalCtrlPos : (-0.275704,-0.512365,-0.184971)
10-11 16:03:50.595 D/WVR_Foveated( 2179): Foveated rendering is not supported.
10-11 16:03:50.603 I/POSE ( 2179): GetSyncPose pose_clr_2 CV(s1f0) om0 3DoF 1vw_t0o0 (0.0000) XYZ -0.2757 -0.5124 -0.1850 YPR -90.3755 177.8259 -1.2840 ; Wxyz 0.0054 0.7048 -0.0214 0.7091 ; RAW XYZ 0.0000 0.0000 0.0000 Wxyz 0.0054 0.7048 -0.0214 0.7091 ; LVel 0.000 0.000 0.000 LAc 0.04 -0.03 1.21 AngV 0.009 -0.004 -0.010 AngAc 0.00 0.00 0.00 ; TS141106861659 0.00ms GetPoseState
10-11 16:03:50.608 D/WVR_Foveated( 2179): Foveated rendering is not supported.
10-11 16:03:50.622 D/WVR_Foveated( 2179): Foveated rendering is not supported.
10-11 16:03:50.622 E/mm-camera( 836): 2232: aec_process_calc_current_hist_metered_luma: error: out of range, exit
10-11 16:03:50.634 D/WVR_Foveated( 2179): Foveated rendering is not supported.
10-11 16:03:50.648 D/WVR_Foveated( 2179): Foveated rendering is not supported.
10-11 16:03:50.656 E/mm-camera( 836): 2232: aec_process_calc_current_hist_metered_luma: error: out of range, exit
10-11 16:03:50.656 D/ArmModel( 2179): ArmModel getArmedPose(3) 0, 1
10-11 16:03:50.662 D/WVR_Foveated( 2179): Foveated rendering is not supported.
10-11 16:03:50.675 D/WVR_Foveated( 2179): Foveated rendering is not supported.
10-11 16:03:50.689 D/WVR_Foveated( 2179): Foveated rendering is not supported.
10-11 16:03:50.689 E/mm-camera( 836): 2232: aec_process_calc_current_hist_metered_luma: error: out of range, exit
10-11 16:03:50.706 D/WVR_Foveated( 2179): Foveated rendering is not supported.
10-11 16:03:50.715 D/WVR_Foveated( 2179): Foveated rendering is not supported.
10-11 16:03:50.717 I/ipdmonitor( 2388): ipd = 659
10-11 16:03:50.720 E/mm-camera( 836): 2232: aec_process_calc_current_hist_metered_luma: error: out of range, exit
10-11 16:03:50.728 D/WVR_Foveated( 2179): Foveated rendering is not supported.
10-11 16:03:50.741 D/WVR_Foveated( 2179): Foveated rendering is not supported.
10-11 16:03:50.754 E/mm-camera( 836): 2232: aec_process_calc_current_hist_metered_luma: error: out of range, exit
10-11 16:03:50.755 D/WVR_Foveated( 2179): Foveated rendering is not supported.
10-11 16:03:50.768 D/WVR_Foveated( 2179): Foveated rendering is not supported.
10-11 16:03:50.782 D/WVR_Foveated( 2179): Foveated rendering is not supported.
10-11 16:03:50.787 E/mm-camera( 836): 2232: aec_process_calc_current_hist_metered_luma: error: out of range, exit
10-11 16:03:50.795 D/WVR_Foveated( 2179): Foveated rendering is not supported.
10-11 16:03:50.809 D/WVR_Foveated( 2179): Foveated rendering is not supported.
10-11 16:03:50.820 E/mm-camera( 836): 2232: aec_process_calc_current_hist_metered_luma: error: out of range, exit
10-11 16:03:50.822 D/WVR_Foveated( 2179): Foveated rendering is not supported.
10-11 16:03:50.830 I/ArmModel( 2179): Dev(0)LHOVHMDPos : (-0.268075,0.162904,-0.021287)
10-11 16:03:50.835 D/WVR_Foveated( 2179): Foveated rendering is not supported.
10-11 16:03:50.849 D/WVR_Foveated( 2179): Foveated rendering is not supported.
10-11 16:03:50.855 E/mm-camera( 836): 2232: aec_process_calc_current_hist_metered_luma: error: out of range, exit
10-11 16:03:50.862 D/WVR_Foveated( 2179): Foveated rendering is not supported.
10-11 16:03:50.876 D/WVR_Foveated( 2179): Foveated rendering is not supported.
10-11 16:03:50.889 E/mm-camera( 836): 2232: aec_process_calc_current_hist_metered_luma: error: out of range, exit
10-11 16:03:50.889 D/WVR_Foveated( 2179): Foveated rendering is not supported.
10-11 16:03:50.906 D/WVR_Foveated( 2179): Foveated rendering is not supported.
10-11 16:03:50.915 D/WVR_Foveated( 2179): Foveated rendering is not supported.
10-11 16:03:50.921 E/mm-camera( 836): 2232: aec_process_calc_current_hist_metered_luma: error: out of range, exit
10-11 16:03:50.929 D/WVR_Foveated( 2179): Foveated rendering is not supported.
10-11 16:03:50.942 D/WVR_Foveated( 2179): Foveated rendering is not supported.
10-11 16:03:50.956 E/mm-camera( 836): 2232: aec_process_calc_current_hist_metered_luma: error: out of range, exit
10-11 16:03:50.956 D/WaveVR_Resource( 2179): getSystemLanguage, ret language = zh
10-11 16:03:50.956 D/WaveVR_Resource( 2179): getSystemCountry, ret country = CN
10-11 16:03:50.957 D/WVR_Foveated( 2179): Foveated rendering is not supported.
10-11 16:03:50.970 D/WVR_Foveated( 2179): Foveated rendering is not supported.
10-11 16:03:50.982 D/WVR_Foveated( 2179): Foveated rendering is not supported.
10-11 16:03:50.987 E/mm-camera( 836): 2232: aec_process_calc_current_hist_metered_luma: error: out of range, exit
10-11 16:03:50.996 D/WVR_Foveated( 2179): Foveated rendering is not supported.
10-11 16:03:51.009 D/WVR_Foveated( 2179): Foveated rendering is not supported.
10-11 16:03:51.010 W/perfd ( 666): type=1400 audit(0.0:47): avc: denied { signull } for scontext=u:r:perfd:s0 tcontext=u:r:qvrd:s0 tclass=process permissive=0
10-11 16:03:51.022 E/mm-camera( 836): 2232: aec_process_calc_current_hist_metered_luma: error: out of range, exit
10-11 16:03:51.023 D/WVR_Foveated( 2179): Foveated rendering is not supported.
10-11 16:03:51.026 D/SVR_HMD ( 2388): SvrHmdDevice.java:onSensorChanged(281) SvrHmdDevice, onSensorChanged, sensor.getType() = 1, ACCELER: X = 2.2373505, Y = 9.499588, Z = 0.9396057
10-11 16:03:51.027 D/SVR_HMD ( 2388): SvrHmdDevice.java:onSensorChanged(273) SvrHmdDevice, onSensorChanged, sensor.getType() = 4, GYRO: AxisX = -3.6621094E-4, AxisY = -0.032409668, AxisZ = 0.015365601
10-11 16:03:51.036 D/WVR_Foveated( 2179): Foveated rendering is not supported.
10-11 16:03:51.049 D/WVR_Foveated( 2179): Foveated rendering is not supported.
10-11 16:03:51.055 E/mm-camera( 836): 2232: aec_process_calc_current_hist_metered_luma: error: out of range, exit
10-11 16:03:51.063 D/WVR_Foveated( 2179): Foveated rendering is not supported.
10-11 16:03:51.076 D/WVR_Foveated( 2179): Foveated rendering is not supported.
10-11 16:03:51.084 I/POSE ( 2179): GetSyncPose pose_hmd_1 CV(s1f0) om0 6DoF 1vw_t0o0 (0.0000) XYZ -0.2687 0.1631 0.0211 YPR 31.8080 -7.2281 12.0435 ; Wxyz 0.9563 -0.0316 0.2656 0.1179 ; RAW XYZ 0.2687 -0.1631 -0.0211 Wxyz 0.9563 0.0316 -0.2656 -0.1179 ; LVel -0.005 0.003 0.001 LAc -0.00 -0.00 -0.00 AngV -0.010 -0.013 -0.030 AngAc -0.00 -0.00 -0.00 ; TS141585850266 15.76ms GetPoseState
10-11 16:03:51.087 E/mm-camera( 836): 2232: aec_process_calc_current_hist_metered_luma: error: out of range, exit
10-11 16:03:51.090 D/WVR_Foveated( 2179): Foveated rendering is not supported.
10-11 16:03:51.104 I/svr ( 2179): FPS: 74.85
10-11 16:03:51.107 D/WVR_Foveated( 2179): Foveated rendering is not supported.
10-11 16:03:51.116 D/WVR_Foveated( 2179): Foveated rendering is not supported.
10-11 16:03:51.123 E/mm-camera( 836): 2232: aec_process_calc_current_hist_metered_luma: error: out of range, exit
10-11 16:03:51.124 I/SVRI ( 2179): GetPoseState svr_hmd_1 tm3(3) Quality Pose/Camera/Sensor 1.00 1.00 1.00 ; lost 0 ; TS141626774329
10-11 16:03:51.130 D/WVR_Foveated( 2179): Foveated rendering is not supported.
10-11 16:03:51.142 D/WVR_Foveated( 2179): Foveated rendering is not supported.
10-11 16:03:51.151 D/ArmModel( 2179): ArmModel getArmedPose(2) 1, 1
10-11 16:03:51.151 D/ArmModel( 2179): Dev(0)LHOVHMDPos LOCKED : (-0.269550,0.162642,-0.019637)
10-11 16:03:51.151 D/ArmModel( 2179): Dev(2)ctrllerXYRotationRadio : 0.326999 elbowCurveLerpValue = 0.515400
10-11 16:03:51.151 D/ArmModel( 2179): Dev(2)quatCtrllerXYRot : (-0.021774,-0.490875,0.000000,0.870958)
10-11 16:03:51.151 D/ArmModel( 2179): Dev(2)quatCtrllerXYLerpRot : (-0.011602,-0.261568,0.000000,0.965115)
10-11 16:03:51.151 D/ArmModel( 2179): Dev(2)elbowOffset : (-0.103978,-0.517433,0.082590)
10-11 16:03:51.151 D/ArmModel( 2179): Dev(2)wristOffset : (-0.232951,-0.514261,0.159114)
10-11 16:03:51.151 D/ArmModel( 2179): Dev(2)ctrllerOffset : (-0.275704,-0.512365,0.184971)
10-11 16:03:51.151 D/ArmModel( 2179): Dev(2)finalCtrlPos : (-0.275704,-0.512365,-0.184971)
10-11 16:03:51.151 I/POSE ( 2179): GetSyncPose pose_clr_2 CV(s1f0) om0 3DoF 1vw_t0o0 (0.0000) XYZ -0.2757 -0.5124 -0.1850 YPR -90.3755 177.8259 -1.2840 ; Wxyz 0.0054 0.7048 -0.0214 0.7091 ; RAW XYZ 0.0000 0.0000 0.0000 Wxyz 0.0054 0.7048 -0.0214 0.7091 ; LVel 0.000 0.000 0.000 LAc 0.05 -0.03 1.21 AngV 0.009 -0.004 -0.010 AngAc 0.00 0.00 0.00 ; TS141646533535 0.00ms GetPoseState
10-11 16:03:51.155 E/mm-camera( 836): 2232: aec_process_calc_current_hist_metered_luma: error: out of range, exit
10-11 16:03:51.157 D/WVR_Foveated( 2179): Foveated rendering is not supported.
10-11 16:03:51.169 D/WVR_Foveated( 2179): Foveated rendering is not supported.
10-11 16:03:51.182 D/WVR_Foveated( 2179): Foveated rendering is not supported.
10-11 16:03:51.189 E/mm-camera( 836): 2232: aec_process_calc_current_hist_metered_luma: error: out of range, exit
10-11 16:03:51.196 D/WVR_Foveated( 2179): Foveated rendering is not supported.
10-11 16:03:51.210 D/WVR_Foveated( 2179): Foveated rendering is not supported.
10-11 16:03:51.218 D/ArmModel( 2179): ArmModel getArmedPose(3) 0, 1
10-11 16:03:51.221 E/mm-camera( 836): 2232: aec_process_calc_current_hist_metered_luma: error: out of range, exit
10-11 16:03:51.223 D/WVR_Foveated( 2179): Foveated rendering is not supported.
10-11 16:03:51.230 I/[vrbledevice]Finch3DofController[0]( 2129): updatePose: timeStamp(141736223648), Euler:[-110.31831,-1.28396,177.82582] Quat:[0.00164,0.57133,-0.02197,0.82042] Acc:[0.04307,-0.02811,1.21728] Gyro:[0.00866,-0.00367,-0.00982]
10-11 16:03:51.236 D/WVR_Foveated( 2179): Foveated rendering is not supported.
10-11 16:03:51.250 D/WVR_Foveated( 2179): Foveated rendering is not supported.
10-11 16:03:51.255 E/mm-camera( 836): 2232: aec_process_calc_current_hist_metered_luma: error: out of range, exit
10-11 16:03:51.263 D/WVR_Foveated( 2179): Foveated rendering is not supported.
10-11 16:03:51.276 D/WVR_Foveated( 2179): Foveated rendering is not supported.
10-11 16:03:51.287 E/mm-camera( 836): 2232: aec_process_calc_current_hist_metered_luma: error: out of range, exit
10-11 16:03:51.290 D/WVR_Foveated( 2179): Foveated rendering is not supported.
10-11 16:03:51.308 D/WVR_Foveated( 2179): Foveated rendering is not supported.
10-11 16:03:51.316 D/WVR_Foveated( 2179): Foveated rendering is not supported.
10-11 16:03:51.320 E/mm-camera( 836): 2232: aec_process_calc_current_hist_metered_luma: error: out of range, exit
10-11 16:03:51.330 D/WVR_Foveated( 2179): Foveated rendering is not supported.
10-11 16:03:51.343 D/WVR_Foveated( 2179): Foveated rendering is not supported.
10-11 16:03:51.355 E/mm-camera( 836): 2232: aec_process_calc_current_hist_metered_luma: error: out of range, exit
10-11 16:03:51.357 D/WVR_Foveated( 2179): Foveated rendering is not supported.
10-11 16:03:51.370 D/WVR_Foveated( 2179): Foveated rendering is not supported.
10-11 16:03:51.383 D/WVR_Foveated( 2179): Foveated rendering is not supported.
10-11 16:03:51.387 E/mm-camera( 836): 2232: aec_process_calc_current_hist_metered_luma: error: out of range, exit
10-11 16:03:51.391 I/ArmModel( 2179): Dev(0)LHOVHMDPos : (-0.268607,0.162936,-0.021857)
10-11 16:03:51.397 D/WVR_Foveated( 2179): Foveated rendering is not supported.
10-11 16:03:51.410 D/WVR_Foveated( 2179): Foveated rendering is not supported.
10-11 16:03:51.421 E/mm-camera( 836): 2232: aec_process_calc_current_hist_metered_luma: error: out of range, exit
10-11 16:03:51.423 D/WVR_Foveated( 2179): Foveated rendering is not supported.
10-11 16:03:51.436 D/WVR_Foveated( 2179): Foveated rendering is not supported.
10-11 16:03:51.451 D/WVR_Foveated( 2179): Foveated rendering is not supported.
10-11 16:03:51.455 E/mm-camera( 836): 2232: aec_process_calc_current_hist_metered_luma: error: out of range, exit
10-11 16:03:51.463 D/WVR_Foveated( 2179): Foveated rendering is not supported.
10-11 16:03:51.477 D/WVR_Foveated( 2179): Foveated rendering is not supported.
10-11 16:03:51.490 E/mm-camera( 836): 2232: aec_process_calc_current_hist_metered_luma: error: out of range, exit
10-11 16:03:51.491 D/WVR_Foveated( 2179): Foveated rendering is not supported.
10-11 16:03:51.508 D/WVR_Foveated( 2179): Foveated rendering is not supported.
10-11 16:03:51.517 D/WVR_Foveated( 2179): Foveated rendering is not supported.
10-11 16:03:51.522 D/SVR_HMD ( 2388): SvrHmdDevice.java:onSensorChanged(273) SvrHmdDevice, onSensorChanged, sensor.getType() = 4, GYRO: AxisX = -0.012084961, AxisY = -0.00630188, AxisZ = 0.054779053
10-11 16:03:51.522 E/mm-camera( 836): 2232: aec_process_calc_current_hist_metered_luma: error: out of range, exit
10-11 16:03:51.524 D/SVR_HMD ( 2388): SvrHmdDevice.java:onSensorChanged(281) SvrHmdDevice, onSensorChanged, sensor.getType() = 1, ACCELER: X = 2.1617584, Y = 9.660309, Z = 0.8775635
10-11 16:03:51.531 D/WVR_Foveated( 2179): Foveated rendering is not supported.
10-11 16:03:51.543 D/WVR_Foveated( 2179): Foveated rendering is not supported.
10-11 16:03:51.554 E/mm-camera( 836): 2232: aec_process_calc_current_hist_metered_luma: error: out of range, exit
10-11 16:03:51.557 D/WVR_Foveated( 2179): Foveated rendering is not supported.
10-11 16:03:51.571 D/WVR_Foveated( 2179): Foveated rendering is not supported.
10-11 16:03:51.583 D/WVR_Foveated( 2179): Foveated rendering is not supported.
10-11 16:03:51.588 E/mm-camera( 836): 2232: aec_process_calc_current_hist_metered_luma: error: out of range, exit
10-11 16:03:51.597 D/WVR_Foveated( 2179): Foveated rendering is not supported.
10-11 16:03:51.611 D/WVR_Foveated( 2179): Foveated rendering is not supported.
10-11 16:03:51.622 E/mm-camera( 836): 2232: aec_process_calc_current_hist_metered_luma: error: out of range, exit
10-11 16:03:51.625 D/WVR_Foveated( 2179): Foveated rendering is not supported.
10-11 16:03:51.632 I/POSE ( 2179): GetSyncPose pose_hmd_1 CV(s1f0) om0 6DoF 1vw_t0o0 (0.0000) XYZ -0.2683 0.1637 0.0221 YPR 31.9143 -7.2581 12.2819 ; Wxyz 0.9559 -0.0312 0.2663 0.1199 ; RAW XYZ 0.2683 -0.1637 -0.0221 Wxyz 0.9559 0.0312 -0.2663 -0.1199 ; LVel 0.004 0.004 -0.006 LAc -0.00 -0.00 -0.00 AngV -0.012 0.026 -0.016 AngAc -0.00 -0.00 -0.00 ; TS142134068027 15.94ms GetPoseState
10-11 16:03:51.637 D/WaveVR_Resource( 2179): getSystemLanguage, ret language = zh
10-11 16:03:51.637 D/WaveVR_Resource( 2179): getSystemCountry, ret country = CN
10-11 16:03:51.637 D/WVR_Foveated( 2179): Foveated rendering is not supported.
10-11 16:03:51.646 I/WVRFoveat( 2179): FovText: eye 0 s 0 id 74 0 mode 2 1 enable 1 0 support 0
10-11 16:03:51.649 I/WVRFoveat( 2179): FovText: eye 1 s 0 id 77 0 mode 2 1 enable 1 0 support 0
10-11 16:03:51.651 D/WVR_Foveated( 2179): Foveated rendering is not supported.
10-11 16:03:51.655 E/mm-camera( 836): 2232: aec_process_calc_current_hist_metered_luma: error: out of range, exit
10-11 16:03:51.664 D/WVR_Foveated( 2179): Foveated rendering is not supported.
10-11 16:03:51.672 I/SVRI ( 2179): GetPoseState svr_hmd_1 tm3(3) Quality Pose/Camera/Sensor 1.00 1.00 1.00 ; lost 0 ; TS142173985006
10-11 16:03:51.678 D/WVR_Foveated( 2179): Foveated rendering is not supported.
10-11 16:03:51.689 E/mm-camera( 836): 2232: aec_process_calc_current_hist_metered_luma: error: out of range, exit
10-11 16:03:51.691 D/WVR_Foveated( 2179): Foveated rendering is not supported.
10-11 16:03:51.699 I/POSE ( 2179): GetSyncPose pose_clr_2 CV(s1f0) om0 3DoF 1vw_t0o0 (0.0000) XYZ -0.2757 -0.5124 -0.1850 YPR -90.3755 177.8259 -1.2840 ; Wxyz 0.0054 0.7048 -0.0214 0.7091 ; RAW XYZ 0.0000 0.0000 0.0000 Wxyz 0.0054 0.7048 -0.0214 0.7091 ; LVel 0.000 0.000 0.000 LAc 0.05 -0.03 1.21 AngV 0.009 -0.004 -0.010 AngAc 0.00 0.00 0.00 ; TS142201824841 0.00ms GetPoseState
10-11 16:03:51.709 D/WVR_Foveated( 2179): Foveated rendering is not supported.
10-11 16:03:51.712 D/ArmModel( 2179): ArmModel getArmedPose(2) 1, 1
10-11 16:03:51.712 D/ArmModel( 2179): Dev(0)LHOVHMDPos LOCKED : (-0.269550,0.162642,-0.019637)
10-11 16:03:51.712 D/ArmModel( 2179): Dev(2)ctrllerXYRotationRadio : 0.326999 elbowCurveLerpValue = 0.515400
10-11 16:03:51.712 D/ArmModel( 2179): Dev(2)quatCtrllerXYRot : (-0.021774,-0.490875,0.000000,0.870958)
10-11 16:03:51.712 D/ArmModel( 2179): Dev(2)quatCtrllerXYLerpRot : (-0.011602,-0.261568,0.000000,0.965115)
10-11 16:03:51.713 D/ArmModel( 2179): Dev(2)elbowOffset : (-0.103978,-0.517433,0.082590)
10-11 16:03:51.713 D/ArmModel( 2179): Dev(2)wristOffset : (-0.232951,-0.514261,0.159114)
10-11 16:03:51.713 D/ArmModel( 2179): Dev(2)ctrllerOffset : (-0.275704,-0.512365,0.184971)
10-11 16:03:51.713 D/ArmModel( 2179): Dev(2)finalCtrlPos : (-0.275704,-0.512365,-0.184971)
10-11 16:03:51.719 D/WVR_Foveated( 2179): Foveated rendering is not supported.
10-11 16:03:51.720 I/ipdmonitor( 2388): ipd = 659
10-11 16:03:51.723 E/mm-camera( 836): 2232: aec_process_calc_current_hist_metered_luma: error: out of range, exit
10-11 16:03:51.730 D/viveport( 2179): new(120.787) Ck: Update/s=73.22
10-11 16:03:51.731 D/viveport( 2179): Swipe.Upd#stat(0.022)0.017~0.058:367
10-11 16:03:51.731 D/WVR_Foveated( 2179): Foveated rendering is not supported.
10-11 16:03:51.734 D/viveport( 2179): Update#stat(4.493)3.301~13.228:367
10-11 16:03:51.744 D/WVR_Foveated( 2179): Foveated rendering is not supported.
10-11 16:03:51.756 E/mm-camera( 836): 2232: aec_process_calc_current_hist_metered_luma: error: out of range, exit
10-11 16:03:51.758 D/WVR_Foveated( 2179): Foveated rendering is not supported.
10-11 16:03:51.771 D/WVR_Foveated( 2179): Foveated rendering is not supported.
10-11 16:03:51.779 D/ArmModel( 2179): ArmModel getArmedPose(3) 0, 1
10-11 16:03:51.785 D/WVR_Foveated( 2179): Foveated rendering is not supported.
10-11 16:03:51.789 E/mm-camera( 836): 2232: aec_process_calc_current_hist_metered_luma: error: out of range, exit
10-11 16:03:51.798 D/WVR_Foveated( 2179): Foveated rendering is not supported.
10-11 16:03:51.811 D/WVR_Foveated( 2179): Foveated rendering is not supported.
10-11 16:03:51.823 E/mm-camera( 836): 2232: aec_process_calc_current_hist_metered_luma: error: out of range, exit
10-11 16:03:51.855 E/mm-camera( 836): 2232: aec_process_calc_current_hist_metered_luma: error: out of range, exit
10-11 16:03:51.856 D/WVR_Foveated( 2179): Foveated rendering is not supported.
10-11 16:03:51.877 D/WVR_Foveated( 2179): Foveated rendering is not supported.
10-11 16:03:51.890 E/mm-camera( 836): 2232: aec_process_calc_current_hist_metered_luma: error: out of range, exit
10-11 16:03:51.892 D/WVR_Foveated( 2179): Foveated rendering is not supported.
10-11 16:03:51.909 D/WVR_Foveated( 2179): Foveated rendering is not supported.
10-11 16:03:51.919 D/WVR_Foveated( 2179): Foveated rendering is not supported.
10-11 16:03:51.921 E/mm-camera( 836): 2232: aec_process_calc_current_hist_metered_luma: error: out of range, exit
10-11 16:03:51.931 D/WVR_Foveated( 2179): Foveated rendering is not supported.
10-11 16:03:51.944 D/WVR_Foveated( 2179): Foveated rendering is not supported.
10-11 16:03:51.947 D/RRClientDetector( 2179): Supported : false
10-11 16:03:51.950 I/ViveportM( 2179): VRCheck.CheckInternet.101: VRGameFunction-VRCheck-CheckInternet, Have Internet
10-11 16:03:51.951 D/RRClientDetector( 2179): Supported : false
10-11 16:03:51.956 E/mm-camera( 836): 2232: aec_process_calc_current_hist_metered_luma: error: out of range, exit
10-11 16:03:51.964 D/WVR_Foveated( 2179): Foveated rendering is not supported.
10-11 16:03:51.985 D/WVR_Foveated( 2179): Foveated rendering is not supported.
10-11 16:03:51.988 E/mm-camera( 836): 2232: aec_process_calc_current_hist_metered_luma: error: out of range, exit
10-11 16:03:51.998 D/WVR_Foveated( 2179): Foveated rendering is not supported.
10-11 16:03:52.006 I/ArmModel( 2179): Dev(0)LHOVHMDPos : (-0.267491,0.163652,-0.021415)
10-11 16:03:52.012 D/WVR_Foveated( 2179): Foveated rendering is not supported.
10-11 16:03:52.020 D/SVR_HMD ( 2388): SvrHmdDevice.java:onSensorChanged(281) SvrHmdDevice, onSensorChanged, sensor.getType() = 1, ACCELER: X = 2.3738403, Y = 9.420944, Z = 0.93429565
10-11 16:03:52.022 D/SVR_HMD ( 2388): SvrHmdDevice.java:onSensorChanged(273) SvrHmdDevice, onSensorChanged, sensor.getType() = 4, GYRO: AxisX = -0.0014190674, AxisY = -0.007369995, AxisZ = -0.01020813
10-11 16:03:52.023 E/mm-camera( 836): 2232: aec_process_calc_current_hist_metered_luma: error: out of range, exit
10-11 16:03:52.025 D/WVR_Foveated( 2179): Foveated rendering is not supported.
10-11 16:03:52.038 D/WVR_Foveated( 2179): Foveated rendering is not supported.
10-11 16:03:52.052 D/WVR_Foveated( 2179): Foveated rendering is not supported.
10-11 16:03:52.055 E/mm-camera( 836): 2232: aec_process_calc_current_hist_metered_luma: error: out of range, exit
10-11 16:03:52.065 D/WVR_Foveated( 2179): Foveated rendering is not supported.
10-11 16:03:52.078 D/WVR_Foveated( 2179): Foveated rendering is not supported.
10-11 16:03:52.090 E/mm-camera( 836): 2232: aec_process_calc_current_hist_metered_luma: error: out of range, exit
10-11 16:03:52.092 D/WVR_Foveated( 2179): Foveated rendering is not supported.
10-11 16:03:52.108 I/svr ( 2179): FPS: 70.79
10-11 16:03:52.110 D/WVR_Foveated( 2179): Foveated rendering is not supported.
10-11 16:03:52.119 D/WVR_Foveated( 2179): Foveated rendering is not supported.
10-11 16:03:52.124 E/mm-camera( 836): 2232: aec_process_calc_current_hist_metered_luma: error: out of range, exit
10-11 16:03:52.132 D/WVR_Foveated( 2179): Foveated rendering is not supported.
10-11 16:03:52.146 D/WVR_Foveated( 2179): Foveated rendering is not supported.
10-11 16:03:52.156 E/mm-camera( 836): 2232: aec_process_calc_current_hist_metered_luma: error: out of range, exit
10-11 16:03:52.159 D/WVR_Foveated( 2179): Foveated rendering is not supported.
10-11 16:03:52.172 D/WVR_Foveated( 2179): Foveated rendering is not supported.
10-11 16:03:52.186 D/WVR_Foveated( 2179): Foveated rendering is not supported.
10-11 16:03:52.189 E/mm-camera( 836): 2232: aec_process_calc_current_hist_metered_luma: error: out of range, exit
10-11 16:03:52.199 D/WVR_Foveated( 2179): Foveated rendering is not supported.
10-11 16:03:52.212 D/WVR_Foveated( 2179): Foveated rendering is not supported.
10-11 16:03:52.221 I/[vrbledevice]Finch3DofController[0]( 2129): updatePose: timeStamp(142726689893), Euler:[-110.31831,-1.28396,177.82582] Quat:[0.00164,0.57133,-0.02197,0.82042] Acc:[0.04667,-0.02931,1.19994] Gyro:[0.00866,-0.00367,-0.00982]
10-11 16:03:52.224 E/mm-camera( 836): 2232: aec_process_calc_current_hist_metered_luma: error: out of range, exit
10-11 16:03:52.225 D/WVR_Foveated( 2179): Foveated rendering is not supported.
10-11 16:03:52.234 I/POSE ( 2179): GetSyncPose pose_hmd_1 CV(s1f0) om0 6DoF 1vw_t0o0 (0.0000) XYZ -0.2673 0.1636 0.0216 YPR 31.6502 -7.3401 12.0991 ; Wxyz 0.9566 -0.0326 0.2641 0.1185 ; RAW XYZ 0.2673 -0.1636 -0.0216 Wxyz 0.9566 0.0326 -0.2641 -0.1185 ; LVel -0.002 -0.000 -0.003 LAc -0.00 -0.00 -0.00 AngV -0.009 -0.001 -0.033 AngAc -0.00 -0.00 -0.00 ; TS142736240891 15.72ms GetPoseState
10-11 16:03:52.239 D/WVR_Foveated( 2179): Foveated rendering is not supported.
10-11 16:03:52.253 D/WVR_Foveated( 2179): Foveated rendering is not supported.
10-11 16:03:52.257 E/mm-camera( 836): 2232: aec_process_calc_current_hist_metered_luma: error: out of range, exit
10-11 16:03:52.266 D/WVR_Foveated( 2179): Foveated rendering is not supported.
10-11 16:03:52.274 I/SVRI ( 2179): GetPoseState svr_hmd_1 tm3(3) Quality Pose/Camera/Sensor 1.00 1.00 1.00 ; lost 0 ; TS142776218912
10-11 16:03:52.280 D/WVR_Foveated( 2179): Foveated rendering is not supported.
10-11 16:03:52.290 E/mm-camera( 836): 2232: aec_process_calc_current_hist_metered_luma: error: out of range, exit
10-11 16:03:52.294 D/WVR_Foveated( 2179): Foveated rendering is not supported.
10-11 16:03:52.300 I/POSE ( 2179): GetSyncPose pose_clr_2 CV(s1f0) om0 3DoF 1vw_t0o0 (0.0000) XYZ -0.2757 -0.5124 -0.1850 YPR -90.3755 177.8259 -1.2840 ; Wxyz 0.0054 0.7048 -0.0214 0.7091 ; RAW XYZ 0.0000 0.0000 0.0000 Wxyz 0.0054 0.7048 -0.0214 0.7091 ; LVel 0.000 0.000 0.000 LAc 0.04 -0.02 1.24 AngV 0.009 -0.004 -0.010 AngAc 0.00 0.00 0.00 ; TS142802578182 0.00ms GetPoseState
10-11 16:03:52.310 D/WVR_Foveated( 2179): Foveated rendering is not supported.
10-11 16:03:52.319 D/WVR_Foveated( 2179): Foveated rendering is not supported.
10-11 16:03:52.322 E/mm-camera( 836): 2232: aec_process_calc_current_hist_metered_luma: error: out of range, exit
10-11 16:03:52.328 D/ArmModel( 2179): ArmModel getArmedPose(2) 1, 1
10-11 16:03:52.328 D/ArmModel( 2179): Dev(0)LHOVHMDPos LOCKED : (-0.269550,0.162642,-0.019637)
10-11 16:03:52.328 D/ArmModel( 2179): Dev(2)ctrllerXYRotationRadio : 0.326999 elbowCurveLerpValue = 0.515400
10-11 16:03:52.328 D/ArmModel( 2179): Dev(2)quatCtrllerXYRot : (-0.021774,-0.490875,0.000000,0.870958)
10-11 16:03:52.328 D/ArmModel( 2179): Dev(2)quatCtrllerXYLerpRot : (-0.011602,-0.261568,0.000000,0.965115)
10-11 16:03:52.328 D/ArmModel( 2179): Dev(2)elbowOffset : (-0.103978,-0.517433,0.082590)
10-11 16:03:52.328 D/ArmModel( 2179): Dev(2)wristOffset : (-0.232951,-0.514261,0.159114)
10-11 16:03:52.328 D/ArmModel( 2179): Dev(2)ctrllerOffset : (-0.275704,-0.512365,0.184971)
10-11 16:03:52.328 D/ArmModel( 2179): Dev(2)finalCtrlPos : (-0.275704,-0.512365,-0.184971)
10-11 16:03:52.333 D/WVR_Foveated( 2179): Foveated rendering is not supported.
10-11 16:03:52.346 D/WVR_Foveated( 2179): Foveated rendering is not supported.
10-11 16:03:52.356 E/mm-camera( 836): 2232: aec_process_calc_current_hist_metered_luma: error: out of range, exit
10-11 16:03:52.360 D/WVR_Foveated( 2179): Foveated rendering is not supported.
10-11 16:03:52.373 D/WaveVR_Resource( 2179): getSystemLanguage, ret language = zh
10-11 16:03:52.373 D/WaveVR_Resource( 2179): getSystemCountry, ret country = CN
10-11 16:03:52.373 D/WVR_Foveated( 2179): Foveated rendering is not supported.
10-11 16:03:52.386 D/WVR_Foveated( 2179): Foveated rendering is not supported.
10-11 16:03:52.391 E/mm-camera( 836): 2232: aec_process_calc_current_hist_metered_luma: error: out of range, exit
10-11 16:03:52.394 D/ArmModel( 2179): ArmModel getArmedPose(3) 0, 1
10-11 16:03:52.400 D/WVR_Foveated( 2179): Foveated rendering is not supported.
10-11 16:03:52.413 D/WVR_Foveated( 2179): Foveated rendering is not supported.
10-11 16:03:52.423 E/mm-camera( 836): 2232: aec_process_calc_current_hist_metered_luma: error: out of range, exit
10-11 16:03:52.426 D/WVR_Foveated( 2179): Foveated rendering is not supported.
10-11 16:03:52.439 D/WVR_Foveated( 2179): Foveated rendering is not supported.
10-11 16:03:52.453 D/WVR_Foveated( 2179): Foveated rendering is not supported.
10-11 16:03:52.456 E/mm-camera( 836): 2232: aec_process_calc_current_hist_metered_luma: error: out of range, exit
10-11 16:03:52.467 D/WVR_Foveated( 2179): Foveated rendering is not supported.
10-11 16:03:52.479 D/WVR_Foveated( 2179): Foveated rendering is not supported.
10-11 16:03:52.490 E/mm-camera( 836): 2232: aec_process_calc_current_hist_metered_luma: error: out of range, exit
10-11 16:03:52.493 D/WVR_Foveated( 2179): Foveated rendering is not supported.
10-11 16:03:52.511 D/WVR_Foveated( 2179): Foveated rendering is not supported.
10-11 16:03:52.517 D/SVR_HMD ( 2388): SvrHmdDevice.java:onSensorChanged(273) SvrHmdDevice, onSensorChanged, sensor.getType() = 4, GYRO: AxisX = -0.01473999, AxisY = -0.008972168, AxisZ = -0.0027618408
10-11 16:03:52.518 D/SVR_HMD ( 2388): SvrHmdDevice.java:onSensorChanged(281) SvrHmdDevice, onSensorChanged, sensor.getType() = 1, ACCELER: X = 2.217102, Y = 9.460815, Z = 0.9434662
10-11 16:03:52.520 D/WVR_Foveated( 2179): Foveated rendering is not supported.
10-11 16:03:52.522 E/mm-camera( 836): 2232: aec_process_calc_current_hist_metered_luma: error: out of range, exit
10-11 16:03:52.533 D/WVR_Foveated( 2179): Foveated rendering is not supported.
10-11 16:03:52.547 D/WVR_Foveated( 2179): Foveated rendering is not supported.
10-11 16:03:52.556 E/mm-camera( 836): 2232: aec_process_calc_current_hist_metered_luma: error: out of range, exit
10-11 16:03:52.560 D/WVR_Foveated( 2179): Foveated rendering is not supported.
10-11 16:03:52.568 I/ArmModel( 2179): Dev(0)LHOVHMDPos : (-0.266998,0.163699,-0.022520)
10-11 16:03:52.573 D/WVR_Foveated( 2179): Foveated rendering is not supported.
10-11 16:03:52.586 D/WVR_Foveated( 2179): Foveated rendering is not supported.
10-11 16:03:52.590 E/mm-camera( 836): 2232: aec_process_calc_current_hist_metered_luma: error: out of range, exit
10-11 16:03:52.599 D/WVR_Foveated( 2179): Foveated rendering is not supported.
10-11 16:03:52.614 D/WVR_Foveated( 2179): Foveated rendering is not supported.
10-11 16:03:52.623 E/mm-camera( 836): 2232: aec_process_calc_current_hist_metered_luma: error: out of range, exit
10-11 16:03:52.627 D/WVR_Foveated( 2179): Foveated rendering is not supported.
10-11 16:03:52.639 D/WVR_Foveated( 2179): Foveated rendering is not supported.
10-11 16:03:52.654 D/WVR_Foveated( 2179): Foveated rendering is not supported.
10-11 16:03:52.657 E/mm-camera( 836): 2232: aec_process_calc_current_hist_metered_luma: error: out of range, exit
10-11 16:03:52.667 D/WVR_Foveated( 2179): Foveated rendering is not supported.
10-11 16:03:52.679 D/WVR_Foveated( 2179): Foveated rendering is not supported.
10-11 16:03:52.690 E/mm-camera( 836): 2232: aec_process_calc_current_hist_metered_luma: error: out of range, exit
10-11 16:03:52.694 D/WVR_Foveated( 2179): Foveated rendering is not supported.
10-11 16:03:52.696 D/WVR_Foveated( 2179): LateUpdate: !isEnabled || !useValuesInInspector || Instance != this
10-11 16:03:52.701 D/WVR_Render( 2179): RenderLoop() is still running
10-11 16:03:52.701 D/WVR_WaveVR( 2179): UpdateEachFrame()
10-11 16:03:52.701 D/WVR_WaveVR( 2179): UpdateEachFrame() device HMD is connected, pose is valid, pos: {-0.2669444, 0.1638556, -0.02272543}, rot: {0.03262995, -0.2633396, 0.1199397, 0.9566619}
10-11 16:03:52.701 D/WVR_WaveVR( 2179): UpdateEachFrame() device controller right is connected, pose is valid, pos: {-0.2757038, -0.512365, 0.1849706}, rot: {-0.7047657, 0.02135373, 0.709098, 0.005423298}
10-11 16:03:52.702 D/WVR_WaveVR( 2179): UpdateEachFrame() device controller left is disconnected, pose is invalid, pos: {0, 0, 0}, rot: {0, 0, 0, 0}
10-11 16:03:52.702 D/WVR_WaveVR( 2179): UpdateEachFrame() after new pose.
10-11 16:03:52.702 D/WVR_TexMngr( 2179): Get texture from queue
10-11 16:03:52.702 D/WVR_TexMngr( 2179): Get texture from queue
10-11 16:03:52.702 D/WVR_Render( 2179): Render_WVR_Eye_Left
10-11 16:03:52.704 D/WVR_Render( 2179): Render_WVR_Eye_Right
10-11 16:03:52.705 D/WVR_Render( 2179): End of frame
10-11 16:03:52.712 D/WaveVR_InputModuleManager( 2179): updateInteractionModeAndGazeTriggerType() OverrideSystemSettings is true.
10-11 16:03:52.712 D/WaveVR_InputModuleManager( 2179): updateInteractionModeAndGazeTriggerType() InteractionMode_System is controller.
10-11 16:03:52.712 D/WaveVR_InputModuleManager( 2179): updateInteractionModeAndGazeTriggerType() InteractionMode_User is controller.
10-11 16:03:52.712 D/WaveVR_InputModuleManager( 2179): updateInteractionModeAndGazeTriggerType() gazeTriggerType_System is timeout.
10-11 16:03:52.712 D/WaveVR_InputModuleManager( 2179): updateInteractionModeAndGazeTriggerType() gazeTriggerType_User is button.
10-11 16:03:52.712 D/WaveVR_ControllerInstanceManager( 2179): Controller instance: 1, Focus controller: WVR_DeviceType_Controller_Right, enable single beam: True
10-11 16:03:52.712 D/WaveVR_PoseTrackerManager( 2179): Update() Dominant, showTrackedObject is true.
10-11 16:03:52.712 D/WaveVR_PoseTrackerManager( 2179): Update() Dominant, Update() GameObject MIA_Ctrl is active.
10-11 16:03:52.713 D/WaveVR_PoseTrackerManager( 2179): Update() Dominant, Update() GameObject BeamR is active.
10-11 16:03:52.713 D/WaveVR_PoseTrackerManager( 2179): Update() Dominant, Update() GameObject ControllerPointerR is active.
10-11 16:03:52.713 D/WaveVR_Beam( 2179): Dominant Update() BeamR is shown, start offset: 0.015, end offset: 9.5, start width: 0.000625, end width: 0.00125, start color: RGBA(255, 255, 255, 255), end color: RGBA(255, 255, 255, 77)
10-11 16:03:52.713 D/WaveVR_ControllerPointer( 2179): Dominant ControllerPointerR is hidden, pointer color: RGBA(1.000, 1.000, 1.000, 1.000), use texture: True, pointer outer diameter: 0.258224, pointer distance: 13.4112, render queue: 5000
10-11 16:03:52.713 D/WVR_Foveated( 2179): Waiting for graphic ready to enable foveated rendering.
10-11 16:03:52.713 D/WVR_Foveated( 2179): Foveated rendering is not supported.
10-11 16:03:52.722 I/ipdmonitor( 2388): ipd = 659
10-11 16:03:52.723 D/WVR_Foveated( 2179): Foveated rendering is not supported.
10-11 16:03:52.723 E/mm-camera( 836): 2232: aec_process_calc_current_hist_metered_luma: error: out of range, exit
10-11 16:03:52.733 D/WVR_Foveated( 2179): Foveated rendering is not supported.
10-11 16:03:52.747 D/WVR_Foveated( 2179): Foveated rendering is not supported.
10-11 16:03:52.757 E/mm-camera( 836): 2232: aec_process_calc_current_hist_metered_luma: error: out of range, exit
10-11 16:03:52.760 D/WVR_Foveated( 2179): Foveated rendering is not supported.
10-11 16:03:52.774 D/WVR_Foveated( 2179): Foveated rendering is not supported.
10-11 16:03:52.782 I/POSE ( 2179): GetSyncPose pose_hmd_1 CV(s1f0) om0 6DoF 1vw_t0o0 (0.0000) XYZ -0.2666 0.1639 0.0225 YPR 31.5502 -7.3713 12.2618 ; Wxyz 0.9567 -0.0325 0.2631 0.1199 ; RAW XYZ 0.2666 -0.1639 -0.0225 Wxyz 0.9567 0.0325 -0.2631 -0.1199 ; LVel 0.007 -0.000 -0.002 LAc -0.00 -0.00 -0.00 AngV 0.012 -0.019 0.009 AngAc -0.00 -0.00 -0.00 ; TS143284489172 15.58ms GetPoseState
10-11 16:03:52.787 D/WVR_Foveated( 2179): Foveated rendering is not supported.
10-11 16:03:52.790 E/mm-camera( 836): 2232: aec_process_calc_current_hist_metered_luma: error: out of range, exit
10-11 16:03:52.800 D/WVR_Foveated( 2179): Foveated rendering is not supported.
10-11 16:03:52.813 D/WVR_Foveated( 2179): Foveated rendering is not supported.
10-11 16:03:52.821 I/SVRI ( 2179): GetPoseState svr_hmd_1 tm3(3) Quality Pose/Camera/Sensor 1.00 1.00 1.00 ; lost 0 ; TS143323460110
10-11 16:03:52.822 E/mm-camera( 836): 2232: aec_process_calc_current_hist_metered_luma: error: out of range, exit
10-11 16:03:52.828 D/WVR_Foveated( 2179): Foveated rendering is not supported.
10-11 16:03:52.840 D/WVR_Foveated( 2179): Foveated rendering is not supported.
10-11 16:03:52.848 I/POSE ( 2179): GetSyncPose pose_clr_2 CV(s1f0) om0 3DoF 1vw_t0o0 (0.0000) XYZ -0.2757 -0.5124 -0.1850 YPR -90.3755 177.8259 -1.2840 ; Wxyz 0.0054 0.7048 -0.0214 0.7091 ; RAW XYZ 0.0000 0.0000 0.0000 Wxyz 0.0054 0.7048 -0.0214 0.7091 ; LVel 0.000 0.000 0.000 LAc 0.05 -0.04 1.19 AngV 0.009 -0.004 -0.010 AngAc 0.00 0.00 0.00 ; TS143342234121 0.00ms GetPoseState
10-11 16:03:52.854 D/WVR_Foveated( 2179): Foveated rendering is not supported.
10-11 16:03:52.855 E/mm-camera( 836): 2232: aec_process_calc_current_hist_metered_luma: error: out of range, exit
10-11 16:03:52.866 D/WifiStateMachine( 1447): handleMessage: E msg.what=131155
10-11 16:03:52.866 D/WifiStateMachine( 1447): processMsg: ConnectedState
10-11 16:03:52.866 D/WifiStateMachine( 1447): processMsg: L2ConnectedState
10-11 16:03:52.867 D/WVR_Foveated( 2179): Foveated rendering is not supported.
10-11 16:03:52.879 D/WifiStateMachine( 1447): CMD_RSSI_POLL: TxBytes = 641, RxBytes = 903
10-11 16:03:52.880 D/WifiStateMachine( 1447): handleMessage: X
10-11 16:03:52.880 D/WVR_Foveated( 2179): Foveated rendering is not supported.
10-11 16:03:52.888 D/ArmModel( 2179): ArmModel getArmedPose(2) 1, 1
10-11 16:03:52.888 D/ArmModel( 2179): Dev(0)LHOVHMDPos LOCKED : (-0.269550,0.162642,-0.019637)
10-11 16:03:52.888 D/ArmModel( 2179): Dev(2)ctrllerXYRotationRadio : 0.326999 elbowCurveLerpValue = 0.515400
10-11 16:03:52.888 D/ArmModel( 2179): Dev(2)quatCtrllerXYRot : (-0.021774,-0.490875,0.000000,0.870958)
10-11 16:03:52.888 D/ArmModel( 2179): Dev(2)quatCtrllerXYLerpRot : (-0.011602,-0.261568,0.000000,0.965115)
10-11 16:03:52.888 D/ArmModel( 2179): Dev(2)elbowOffset : (-0.103978,-0.517433,0.082590)
10-11 16:03:52.888 D/ArmModel( 2179): Dev(2)wristOffset : (-0.232951,-0.514261,0.159114)
10-11 16:03:52.888 D/ArmModel( 2179): Dev(2)ctrllerOffset : (-0.275704,-0.512365,0.184971)
10-11 16:03:52.888 D/ArmModel( 2179): Dev(2)finalCtrlPos : (-0.275704,-0.512365,-0.184971)
10-11 16:03:52.890 E/mm-camera( 836): 2232: aec_process_calc_current_hist_metered_luma: error: out of range, exit
10-11 16:03:52.894 D/WVR_Foveated( 2179): Foveated rendering is not supported.
10-11 16:03:52.912 D/WVR_Foveated( 2179): Foveated rendering is not supported.
10-11 16:03:52.922 D/WVR_Foveated( 2179): Foveated rendering is not supported.
10-11 16:03:52.923 E/mm-camera( 836): 2232: aec_process_calc_current_hist_metered_luma: error: out of range, exit
10-11 16:03:52.934 D/WVR_Foveated( 2179): Foveated rendering is not supported.
10-11 16:03:52.948 D/WVR_Foveated( 2179): Foveated rendering is not supported.
10-11 16:03:52.955 E/mm-camera( 836): 2232: aec_process_calc_current_hist_metered_luma: error: out of range, exit
10-11 16:03:52.955 D/ArmModel( 2179): ArmModel getArmedPose(3) 0, 1
10-11 16:03:52.961 D/WVR_Foveated( 2179): Foveated rendering is not supported.
10-11 16:03:52.974 D/WVR_Foveated( 2179): Foveated rendering is not supported.
10-11 16:03:52.988 D/WVR_Foveated( 2179): Foveated rendering is not supported.
10-11 16:03:52.988 E/mm-camera( 836): 2232: aec_process_calc_current_hist_metered_luma: error: out of range, exit
10-11 16:03:53.001 D/WVR_Foveated( 2179): Foveated rendering is not supported.
10-11 16:03:53.014 D/SVR_HMD ( 2388): SvrHmdDevice.java:onSensorChanged(273) SvrHmdDevice, onSensorChanged, sensor.getType() = 4, GYRO: AxisX = -0.038711548, AxisY = -0.019088745, AxisZ = -0.030456543
10-11 16:03:53.014 D/WVR_Foveated( 2179): Foveated rendering is not supported.
10-11 16:03:53.016 D/SVR_HMD ( 2388): SvrHmdDevice.java:onSensorChanged(281) SvrHmdDevice, onSensorChanged, sensor.getType() = 1, ACCELER: X = 2.3155212, Y = 9.503769, Z = 0.9868164
10-11 16:03:53.023 E/mm-camera( 836): 2232: aec_process_calc_current_hist_metered_luma: error: out of range, exit
10-11 16:03:53.028 D/WVR_Foveated( 2179): Foveated rendering is not supported.
10-11 16:03:53.041 D/WVR_Foveated( 2179): Foveated rendering is not supported.
10-11 16:03:53.055 D/WaveVR_Resource( 2179): getSystemLanguage, ret language = zh
10-11 16:03:53.055 D/WaveVR_Resource( 2179): getSystemCountry, ret country = CN
10-11 16:03:53.055 D/WVR_Foveated( 2179): Foveated rendering is not supported.
10-11 16:03:53.057 E/mm-camera( 836): 2232: aec_process_calc_current_hist_metered_luma: error: out of range, exit
10-11 16:03:53.068 D/WVR_Foveated( 2179): Foveated rendering is not supported.
10-11 16:03:53.080 D/WVR_Foveated( 2179): Foveated rendering is not supported.
10-11 16:03:53.091 E/mm-camera( 836): 2232: aec_process_calc_current_hist_metered_luma: error: out of range, exit
10-11 16:03:53.094 D/WVR_Foveated( 2179): Foveated rendering is not supported.
10-11 16:03:53.110 I/svr ( 2179): FPS: 74.78
10-11 16:03:53.113 D/WVR_Foveated( 2179): Foveated rendering is not supported.
10-11 16:03:53.123 D/WVR_Foveated( 2179): Foveated rendering is not supported.
10-11 16:03:53.124 E/mm-camera( 836): 2232: aec_process_calc_current_hist_metered_luma: error: out of range, exit
10-11 16:03:53.129 I/ArmModel( 2179): Dev(0)LHOVHMDPos : (-0.266766,0.164068,-0.022502)
10-11 16:03:53.135 D/WVR_Foveated( 2179): Foveated rendering is not supported.
10-11 16:03:53.148 D/WVR_Foveated( 2179): Foveated rendering is not supported.
10-11 16:03:53.158 E/mm-camera( 836): 2232: aec_process_calc_current_hist_metered_luma: error: out of range, exit
10-11 16:03:53.161 D/WVR_Foveated( 2179): Foveated rendering is not supported.
10-11 16:03:53.175 D/WVR_Foveated( 2179): Foveated rendering is not supported.
10-11 16:03:53.188 D/WVR_Foveated( 2179): Foveated rendering is not supported.
10-11 16:03:53.189 E/mm-camera( 836): 2232: aec_process_calc_current_hist_metered_luma: error: out of range, exit
10-11 16:03:53.201 D/WVR_Foveated( 2179): Foveated rendering is not supported.
10-11 16:03:53.215 D/WVR_Foveated( 2179): Foveated rendering is not supported.
10-11 16:03:53.223 E/mm-camera( 836): 2232: aec_process_calc_current_hist_metered_luma: error: out of range, exit
10-11 16:03:53.226 I/[vrbledevice]Finch3DofController[0]( 2129): updatePose: timeStamp(143732006399), Euler:[-110.31831,-1.28396,177.82582] Quat:[0.00164,0.57133,-0.02197,0.82042] Acc:[0.04486,-0.02632,1.22147] Gyro:[0.00866,-0.00367,-0.00982]
10-11 16:03:53.228 D/WVR_Foveated( 2179): Foveated rendering is not supported.
10-11 16:03:53.241 D/WVR_Foveated( 2179): Foveated rendering is not supported.
10-11 16:03:53.255 D/WVR_Foveated( 2179): Foveated rendering is not supported.
10-11 16:03:53.258 E/mm-camera( 836): 2232: aec_process_calc_current_hist_metered_luma: error: out of range, exit
10-11 16:03:53.268 D/WVR_Foveated( 2179): Foveated rendering is not supported.
10-11 16:03:53.281 D/WVR_Foveated( 2179): Foveated rendering is not supported.
10-11 16:03:53.288 E/mm-camera( 836): 2232: aec_process_calc_current_hist_metered_luma: error: out of range, exit
10-11 16:03:53.295 D/WVR_Foveated( 2179): Foveated rendering is not supported.
10-11 16:03:53.313 D/WVR_Foveated( 2179): Foveated rendering is not supported.
10-11 16:03:53.322 E/mm-camera( 836): 2232: aec_process_calc_current_hist_metered_luma: error: out of range, exit
10-11 16:03:53.322 D/WVR_Foveated( 2179): Foveated rendering is not supported.
10-11 16:03:53.330 I/POSE ( 2179): GetSyncPose pose_hmd_1 CV(s1f0) om0 6DoF 1vw_t0o0 (0.0000) XYZ -0.2661 0.1637 0.0234 YPR 31.1581 -7.5160 12.0669 ; Wxyz 0.9577 -0.0346 0.2599 0.1185 ; RAW XYZ 0.2661 -0.1637 -0.0234 Wxyz 0.9577 0.0346 -0.2599 -0.1185 ; LVel 0.004 -0.002 0.009 LAc -0.00 -0.00 -0.00 AngV 0.013 -0.016 -0.006 AngAc -0.00 -0.00 -0.00 ; TS143831760891 15.76ms GetPoseState
10-11 16:03:53.335 D/WVR_Foveated( 2179): Foveated rendering is not supported.
10-11 16:03:53.349 D/WVR_Foveated( 2179): Foveated rendering is not supported.
10-11 16:03:53.357 E/mm-camera( 836): 2232: aec_process_calc_current_hist_metered_luma: error: out of range, exit
10-11 16:03:53.361 D/WVR_Foveated( 2179): Foveated rendering is not supported.
10-11 16:03:53.370 I/SVRI ( 2179): GetPoseState svr_hmd_1 tm3(3) Quality Pose/Camera/Sensor 1.00 1.00 1.00 ; lost 0 ; TS143871677870
10-11 16:03:53.375 D/WVR_Foveated( 2179): Foveated rendering is not supported.
10-11 16:03:53.388 E/mm-camera( 836): 2232: aec_process_calc_current_hist_metered_luma: error: out of range, exit
10-11 16:03:53.389 D/WVR_Foveated( 2179): Foveated rendering is not supported.
10-11 16:03:53.397 I/POSE ( 2179): GetSyncPose pose_clr_2 CV(s1f0) om0 3DoF 1vw_t0o0 (0.0000) XYZ -0.2757 -0.5124 -0.1850 YPR -90.3755 177.8259 -1.2840 ; Wxyz 0.0054 0.7048 -0.0214 0.7091 ; RAW XYZ 0.0000 0.0000 0.0000 Wxyz 0.0054 0.7048 -0.0214 0.7091 ; LVel 0.000 0.000 0.000 LAc 0.05 -0.03 1.21 AngV 0.009 -0.004 -0.010 AngAc 0.00 0.00 0.00 ; TS143889489905 0.00ms GetPoseState
10-11 16:03:53.402 D/WVR_Foveated( 2179): Foveated rendering is not supported.
10-11 16:03:53.415 D/WVR_Foveated( 2179): Foveated rendering is not supported.
10-11 16:03:53.424 E/mm-camera( 836): 2232: aec_process_calc_current_hist_metered_luma: error: out of range, exit
10-11 16:03:53.429 D/WVR_Foveated( 2179): Foveated rendering is not supported.
10-11 16:03:53.442 D/WVR_Foveated( 2179): Foveated rendering is not supported.
10-11 16:03:53.450 D/ArmModel( 2179): ArmModel getArmedPose(2) 1, 1
10-11 16:03:53.450 D/ArmModel( 2179): Dev(0)LHOVHMDPos LOCKED : (-0.269550,0.162642,-0.019637)
10-11 16:03:53.450 D/ArmModel( 2179): Dev(2)ctrllerXYRotationRadio : 0.326999 elbowCurveLerpValue = 0.515400
10-11 16:03:53.450 D/ArmModel( 2179): Dev(2)quatCtrllerXYRot : (-0.021774,-0.490875,0.000000,0.870958)
10-11 16:03:53.450 D/ArmModel( 2179): Dev(2)quatCtrllerXYLerpRot : (-0.011602,-0.261568,0.000000,0.965115)
10-11 16:03:53.450 D/ArmModel( 2179): Dev(2)elbowOffset : (-0.103978,-0.517433,0.082590)
10-11 16:03:53.450 D/ArmModel( 2179): Dev(2)wristOffset : (-0.232951,-0.514261,0.159114)
10-11 16:03:53.450 D/ArmModel( 2179): Dev(2)ctrllerOffset : (-0.275704,-0.512365,0.184971)
10-11 16:03:53.450 D/ArmModel( 2179): Dev(2)finalCtrlPos : (-0.275704,-0.512365,-0.184971)
10-11 16:03:53.456 D/WVR_Foveated( 2179): Foveated rendering is not supported.
10-11 16:03:53.458 E/mm-camera( 836): 2232: aec_process_calc_current_hist_metered_luma: error: out of range, exit
10-11 16:03:53.469 D/WVR_Foveated( 2179): Foveated rendering is not supported.
10-11 16:03:53.481 D/WVR_Foveated( 2179): Foveated rendering is not supported.
10-11 16:03:53.489 E/mm-camera( 836): 2232: aec_process_calc_current_hist_metered_luma: error: out of range, exit
10-11 16:03:53.496 D/WVR_Foveated( 2179): Foveated rendering is not supported.
10-11 16:03:53.511 D/SVR_HMD ( 2388): SvrHmdDevice.java:onSensorChanged(281) SvrHmdDevice, onSensorChanged, sensor.getType() = 1, ACCELER: X = 2.3255615, Y = 9.490616, Z = 0.9485779
10-11 16:03:53.513 D/SVR_HMD ( 2388): SvrHmdDevice.java:onSensorChanged(273) SvrHmdDevice, onSensorChanged, sensor.getType() = 4, GYRO: AxisX = 0.0060424805, AxisY = 0.01713562, AxisZ = -0.041641235
10-11 16:03:53.514 D/WVR_Foveated( 2179): Foveated rendering is not supported.
10-11 16:03:53.518 D/ArmModel( 2179): ArmModel getArmedPose(3) 0, 1
10-11 16:03:53.523 D/WVR_Foveated( 2179): Foveated rendering is not supported.
10-11 16:03:53.525 E/mm-camera( 836): 2232: aec_process_calc_current_hist_metered_luma: error: out of range, exit
10-11 16:03:53.535 D/WVR_Foveated( 2179): Foveated rendering is not supported.
10-11 16:03:53.549 D/WVR_Foveated( 2179): Foveated rendering is not supported.
10-11 16:03:53.557 E/mm-camera( 836): 2232: aec_process_calc_current_hist_metered_luma: error: out of range, exit
10-11 16:03:53.562 D/WVR_Foveated( 2179): Foveated rendering is not supported.
10-11 16:03:53.575 D/WVR_Foveated( 2179): Foveated rendering is not supported.
10-11 16:03:53.590 D/WVR_Foveated( 2179): Foveated rendering is not supported.
10-11 16:03:53.591 E/mm-camera( 836): 2232: aec_process_calc_current_hist_metered_luma: error: out of range, exit
10-11 16:03:53.602 D/WVR_Foveated( 2179): Foveated rendering is not supported.
10-11 16:03:53.616 D/WVR_Foveated( 2179): Foveated rendering is not supported.
10-11 16:03:53.624 E/mm-camera( 836): 2232: aec_process_calc_current_hist_metered_luma: error: out of range, exit
10-11 16:03:53.630 D/WVR_Foveated( 2179): Foveated rendering is not supported.
10-11 16:03:53.642 D/WVR_Foveated( 2179): Foveated rendering is not supported.
10-11 16:03:53.656 D/WVR_Foveated( 2179): Foveated rendering is not supported.
10-11 16:03:53.658 E/mm-camera( 836): 2232: aec_process_calc_current_hist_metered_luma: error: out of range, exit
10-11 16:03:53.670 D/WVR_Foveated( 2179): Foveated rendering is not supported.
10-11 16:03:53.682 D/WVR_Foveated( 2179): Foveated rendering is not supported.
10-11 16:03:53.690 I/ArmModel( 2179): Dev(0)LHOVHMDPos : (-0.265305,0.163338,-0.023819)
10-11 16:03:53.691 E/mm-camera( 836): 2232: aec_process_calc_current_hist_metered_luma: error: out of range, exit
10-11 16:03:53.696 D/WVR_Foveated( 2179): Foveated rendering is not supported.
10-11 16:03:53.709 D/WVR_Foveated( 2179): Foveated rendering is not supported.
10-11 16:03:53.722 E/mm-camera( 836): 2232: aec_process_calc_current_hist_metered_luma: error: out of range, exit
10-11 16:03:53.724 I/ipdmonitor( 2388): ipd = 659
10-11 16:03:53.727 D/WVR_Foveated( 2179): Foveated rendering is not supported.
10-11 16:03:53.737 D/WaveVR_Resource( 2179): getSystemLanguage, ret language = zh
10-11 16:03:53.737 D/WaveVR_Resource( 2179): getSystemCountry, ret country = CN
