10-11 16:04:06.259 E/QVRServiceCamDevice( 836): Sending notification to client 0xf20e4800
10-11 16:04:06.263 E/mm-camera( 836): 297: static int32_t QCameraPAAF::AllocateBuffers(img_base_ops_t *, bool): Invalid dimensions 0x0
10-11 16:04:06.263 E/mm-camera( 836): 197: int img_algo_preload(img_base_ops_t *, void *): Preload: Failed to allocate buffer, rc -4
10-11 16:04:06.263 E/mm-camera( 836): 121: module_imgbase_client_preload_exec: IMG_CORE_PRELOAD failed -4
10-11 16:04:06.265 W/mm-camera( 836): < WARN> 2829: iface_util_modify_plane_info_for_native_buf: iface_util_modify_plane_info_for_native_buf: Invalid cam_format 2088533116
10-11 16:04:06.265 W/mm-camera( 836): < WARN> 2864: iface_util_calculate_frame_length_for_native_buf: iface_util_calculate_frame_length_for_native_buf: returned fail=-1
10-11 16:04:06.267 E/QVRService( 836): VR Mode started
10-11 16:04:06.267 I/QVRServiceClientImpl( 3043): STATUS_STATE_CHANGED 1 2
10-11 16:04:06.267 I/QVRServiceClientImpl( 2179): STATUS_STATE_CHANGED 1 2
10-11 16:04:06.267 E/QVRConnection( 836): getparam name:tracker-tracking-mode len:11 value:positional
10-11 16:04:06.267 E/QVRConnection( 836): getparam name:tracker-supported-tracking-modes len:37 value:rotational,positional,rotational_mag
10-11 16:04:06.267 E/QVRConnection( 836): getparam name:tracker-supported-tracking-modes len:37 value:rotational,positional,rotational_mag
10-11 16:04:06.267 I/svr ( 3043): Current tracking mode: TRACKING_MODE_POSITIONAL
10-11 16:04:06.267 I/svr ( 3043): Supported tracking mode mask: 0x7
10-11 16:04:06.267 I/svr ( 3043): Pose Ring Buffer:
10-11 16:04:06.267 I/svr ( 3043): fd: 102
10-11 16:04:06.267 I/svr ( 3043): size: 12288
10-11 16:04:06.267 I/svr ( 3043): index_offset: 0
10-11 16:04:06.267 I/svr ( 3043): ring_offset: 64
10-11 16:04:06.267 I/svr ( 3043): element_size: 128
10-11 16:04:06.267 I/svr ( 3043): num_elements: 80
10-11 16:04:06.267 I/svr ( 3043): Reading Sample to Android time...
10-11 16:04:06.268 E/QVRServiceTracker( 836): diff=3681045894 qtime=3080751788 qtime_ns=160455822291 boot_time=156774776397
10-11 16:04:06.268 E/QVRServiceTracker( 836): diff=3681071312 qtime=3080756582 qtime_ns=160456071979 boot_time=156775000667
10-11 16:04:06.268 E/QVRConnection( 836): getparam name:tracker-android-offset-ns len:11 value:3681071312
10-11 16:04:06.268 E/QVRServiceTracker( 836): diff=3681068811 qtime=3080762516 qtime_ns=160456381041 boot_time=156775312230
10-11 16:04:06.268 W/mm-camera( 836): < WARN> 1060: faceproc_dsp_comp_create: fddsp stub library not loaded
10-11 16:04:06.268 E/QVRServiceTracker( 836): diff=3680928498 qtime=3080766310 qtime_ns=160456578645 boot_time=156775650147
10-11 16:04:06.268 E/QVRConnection( 836): getparam name:tracker-android-offset-ns len:11 value:3680928498
10-11 16:04:06.269 I/svr ( 3043): QTimer Android offset string: 3680928498
10-11 16:04:06.269 I/svr ( 3043): QTimer Android offset value: 3680928498
10-11 16:04:06.269 I/svr ( 3043): Reading QVR Service Version...
10-11 16:04:06.269 W/mm-camera( 836): < WARN> 3824: module_faceproc_comp_create: create comp failed, eng_type=1
10-11 16:04:06.269 E/QVRConnection( 836): getparam name:service-version len:6 value:2.0.4
10-11 16:04:06.269 E/QVRConnection( 836): getparam name:service-version len:6 value:2.0.4
10-11 16:04:06.269 I/svr ( 3043): Qvr Service Version: 2.0.4
10-11 16:04:06.269 I/svr ( 3043): Reading QVR Client Version...
10-11 16:04:06.269 I/svr ( 3043): Qvr Client Version: 2.0.4
10-11 16:04:06.269 E/ThermalEngine( 804): No matching config instance is configured QVR_Rule_G
10-11 16:04:06.270 E/ThermalEngine( 804): No matching config instance is configured QVR_Rule_C
10-11 16:04:06.270 I/svr ( 3043): QVRService: Service Initialized
10-11 16:04:06.270 I/svr ( 3043): [VRPerformanceSVR] Set Render thread: 3112, cpu_mask: 11110000
10-11 16:04:06.270 I/svr ( 3043): Setting CPU/GPU Performance Levels...
10-11 16:04:06.270 I/svr ( 3043): WaveVR performance level setting : (CPU:3, GPU:3)
10-11 16:04:06.270 I/svr ( 3043): [VRPerformanceSVR] Attempting to set SetPerformanceLevels to (3, 3)
10-11 16:04:06.270 I/QVRServiceConnection( 836): SOL: hw_type = 1 ; perf_level = 3
10-11 16:04:06.270 I/QVRServiceConnection( 836): SOL: hw_type = 2 ; perf_level = 3
10-11 16:04:06.270 I/QVRService( 836): SOL: passed data to performance module with num_level=2
10-11 16:04:06.270 D/SVR_HMD ( 2388): SvrHmdDevice.java:onAccuracyChanged(293)
10-11 16:04:06.270 I/svr ( 3043): svrSetPerformanceLevels CPU Level : 3
10-11 16:04:06.270 I/svr ( 3043): svrSetPerformanceLevels GPU Level : 3
10-11 16:04:06.270 I/svr ( 3043): [VRPerformanceSVR] Set Render thread: 3112, cpu_mask: 11110000
10-11 16:04:06.270 I/svr ( 3043): Starting Timewarp... ++
10-11 16:04:06.270 I/svr ( 3043): svrBeginTimeWarp
10-11 16:04:06.270 I/svr ( 3043): svrUpdateEyeContextSurface(), 0x3000
10-11 16:04:06.270 I/svr ( 3043): Current Display : 0x1, 0x3000
10-11 16:04:06.270 I/svr ( 3043): eyeRenderContext : 0xc8eafb40, 0x3000
10-11 16:04:06.270 I/svr ( 3043): eyeRenderWarpSurface : 0xc8ea9c20, 0x3000
10-11 16:04:06.271 W/libc ( 3043): pthread_create sched_setscheduler call failed: Operation not permitted
10-11 16:04:06.271 I/svr ( 3043): [CheckPoint_E] WarpThreadMain Entered
10-11 16:04:06.271 I/svr ( 3043): Waiting for timewarp context creation... +++
10-11 16:04:06.271 I/svr ( 3043): Creating EVENT QUEUE for thread : 3173
10-11 16:04:06.271 I/svr ( 3043): [VRPerformanceSVR][QvrDefine] Calling SetThreadAttributesByType for WARP thread: 3173
10-11 16:04:06.271 I/QVRService( 836): STA: passed data to performance module with tid=3173 and thread_type=1
10-11 16:04:06.271 I/svr ( 3043): svrCreateWarpContext()
10-11 16:04:06.271 I/svr ( 3043): EGL version 1.4
10-11 16:04:06.271 I/svr ( 3043): Found 64 EGL configs...
10-11 16:04:06.271 I/svr ( 3043): EGL config 0 rejected: Attrib 0 (Need 8, got 5)
10-11 16:04:06.271 I/svr ( 3043): EGL config 1 rejected: Attrib 0 (Need 8, got 5)
10-11 16:04:06.271 I/svr ( 3043): EGL config 2 rejected: Attrib 0 (Need 8, got 4)
10-11 16:04:06.271 I/svr ( 3043): EGL config 3 rejected: Attrib 0 (Need 8, got 5)
10-11 16:04:06.271 I/svr ( 3043): EGL config 4 rejected: Attrib 0 (Need 8, got 5)
10-11 16:04:06.271 I/svr ( 3043): EGL config 5 rejected: Attrib 0 (Need 8, got 4)
10-11 16:04:06.271 I/svr ( 3043): EGL config 6 rejected: Attrib 0 (Need 8, got 5)
10-11 16:04:06.271 I/svr ( 3043): EGL config 7 rejected: Attrib 0 (Need 8, got 5)
10-11 16:04:06.271 I/svr ( 3043): EGL config 8 rejected: Attrib 0 (Need 8, got 4)
10-11 16:04:06.271 I/svr ( 3043): EGL config 9 rejected: Attrib 0 (Need 8, got 5)
10-11 16:04:06.271 I/svr ( 3043): EGL config 10 rejected: Attrib 0 (Need 8, got 5)
10-11 16:04:06.271 I/svr ( 3043): EGL config 11 rejected: Attrib 0 (Need 8, got 4)
10-11 16:04:06.271 I/svr ( 3043): EGL config 12 rejected: Attrib 0 (Need 8, got 5)
10-11 16:04:06.271 I/svr ( 3043): EGL config 13 rejected: Attrib 0 (Need 8, got 5)
10-11 16:04:06.271 I/svr ( 3043): EGL config 14 rejected: Attrib 0 (Need 8, got 5)
10-11 16:04:06.271 I/svr ( 3043): EGL config 15 rejected: Attrib 0 (Need 8, got 5)
10-11 16:04:06.271 I/svr ( 3043): EGL config 16 rejected: Attrib 0 (Need 8, got 5)
10-11 16:04:06.271 I/svr ( 3043): EGL config 17 rejected: Attrib 0 (Need 8, got 5)
10-11 16:04:06.271 I/svr ( 3043): EGL config 18 rejected: Attrib 0 (Need 8, got 5)
10-11 16:04:06.271 I/svr ( 3043): EGL config 19 rejected: Attrib 0 (Need 8, got 5)
10-11 16:04:06.271 I/svr ( 3043): EGL config 20 rejected: Attrib 6 (Need 8, got 0)
10-11 16:04:06.271 I/svr ( 3043): EGL config 21 rejected: Attrib 6 (Need 8, got 0)
10-11 16:04:06.271 I/svr ( 3043): EGL config 22 rejected: Attrib 6 (Need 8, got 0)
10-11 16:04:06.271 I/svr ( 3043): EGL config 23 rejected: Attrib 6 (Need 8, got 0)
10-11 16:04:06.271 I/svr ( 3043): EGL config 24 rejected: Attrib 6 (Need 8, got 0)
10-11 16:04:06.271 I/svr ( 3043): EGL config 25 rejected: Attrib 6 (Need 8, got 0)
10-11 16:04:06.271 I/svr ( 3043): EGL config 26 rejected: Attrib 6 (Need 8, got 0)
10-11 16:04:06.271 I/svr ( 3043): EGL config 27 rejected: Attrib 6 (Need 8, got 0)
10-11 16:04:06.271 I/svr ( 3043): EGL config 28 rejected: Attrib 6 (Need 8, got 0)
10-11 16:04:06.271 I/svr ( 3043): EGL config 29 rejected: Attrib 6 (Need 8, got 0)
10-11 16:04:06.271 I/svr ( 3043): EGL config 30 rejected: Attrib 6 (Need 8, got 0)
10-11 16:04:06.271 I/svr ( 3043): EGL config 31 rejected: Attrib 6 (Need 8, got 0)
10-11 16:04:06.271 I/svr ( 3043): EGL config 32 rejected: Attrib 6 (Need 8, got 0)
10-11 16:04:06.271 I/svr ( 3043): EGL config 33 rejected: Attrib 6 (Need 8, got 0)
10-11 16:04:06.271 I/svr ( 3043): EGL config 34 rejected: Attrib 6 (Need 8, got 0)
10-11 16:04:06.271 I/svr ( 3043): EGL config 35 rejected: Attrib 6 (Need 8, got 0)
10-11 16:04:06.271 I/svr ( 3043): EGL config 36 Accepted!
10-11 16:04:06.273 I/svr ( 3043): svrCreateWarpContext: context has high priority
10-11 16:04:06.274 I/svr ( 3043): svrCreateWarpContext: Requested mutable EGL_BACK_BUFFER
10-11 16:04:06.274 I/svr ( 3043): svrCreateWarpContext: Got EGL_SINGLE_BUFFER
10-11 16:04:06.274 I/svr ( 3043): svrCreateWarpContext: Warp Surface Dimensions ( 2880 x 1600 )
10-11 16:04:06.274 I/svr ( 3043): svrCreateWarpContext: Timewarp context successfully created
10-11 16:04:06.274 I/svr ( 3043): Waiting for timewarp context creation... 1 0---
10-11 16:04:06.274 I/svr ( 3043): gEnableFixMeshMax is false and using LensPolyK, gChromaticPolyK RGB values
10-11 16:04:06.274 I/svr ( 3043): Creating TimeWarp Render Mesh: Upper Left
10-11 16:04:06.274 I/svr ( 3043): Creating TimeWarp Render Mesh: 4225 verts in a (64 rows x 64 columns) grid
10-11 16:04:06.274 I/svr ( 3043): Starting Timewarp... 1 --
10-11 16:04:06.274 I/svr ( 3043): Creating EVENT QUEUE for thread : 3112
10-11 16:04:06.274 I/gltools ( 3043): The queried config id is 9
10-11 16:04:06.274 I/gltools ( 3043): The keychain is [40000080].
10-11 16:04:06.274 I/gltools ( 3043): EGLContext 0xc8eafb40
10-11 16:04:06.274 I/gltools ( 3043): EGLSurface 0xc8ea9c20
10-11 16:04:06.274 I/SVRMain ( 3043): UnityResumeVRLock overlayContext->mRenderConfig = 0x00000004
10-11 16:04:06.274 I/VROverlayRenderer( 3043): VROverlayRenderer
10-11 16:04:06.274 I/VROverlayRenderer( 3043): VROverlayRenderer mContext->mRenderConfig = 0x00000004
10-11 16:04:06.274 I/SVRI ( 3043): TargetSize w:1440 h:1440
10-11 16:04:06.274 I/SVRI ( 3043): TargetSize w:1440 h:1440
10-11 16:04:06.275 I/svr ( 3043): Warp mesh has 24576 indices (out of maximum of 24576)
10-11 16:04:06.275 I/svr ( 3043): Creating TimeWarp Render Mesh: 4225 verts in a (64 rows x 64 columns) grid
10-11 16:04:06.275 E/mm-camera( 836): 3439: af_port_handle_sensor_update: Depth_Err: actuator sensitivity: 0.000000 is invalid
10-11 16:04:06.275 I/svr ( 3043): Warp mesh has 24576 indices (out of maximum of 24576)
10-11 16:04:06.276 E/quadracfa_dummy( 836): inside dummy remosaic_init 1
10-11 16:04:06.276 E/mm-camera( 836): 534: sensor_pick_get_method_by_hal: Invalid HAL version (can use default settings) : 0
10-11 16:04:06.276 E/quadracfa_dummy( 836): inside dummy remosaic_gainmap_gen 1
10-11 16:04:06.276 I/svr ( 3043): Creating TimeWarp Render Mesh: 4225 verts in a (64 rows x 64 columns) grid
10-11 16:04:06.276 I/svr ( 3043): Generating Spherical Warp Mesh:
10-11 16:04:06.276 I/svr ( 3043): Sphere Radius: 2.00
10-11 16:04:06.276 I/svr ( 3043): Left Theta: [-46.5461, 46.5461]
10-11 16:04:06.276 I/svr ( 3043): Left Phi: [-46.5461, 46.5461]
10-11 16:04:06.276 I/svr ( 3043): Right Theta: [-46.7653, 46.7653]
10-11 16:04:06.276 I/svr ( 3043): Right Phi: [-46.7653, 46.7653]
10-11 16:04:06.276 E/mm-camera( 836): 3439: af_port_handle_sensor_update: Depth_Err: actuator sensitivity: 0.000000 is invalid
10-11 16:04:06.276 E/mm-camera( 836): 7909: module_sensor_set_decode_format_based_on_pack_mode: Pack mode is 0
10-11 16:04:06.276 E/mm-camera( 836): 7909: module_sensor_set_decode_format_based_on_pack_mode: Pack mode is 0
10-11 16:04:06.278 I/svr ( 3043): Warp mesh has 24576 indices (out of maximum of 24576)
10-11 16:04:06.278 I/svr ( 3043): Creating TimeWarp Render Mesh: Upper Right
10-11 16:04:06.278 I/svr ( 3043): Creating TimeWarp Render Mesh: 4225 verts in a (64 rows x 64 columns) grid
10-11 16:04:06.278 E/mm-camera( 836): 582: af_haf_default_mixer_active_algo_selection: ERROR! Unable to find active mixer algo !!
10-11 16:04:06.278 E/mm-camera( 836): 579: aec_led_cal_apply_calibration: Calibrate data size 0 not expected with tuning size: 0
10-11 16:04:06.278 E/mm-camera( 836): 2245: iface_util_set_chromatix: iface_util_set_chromatix:2245 failed: iface_hvx_open rc 0
10-11 16:04:06.279 E/mm-camera( 836): 5697: af_port_get_near_far_field_focus_distance: NO AVAILABLE LENS INFO FOR NEAR/FAR FIELD OF DEPTH
10-11 16:04:06.279 E/mm-camera( 836): 1403: port_sensor_handle_upstream_module_event: failed
10-11 16:04:06.279 E/mm-camera( 836): 1748: port_sensor_port_process_event: failed: port_sensor_handle_upstream_module_event
10-11 16:04:06.279 I/svr ( 3043): Warp mesh has 24576 indices (out of maximum of 24576)
10-11 16:04:06.279 E/mm-camera( 836): 1432: isp_util_forward_event: failed: mct_port_send_event_to_peer event->type 2
10-11 16:04:06.279 I/svr ( 3043): Creating TimeWarp Render Mesh: 4225 verts in a (64 rows x 64 columns) grid
10-11 16:04:06.279 I/svr ( 3043): Warp mesh has 24576 indices (out of maximum of 24576)
10-11 16:04:06.280 I/svr ( 3043): Creating TimeWarp Render Mesh: 4225 verts in a (64 rows x 64 columns) grid
10-11 16:04:06.280 I/svr ( 3043): Generating Spherical Warp Mesh:
10-11 16:04:06.280 I/svr ( 3043): Sphere Radius: 2.00
10-11 16:04:06.280 I/svr ( 3043): Left Theta: [-46.5461, 46.5461]
10-11 16:04:06.280 I/svr ( 3043): Left Phi: [-46.5461, 46.5461]
10-11 16:04:06.280 I/svr ( 3043): Right Theta: [-46.7653, 46.7653]
10-11 16:04:06.280 I/svr ( 3043): Right Phi: [-46.7653, 46.7653]
10-11 16:04:06.282 I/svr ( 3043): Warp mesh has 24576 indices (out of maximum of 24576)
10-11 16:04:06.282 I/svr ( 3043): Creating TimeWarp Render Mesh: Lower Left
10-11 16:04:06.282 I/svr ( 3043): Creating TimeWarp Render Mesh: 4225 verts in a (64 rows x 64 columns) grid
10-11 16:04:06.283 I/svr ( 3043): Warp mesh has 24576 indices (out of maximum of 24576)
10-11 16:04:06.283 I/SVRI ( 3043): GetDefaultControllerRole: role =2
10-11 16:04:06.283 I/OverlayManager( 3043): OverlayManager mDefaultRole = 2
10-11 16:04:06.283 I/svr ( 3043): Creating TimeWarp Render Mesh: 4225 verts in a (64 rows x 64 columns) grid
10-11 16:04:06.283 I/OverlayGenerator( 3043): EGL_CONFIG_ID is 9
10-11 16:04:06.284 I/svr ( 3043): Warp mesh has 24576 indices (out of maximum of 24576)
10-11 16:04:06.284 I/svr ( 3043): Creating TimeWarp Render Mesh: 4225 verts in a (64 rows x 64 columns) grid
10-11 16:04:06.284 I/svr ( 3043): Generating Spherical Warp Mesh:
10-11 16:04:06.284 I/svr ( 3043): Sphere Radius: 2.00
10-11 16:04:06.284 I/svr ( 3043): Left Theta: [-46.5461, 46.5461]
10-11 16:04:06.284 I/svr ( 3043): Left Phi: [-46.5461, 46.5461]
10-11 16:04:06.284 I/svr ( 3043): Right Theta: [-46.7653, 46.7653]
10-11 16:04:06.284 I/svr ( 3043): Right Phi: [-46.7653, 46.7653]
10-11 16:04:06.285 I/VROverlayRenderer( 3043): setupEGLContextInfo shouldCreateSharedContext = 1
10-11 16:04:06.285 I/VROverlayRenderer( 3043): EGL_CONFIG_ID is 9
10-11 16:04:06.286 I/svr ( 3043): Warp mesh has 24576 indices (out of maximum of 24576)
10-11 16:04:06.286 I/svr ( 3043): Creating TimeWarp Render Mesh: Lower Right
10-11 16:04:06.286 I/svr ( 3043): Creating TimeWarp Render Mesh: 4225 verts in a (64 rows x 64 columns) grid
10-11 16:04:06.287 I/svr ( 3043): Warp mesh has 24576 indices (out of maximum of 24576)
10-11 16:04:06.288 I/VROverlayRenderer( 3043): createSharedContext values is 3
10-11 16:04:06.288 I/svr ( 3043): Creating TimeWarp Render Mesh: 4225 verts in a (64 rows x 64 columns) grid
10-11 16:04:06.288 I/OverlayManager( 3043): OverlayManagerOnCreate() Begin
10-11 16:04:06.288 I/svr ( 3043): Warp mesh has 24576 indices (out of maximum of 24576)
10-11 16:04:06.289 I/svr ( 3043): Creating TimeWarp Render Mesh: 4225 verts in a (64 rows x 64 columns) grid
10-11 16:04:06.289 I/svr ( 3043): Generating Spherical Warp Mesh:
10-11 16:04:06.289 I/svr ( 3043): Sphere Radius: 2.00
10-11 16:04:06.289 I/svr ( 3043): Left Theta: [-46.5461, 46.5461]
10-11 16:04:06.289 I/svr ( 3043): Left Phi: [-46.5461, 46.5461]
10-11 16:04:06.289 I/svr ( 3043): Right Theta: [-46.7653, 46.7653]
10-11 16:04:06.289 I/svr ( 3043): Right Phi: [-46.7653, 46.7653]
10-11 16:04:06.291 I/svr ( 3043): Warp mesh has 24576 indices (out of maximum of 24576)
10-11 16:04:06.291 I/svr ( 3043): Creating TimeWarp Render Mesh: 81 verts in a (8 rows x 8 columns) grid
10-11 16:04:06.291 I/svr ( 3043): Warp mesh has 384 indices (out of maximum of 384)
10-11 16:04:06.291 I/svr ( 3043): Checking 20 base shader list for duplicate masks...
10-11 16:04:06.291 I/svr ( 3043): Creating 160 warp shaders...
10-11 16:04:06.291 I/svr ( 3043): Checking expanded shader list for duplicate masks...
10-11 16:04:06.296 I/svr ( 3043): Loaded Shader (6): svrBlitQuadVs <=> svrBlitQuadFs
10-11 16:04:06.296 I/svr ( 3043): Loaded Shader (9): svrBlitQuadVs <=> svrBlitQuadYuvFs
10-11 16:04:06.296 I/svr ( 3043): Loaded Shader (15): svrBlitQuadVs_Image <=> svrBlitQuadFs_Image
10-11 16:04:06.297 I/CtrlRMLoading( 3043): createSharedContext create shared context.
10-11 16:04:06.297 I/svr ( 3043): Loaded Shader (21): svrBlitQuadVs_Image <=> svrBlitQuadYuvFs_Image
10-11 16:04:06.297 I/svr ( 3043): Creating eye render target ( 1440x1600 ), isProtectedContent: 0
10-11 16:04:06.298 I/svr ( 3043): Creating overlay render target ( 1440x1600 )
10-11 16:04:06.298 I/svr ( 3043): Creating eye render target ( 1440x1600 ), isProtectedContent: 0
10-11 16:04:06.299 I/svr ( 3043): Creating overlay render target ( 1440x1600 )
10-11 16:04:06.300 I/svr ( 3043): Rendering in direct mode
10-11 16:04:06.300 I/CtrlRMLoading( 3043): Render thread ctx(0xc3ccf100) dis(0x1).
10-11 16:04:06.300 I/CtrlRMLoading( 3043): createSharedContext create mEGLInitContext successfully.
10-11 16:04:06.300 I/OverlayManager( 3043): [CtrlRMLoading] New two ControllerObjs.
10-11 16:04:06.301 I/svr ( 3043): Display Encoding sRGB
10-11 16:04:06.301 I/ControllerObj( 3043): Ctrller(2): Initialize graphics resource.
10-11 16:04:06.301 I/svr ( 3043): ****************************************
10-11 16:04:06.301 I/svr ( 3043): Initializing motion vectors (False)...
10-11 16:04:06.301 I/svr ( 3043): ****************************************
10-11 16:04:06.302 I/ControllerObj( 3043): ContouringID(31): mContouringMatrixLocation(0), mContouringOutlineWidthLocation(2), mContouringOutlineColorLocation(1), mContouringIsSRGBLocation(3)
10-11 16:04:06.302 I/ControllerObj( 3043): Ctrller(2) refresh focus pt attribute immediately.
10-11 16:04:06.302 I/ControllerObj( 3043): Ctrller(2) refresh focus beam attribute immediately.
10-11 16:04:06.303 I/ControllerObj( 3043): Ctrller(3): Initialize graphics resource.
10-11 16:04:06.304 I/ControllerObj( 3043): ContouringID(43): mContouringMatrixLocation(0), mContouringOutlineWidthLocation(2), mContouringOutlineColorLocation(1), mContouringIsSRGBLocation(3)
10-11 16:04:06.304 I/ControllerObj( 3043): Ctrller(3) refresh focus pt attribute immediately.
10-11 16:04:06.304 I/ControllerObj( 3043): Ctrller(3) refresh focus beam attribute immediately.
10-11 16:04:06.304 I/OverlayManager( 3043): [CtrlRMLoading] Register observer of two ControllerObjs to event dispatcher.
10-11 16:04:06.304 W/VROverlayCommonInterface( 3043): getSupportHandFeatures: profile is not initialized. Set no support hand
10-11 16:04:06.304 I/OverlayHandModule( 3043): T(1) : onOverlayManagerCreate()++(CSBegin)
10-11 16:04:06.304 I/OverlayHandModule( 3043): T(1): createSharedContext()++
10-11 16:04:06.305 I/OverlayHandModule( 3043): T(1): create mEGLInitContext successfully.
10-11 16:04:06.305 I/OverlayHandModule( 3043): T(1): createSharedContext()--
10-11 16:04:06.306 I/OverlayHandObj( 3043): H(0): P[0](46). Mp(0), Mv(1), Mw(2). Mn(-1), Ms(3), color(51), alphaTex(-1), thickness(-1), opacity(-1), graColorA(-1), graColorB(-1), issRGB(52)
10-11 16:04:06.306 I/OverlayHandObj( 3043): H(0): P[1](49). Mp(0), Mv(1), Mw(2). Mn(-1), Ms(3), color(-1), alphaTex(-1), thickness(-1), opacity(-1), graColorA(-1), graColorB(-1), issRGB(-1)
10-11 16:04:06.307 I/OverlayHandObj( 3043): H(0): P[2](52). Mp(0), Mv(1), Mw(2). Mn(-1), Ms(3), color(-1), alphaTex(56), thickness(51), opacity(54), graColorA(52), graColorB(53), issRGB(55)
10-11 16:04:06.307 I/OverlayHandObj( 3043): H(0): P[3](55). Mp(0), Mv(1), Mw(2). Mn(-1), Ms(3), color(-1), alphaTex(55), thickness(-1), opacity(53), graColorA(51), graColorB(52), issRGB(54)
10-11 16:04:06.308 I/OverlayMesh( 3043): Create VA(0)[47]
10-11 16:04:06.308 I/OverlayMesh( 3043): Create VA(4)[48]
10-11 16:04:06.308 I/OverlayMesh( 3043): Create Indices[49]
10-11 16:04:06.308 I/OverlayAxes( 3043): Axes P(58). M(0). UC(1). C(2).
10-11 16:04:06.308 I/OverlayMesh( 3043): Create VA(0)[50]
10-11 16:04:06.308 I/OverlayMesh( 3043): Create VA(4)[51]
10-11 16:04:06.308 I/OverlayMesh( 3043): Create Indices[52]
10-11 16:04:06.308 I/OverlayAxes( 3043): Axes P(61). M(0). UC(1). C(2).
10-11 16:04:06.309 I/OverlayHandObj( 3043): H(1): P[0](64). Mp(0), Mv(1), Mw(2). Mn(-1), Ms(3), color(51), alphaTex(-1), thickness(-1), opacity(-1), graColorA(-1), graColorB(-1), issRGB(52)
10-11 16:04:06.309 I/OverlayHandObj( 3043): H(1): P[1](67). Mp(0), Mv(1), Mw(2). Mn(-1), Ms(3), color(-1), alphaTex(-1), thickness(-1), opacity(-1), graColorA(-1), graColorB(-1), issRGB(-1)
10-11 16:04:06.310 I/OverlayHandObj( 3043): H(1): P[2](70). Mp(0), Mv(1), Mw(2). Mn(-1), Ms(3), color(-1), alphaTex(56), thickness(51), opacity(54), graColorA(52), graColorB(53), issRGB(55)
10-11 16:04:06.310 I/OverlayHandObj( 3043): H(1): P[3](73). Mp(0), Mv(1), Mw(2). Mn(-1), Ms(3), color(-1), alphaTex(55), thickness(-1), opacity(53), graColorA(51), graColorB(52), issRGB(54)
10-11 16:04:06.310 I/OverlayMesh( 3043): Create VA(0)[53]
10-11 16:04:06.310 I/OverlayMesh( 3043): Create VA(4)[54]
10-11 16:04:06.310 I/OverlayMesh( 3043): Create Indices[55]
10-11 16:04:06.310 I/OverlayAxes( 3043): Axes P(76). M(0). UC(1). C(2).
10-11 16:04:06.311 I/OverlayMesh( 3043): Create VA(0)[56]
10-11 16:04:06.311 I/OverlayMesh( 3043): Create VA(4)[57]
10-11 16:04:06.311 I/OverlayMesh( 3043): Create Indices[58]
10-11 16:04:06.311 I/OverlayAxes( 3043): Axes P(79). M(0). UC(1). C(2).
10-11 16:04:06.311 I/OverlayHandObj( 3043): P(82). Mmvp(0)
10-11 16:04:06.311 I/OverlayMesh( 3043): Create VA(0)[59]
10-11 16:04:06.311 I/OverlayMesh( 3043): Create VA(4)[60]
10-11 16:04:06.311 I/OverlayMesh( 3043): Create Indices[61]
10-11 16:04:06.312 W/VROverlayCommonInterface( 3043): getHandTrackerConnectedStatus: Not find remote nature hand tracking module
10-11 16:04:06.312 W/OverlayHandModule( 3043): T(1):Module nullptr. Please check!!!
10-11 16:04:06.312 I/OverlayHandModule( 3043): T(1) : onOverlayManagerCreate()--(CSEnd)
10-11 16:04:06.312 I/OverlayHandModule( 3043): T(2) : onOverlayManagerCreate()++(CSBegin)
10-11 16:04:06.312 I/OverlayHandModule( 3043): T(2): createSharedContext()++
10-11 16:04:06.313 I/OverlayHandModule( 3043): T(2): create mEGLInitContext successfully.
10-11 16:04:06.313 I/OverlayHandModule( 3043): T(2): createSharedContext()--
10-11 16:04:06.314 I/OverlayHandObj( 3043): H(0): P[0](88). Mp(0), Mv(1), Mw(2). Mn(-1), Ms(3), color(51), alphaTex(-1), thickness(-1), opacity(-1), graColorA(-1), graColorB(-1), issRGB(52)
10-11 16:04:06.314 I/OverlayHandObj( 3043): H(0): P[1](91). Mp(0), Mv(1), Mw(2). Mn(-1), Ms(3), color(-1), alphaTex(-1), thickness(-1), opacity(-1), graColorA(-1), graColorB(-1), issRGB(-1)
10-11 16:04:06.315 I/OverlayHandObj( 3043): H(0): P[2](94). Mp(0), Mv(1), Mw(2). Mn(-1), Ms(3), color(-1), alphaTex(56), thickness(51), opacity(54), graColorA(52), graColorB(53), issRGB(55)
10-11 16:04:06.315 I/OverlayHandObj( 3043): H(0): P[3](97). Mp(0), Mv(1), Mw(2). Mn(-1), Ms(3), color(-1), alphaTex(55), thickness(-1), opacity(53), graColorA(51), graColorB(52), issRGB(54)
10-11 16:04:06.316 I/OverlayMesh( 3043): Create VA(0)[64]
10-11 16:04:06.316 I/OverlayMesh( 3043): Create VA(4)[65]
10-11 16:04:06.316 I/OverlayMesh( 3043): Create Indices[66]
10-11 16:04:06.316 I/OverlayAxes( 3043): Axes P(100). M(0). UC(1). C(2).
10-11 16:04:06.316 I/OverlayMesh( 3043): Create VA(0)[67]
10-11 16:04:06.316 I/OverlayMesh( 3043): Create VA(4)[68]
10-11 16:04:06.316 I/OverlayMesh( 3043): Create Indices[69]
10-11 16:04:06.316 I/OverlayAxes( 3043): Axes P(103). M(0). UC(1). C(2).
10-11 16:04:06.317 I/OverlayHandObj( 3043): H(1): P[0](106). Mp(0), Mv(1), Mw(2). Mn(-1), Ms(3), color(51), alphaTex(-1), thickness(-1), opacity(-1), graColorA(-1), graColorB(-1), issRGB(52)
10-11 16:04:06.317 I/OverlayHandObj( 3043): H(1): P[1](109). Mp(0), Mv(1), Mw(2). Mn(-1), Ms(3), color(-1), alphaTex(-1), thickness(-1), opacity(-1), graColorA(-1), graColorB(-1), issRGB(-1)
10-11 16:04:06.318 I/OverlayHandObj( 3043): H(1): P[2](112). Mp(0), Mv(1), Mw(2). Mn(-1), Ms(3), color(-1), alphaTex(56), thickness(51), opacity(54), graColorA(52), graColorB(53), issRGB(55)
10-11 16:04:06.318 I/OverlayHandObj( 3043): H(1): P[3](115). Mp(0), Mv(1), Mw(2). Mn(-1), Ms(3), color(-1), alphaTex(55), thickness(-1), opacity(53), graColorA(51), graColorB(52), issRGB(54)
10-11 16:04:06.318 I/OverlayMesh( 3043): Create VA(0)[70]
10-11 16:04:06.319 I/OverlayMesh( 3043): Create VA(4)[71]
10-11 16:04:06.319 I/OverlayMesh( 3043): Create Indices[72]
10-11 16:04:06.319 I/OverlayAxes( 3043): Axes P(118). M(0). UC(1). C(2).
10-11 16:04:06.319 I/OverlayMesh( 3043): Create VA(0)[73]
10-11 16:04:06.319 I/OverlayMesh( 3043): Create VA(4)[74]
10-11 16:04:06.319 I/OverlayMesh( 3043): Create Indices[75]
10-11 16:04:06.319 I/OverlayAxes( 3043): Axes P(121). M(0). UC(1). C(2).
10-11 16:04:06.319 I/OverlayHandObj( 3043): P(124). Mmvp(0)
10-11 16:04:06.319 I/OverlayMesh( 3043): Create VA(0)[76]
10-11 16:04:06.319 I/OverlayMesh( 3043): Create VA(4)[77]
10-11 16:04:06.319 I/OverlayMesh( 3043): Create Indices[78]
10-11 16:04:06.320 W/VROverlayCommonInterface( 3043): getHandTrackerConnectedStatus: Not find electronic hand module
10-11 16:04:06.320 W/OverlayHandModule( 3043): T(2):Module nullptr. Please check!!!
10-11 16:04:06.320 I/OverlayHandModule( 3043): T(2) : onOverlayManagerCreate()--(CSEnd)
10-11 16:04:06.320 I/VRActivityEventManager( 3043): createBitmapFromAssets call createBitmapFromAssets(rendermodels/dot.png)
10-11 16:04:06.325 I/OverlayGenerator( 3043): handleGenerateTextureId textureId = 29
10-11 16:04:06.325 I/OverlayGenerator( 3043): printAllocatedSize textureId = 29, width = 192, height = 192, size = 144.00 KB
10-11 16:04:06.327 E/mm-camera( 836): 5723: isp_util_get_stream_param_from_type: failed: l_stream_params 0x0 for stream type 1
10-11 16:04:06.327 E/mm-camera( 836): 5723: isp_util_get_stream_param_from_type: failed: l_stream_params 0x0 for stream type 4
10-11 16:04:06.329 I/OverlayManager( 3043): recreateOverlay overlayId = 4
10-11 16:04:06.330 I/OverlayManager( 3043): recreateOverlay overlayId = 2
10-11 16:04:06.330 I/OverlayManager( 3043): recreateOverlay overlayId = 1000
10-11 16:04:06.330 I/OverlayManager( 3043): OverlayManagerOnCreate() End
10-11 16:04:06.330 I/OverlayManager( 3043): OverlayManagerOnResume() Begin
10-11 16:04:06.330 I/OverlayManager( 3043): OverlayManagerOnResume locking
10-11 16:04:06.330 I/OverlayManager( 3043): setInteractionMode mInteractionMode = 3
10-11 16:04:06.330 D/VROverlaySMD( 3043): onInteractionModeChange(), mode = 3
10-11 16:04:06.330 I/OverlayManager( 3043): setGazeTriggerType mGazeTriggerType = 1
10-11 16:04:06.330 D/VROverlaySMD( 3043): onGazeTriggerChange(), mode = 1
10-11 16:04:06.330 I/OverlayManager( 3043): OverlayManagerOnResume() End
10-11 16:04:06.330 I/VRActivityEventManager( 3043): notifyTriggerClientReady call triggerClientReadyMethod
10-11 16:04:06.330 I/OverlayManager( 3043): ThreadLoadModelFunc Begin
10-11 16:04:06.330 I/OverlayManager( 3043): ThreadLoadModelFunc [CtrlRMLoading]CS(CSBegin) Set OverlayReady true!!!
10-11 16:04:06.330 I/VRPlatform( 3043): [CheckPoint_F] triggerClientReady()
10-11 16:04:06.330 I/OverlayManager( 3043): [CtrlRMLoading]Load controller(2) obj at ThreadLoadModelFunc
10-11 16:04:06.330 I/ControllerObj( 3043): Load right hand ctrl render model!!!
10-11 16:04:06.330 D/VRCORE Decorator( 3043): VRActivityDecorator::getConfigData, call IVRService_api1 getConfigData
10-11 16:04:06.330 I/VROverlayCommonInterface( 3043): [CtrlRMLoading] Ctrler(2): Rendermodel(541264787) isn't cached in table. Ask data from device service!!!
10-11 16:04:06.330 I/VRPlatform( 3043): call GetOEMConfigData flip
10-11 16:04:06.330 D/VROverlaySMD( 3043): triggerClientReady() Begin
10-11 16:04:06.330 D/VROverlaySMD( 3043): registerCallback()
10-11 16:04:06.330 D/VRCORE Decorator( 3043): VRActivityDecorator::getControllerModelFileDescriptor call IVRService_api1 getExtension
10-11 16:04:06.331 D/VROverlayServiceManager( 2113): registerCallbackVersion() version = 4.1.1-u3
10-11 16:04:06.331 D/VROverlayServiceManager( 2113): registerCallbackVersion() callback = com.htc.vr.sdk.overlay.IVROverlayActivityCallback$Stub$Proxy@aec9b3b
10-11 16:04:06.331 D/VROverlayServiceManager( 2113): registerCallbackVersion() foregroundActivity name = com.cecececece.cecececece
10-11 16:04:06.331 D/VROverlayServiceManager( 2113): registerCallbackVersion() mDeathHandlerList.size() before = 1
10-11 16:04:06.331 D/VROverlayServiceManager( 2113): ActivityDeathRecipient unlinkToDeath()
10-11 16:04:06.331 D/VROverlaySMD( 3043): IVROverlayActivityCallback setSystemOverlayDuration() duration = 5000
10-11 16:04:06.331 D/VROverlayService( 2527): onVRActivityChanged()
10-11 16:04:06.331 D/VROverlayService( 2426): onVRActivityChanged()
10-11 16:04:06.332 W/VRCORE Decorator( 3043): com.cecececece.cecececece can't get extension api to check server vrsion.
10-11 16:04:06.332 I/VRActivityEventManager( 3043): [CtrlRMLoading]RenderModel(541264787) : We can't get this zip from device service!!!
10-11 16:04:06.332 D/VROverlayService( 2426): onVRActivityChanged()
10-11 16:04:06.332 I/CtrlRMLoading( 3043): Render model(541264787) is not exist.
10-11 16:04:06.332 D/VROverlayService( 2527): onVRActivityChanged()
10-11 16:04:06.332 W/CtrlRMLoading( 3043): We can't erase render model named(541264787) because we can't find it.
10-11 16:04:06.332 I/VRActivityEventManager( 3043): [CtrlRMLoading]RenderModel(541264787) : Receive empty file table. Clear resource.
10-11 16:04:06.332 D/VROverlayService( 2071): onVRActivityChanged()
10-11 16:04:06.332 D/VROverlayService( 2071): onVRActivityChanged()
10-11 16:04:06.332 D/VROverlayService( 2071): onVRActivityChanged()
10-11 16:04:06.332 D/VROverlayService( 2071): onVRActivityChanged()
10-11 16:04:06.332 D/VROverlayServiceManager( 2113): registerCallbackVersion() mDeathHandlerList.size() after = 1
10-11 16:04:06.332 D/VROverlayService( 2179): onVRActivityChanged()
10-11 16:04:06.333 D/VROverlaySMD( 3043): setOverlayMSAAFromManifest() overlayMSAA = 0
10-11 16:04:06.334 W/CtrlRMLoading( 3043): We can't get zip file from render model named(541264787) because we can't find it.
10-11 16:04:06.334 W/CtrlRMLoading( 3043): We can't get touchpad plane info from render model named(541264787) because we can't find it.
10-11 16:04:06.334 I/CtrlRMLoading( 3043): Resource(541264787): try to load data in dir(model) in zip!!!
10-11 16:04:06.334 I/CtrlRMLoading( 3043): Resource(541264787): Device service return empty fbx file table!!!
10-11 16:04:06.334 I/CtrlRMLoading( 3043): Resource(541264787) load FBX failure. Start to load object file.
10-11 16:04:06.334 W/CtrlRMLoading( 3043): We can't get zip file from render model named(541264787) because we can't find it.
10-11 16:04:06.334 I/CtrlRMLoading( 3043): Resource(541264787): Device service return empty obj file table !!!
10-11 16:04:06.334 W/CtrlRMLoading( 3043): Loading fail reason(4)
at resource(541264787)!!! load old resource
10-11 16:04:06.334 D/VROverlayService( 2179): onVRActivityChanged()
10-11 16:04:06.334 D/CustomizeHandler( 3043): CustomizeHandler() isMainThreadLooper = false Thread name = Overlay EGL Thread mRenderConfig = 4
10-11 16:04:06.334 D/CustomizeHandler( 3043): EGL_CONFIG_ID is 9
10-11 16:04:06.334 E/mm-camera( 836): 361: load_default_tables: Error: Chromatix ltm normal and backlit both are not enabled
10-11 16:04:06.335 I/ObjectLoader( 3043): Load FBXFile in [rendermodels/Generic] from asset!!!
10-11 16:04:06.336 I/HTCAAssetManager( 3043): Open Asset rendermodels/Generic/controller00.fbx
10-11 16:04:06.337 D/CustomizeHandler( 3043): EGLContext created, client version 3
10-11 16:04:06.337 D/VROverlaySMD( 3043): initLoading()
10-11 16:04:06.337 D/VROverlaySMD( 3043): initLoading() mLoadingAnimation.size() = 0
10-11 16:04:06.337 D/VROverlaySMD( 3043): initLoading() End
10-11 16:04:06.342 D/OverlaySurfaces( 3043): add() done mOverlaySurfaces.size() = 1
10-11 16:04:06.342 D/OverlaySurfaces( 3043): setSurfaceSize() id = 2 width = 176 height = 176
10-11 16:04:06.344 D/VROverlaySMD( 3043): triggerClientReady() mActivityStatus = ACTIVITY_ONRENDERREADY
10-11 16:04:06.344 D/VROverlaySMD( 3043): triggerClientReady() End
10-11 16:04:06.344 D/VRConfigServiceConnector( 3043): triggerClientReady
10-11 16:04:06.344 D/VRCORE Decorator( 3043): VRActivityDecorator::getConfigData, call IVRService_api1 getConfigData
10-11 16:04:06.344 D/VRCORE Decorator( 3043): VRActivityDecorator::getConfigData, call IVRService_api1 getConfigData
10-11 16:04:06.344 D/VRBaseServiceConnector( 3043): getValueFromDecorator() key = neckmodel_property value = null
10-11 16:04:06.344 E/VRConfigServiceConnector( 3043): [SetNeckModelOffsetJAVA] No neckmodel_property node found.
10-11 16:04:06.344 D/VRCORE Decorator( 3043): VRActivityDecorator::getConfigData, call IVRService_api1 getConfigData
10-11 16:04:06.344 D/VRBaseServiceConnector( 3043): getValueFromDecorator() key = controller_singleBeam value = null
10-11 16:04:06.344 I/VRConfigServiceConnector( 3043): setBeamPolicy() beamPolicyJSON is nullptr, set default true
10-11 16:04:06.345 I/OverlayManager( 3043): setBeamPolicy mBeamPolicy = 1
10-11 16:04:06.345 D/VRCORE Decorator( 3043): VRActivityDecorator::getConfigData, call IVRService_api1 getConfigData
10-11 16:04:06.345 D/VRBaseServiceConnector( 3043): getValueFromDecorator() key = auto_passthrough_effect value = null
10-11 16:04:06.345 I/VRConfigServiceConnector( 3043): setAutoPassthroughEffect() effectJSON is nullptr, set default effect fadeing
10-11 16:04:06.345 I/OverlayManager( 3043): setPassthroughEffect mPassthroughEffect = 0
10-11 16:04:06.345 D/VRCORE Decorator( 3043): VRActivityDecorator::getConfigData, call IVRService_api1 getConfigData
10-11 16:04:06.345 D/VRBaseServiceConnector( 3043): getValueFromDecorator() key = hand_cr_switch_mode value = null
10-11 16:04:06.345 D/VRCORE Decorator( 3043): VRActivityDecorator::getConfigData, call IVRService_api1 getConfigData
10-11 16:04:06.345 D/VRBaseServiceConnector( 3043): getValueFromDecorator() key = pinch_pose value = null
10-11 16:04:06.345 I/VRConfigServiceConnector( 3043): [OverlayHand] (hcr_switch_mode:2)(pinch_pose:0) at triggerClientReady.
10-11 16:04:06.345 I/OVERLAY_JNI( 3043): OverlayComponentBridge->Java_com_htc_vr_sdk_VRPlatform_nativeSetHandTrackingEnableMode()
10-11 16:04:06.345 I/OverlayHandModule( 3043): T(1):Tracking enable state changed from (2) to (2).
10-11 16:04:06.346 I/OVERLAY_JNI( 3043): OverlayComponentBridge->Java_com_htc_vr_sdk_VRPlatform_nativeSetPinchMode()
10-11 16:04:06.346 I/OverlayHandModule( 3043): T(1): change pinch mode from (0) to (0).
10-11 16:04:06.346 I/OverlayHandModule( 3043): T(2): change pinch mode from (0) to (0).
10-11 16:04:06.346 D/VRCORE Decorator( 3043): VRActivityDecorator::getConfigData, call IVRService_api1 getConfigData
10-11 16:04:06.346 D/VRBaseServiceConnector( 3043): getValueFromDecorator() key = fadeout_duration value = null
10-11 16:04:06.346 D/VRCORE Decorator( 3043): VRActivityDecorator::getConfigData, call IVRService_api1 getConfigData
10-11 16:04:06.346 D/VRConfigServiceConnector( 3043): [FadeOut] can't get duration value from OEM service
10-11 16:04:06.346 D/VRCORE Decorator( 3043): VRActivityDecorator::getConfigData, call IVRService_api1 getConfigData
10-11 16:04:06.347 D/VRBaseServiceConnector( 3043): getValueFromDecorator() key = fadeout_duration_OEM value = null
10-11 16:04:06.347 D/VRConfigServiceConnector( 3043): [FadeOut] can't get duration(OEM) value from OEM service
10-11 16:04:06.347 D/VRMiracastConnector( 3043): triggerClientReady
10-11 16:04:06.347 D/VRBaseServiceConnector( 3043): getValueFromDecorator() key = virtualWallTileImage value = null
10-11 16:04:06.347 D/VRPlatform( 3043): notifyInteractionMode()
10-11 16:04:06.347 E/VRConfigServiceConnector( 3043): Attempt to invoke virtual method 'byte[] java.lang.String.getBytes()' on a null object reference
10-11 16:04:06.347 D/VRCORE Decorator( 3043): VRActivityDecorator::getConfigData, call IVRService_api1 getConfigData
10-11 16:04:06.347 D/VROverlaySMD( 3043): onInteractionModeChange(), mode = 3
10-11 16:04:06.347 D/VRCORE Decorator( 3043): VRActivityDecorator::getConfigData, call IVRService_api1 getConfigData
10-11 16:04:06.347 D/VRBaseServiceConnector( 3043): getValueFromDecorator() key = virtualWallCameraImage value = null
10-11 16:04:06.347 E/VRConfigServiceConnector( 3043): Attempt to invoke virtual method 'byte[] java.lang.String.getBytes()' on a null object reference
10-11 16:04:06.347 D/VRCORE Decorator( 3043): VRActivityDecorator::getConfigData, call IVRService_api1 getConfigData
10-11 16:04:06.347 D/VRBaseServiceConnector( 3043): getValueFromDecorator() key = mirror_screen_setting value = null
10-11 16:04:06.347 D/VRBaseServiceConnector( 3043): getValueFromDecorator() key = scaledTile value = null
10-11 16:04:06.347 I/VRMiracastConnector( 3043): Cannot find setting node
10-11 16:04:06.348 E/VRConfigServiceConnector( 3043): Set virtualWall property error : java.lang.NullPointerException: Attempt to invoke virtual method 'java.lang.String java.lang.String.trim()' on a null object reference
10-11 16:04:06.348 D/VROverlaySMD( 3043): onGazeTriggerChange(), mode = 1
10-11 16:04:06.349 I/HTCAAssetManager( 3043): SUCCESSD read file: rendermodels/Generic/controller00.fbx, size: 604784
10-11 16:04:06.349 I/ObjectLoader( 3043): Load FBX [rendermodels/Generic/controller00.fbx] from memory!!!
10-11 16:04:06.353 D/VRShowOnExternalDisplay( 3043): Stop showing blank on external display
10-11 16:04:06.353 D/VRCORE Decorator( 3043): onNativeReady
10-11 16:04:06.354 I/[VRPerfMgr]( 3043): Process resume
10-11 16:04:06.354 D/VRSystemRecordService( 3043): triggerClientReady
10-11 16:04:06.354 D/Svr_VRPlatform( 3043): triggerClientReady
10-11 16:04:06.354 D/SVRRenderBase( 3043): triggerClientReady
10-11 16:04:06.354 I/OverlayManager( 3043): onAllControllersDisconnect +++
10-11 16:04:06.354 I/OverlayManager( 3043): onAllControllersDisconnect locking
10-11 16:04:06.354 I/OverlayManager( 3043): onAllControllersDisconnect controllerStatus = 1
10-11 16:04:06.354 I/OverlayManager( 3043): onAllControllersDisconnect gazeType = 1
10-11 16:04:06.354 I/OverlayManager( 3043): onAllControllersDisconnect ---
10-11 16:04:06.354 I/VROverlayRenderer( 3043): setMultiSamples MSAA is disable, samples = 0
10-11 16:04:06.354 I/VROverlayContext( 3043): doPrePassthroughInitFunc mPrePassthroughInitFunc.size() = 0 +++
10-11 16:04:06.354 I/VROverlayContext( 3043): doPrePassthroughInitFunc mPrePassthroughInitFunc.size() = 0 ---
10-11 16:04:06.354 I/SVRI ( 3043): TargetSize w:1440 h:1440
10-11 16:04:06.354 I/SVRI ( 3043): TargetSize w:1440 h:1440
10-11 16:04:06.354 I/svr ( 3043): [MonitorHUD] ResumeMonitorState++
10-11 16:04:06.354 I/MonitorHUD( 3043): Setting app not installed, disable monitorHUD.
10-11 16:04:06.354 I/svr ( 3043): [MonitorHUD] ResumeMonitorState--
10-11 16:04:06.354 I/SVRMain ( 3043): UnityResumeVRLock, execute SVRInterface::InitPoseEvent
10-11 16:04:06.354 I/SVRI ( 3043): InitArena
10-11 16:04:06.354 I/SVRI ( 3043): InAppRecenter 0
10-11 16:04:06.355 D/SVRRenderBase( 3043): mLogoImage is gone.
10-11 16:04:06.355 I/VRCORE_Server( 2113): GetCallback target device :0, type: 2
10-11 16:04:06.355 D/VRCORE ( 2113): TID:2449 ./DeviceProxy.cc:54: Leave PollNextCommand
10-11 16:04:06.357 D/VRCORE_PluginKit( 2388): got request form client 2
10-11 16:04:06.357 I/VRCORE_PluginKit( 2388): RequestObserver.java:onNext(25) dev: com.htc.vr.device.svr.SvrHmdDevice_1207d09[0] Callback type: 2
10-11 16:04:06.358 D/SVR_HMD ( 2388): SvrHmdDevice.java:getInt(401) Attr_ThresholdNear_Int32: 30
10-11 16:04:06.358 D/VRCORE ( 2113): TID:2449 ./DeviceProxy.cc:54: Enter PollNextCommand
10-11 16:04:06.360 I/VRCORE_Server( 2113): GetCallback target device :0, type: 2
10-11 16:04:06.360 D/VRCORE ( 2113): TID:2449 ./DeviceProxy.cc:54: Leave PollNextCommand
10-11 16:04:06.361 D/VRCORE_PluginKit( 2388): got request form client 2
10-11 16:04:06.362 I/VRCORE_PluginKit( 2388): RequestObserver.java:onNext(25) dev: com.htc.vr.device.svr.SvrHmdDevice_1207d09[0] Callback type: 2
10-11 16:04:06.362 D/SVR_HMD ( 2388): SvrHmdDevice.java:getInt(405) Attr_ThresholdFar_Int32: 100
10-11 16:04:06.363 D/VRCORE ( 2113): TID:2449 ./DeviceProxy.cc:54: Enter PollNextCommand
10-11 16:04:06.363 D/SVRI ( 3043): Arena visible: 0x10 (isCalibrated=0, NO_PassThrough=0)
10-11 16:04:06.363 D/SVRI ( 3043): ARENA visible: 0x10 (dsO=0 dsR=0 T=1 G=0 vw*0* K0) no_pt=0
10-11 16:04:06.363 D/SVRI ( 3043): Arena DS type 0xaf0000
10-11 16:04:06.364 I/VRCORE_Server( 2113): GetCallback target device :0, type: 4
10-11 16:04:06.364 I/OverlayGenerator( 3043): handleGenerateTextureId textureId = 32
10-11 16:04:06.364 D/VRCORE ( 2113): TID:2449 ./DeviceProxy.cc:54: Leave PollNextCommand
10-11 16:04:06.365 D/VRCORE_PluginKit( 2388): got request form client 4
10-11 16:04:06.366 I/VRCORE_PluginKit( 2388): RequestObserver.java:onNext(25) dev: com.htc.vr.device.svr.SvrHmdDevice_1207d09[0] Callback type: 4
10-11 16:04:06.366 D/SVR_HMD ( 2388): SvrHmdDevice.java:getLong(346) Attr_6DofWorkArea_Uint64: -6144317253816261532
10-11 16:04:06.367 D/VRCORE ( 2113): TID:2449 ./DeviceProxy.cc:54: Enter PollNextCommand
10-11 16:04:06.367 I/SVRI ( 3043): [Arena] raw data READ 0xaabb0002fafa6464 (id=0xaabb, m=2), type 0xaf0000 (Y=1.750000, under useDSOrigin=0) (from DS)
10-11 16:04:06.367 D/SVRI ( 3043): [Arena] Rectangle 2.000000 2.000000, limit 5.000000 5.000000
10-11 16:04:06.368 I/OverlayGenerator( 3043): printAllocatedSize textureId = 29, width = 192, height = 192, size = 144.00 KB
10-11 16:04:06.368 I/OverlayGenerator( 3043): printAllocatedSize textureId = 32, width = 1024, height = 1024, size = 4.00 MB
10-11 16:04:06.370 I/SVRI ( 3043): [ARENA] InitArena (shape 1) [visibility *0*] trigger 0.700000 0.700000 (+0.300000 to wall), (wall +1.000000 to) outside 2.000000 2.000000, limit 5.000000 5.000000, notified Overlay
10-11 16:04:06.370 E/AndroidBitmapFactory( 3043): The bitmap is null.
10-11 16:04:06.370 D/VRConfigServiceConnector( 3043): Set virtualWall property done.
10-11 16:04:06.370 D/VRCORE ( 3043): TID:3112 ./VRSystemStub.cc:753: Enter GetParameters
10-11 16:04:06.370 D/VRCORE Decorator( 3043): VRActivityDecorator::getConfigData, call IVRService_api1 getConfigData
10-11 16:04:06.370 I/VRCORE_Server( 2113): GetCallback target device :0, type: 10
10-11 16:04:06.370 D/VRCORE ( 2113): TID:2449 ./DeviceProxy.cc:54: Leave PollNextCommand
10-11 16:04:06.371 D/VRBaseServiceConnector( 3043): getValueFromDecorator() key = screen_recording_indicator_image value = null
10-11 16:04:06.372 D/StatusBarManagerService( 1447): setSystemUiVisibility(0x160e)
10-11 16:04:06.372 D/VRCORE_PluginKit( 2388): got request form client 10
10-11 16:04:06.372 D/StatusBarManagerService( 1447): hiding MENU key
10-11 16:04:06.372 E/VRConfigServiceConnector( 3043): Attempt to invoke virtual method 'byte[] java.lang.String.getBytes()' on a null object reference
10-11 16:04:06.372 I/VRCORE_PluginKit( 2388): RequestObserver.java:onNext(25) dev: com.htc.vr.device.svr.SvrHmdDevice_1207d09[0] Callback type: 10
10-11 16:04:06.372 D/VRCORE Decorator( 3043): VRActivityDecorator::getConfigData, call IVRService_api1 getConfigData
10-11 16:04:06.372 I/VRCORE_PluginKit( 2388): RequestObserver.java:onNext(151) GetParameters: [com.htc.vr.device.svr.SvrHmdDevice_1207d09] set string [RecenterRightYaw] and get string [0.348068].
10-11 16:04:06.373 I/PhoneStatusBar( 1657): floatingMenu(showMenu:false hideMenu:false|false|true)
10-11 16:04:06.373 D/VRCORE ( 2113): TID:2449 ./DeviceProxy.cc:54: Enter PollNextCommand
10-11 16:04:06.374 E/mm-camera( 836): 1403: port_sensor_handle_upstream_module_event: failed
10-11 16:04:06.374 E/mm-camera( 836): 1748: port_sensor_port_process_event: failed: port_sensor_handle_upstream_module_event
10-11 16:04:06.374 E/mm-camera( 836): 1432: isp_util_forward_event: failed: mct_port_send_event_to_peer event->type 2
10-11 16:04:06.374 D/VRCORE ( 3043): TID:3112 ./VRSystemStub.cc:753: Leave GetParameters
10-11 16:04:06.374 I/SVRI ( 3043): SetControllerTransformWithParamters, type(2), GetParam(RecenterRightYaw), finally set strYaw=0.348068(0.348068) to mXform
10-11 16:04:06.374 I/SVRI ( 3043): TrackingModeNotify To Device(-1), Tracking Mode_DoF = 1 (0:3,1:6)
10-11 16:04:06.375 I/VRCORE_Server( 2113): SendEventToDriver target device :-1
10-11 16:04:06.375 D/VRCORE_Server( 2113): BroadcastEvent to device event: 30106
10-11 16:04:06.375 I/SVRI ( 3043): TrackingModeNotify To OEM, Tracking Mode_DoF = 1 (0:3,1:6)
10-11 16:04:06.375 D/VRCORE_PluginKit( 2388): event_thread_entry(53) com.htc.vr.device.svr.SvrHmdDevice_1207d09[0] receive event [30106]
10-11 16:04:06.376 D/VRCORE PluginKit JNI( 2388): OnReceiveEvent(46)
10-11 16:04:06.376 D/VRCORE_PluginKit( 2129): event_thread_entry(53) com.htc.vr.bledevice.BleControllerDevice_3cae0c5[1] receive event [30106]
10-11 16:04:06.376 D/VRCORE PluginKit JNI( 2129): OnReceiveEvent(46)
10-11 16:04:06.375 D/VRBaseServiceConnector( 3043): getValueFromDecorator() key = screen_recording_indicator value = null
10-11 16:04:06.376 D/VRConfigServiceConnector( 3043): Set record indicator property fail.
10-11 16:04:06.377 I/VRCORE_Server( 2113): SendEventToDriver target device :0
10-11 16:04:06.377 D/VRCORE_Server( 2113): PostEvent to device event: 30106
10-11 16:04:06.378 I/SVRI ( 3043): InitPoseEvent done!
10-11 16:04:06.378 I/VRCORE ( 3043): notify applciation state 1
10-11 16:04:06.378 D/VRCORE ( 3043): TID:3112 ./VRSystemStub.cc:738: Enter SetParameters
10-11 16:04:06.378 D/VRCORE_PluginKit( 2388): event_thread_entry(53) com.htc.vr.device.svr.SvrHmdDevice_1207d09[0] receive event [30106]
10-11 16:04:06.378 D/VRCORE PluginKit JNI( 2388): OnReceiveEvent(46)
10-11 16:04:06.379 I/VRCORE_Server( 2113): GetCallback target device :0, type: 9
10-11 16:04:06.379 D/VRCORE ( 2113): TID:2449 ./DeviceProxy.cc:54: Leave PollNextCommand
10-11 16:04:06.379 D/VRCORE_PluginKit( 2388): got request form client 9
10-11 16:04:06.380 I/FBXLoader( 3043): (loadScene) Assimp UnitScaleFactor: 0.100000 (so bytes is 4)
10-11 16:04:06.380 I/VRCORE_PluginKit( 2388): RequestObserver.java:onNext(25) dev: com.htc.vr.device.svr.SvrHmdDevice_1207d09[0] Callback type: 9
10-11 16:04:06.380 I/VRCORE_PluginKit( 2388): RequestObserver.java:onNext(156) SetParameters : [com.htc.vr.device.svr.SvrHmdDevice_1207d09] set string [sendPose=0;].
10-11 16:04:06.380 I/FBXLoader( 3043): material number = 4
10-11 16:04:06.380 D/SVR_HMD ( 2388): SvrHmdDevice.java:processSendPose(632) stop send pose
10-11 16:04:06.380 I/FBXLoader( 3043): mesh raw name : __CM__BeamOrigin. rename to : __CM__BeamOrigin.
10-11 16:04:06.380 I/FBXLoader( 3043): mesh raw name : __CM__HomeButton.__CM__HomeButton. rename to : __CM__HomeButton.
10-11 16:04:06.380 I/FBXLoader( 3043): mesh raw name : __CM__AppButton.__CM__AppButton. rename to : __CM__AppButton.
10-11 16:04:06.381 I/FBXLoader( 3043): mesh raw name : __CM__TouchPad. rename to : __CM__TouchPad.
10-11 16:04:06.381 D/VRCORE ( 2113): TID:2449 ./DeviceProxy.cc:54: Enter PollNextCommand
10-11 16:04:06.381 I/FBXLoader( 3043): mesh raw name : __CM__TouchPad_Touch. rename to : __CM__TouchPad_Touch.
10-11 16:04:06.381 I/FBXLoader( 3043): mesh raw name : __CM__VolumeKey. rename to : __CM__VolumeKey.
10-11 16:04:06.381 I/FBXLoader( 3043): mesh raw name : __CM__Body.__CM__Body. rename to : __CM__Body.
10-11 16:04:06.381 D/VRCORE ( 3043): TID:3112 ./VRSystemStub.cc:738: Leave SetParameters
10-11 16:04:06.381 I/VRWatchDog( 3043): resume
10-11 16:04:06.381 I/SVRMain ( 3043): UnityResumeVRLock --
10-11 16:04:06.381 I/SVRInternal( 3043): ResumeATW -
10-11 16:04:06.382 I/FBXLoader( 3043): mesh raw name : __CM__DigitalTriggerKey. rename to : __CM__DigitalTriggerKey.
10-11 16:04:06.382 I/FBXLoader( 3043): mesh raw name : __CM__Battery. rename to : __CM__Battery.
10-11 16:04:06.383 E/QVRServiceClientImpl( 3043): invalid ring: index out of bounds: -1
10-11 16:04:06.383 E/svr ( 3043): Error from QVRServiceClient_GetHeadTrackingData: Unknown = -1
10-11 16:04:06.383 I/SVRI ( 3043): GetPoseState svr_hmd_1 tm0(3) Quality Pose/Camera/Sensor -481831.38 -481831.25 -481831.38 ; lost 1 ; TS-3641281774213184284
10-11 16:04:06.397 I/SVRTextQ( 3043): generate texture id=34, index=0
10-11 16:04:06.397 I/SVRTextQ( 3043): generate texture id=35, index=1
10-11 16:04:06.397 I/SVRTextQ( 3043): generate texture id=36, index=2
10-11 16:04:06.397 I/VRWatchDog( 3043): [CheckPoint_G] WVR_SubmitFrame firstTime.
10-11 16:04:06.397 I/OverlayManager( 3043): isPassThroughShowing first frame show = 0
10-11 16:04:06.399 I/OverlayManager( 3043): drawBlockScreen mIsHMDLoseTracking changed = 1
10-11 16:04:06.399 I/OverlayManager( 3043): drawBlockScreen showLoading changed = 1
10-11 16:04:06.400 I/OverlayShader( 3043): isInited GL_ALREADY_SIGNALED
10-11 16:04:06.400 I/OverlayShader( 3043): isInited GL_ALREADY_SIGNALED
10-11 16:04:06.400 I/CustomizeOverlay( 3043): CustomizeOverlay::draw widthRatio = 1.000000, heightRatio = 1.000000
