10-11 16:03:57.057 E/mm-camera( 836): 2232: aec_process_calc_current_hist_metered_luma: error: out of range, exit
10-11 16:03:57.064 D/WVR_Foveated( 2179): Foveated rendering is not supported.
10-11 16:03:57.077 D/WVR_Foveated( 2179): Foveated rendering is not supported.
10-11 16:03:57.091 D/WVR_Foveated( 2179): Foveated rendering is not supported.
10-11 16:03:57.095 E/mm-camera( 836): 2232: aec_process_calc_current_hist_metered_luma: error: out of range, exit
10-11 16:03:57.104 D/WVR_Foveated( 2179): Foveated rendering is not supported.
10-11 16:03:57.117 D/WVR_Foveated( 2179): Foveated rendering is not supported.
10-11 16:03:57.121 I/svr ( 2179): FPS: 71.86
10-11 16:03:57.126 E/mm-camera( 836): 2232: aec_process_calc_current_hist_metered_luma: error: out of range, exit
10-11 16:03:57.132 D/WVR_Foveated( 2179): Foveated rendering is not supported.
10-11 16:03:57.144 D/WVR_Foveated( 2179): Foveated rendering is not supported.
10-11 16:03:57.160 E/mm-camera( 836): 2232: aec_process_calc_current_hist_metered_luma: error: out of range, exit
10-11 16:03:57.163 D/WVR_Foveated( 2179): Foveated rendering is not supported.
10-11 16:03:57.167 I/ArmModel( 2179): Dev(0)LHOVHMDPos : (-0.247712,0.150726,-0.067997)
10-11 16:03:57.173 D/WVR_Foveated( 2179): Foveated rendering is not supported.
10-11 16:03:57.184 D/WVR_Foveated( 2179): Foveated rendering is not supported.
10-11 16:03:57.193 E/mm-camera( 836): 2232: aec_process_calc_current_hist_metered_luma: error: out of range, exit
10-11 16:03:57.198 D/WVR_Foveated( 2179): Foveated rendering is not supported.
10-11 16:03:57.211 D/WVR_Foveated( 2179): Foveated rendering is not supported.
10-11 16:03:57.225 D/WVR_Foveated( 2179): Foveated rendering is not supported.
10-11 16:03:57.226 E/mm-camera( 836): 2232: aec_process_calc_current_hist_metered_luma: error: out of range, exit
10-11 16:03:57.231 I/[vrbledevice]Finch3DofController[0]( 2129): updatePose: timeStamp(147736609402), Euler:[-110.31898,-1.26358,177.86676] Quat:[0.00159,0.57133,-0.02158,0.82044] Acc:[0.04607,-0.02692,1.21070] Gyro:[-0.00396,-0.03495,0.00072]
10-11 16:03:57.238 D/WVR_Foveated( 2179): Foveated rendering is not supported.
10-11 16:03:57.252 D/WaveVR_Resource( 2179): getSystemLanguage, ret language = zh
10-11 16:03:57.252 D/WaveVR_Resource( 2179): getSystemCountry, ret country = CN
10-11 16:03:57.252 D/WVR_Foveated( 2179): Foveated rendering is not supported.
10-11 16:03:57.259 E/mm-camera( 836): 2232: aec_process_calc_current_hist_metered_luma: error: out of range, exit
10-11 16:03:57.265 D/WVR_Foveated( 2179): Foveated rendering is not supported.
10-11 16:03:57.273 I/POSE ( 2179): GetSyncPose pose_hmd_1 CV(s1f0) om0 6DoF 1vw_t0o0 (0.0000) XYZ -0.2474 0.1505 0.0677 YPR 27.0910 -4.8832 7.6694 ; Wxyz 0.9698 -0.0257 0.2307 0.0749 ; RAW XYZ 0.2474 -0.1505 -0.0677 Wxyz 0.9698 0.0257 -0.2307 -0.0749 ; LVel 0.016 -0.008 -0.002 LAc -0.00 -0.00 -0.00 AngV -0.098 -0.109 -0.014 AngAc -0.00 -0.00 -0.00 ; TS147774387870 15.66ms GetPoseState
10-11 16:03:57.278 D/WVR_Foveated( 2179): Foveated rendering is not supported.
10-11 16:03:57.292 E/mm-camera( 836): 2232: aec_process_calc_current_hist_metered_luma: error: out of range, exit
10-11 16:03:57.292 D/WVR_Foveated( 2179): Foveated rendering is not supported.
10-11 16:03:57.305 D/WVR_Foveated( 2179): Foveated rendering is not supported.
10-11 16:03:57.313 I/SVRI ( 2179): GetPoseState svr_hmd_1 tm3(3) Quality Pose/Camera/Sensor 0.98 1.00 1.00 ; lost 0 ; TS147815342454
10-11 16:03:57.318 D/WVR_Foveated( 2179): Foveated rendering is not supported.
10-11 16:03:57.326 E/mm-camera( 836): 2232: aec_process_calc_current_hist_metered_luma: error: out of range, exit
10-11 16:03:57.332 D/WVR_Foveated( 2179): Foveated rendering is not supported.
10-11 16:03:57.340 I/POSE ( 2179): GetSyncPose pose_clr_2 CV(s1f0) om0 3DoF 1vw_t0o0 (0.0000) XYZ -0.2355 -0.5266 -0.1113 YPR -90.3762 177.8668 -1.2636 ; Wxyz 0.0053 0.7048 -0.0210 0.7091 ; RAW XYZ 0.0000 0.0000 0.0000 Wxyz 0.0053 0.7048 -0.0210 0.7091 ; LVel 0.000 0.000 0.000 LAc 0.04 -0.03 1.22 AngV -0.004 -0.035 0.001 AngAc 0.00 0.00 0.00 ; TS147842037486 0.00ms GetPoseState
10-11 16:03:57.345 D/WVR_Foveated( 2179): Foveated rendering is not supported.
10-11 16:03:57.359 E/mm-camera( 836): 2232: aec_process_calc_current_hist_metered_luma: error: out of range, exit
10-11 16:03:57.363 D/WVR_Foveated( 2179): Foveated rendering is not supported.
10-11 16:03:57.372 D/WVR_Foveated( 2179): Foveated rendering is not supported.
10-11 16:03:57.385 D/WVR_Foveated( 2179): Foveated rendering is not supported.
10-11 16:03:57.393 E/mm-camera( 836): 2232: aec_process_calc_current_hist_metered_luma: error: out of range, exit
10-11 16:03:57.399 D/WVR_Foveated( 2179): Foveated rendering is not supported.
10-11 16:03:57.412 D/WVR_Foveated( 2179): Foveated rendering is not supported.
10-11 16:03:57.426 D/WVR_Foveated( 2179): Foveated rendering is not supported.
10-11 16:03:57.427 E/mm-camera( 836): 2232: aec_process_calc_current_hist_metered_luma: error: out of range, exit
10-11 16:03:57.438 D/WVR_Foveated( 2179): Foveated rendering is not supported.
10-11 16:03:57.452 D/WVR_Foveated( 2179): Foveated rendering is not supported.
10-11 16:03:57.459 E/mm-camera( 836): 2232: aec_process_calc_current_hist_metered_luma: error: out of range, exit
10-11 16:03:57.466 D/WVR_Foveated( 2179): Foveated rendering is not supported.
10-11 16:03:57.478 D/WVR_Foveated( 2179): Foveated rendering is not supported.
10-11 16:03:57.487 D/ArmModel( 2179): ArmModel getArmedPose(2) 1, 1
10-11 16:03:57.487 D/ArmModel( 2179): Dev(0)LHOVHMDPos LOCKED : (-0.243806,0.148794,-0.076037)
10-11 16:03:57.487 D/ArmModel( 2179): Dev(2)ctrllerXYRotationRadio : 0.365965 elbowCurveLerpValue = 0.523193
10-11 16:03:57.487 D/ArmModel( 2179): Dev(2)quatCtrllerXYRot : (-0.022171,-0.543262,0.000000,0.839270)
10-11 16:03:57.487 D/ArmModel( 2179): Dev(2)quatCtrllerXYLerpRot : (-0.012095,-0.296362,0.000000,0.954999)
10-11 16:03:57.487 D/ArmModel( 2179): Dev(2)elbowOffset : (-0.066861,-0.531656,0.005168)
10-11 16:03:57.487 D/ArmModel( 2179): Dev(2)wristOffset : (-0.189945,-0.528473,0.090843)
10-11 16:03:57.487 D/ArmModel( 2179): Dev(2)ctrllerOffset : (-0.235539,-0.526612,0.111281)
10-11 16:03:57.487 D/ArmModel( 2179): Dev(2)finalCtrlPos : (-0.235539,-0.526612,-0.111281)
10-11 16:03:57.490 D/SVR_HMD ( 2388): SvrHmdDevice.java:onSensorChanged(273) SvrHmdDevice, onSensorChanged, sensor.getType() = 4, GYRO: AxisX = 0.0076293945, AxisY = 0.07359314, AxisZ = -0.08691406
10-11 16:03:57.491 E/mm-camera( 836): 2232: aec_process_calc_current_hist_metered_luma: error: out of range, exit
10-11 16:03:57.492 D/SVR_HMD ( 2388): SvrHmdDevice.java:onSensorChanged(281) SvrHmdDevice, onSensorChanged, sensor.getType() = 1, ACCELER: X = 1.6332245, Y = 9.441162, Z = 0.38700867
10-11 16:03:57.494 D/WVR_Foveated( 2179): Foveated rendering is not supported.
10-11 16:03:57.505 D/WVR_Foveated( 2179): Foveated rendering is not supported.
10-11 16:03:57.519 D/WVR_Foveated( 2179): Foveated rendering is not supported.
10-11 16:03:57.526 E/mm-camera( 836): 2232: aec_process_calc_current_hist_metered_luma: error: out of range, exit
10-11 16:03:57.533 D/WVR_Foveated( 2179): Foveated rendering is not supported.
10-11 16:03:57.546 D/WVR_Foveated( 2179): Foveated rendering is not supported.
10-11 16:03:57.554 D/ArmModel( 2179): ArmModel getArmedPose(3) 0, 1
10-11 16:03:57.557 E/mm-camera( 836): 2232: aec_process_calc_current_hist_metered_luma: error: out of range, exit
10-11 16:03:57.564 D/WVR_Foveated( 2179): Foveated rendering is not supported.
10-11 16:03:57.573 D/WVR_Foveated( 2179): Foveated rendering is not supported.
10-11 16:03:57.586 D/WVR_Foveated( 2179): Foveated rendering is not supported.
10-11 16:03:57.592 E/mm-camera( 836): 2232: aec_process_calc_current_hist_metered_luma: error: out of range, exit
10-11 16:03:57.599 D/WVR_Foveated( 2179): Foveated rendering is not supported.
10-11 16:03:57.612 D/WVR_Foveated( 2179): Foveated rendering is not supported.
10-11 16:03:57.626 E/mm-camera( 836): 2232: aec_process_calc_current_hist_metered_luma: error: out of range, exit
10-11 16:03:57.626 D/WVR_Foveated( 2179): Foveated rendering is not supported.
10-11 16:03:57.639 D/WVR_Foveated( 2179): Foveated rendering is not supported.
10-11 16:03:57.652 D/WVR_Foveated( 2179): Foveated rendering is not supported.
10-11 16:03:57.659 E/mm-camera( 836): 2232: aec_process_calc_current_hist_metered_luma: error: out of range, exit
10-11 16:03:57.661 I/WVRFoveat( 2179): FovText: eye 0 s 0 id 74 0 mode 2 1 enable 1 0 support 0
10-11 16:03:57.664 I/WVRFoveat( 2179): FovText: eye 1 s 0 id 77 0 mode 2 1 enable 1 0 support 0
10-11 16:03:57.667 D/WVR_Foveated( 2179): Foveated rendering is not supported.
10-11 16:03:57.679 D/WVR_Foveated( 2179): Foveated rendering is not supported.
10-11 16:03:57.692 E/mm-camera( 836): 2232: aec_process_calc_current_hist_metered_luma: error: out of range, exit
10-11 16:03:57.693 D/WVR_Foveated( 2179): Foveated rendering is not supported.
10-11 16:03:57.706 D/WVR_Foveated( 2179): Foveated rendering is not supported.
10-11 16:03:57.719 D/WVR_Foveated( 2179): Foveated rendering is not supported.
10-11 16:03:57.726 E/mm-camera( 836): 2232: aec_process_calc_current_hist_metered_luma: error: out of range, exit
10-11 16:03:57.727 I/ArmModel( 2179): Dev(0)LHOVHMDPos : (-0.244327,0.148435,-0.067620)
10-11 16:03:57.728 I/ipdmonitor( 2388): ipd = 659
10-11 16:03:57.733 D/WVR_Foveated( 2179): Foveated rendering is not supported.
10-11 16:03:57.746 D/WVR_Foveated( 2179): Foveated rendering is not supported.
10-11 16:03:57.757 E/mm-camera( 836): 2232: aec_process_calc_current_hist_metered_luma: error: out of range, exit
10-11 16:03:57.759 D/WVR_Foveated( 2179): Foveated rendering is not supported.
10-11 16:03:57.777 D/WVR_Foveated( 2179): Foveated rendering is not supported.
10-11 16:03:57.786 D/WVR_Foveated( 2179): Foveated rendering is not supported.
10-11 16:03:57.793 E/mm-camera( 836): 2232: aec_process_calc_current_hist_metered_luma: error: out of range, exit
10-11 16:03:57.799 D/WVR_Foveated( 2179): Foveated rendering is not supported.
10-11 16:03:57.813 D/WVR_Foveated( 2179): Foveated rendering is not supported.
10-11 16:03:57.821 I/POSE ( 2179): GetSyncPose pose_hmd_1 CV(s1f0) om0 6DoF 1vw_t0o0 (0.0000) XYZ -0.2446 0.1487 0.0677 YPR 26.1172 -5.4574 7.5050 ; Wxyz 0.9717 -0.0315 0.2222 0.0744 ; RAW XYZ 0.2446 -0.1487 -0.0677 Wxyz 0.9717 0.0315 -0.2222 -0.0744 ; LVel 0.008 0.004 -0.001 LAc -0.00 -0.00 -0.00 AngV 0.022 0.174 0.112 AngAc -0.00 -0.00 -0.00 ; TS148323643235 15.42ms GetPoseState
10-11 16:03:57.824 E/mm-camera( 836): 2232: aec_process_calc_current_hist_metered_luma: error: out of range, exit
10-11 16:03:57.827 D/WVR_Foveated( 2179): Foveated rendering is not supported.
10-11 16:03:57.839 D/WVR_Foveated( 2179): Foveated rendering is not supported.
10-11 16:03:57.853 D/WVR_Foveated( 2179): Foveated rendering is not supported.
10-11 16:03:57.860 E/mm-camera( 836): 2232: aec_process_calc_current_hist_metered_luma: error: out of range, exit
10-11 16:03:57.861 I/SVRI ( 2179): GetPoseState svr_hmd_1 tm3(3) Quality Pose/Camera/Sensor 0.99 1.00 1.00 ; lost 0 ; TS148363590735
10-11 16:03:57.867 D/WVR_Foveated( 2179): Foveated rendering is not supported.
10-11 16:03:57.879 D/WVR_Foveated( 2179): Foveated rendering is not supported.
10-11 16:03:57.891 I/POSE ( 2179): GetSyncPose pose_clr_2 CV(s1f0) om0 3DoF 1vw_t0o0 (0.0000) XYZ -0.2355 -0.5266 -0.1113 YPR -90.3762 177.8668 -1.2636 ; Wxyz 0.0053 0.7048 -0.0210 0.7091 ; RAW XYZ 0.0000 0.0000 0.0000 Wxyz 0.0053 0.7048 -0.0210 0.7091 ; LVel 0.000 0.000 0.000 LAc 0.04 -0.03 1.21 AngV -0.004 -0.035 0.001 AngAc 0.00 0.00 0.00 ; TS148389697957 0.00ms GetPoseState
10-11 16:03:57.893 E/mm-camera( 836): 2232: aec_process_calc_current_hist_metered_luma: error: out of range, exit
10-11 16:03:57.897 D/WVR_Foveated( 2179): Foveated rendering is not supported.
10-11 16:03:57.908 D/WVR_Foveated( 2179): Foveated rendering is not supported.
10-11 16:03:57.919 D/WVR_Foveated( 2179): Foveated rendering is not supported.
10-11 16:03:57.924 E/mm-camera( 836): 2232: aec_process_calc_current_hist_metered_luma: error: out of range, exit
10-11 16:03:57.934 D/WaveVR_Resource( 2179): getSystemLanguage, ret language = zh
10-11 16:03:57.934 D/WaveVR_Resource( 2179): getSystemCountry, ret country = CN
10-11 16:03:57.934 D/WVR_Foveated( 2179): Foveated rendering is not supported.
10-11 16:03:57.947 D/WVR_Foveated( 2179): Foveated rendering is not supported.
10-11 16:03:57.949 D/RRClientDetector( 2179): Supported : false
10-11 16:03:57.953 I/ViveportM( 2179): VRCheck.CheckInternet.101: VRGameFunction-VRCheck-CheckInternet, Have Internet
10-11 16:03:57.953 D/RRClientDetector( 2179): Supported : false
10-11 16:03:57.959 E/mm-camera( 836): 2232: aec_process_calc_current_hist_metered_luma: error: out of range, exit
10-11 16:03:57.966 D/WVR_Foveated( 2179): Foveated rendering is not supported.
10-11 16:03:57.988 D/SVR_HMD ( 2388): SvrHmdDevice.java:onSensorChanged(273) SvrHmdDevice, onSensorChanged, sensor.getType() = 4, GYRO: AxisX = 0.03692627, AxisY = 0.012878418, AxisZ = -0.0048980713
10-11 16:03:57.990 D/SVR_HMD ( 2388): SvrHmdDevice.java:onSensorChanged(281) SvrHmdDevice, onSensorChanged, sensor.getType() = 1, ACCELER: X = 1.3994446, Y = 9.654587, Z = 0.48017883
10-11 16:03:57.991 D/WVR_Foveated( 2179): Foveated rendering is not supported.
10-11 16:03:57.992 E/mm-camera( 836): 2232: aec_process_calc_current_hist_metered_luma: error: out of range, exit
10-11 16:03:58.000 D/WVR_Foveated( 2179): Foveated rendering is not supported.
10-11 16:03:58.013 D/WVR_Foveated( 2179): Foveated rendering is not supported.
10-11 16:03:58.026 E/mm-camera( 836): 2232: aec_process_calc_current_hist_metered_luma: error: out of range, exit
10-11 16:03:58.027 D/WVR_Foveated( 2179): Foveated rendering is not supported.
10-11 16:03:58.040 D/WVR_Foveated( 2179): Foveated rendering is not supported.
10-11 16:03:58.053 D/WVR_Foveated( 2179): Foveated rendering is not supported.
10-11 16:03:58.058 E/mm-camera( 836): 2232: aec_process_calc_current_hist_metered_luma: error: out of range, exit
10-11 16:03:58.062 D/ArmModel( 2179): ArmModel getArmedPose(2) 1, 1
10-11 16:03:58.062 D/ArmModel( 2179): Dev(0)LHOVHMDPos LOCKED : (-0.243806,0.148794,-0.076037)
10-11 16:03:58.062 D/ArmModel( 2179): Dev(2)ctrllerXYRotationRadio : 0.365965 elbowCurveLerpValue = 0.523193
10-11 16:03:58.062 D/ArmModel( 2179): Dev(2)quatCtrllerXYRot : (-0.022171,-0.543262,0.000000,0.839270)
10-11 16:03:58.062 D/ArmModel( 2179): Dev(2)quatCtrllerXYLerpRot : (-0.012095,-0.296362,0.000000,0.954999)
10-11 16:03:58.062 D/ArmModel( 2179): Dev(2)elbowOffset : (-0.066861,-0.531656,0.005168)
10-11 16:03:58.062 D/ArmModel( 2179): Dev(2)wristOffset : (-0.189945,-0.528473,0.090843)
10-11 16:03:58.062 D/ArmModel( 2179): Dev(2)ctrllerOffset : (-0.235539,-0.526612,0.111281)
10-11 16:03:58.062 D/ArmModel( 2179): Dev(2)finalCtrlPos : (-0.235539,-0.526612,-0.111281)
10-11 16:03:58.067 D/WVR_Foveated( 2179): Foveated rendering is not supported.
10-11 16:03:58.080 D/WVR_Foveated( 2179): Foveated rendering is not supported.
10-11 16:03:58.093 E/mm-camera( 836): 2232: aec_process_calc_current_hist_metered_luma: error: out of range, exit
10-11 16:03:58.094 D/WVR_Foveated( 2179): Foveated rendering is not supported.
10-11 16:03:58.107 D/WVR_Foveated( 2179): Foveated rendering is not supported.
10-11 16:03:58.120 D/WVR_Foveated( 2179): Foveated rendering is not supported.
10-11 16:03:58.123 I/svr ( 2179): FPS: 73.78
10-11 16:03:58.125 E/mm-camera( 836): 2232: aec_process_calc_current_hist_metered_luma: error: out of range, exit
10-11 16:03:58.128 D/ArmModel( 2179): ArmModel getArmedPose(3) 0, 1
10-11 16:03:58.134 D/WVR_Foveated( 2179): Foveated rendering is not supported.
10-11 16:03:58.147 D/WVR_Foveated( 2179): Foveated rendering is not supported.
10-11 16:03:58.159 E/mm-camera( 836): 2232: aec_process_calc_current_hist_metered_luma: error: out of range, exit
10-11 16:03:58.161 D/WVR_Foveated( 2179): Foveated rendering is not supported.
10-11 16:03:58.173 D/WVR_Foveated( 2179): Foveated rendering is not supported.
10-11 16:03:58.194 E/mm-camera( 836): 2232: aec_process_calc_current_hist_metered_luma: error: out of range, exit
10-11 16:03:58.195 D/WVR_Foveated( 2179): Foveated rendering is not supported.
10-11 16:03:58.202 D/[FinchCore]BleDevice[Finch Dash:FD:B3:9B:59:3A:96]( 2129): send cmd: NOSLEEP_CMD
10-11 16:03:58.203 D/[FinchCore]BleDevice[Finch Dash:FD:B3:9B:59:3A:96]( 2129): execute operation GattCharacteristicWriteCmdOperation
10-11 16:03:58.203 D/[FinchCore]GattCharacteristicWriteCmdOperation[Finch Dash:FD:B3:9B:59:3A:96]( 2129): writing to 6e400002-b5a3-f393-e0a9-e50e24dcca9e
10-11 16:03:58.204 D/[FinchCore]GattCharacteristicWriteCmdOperation[Finch Dash:FD:B3:9B:59:3A:96]( 2129): send cmd: NOSLEEP_CMD successfully, try count: 1
10-11 16:03:58.205 D/[FinchCore]BleDevice[Finch Dash:FD:B3:9B:59:3A:96]( 2129): onCharacteristicWrite uuid: 6e400002-b5a3-f393-e0a9-e50e24dcca9e status: 0
10-11 16:03:58.205 D/WVR_Foveated( 2179): Foveated rendering is not supported.
10-11 16:03:58.216 D/WVR_Foveated( 2179): Foveated rendering is not supported.
10-11 16:03:58.226 E/mm-camera( 836): 2232: aec_process_calc_current_hist_metered_luma: error: out of range, exit
10-11 16:03:58.227 D/WVR_Foveated( 2179): Foveated rendering is not supported.
10-11 16:03:58.228 I/[vrbledevice]Finch3DofController[0]( 2129): updatePose: timeStamp(148734018981), Euler:[-110.31898,-1.26358,177.86676] Quat:[0.00159,0.57133,-0.02158,0.82044] Acc:[0.04426,-0.02692,1.22566] Gyro:[-0.00396,-0.03495,0.00072]
10-11 16:03:58.240 D/WVR_Foveated( 2179): Foveated rendering is not supported.
10-11 16:03:58.254 D/WVR_Foveated( 2179): Foveated rendering is not supported.
10-11 16:03:58.260 E/mm-camera( 836): 2232: aec_process_calc_current_hist_metered_luma: error: out of range, exit
10-11 16:03:58.268 D/WVR_Foveated( 2179): Foveated rendering is not supported.
10-11 16:03:58.280 D/WVR_Foveated( 2179): Foveated rendering is not supported.
10-11 16:03:58.293 E/mm-camera( 836): 2232: aec_process_calc_current_hist_metered_luma: error: out of range, exit
10-11 16:03:58.294 D/WVR_Foveated( 2179): Foveated rendering is not supported.
10-11 16:03:58.302 I/ArmModel( 2179): Dev(0)LHOVHMDPos : (-0.242169,0.146965,-0.064501)
10-11 16:03:58.308 D/WVR_Foveated( 2179): Foveated rendering is not supported.
10-11 16:03:58.321 D/WVR_Foveated( 2179): Foveated rendering is not supported.
10-11 16:03:58.325 E/mm-camera( 836): 2232: aec_process_calc_current_hist_metered_luma: error: out of range, exit
10-11 16:03:58.334 D/WVR_Foveated( 2179): Foveated rendering is not supported.
10-11 16:03:58.348 D/WVR_Foveated( 2179): Foveated rendering is not supported.
10-11 16:03:58.359 E/mm-camera( 836): 2232: aec_process_calc_current_hist_metered_luma: error: out of range, exit
10-11 16:03:58.361 D/WVR_Foveated( 2179): Foveated rendering is not supported.
10-11 16:03:58.374 D/WVR_Foveated( 2179): Foveated rendering is not supported.
10-11 16:03:58.382 I/POSE ( 2179): GetSyncPose pose_hmd_1 CV(s1f0) om0 6DoF 1vw_t0o0 (0.0000) XYZ -0.2415 0.1460 0.0659 YPR 28.2678 -6.0232 5.8737 ; Wxyz 0.9678 -0.0384 0.2409 0.0624 ; RAW XYZ 0.2415 -0.1460 -0.0659 Wxyz 0.9678 0.0384 -0.2409 -0.0624 ; LVel -0.011 0.002 0.025 LAc -0.00 -0.00 -0.00 AngV -0.126 0.065 0.056 AngAc -0.00 -0.00 -0.00 ; TS148883884902 15.76ms GetPoseState
10-11 16:03:58.393 D/WVR_Foveated( 2179): Foveated rendering is not supported.
10-11 16:03:58.393 E/mm-camera( 836): 2232: aec_process_calc_current_hist_metered_luma: error: out of range, exit
10-11 16:03:58.401 D/WVR_Foveated( 2179): Foveated rendering is not supported.
10-11 16:03:58.414 D/WVR_Foveated( 2179): Foveated rendering is not supported.
10-11 16:03:58.422 I/SVRI ( 2179): GetPoseState svr_hmd_1 tm3(3) Quality Pose/Camera/Sensor 0.99 1.00 1.00 ; lost 0 ; TS148924809016
10-11 16:03:58.427 E/mm-camera( 836): 2232: aec_process_calc_current_hist_metered_luma: error: out of range, exit
10-11 16:03:58.428 D/WVR_Foveated( 2179): Foveated rendering is not supported.
10-11 16:03:58.441 D/WVR_Foveated( 2179): Foveated rendering is not supported.
10-11 16:03:58.449 I/POSE ( 2179): GetSyncPose pose_clr_2 CV(s1f0) om0 3DoF 1vw_t0o0 (0.0000) XYZ -0.2355 -0.5266 -0.1113 YPR -90.3762 177.8668 -1.2636 ; Wxyz 0.0053 0.7048 -0.0210 0.7091 ; RAW XYZ 0.0000 0.0000 0.0000 Wxyz 0.0053 0.7048 -0.0210 0.7091 ; LVel 0.000 0.000 0.000 LAc 0.04 -0.03 1.22 AngV -0.004 -0.035 0.001 AngAc 0.00 0.00 0.00 ; TS148951719576 0.00ms GetPoseState
10-11 16:03:58.454 D/WVR_Foveated( 2179): Foveated rendering is not supported.
10-11 16:03:58.458 E/mm-camera( 836): 2232: aec_process_calc_current_hist_metered_luma: error: out of range, exit
10-11 16:03:58.468 D/WVR_Foveated( 2179): Foveated rendering is not supported.
10-11 16:03:58.481 D/WVR_Foveated( 2179): Foveated rendering is not supported.
10-11 16:03:58.485 D/SVR_HMD ( 2388): SvrHmdDevice.java:onSensorChanged(273) SvrHmdDevice, onSensorChanged, sensor.getType() = 4, GYRO: AxisX = -0.23258972, AxisY = 0.067733765, AxisZ = 0.047317505
10-11 16:03:58.485 D/SVR_HMD ( 2388): SvrHmdDevice.java:onSensorChanged(281) SvrHmdDevice, onSensorChanged, sensor.getType() = 1, ACCELER: X = 0.70428467, Y = 9.399979, Z = 0.8103943
10-11 16:03:58.491 E/mm-camera( 836): 2232: aec_process_calc_current_hist_metered_luma: error: out of range, exit
10-11 16:03:58.495 D/WVR_Foveated( 2179): Foveated rendering is not supported.
10-11 16:03:58.509 D/WVR_Foveated( 2179): Foveated rendering is not supported.
10-11 16:03:58.521 D/WVR_Foveated( 2179): Foveated rendering is not supported.
10-11 16:03:58.527 E/mm-camera( 836): 2232: aec_process_calc_current_hist_metered_luma: error: out of range, exit
10-11 16:03:58.534 D/WVR_Foveated( 2179): Foveated rendering is not supported.
10-11 16:03:58.548 D/WVR_Foveated( 2179): Foveated rendering is not supported.
10-11 16:03:58.560 E/mm-camera( 836): 2232: aec_process_calc_current_hist_metered_luma: error: out of range, exit
10-11 16:03:58.561 D/WVR_Foveated( 2179): Foveated rendering is not supported.
10-11 16:03:58.575 D/WVR_Foveated( 2179): Foveated rendering is not supported.
10-11 16:03:58.593 D/WVR_Foveated( 2179): Foveated rendering is not supported.
10-11 16:03:58.593 E/mm-camera( 836): 2232: aec_process_calc_current_hist_metered_luma: error: out of range, exit
10-11 16:03:58.602 D/WVR_Foveated( 2179): Foveated rendering is not supported.
10-11 16:03:58.615 D/WVR_Foveated( 2179): Foveated rendering is not supported.
10-11 16:03:58.623 D/ArmModel( 2179): ArmModel getArmedPose(2) 1, 1
10-11 16:03:58.623 D/ArmModel( 2179): Dev(0)LHOVHMDPos LOCKED : (-0.243806,0.148794,-0.076037)
10-11 16:03:58.623 D/ArmModel( 2179): Dev(2)ctrllerXYRotationRadio : 0.365965 elbowCurveLerpValue = 0.523193
10-11 16:03:58.623 D/ArmModel( 2179): Dev(2)quatCtrllerXYRot : (-0.022171,-0.543262,0.000000,0.839270)
10-11 16:03:58.623 D/ArmModel( 2179): Dev(2)quatCtrllerXYLerpRot : (-0.012095,-0.296362,0.000000,0.954999)
10-11 16:03:58.623 D/ArmModel( 2179): Dev(2)elbowOffset : (-0.066861,-0.531656,0.005168)
10-11 16:03:58.623 D/ArmModel( 2179): Dev(2)wristOffset : (-0.189945,-0.528473,0.090843)
10-11 16:03:58.623 D/ArmModel( 2179): Dev(2)ctrllerOffset : (-0.235539,-0.526612,0.111281)
10-11 16:03:58.623 D/ArmModel( 2179): Dev(2)finalCtrlPos : (-0.235539,-0.526612,-0.111281)
10-11 16:03:58.627 E/mm-camera( 836): 2232: aec_process_calc_current_hist_metered_luma: error: out of range, exit
10-11 16:03:58.629 D/WaveVR_Resource( 2179): getSystemLanguage, ret language = zh
10-11 16:03:58.629 D/WaveVR_Resource( 2179): getSystemCountry, ret country = CN
10-11 16:03:58.629 D/WVR_Foveated( 2179): Foveated rendering is not supported.
10-11 16:03:58.641 D/WVR_Foveated( 2179): Foveated rendering is not supported.
10-11 16:03:58.655 D/WVR_Foveated( 2179): Foveated rendering is not supported.
10-11 16:03:58.660 E/mm-camera( 836): 2232: aec_process_calc_current_hist_metered_luma: error: out of range, exit
10-11 16:03:58.668 D/WVR_Foveated( 2179): Foveated rendering is not supported.
10-11 16:03:58.682 D/WVR_Foveated( 2179): Foveated rendering is not supported.
10-11 16:03:58.690 D/ArmModel( 2179): ArmModel getArmedPose(3) 0, 1
10-11 16:03:58.693 E/mm-camera( 836): 2232: aec_process_calc_current_hist_metered_luma: error: out of range, exit
10-11 16:03:58.695 D/WVR_Foveated( 2179): Foveated rendering is not supported.
10-11 16:03:58.709 D/WVR_Foveated( 2179): Foveated rendering is not supported.
10-11 16:03:58.712 D/WVR_Foveated( 2179): LateUpdate: !isEnabled || !useValuesInInspector || Instance != this
10-11 16:03:58.716 D/WVR_Render( 2179): RenderLoop() is still running
10-11 16:03:58.716 D/WVR_WaveVR( 2179): UpdateEachFrame()
10-11 16:03:58.717 D/WVR_WaveVR( 2179): UpdateEachFrame() device HMD is connected, pose is valid, pos: {-0.2338835, 0.1483413, -0.07718188}, rot: {0.0657519, -0.2340701, 0.06995996, 0.9674676}
10-11 16:03:58.717 D/WVR_WaveVR( 2179): UpdateEachFrame() device controller right is connected, pose is valid, pos: {-0.2355392, -0.526612, 0.1112808}, rot: {-0.7047625, 0.0209751, 0.7091135, 0.005297477}
10-11 16:03:58.717 D/WVR_WaveVR( 2179): UpdateEachFrame() device controller left is disconnected, pose is invalid, pos: {0, 0, 0}, rot: {0, 0, 0, 0}
10-11 16:03:58.717 D/WVR_WaveVR( 2179): UpdateEachFrame() after new pose.
10-11 16:03:58.717 D/WVR_TexMngr( 2179): Get texture from queue
10-11 16:03:58.717 D/WVR_TexMngr( 2179): Get texture from queue
10-11 16:03:58.717 D/WVR_Render( 2179): Render_WVR_Eye_Left
10-11 16:03:58.719 D/WVR_Render( 2179): Render_WVR_Eye_Right
10-11 16:03:58.720 D/WVR_Render( 2179): End of frame
10-11 16:03:58.722 D/WaveVR_InputModuleManager( 2179): updateInteractionModeAndGazeTriggerType() OverrideSystemSettings is true.
10-11 16:03:58.722 D/WaveVR_InputModuleManager( 2179): updateInteractionModeAndGazeTriggerType() InteractionMode_System is controller.
10-11 16:03:58.722 D/WaveVR_InputModuleManager( 2179): updateInteractionModeAndGazeTriggerType() InteractionMode_User is controller.
10-11 16:03:58.722 D/WaveVR_InputModuleManager( 2179): updateInteractionModeAndGazeTriggerType() gazeTriggerType_System is timeout.
10-11 16:03:58.722 D/WaveVR_InputModuleManager( 2179): updateInteractionModeAndGazeTriggerType() gazeTriggerType_User is button.
10-11 16:03:58.722 D/WaveVR_ControllerInstanceManager( 2179): Controller instance: 1, Focus controller: WVR_DeviceType_Controller_Right, enable single beam: True
10-11 16:03:58.722 D/WaveVR_PoseTrackerManager( 2179): Update() Dominant, showTrackedObject is true.
10-11 16:03:58.722 D/WaveVR_PoseTrackerManager( 2179): Update() Dominant, Update() GameObject MIA_Ctrl is active.
10-11 16:03:58.722 D/WaveVR_PoseTrackerManager( 2179): Update() Dominant, Update() GameObject BeamR is active.
10-11 16:03:58.722 D/WaveVR_PoseTrackerManager( 2179): Update() Dominant, Update() GameObject ControllerPointerR is active.
10-11 16:03:58.723 D/WaveVR_Beam( 2179): Dominant Update() BeamR is shown, start offset: 0.015, end offset: 9.5, start width: 0.000625, end width: 0.00125, start color: RGBA(255, 255, 255, 255), end color: RGBA(255, 255, 255, 77)
10-11 16:03:58.723 D/WaveVR_ControllerPointer( 2179): Dominant ControllerPointerR is hidden, pointer color: RGBA(1.000, 1.000, 1.000, 1.000), use texture: True, pointer outer diameter: 0.258224, pointer distance: 13.4112, render queue: 5000
10-11 16:03:58.723 D/WVR_Foveated( 2179): Waiting for graphic ready to enable foveated rendering.
10-11 16:03:58.723 D/WVR_Foveated( 2179): Foveated rendering is not supported.
10-11 16:03:58.727 E/mm-camera( 836): 2232: aec_process_calc_current_hist_metered_luma: error: out of range, exit
10-11 16:03:58.729 I/ipdmonitor( 2388): ipd = 659
10-11 16:03:58.735 D/WVR_Foveated( 2179): Foveated rendering is not supported.
10-11 16:03:58.749 D/WVR_Foveated( 2179): Foveated rendering is not supported.
10-11 16:03:58.761 E/mm-camera( 836): 2232: aec_process_calc_current_hist_metered_luma: error: out of range, exit
10-11 16:03:58.762 D/WVR_Foveated( 2179): Foveated rendering is not supported.
10-11 16:03:58.775 D/WVR_Foveated( 2179): Foveated rendering is not supported.
10-11 16:03:58.792 E/mm-camera( 836): 2232: aec_process_calc_current_hist_metered_luma: error: out of range, exit
10-11 16:03:58.794 D/WVR_Foveated( 2179): Foveated rendering is not supported.
10-11 16:03:58.804 D/WVR_Foveated( 2179): Foveated rendering is not supported.
10-11 16:03:58.816 D/WVR_Foveated( 2179): Foveated rendering is not supported.
10-11 16:03:58.827 E/mm-camera( 836): 2232: aec_process_calc_current_hist_metered_luma: error: out of range, exit
10-11 16:03:58.830 D/WVR_Foveated( 2179): Foveated rendering is not supported.
10-11 16:03:58.860 E/mm-camera( 836): 2232: aec_process_calc_current_hist_metered_luma: error: out of range, exit
10-11 16:03:58.876 D/WVR_Foveated( 2179): Foveated rendering is not supported.
10-11 16:03:58.893 E/mm-camera( 836): 2232: aec_process_calc_current_hist_metered_luma: error: out of range, exit
10-11 16:03:58.896 D/WVR_Foveated( 2179): Foveated rendering is not supported.
10-11 16:03:58.900 D/WifiStateMachine( 1447): handleMessage: E msg.what=131155
10-11 16:03:58.900 D/WifiStateMachine( 1447): processMsg: ConnectedState
10-11 16:03:58.900 D/WifiStateMachine( 1447): processMsg: L2ConnectedState
10-11 16:03:58.904 I/ArmModel( 2179): Dev(0)LHOVHMDPos : (-0.232094,0.148690,-0.080514)
10-11 16:03:58.909 D/WVR_Foveated( 2179): Foveated rendering is not supported.
10-11 16:03:58.914 D/WifiStateMachine( 1447): CMD_RSSI_POLL: TxBytes = 641, RxBytes = 909
10-11 16:03:58.915 D/WifiStateMachine( 1447): handleMessage: X
10-11 16:03:58.922 D/WVR_Foveated( 2179): Foveated rendering is not supported.
10-11 16:03:58.927 E/mm-camera( 836): 2232: aec_process_calc_current_hist_metered_luma: error: out of range, exit
10-11 16:03:58.936 D/WVR_Foveated( 2179): Foveated rendering is not supported.
10-11 16:03:58.950 D/WVR_Foveated( 2179): Foveated rendering is not supported.
10-11 16:03:58.958 E/mm-camera( 836): 2232: aec_process_calc_current_hist_metered_luma: error: out of range, exit
10-11 16:03:58.962 D/WVR_Foveated( 2179): Foveated rendering is not supported.
10-11 16:03:58.970 I/POSE ( 2179): GetSyncPose pose_hmd_1 CV(s1f0) om0 6DoF 1vw_t0o0 (0.0000) XYZ -0.2340 0.1470 0.0759 YPR 21.8528 -10.2208 5.9874 ; Wxyz 0.9775 -0.0775 0.1840 0.0679 ; RAW XYZ 0.2340 -0.1470 -0.0759 Wxyz 0.9775 0.0775 -0.1840 -0.0679 ; LVel -0.043 -0.026 -0.103 LAc -0.00 -0.00 -0.00 AngV 0.018 -0.548 -0.021 AngAc -0.00 -0.00 -0.00 ; TS149472080735 15.75ms GetPoseState
10-11 16:03:58.976 D/WVR_Foveated( 2179): Foveated rendering is not supported.
10-11 16:03:58.982 D/SVR_HMD ( 2388): SvrHmdDevice.java:onSensorChanged(281) SvrHmdDevice, onSensorChanged, sensor.getType() = 1, ACCELER: X = 0.5148773, Y = 9.548248, Z = 2.164627
10-11 16:03:58.982 D/SVR_HMD ( 2388): SvrHmdDevice.java:onSensorChanged(273) SvrHmdDevice, onSensorChanged, sensor.getType() = 4, GYRO: AxisX = 0.0065612793, AxisY = -0.52456665, AxisZ = -0.053359985
10-11 16:03:58.994 E/mm-camera( 836): 2232: aec_process_calc_current_hist_metered_luma: error: out of range, exit
10-11 16:03:58.995 D/WVR_Foveated( 2179): Foveated rendering is not supported.
10-11 16:03:59.004 D/WVR_Foveated( 2179): Foveated rendering is not supported.
10-11 16:03:59.010 I/SVRI ( 2179): GetPoseState svr_hmd_1 tm3(3) Quality Pose/Camera/Sensor 0.99 1.00 1.00 ; lost 0 ; TS149513035318
10-11 16:03:59.016 D/WVR_Foveated( 2179): Foveated rendering is not supported.
10-11 16:03:59.027 E/mm-camera( 836): 2232: aec_process_calc_current_hist_metered_luma: error: out of range, exit
10-11 16:03:59.031 D/WVR_Foveated( 2179): Foveated rendering is not supported.
10-11 16:03:59.038 I/POSE ( 2179): GetSyncPose pose_clr_2 CV(s1f0) om0 3DoF 1vw_t0o0 (0.0000) XYZ -0.2355 -0.5266 -0.1113 YPR -90.3762 177.8668 -1.2636 ; Wxyz 0.0053 0.7048 -0.0210 0.7091 ; RAW XYZ 0.0000 0.0000 0.0000 Wxyz 0.0053 0.7048 -0.0210 0.7091 ; LVel 0.000 0.000 0.000 LAc 0.05 -0.03 1.22 AngV -0.004 -0.035 0.001 AngAc 0.00 0.00 0.00 ; TS149536888957 0.00ms GetPoseState
10-11 16:03:59.043 D/WVR_Foveated( 2179): Foveated rendering is not supported.
10-11 16:03:59.056 D/WVR_Foveated( 2179): Foveated rendering is not supported.
10-11 16:03:59.059 E/mm-camera( 836): 2232: aec_process_calc_current_hist_metered_luma: error: out of range, exit
10-11 16:03:59.070 D/WVR_Foveated( 2179): Foveated rendering is not supported.
10-11 16:03:59.083 D/WVR_Foveated( 2179): Foveated rendering is not supported.
10-11 16:03:59.093 E/mm-camera( 836): 2232: aec_process_calc_current_hist_metered_luma: error: out of range, exit
10-11 16:03:59.097 D/WVR_Foveated( 2179): Foveated rendering is not supported.
10-11 16:03:59.109 D/WVR_Foveated( 2179): Foveated rendering is not supported.
10-11 16:03:59.122 D/WVR_Foveated( 2179): Foveated rendering is not supported.
10-11 16:03:59.125 I/svr ( 2179): FPS: 71.86
10-11 16:03:59.126 E/mm-camera( 836): 2232: aec_process_calc_current_hist_metered_luma: error: out of range, exit
10-11 16:03:59.136 D/WVR_Foveated( 2179): Foveated rendering is not supported.
10-11 16:03:59.150 D/WVR_Foveated( 2179): Foveated rendering is not supported.
10-11 16:03:59.160 E/mm-camera( 836): 2232: aec_process_calc_current_hist_metered_luma: error: out of range, exit
10-11 16:03:59.163 D/WVR_Foveated( 2179): Foveated rendering is not supported.
10-11 16:03:59.177 D/WVR_Foveated( 2179): Foveated rendering is not supported.
10-11 16:03:59.193 E/mm-camera( 836): 2232: aec_process_calc_current_hist_metered_luma: error: out of range, exit
10-11 16:03:59.196 D/WVR_Foveated( 2179): Foveated rendering is not supported.
10-11 16:03:59.205 D/WVR_Foveated( 2179): Foveated rendering is not supported.
10-11 16:03:59.216 D/WVR_Foveated( 2179): Foveated rendering is not supported.
10-11 16:03:59.224 D/ArmModel( 2179): ArmModel getArmedPose(2) 1, 1
10-11 16:03:59.225 D/ArmModel( 2179): Dev(0)LHOVHMDPos LOCKED : (-0.243806,0.148794,-0.076037)
10-11 16:03:59.225 D/ArmModel( 2179): Dev(2)ctrllerXYRotationRadio : 0.365965 elbowCurveLerpValue = 0.523193
10-11 16:03:59.225 D/ArmModel( 2179): Dev(2)quatCtrllerXYRot : (-0.022171,-0.543262,0.000000,0.839270)
10-11 16:03:59.225 D/ArmModel( 2179): Dev(2)quatCtrllerXYLerpRot : (-0.012095,-0.296362,0.000000,0.954999)
10-11 16:03:59.225 D/ArmModel( 2179): Dev(2)elbowOffset : (-0.066861,-0.531656,0.005168)
10-11 16:03:59.225 D/ArmModel( 2179): Dev(2)wristOffset : (-0.189945,-0.528473,0.090843)
10-11 16:03:59.225 D/ArmModel( 2179): Dev(2)ctrllerOffset : (-0.235539,-0.526612,0.111281)
10-11 16:03:59.225 D/ArmModel( 2179): Dev(2)finalCtrlPos : (-0.235539,-0.526612,-0.111281)
10-11 16:03:59.227 E/mm-camera( 836): 2232: aec_process_calc_current_hist_metered_luma: error: out of range, exit
10-11 16:03:59.230 D/WVR_Foveated( 2179): Foveated rendering is not supported.
10-11 16:03:59.233 I/[vrbledevice]Finch3DofController[0]( 2129): updatePose: timeStamp(149739315696), Euler:[-110.31898,-1.26358,177.86676] Quat:[0.00159,0.57133,-0.02158,0.82044] Acc:[0.04607,-0.02811,1.20831] Gyro:[-0.00396,-0.03495,0.00072]
10-11 16:03:59.243 D/WVR_Foveated( 2179): Foveated rendering is not supported.
10-11 16:03:59.257 D/WVR_Foveated( 2179): Foveated rendering is not supported.
10-11 16:03:59.260 E/mm-camera( 836): 2232: aec_process_calc_current_hist_metered_luma: error: out of range, exit
10-11 16:03:59.270 D/WVR_Foveated( 2179): Foveated rendering is not supported.
10-11 16:03:59.283 D/WVR_Foveated( 2179): Foveated rendering is not supported.
10-11 16:03:59.291 D/ArmModel( 2179): ArmModel getArmedPose(3) 0, 1
10-11 16:03:59.293 E/mm-camera( 836): 2232: aec_process_calc_current_hist_metered_luma: error: out of range, exit
10-11 16:03:59.297 D/WVR_Foveated( 2179): Foveated rendering is not supported.
10-11 16:03:59.310 D/WVR_Foveated( 2179): Foveated rendering is not supported.
10-11 16:03:59.323 D/WVR_Foveated( 2179): Foveated rendering is not supported.
10-11 16:03:59.337 D/WVR_Foveated( 2179): Foveated rendering is not supported.
10-11 16:03:59.350 D/WaveVR_Resource( 2179): getSystemLanguage, ret language = zh
10-11 16:03:59.350 D/WaveVR_Resource( 2179): getSystemCountry, ret country = CN
10-11 16:03:59.350 D/WVR_Foveated( 2179): Foveated rendering is not supported.
10-11 16:03:59.363 D/WVR_Foveated( 2179): Foveated rendering is not supported.
10-11 16:03:59.377 D/WVR_Foveated( 2179): Foveated rendering is not supported.
10-11 16:03:59.395 D/WVR_Foveated( 2179): Foveated rendering is not supported.
10-11 16:03:59.405 D/WVR_Foveated( 2179): Foveated rendering is not supported.
10-11 16:03:59.417 D/WVR_Foveated( 2179): Foveated rendering is not supported.
10-11 16:03:59.430 D/WVR_Foveated( 2179): Foveated rendering is not supported.
10-11 16:03:59.443 D/WVR_Foveated( 2179): Foveated rendering is not supported.
10-11 16:03:59.457 D/WVR_Foveated( 2179): Foveated rendering is not supported.
10-11 16:03:59.465 I/ArmModel( 2179): Dev(0)LHOVHMDPos : (-0.232631,0.148123,-0.069205)
10-11 16:03:59.472 D/WVR_Foveated( 2179): Foveated rendering is not supported.
10-11 16:03:59.479 D/SVR_HMD ( 2388): SvrHmdDevice.java:onSensorChanged(273) SvrHmdDevice, onSensorChanged, sensor.getType() = 4, GYRO: AxisX = -0.022735596, AxisY = -0.06489563, AxisZ = -0.06187439
10-11 16:03:59.480 D/SVR_HMD ( 2388): SvrHmdDevice.java:onSensorChanged(281) SvrHmdDevice, onSensorChanged, sensor.getType() = 1, ACCELER: X = 1.5269623, Y = 9.381393, Z = 1.0419922
10-11 16:03:59.484 D/WVR_Foveated( 2179): Foveated rendering is not supported.
10-11 16:03:59.497 D/WVR_Foveated( 2179): Foveated rendering is not supported.
10-11 16:03:59.510 D/WVR_Foveated( 2179): Foveated rendering is not supported.
10-11 16:03:59.518 I/POSE ( 2179): GetSyncPose pose_hmd_1 CV(s1f0) om0 6DoF 1vw_t0o0 (0.0000) XYZ -0.2323 0.1480 0.0692 YPR 22.0482 -8.8851 8.2753 ; Wxyz 0.9771 -0.0621 0.1847 0.0854 ; RAW XYZ 0.2323 -0.1480 -0.0692 Wxyz 0.9771 0.0621 -0.1847 -0.0854 ; LVel 0.004 -0.002 0.010 LAc -0.00 -0.00 -0.00 AngV -0.019 -0.039 0.005 AngAc -0.00 -0.00 -0.00 ; TS150020329016 15.82ms GetPoseState
10-11 16:03:59.524 D/WVR_Foveated( 2179): Foveated rendering is not supported.
10-11 16:03:59.538 D/WVR_Foveated( 2179): Foveated rendering is not supported.
10-11 16:03:59.550 D/WVR_Foveated( 2179): Foveated rendering is not supported.
10-11 16:03:59.559 I/SVRI ( 2179): GetPoseState svr_hmd_1 tm3(3) Quality Pose/Camera/Sensor 1.00 1.00 1.00 ; lost 0 ; TS150061283599
10-11 16:03:59.562 E/mm-camera( 836): 2232: aec_process_calc_current_hist_metered_luma: error: out of range, exit
10-11 16:03:59.564 D/WVR_Foveated( 2179): Foveated rendering is not supported.
10-11 16:03:59.577 D/WVR_Foveated( 2179): Foveated rendering is not supported.
10-11 16:03:59.586 I/POSE ( 2179): GetSyncPose pose_clr_2 CV(s1f0) om0 3DoF 1vw_t0o0 (0.0000) XYZ -0.2355 -0.5266 -0.1113 YPR -90.3762 177.8668 -1.2636 ; Wxyz 0.0053 0.7048 -0.0210 0.7091 ; RAW XYZ 0.0000 0.0000 0.0000 Wxyz 0.0053 0.7048 -0.0210 0.7091 ; LVel 0.000 0.000 0.000 LAc 0.05 -0.03 1.21 AngV -0.004 -0.035 0.001 AngAc 0.00 0.00 0.00 ; TS150084011407 0.00ms GetPoseState
10-11 16:03:59.593 E/mm-camera( 836): 2232: aec_process_calc_current_hist_metered_luma: error: out of range, exit
10-11 16:03:59.598 D/WVR_Foveated( 2179): Foveated rendering is not supported.
10-11 16:03:59.607 D/WVR_Foveated( 2179): Foveated rendering is not supported.
10-11 16:03:59.619 D/WVR_Foveated( 2179): Foveated rendering is not supported.
10-11 16:03:59.631 D/WVR_Foveated( 2179): Foveated rendering is not supported.
10-11 16:03:59.644 D/WVR_Foveated( 2179): Foveated rendering is not supported.
10-11 16:03:59.658 D/WVR_Foveated( 2179): Foveated rendering is not supported.
10-11 16:03:59.671 D/WVR_Foveated( 2179): Foveated rendering is not supported.
10-11 16:03:59.684 D/WVR_Foveated( 2179): Foveated rendering is not supported.
10-11 16:03:59.697 D/WVR_Foveated( 2179): Foveated rendering is not supported.
10-11 16:03:59.711 D/WVR_Foveated( 2179): Foveated rendering is not supported.
10-11 16:03:59.724 D/WVR_Foveated( 2179): Foveated rendering is not supported.
10-11 16:03:59.730 I/ipdmonitor( 2388): ipd = 659
10-11 16:03:59.737 D/WVR_Foveated( 2179): Foveated rendering is not supported.
10-11 16:03:59.751 D/WVR_Foveated( 2179): Foveated rendering is not supported.
10-11 16:03:59.764 D/WVR_Foveated( 2179): Foveated rendering is not supported.
10-11 16:03:59.777 D/WVR_Foveated( 2179): Foveated rendering is not supported.
10-11 16:03:59.786 D/ArmModel( 2179): ArmModel getArmedPose(2) 1, 1
10-11 16:03:59.786 D/ArmModel( 2179): Dev(0)LHOVHMDPos LOCKED : (-0.243806,0.148794,-0.076037)
10-11 16:03:59.786 D/ArmModel( 2179): Dev(2)ctrllerXYRotationRadio : 0.365965 elbowCurveLerpValue = 0.523193
10-11 16:03:59.786 D/ArmModel( 2179): Dev(2)quatCtrllerXYRot : (-0.022171,-0.543262,0.000000,0.839270)
10-11 16:03:59.786 D/ArmModel( 2179): Dev(2)quatCtrllerXYLerpRot : (-0.012095,-0.296362,0.000000,0.954999)
10-11 16:03:59.786 D/ArmModel( 2179): Dev(2)elbowOffset : (-0.066861,-0.531656,0.005168)
10-11 16:03:59.786 D/ArmModel( 2179): Dev(2)wristOffset : (-0.189945,-0.528473,0.090843)
10-11 16:03:59.786 D/ArmModel( 2179): Dev(2)ctrllerOffset : (-0.235539,-0.526612,0.111281)
10-11 16:03:59.786 D/ArmModel( 2179): Dev(2)finalCtrlPos : (-0.235539,-0.526612,-0.111281)
10-11 16:03:59.791 D/WVR_Foveated( 2179): Foveated rendering is not supported.
10-11 16:03:59.809 D/WVR_Foveated( 2179): Foveated rendering is not supported.
10-11 16:03:59.817 D/WVR_Foveated( 2179): Foveated rendering is not supported.
10-11 16:03:59.831 D/WVR_Foveated( 2179): Foveated rendering is not supported.
10-11 16:03:59.845 D/WVR_Foveated( 2179): Foveated rendering is not supported.
10-11 16:03:59.853 D/ArmModel( 2179): ArmModel getArmedPose(3) 0, 1
10-11 16:03:59.858 D/WVR_Foveated( 2179): Foveated rendering is not supported.
10-11 16:03:59.872 D/WVR_Foveated( 2179): Foveated rendering is not supported.
10-11 16:03:59.884 D/WVR_Foveated( 2179): Foveated rendering is not supported.
10-11 16:03:59.898 D/WVR_Foveated( 2179): Foveated rendering is not supported.
10-11 16:03:59.912 D/WVR_Foveated( 2179): Foveated rendering is not supported.
10-11 16:03:59.925 D/WVR_Foveated( 2179): Foveated rendering is not supported.
10-11 16:03:59.938 D/WVR_Foveated( 2179): Foveated rendering is not supported.
10-11 16:03:59.951 D/WVR_Foveated( 2179): Foveated rendering is not supported.
10-11 16:03:59.965 D/WVR_Foveated( 2179): Foveated rendering is not supported.
10-11 16:03:59.976 D/SVR_HMD ( 2388): SvrHmdDevice.java:onSensorChanged(281) SvrHmdDevice, onSensorChanged, sensor.getType() = 1, ACCELER: X = 1.4978027, Y = 9.544861, Z = 1.233963
10-11 16:03:59.976 D/SVR_HMD ( 2388): SvrHmdDevice.java:onSensorChanged(273) SvrHmdDevice, onSensorChanged, sensor.getType() = 4, GYRO: AxisX = -0.008880615, AxisY = 0.011810303, AxisZ = 0.0025787354
10-11 16:03:59.978 D/WVR_Foveated( 2179): Foveated rendering is not supported.
10-11 16:03:59.992 D/WVR_Foveated( 2179): Foveated rendering is not supported.
10-11 16:04:00.001 D/AlarmManager( 1447): sending alarm PendingIntent{4976d7b: PendingIntentRecord{ff74798 android broadcastIntent}}, i=android.intent.action.TIME_TICK, t=3, cnt=1, w=150507, Int=0, ws=null
10-11 16:04:00.001 D/PMS ( 1447): acquireWL(e96f406): PARTIAL_WAKE_LOCK *alarm* 0x40000001 1447 1000 WorkSource{1000}
10-11 16:04:00.014 D/WVR_Foveated( 2179): Foveated rendering is not supported.
10-11 16:04:00.023 D/WVR_Foveated( 2179): Foveated rendering is not supported.
10-11 16:04:00.035 D/PMS ( 1447): releaseWL(e96f406): PARTIAL_WAKE_LOCK *alarm* 0x40000001 WorkSource{1000} 0x0
10-11 16:04:00.040 I/ArmModel( 2179): Dev(0)LHOVHMDPos : (-0.233708,0.146315,-0.065565)
10-11 16:04:00.045 D/WaveVR_Resource( 2179): getSystemLanguage, ret language = zh
10-11 16:04:00.045 D/WaveVR_Resource( 2179): getSystemCountry, ret country = CN
10-11 16:04:00.045 D/WVR_Foveated( 2179): Foveated rendering is not supported.
10-11 16:04:00.059 D/WVR_Foveated( 2179): Foveated rendering is not supported.
10-11 16:04:00.072 D/WVR_Foveated( 2179): Foveated rendering is not supported.
10-11 16:04:00.080 I/POSE ( 2179): GetSyncPose pose_hmd_1 CV(s1f0) om0 6DoF 1vw_t0o0 (0.0000) XYZ -0.2338 0.1460 0.0654 YPR 22.1950 -9.3116 8.2850 ; Wxyz 0.9766 -0.0656 0.1856 0.0862 ; RAW XYZ 0.2338 -0.1460 -0.0654 Wxyz 0.9766 0.0656 -0.1856 -0.0862 ; LVel -0.006 -0.008 0.002 LAc -0.00 -0.00 -0.00 AngV -0.022 -0.018 0.003 AngAc -0.00 -0.00 -0.00 ; TS150582584902 15.28ms GetPoseState
10-11 16:04:00.086 D/WVR_Foveated( 2179): Foveated rendering is not supported.
10-11 16:04:00.099 D/WVR_Foveated( 2179): Foveated rendering is not supported.
10-11 16:04:00.112 D/WVR_Foveated( 2179): Foveated rendering is not supported.
10-11 16:04:00.120 I/SVRI ( 2179): GetPoseState svr_hmd_1 tm3(3) Quality Pose/Camera/Sensor 1.00 1.00 1.00 ; lost 0 ; TS150622532402
10-11 16:04:00.127 D/WVR_Foveated( 2179): Foveated rendering is not supported.
10-11 16:04:00.132 I/svr ( 2179): FPS: 73.49
10-11 16:04:00.152 D/WVR_Foveated( 2179): Foveated rendering is not supported.
10-11 16:04:00.160 I/POSE ( 2179): GetSyncPose pose_clr_2 CV(s1f0) om0 3DoF 1vw_t0o0 (0.0000) XYZ -0.2355 -0.5266 -0.1113 YPR -90.3762 177.8668 -1.2636 ; Wxyz 0.0053 0.7048 -0.0210 0.7091 ; RAW XYZ 0.0000 0.0000 0.0000 Wxyz 0.0053 0.7048 -0.0210 0.7091 ; LVel 0.000 0.000 0.000 LAc 0.04 -0.02 1.23 AngV -0.004 -0.035 0.001 AngAc 0.00 0.00 0.00 ; TS150654890943 0.00ms GetPoseState
10-11 16:04:00.167 D/WVR_Foveated( 2179): Foveated rendering is not supported.
10-11 16:04:00.178 D/WVR_Foveated( 2179): Foveated rendering is not supported.
10-11 16:04:00.193 D/WVR_Foveated( 2179): Foveated rendering is not supported.
10-11 16:04:00.206 D/WVR_Foveated( 2179): Foveated rendering is not supported.
10-11 16:04:00.226 D/WVR_Foveated( 2179): Foveated rendering is not supported.
10-11 16:04:00.236 D/WVR_Foveated( 2179): Foveated rendering is not supported.
10-11 16:04:00.238 I/[vrbledevice]Finch3DofController[0]( 2129): updatePose: timeStamp(150744250692), Euler:[-110.31898,-1.26358,177.86676] Quat:[0.00159,0.57133,-0.02158,0.82044] Acc:[0.04607,-0.02512,1.20891] Gyro:[-0.00396,-0.03495,0.00072]
10-11 16:04:00.247 D/WVR_Foveated( 2179): Foveated rendering is not supported.
10-11 16:04:00.259 D/WVR_Foveated( 2179): Foveated rendering is not supported.
10-11 16:04:00.273 D/WVR_Foveated( 2179): Foveated rendering is not supported.
10-11 16:04:00.286 D/WVR_Foveated( 2179): Foveated rendering is not supported.
10-11 16:04:00.299 D/WVR_Foveated( 2179): Foveated rendering is not supported.
10-11 16:04:00.313 D/WVR_Foveated( 2179): Foveated rendering is not supported.
10-11 16:04:00.326 D/WVR_Foveated( 2179): Foveated rendering is not supported.
10-11 16:04:00.339 D/WVR_Foveated( 2179): Foveated rendering is not supported.
10-11 16:04:00.354 D/WVR_Foveated( 2179): Foveated rendering is not supported.
10-11 16:04:00.366 D/WVR_Foveated( 2179): Foveated rendering is not supported.
10-11 16:04:00.374 D/ArmModel( 2179): ArmModel getArmedPose(2) 1, 1
10-11 16:04:00.374 D/ArmModel( 2179): Dev(0)LHOVHMDPos LOCKED : (-0.243806,0.148794,-0.076037)
10-11 16:04:00.374 D/ArmModel( 2179): Dev(2)ctrllerXYRotationRadio : 0.365965 elbowCurveLerpValue = 0.523193
10-11 16:04:00.374 D/ArmModel( 2179): Dev(2)quatCtrllerXYRot : (-0.022171,-0.543262,0.000000,0.839270)
10-11 16:04:00.374 D/ArmModel( 2179): Dev(2)quatCtrllerXYLerpRot : (-0.012095,-0.296362,0.000000,0.954999)
10-11 16:04:00.374 D/ArmModel( 2179): Dev(2)elbowOffset : (-0.066861,-0.531656,0.005168)
10-11 16:04:00.374 D/ArmModel( 2179): Dev(2)wristOffset : (-0.189945,-0.528473,0.090843)
10-11 16:04:00.374 D/ArmModel( 2179): Dev(2)ctrllerOffset : (-0.235539,-0.526612,0.111281)
10-11 16:04:00.374 D/ArmModel( 2179): Dev(2)finalCtrlPos : (-0.235539,-0.526612,-0.111281)
10-11 16:04:00.379 D/WVR_Foveated( 2179): Foveated rendering is not supported.
10-11 16:04:00.393 D/WVR_Foveated( 2179): Foveated rendering is not supported.
10-11 16:04:00.407 D/WVR_Foveated( 2179): Foveated rendering is not supported.
10-11 16:04:00.424 D/WVR_Foveated( 2179): Foveated rendering is not supported.
10-11 16:04:00.433 D/WVR_Foveated( 2179): Foveated rendering is not supported.
10-11 16:04:00.441 D/ArmModel( 2179): ArmModel getArmedPose(3) 0, 1
10-11 16:04:00.447 D/WVR_Foveated( 2179): Foveated rendering is not supported.
10-11 16:04:00.459 D/WVR_Foveated( 2179): Foveated rendering is not supported.
10-11 16:04:00.473 D/WVR_Foveated( 2179): Foveated rendering is not supported.
10-11 16:04:00.474 D/SVR_HMD ( 2388): SvrHmdDevice.java:onSensorChanged(281) SvrHmdDevice, onSensorChanged, sensor.getType() = 1, ACCELER: X = 1.7154236, Y = 9.531723, Z = 1.0838623
10-11 16:04:00.475 D/SVR_HMD ( 2388): SvrHmdDevice.java:onSensorChanged(273) SvrHmdDevice, onSensorChanged, sensor.getType() = 4, GYRO: AxisX = -0.008880615, AxisY = 6.2561035E-4, AxisZ = 0.00843811
10-11 16:04:00.487 D/WVR_Foveated( 2179): Foveated rendering is not supported.
10-11 16:04:00.499 D/WVR_Foveated( 2179): Foveated rendering is not supported.
10-11 16:04:00.513 D/WVR_Foveated( 2179): Foveated rendering is not supported.
10-11 16:04:00.526 D/WVR_Foveated( 2179): Foveated rendering is not supported.
10-11 16:04:00.540 D/WVR_Foveated( 2179): Foveated rendering is not supported.
10-11 16:04:00.553 D/WVR_Foveated( 2179): Foveated rendering is not supported.
10-11 16:04:00.567 D/WVR_Foveated( 2179): Foveated rendering is not supported.
10-11 16:04:00.579 D/WVR_Foveated( 2179): Foveated rendering is not supported.
10-11 16:04:00.593 D/WVR_Foveated( 2179): Foveated rendering is not supported.
10-11 16:04:00.607 D/WVR_Foveated( 2179): Foveated rendering is not supported.
10-11 16:04:00.614 I/ArmModel( 2179): Dev(0)LHOVHMDPos : (-0.236329,0.145851,-0.064393)
10-11 16:04:00.625 D/WVR_Foveated( 2179): Foveated rendering is not supported.
10-11 16:04:00.633 D/WVR_Foveated( 2179): Foveated rendering is not supported.
