10-11 16:04:04.198 E/mm-camera( 836): 1432: isp_util_forward_event: failed: mct_port_send_event_to_peer event->type 2
10-11 16:04:04.198 E/mm-camera( 836): 521: isp_port_process_upstream_event: failed: isp_handler_enqueue_event_to_trigger_queue
10-11 16:04:04.198 E/mm-camera( 836): 576: isp_port_event: failed: isp_port_process_upstream_event
10-11 16:04:04.198 E/mm-camera( 836): 705: base_port_handle_buf_divert_ack: base_port_handle_buf_divert_ack:705, failed
10-11 16:04:04.199 E/mm-camera( 836): 940: cpp_module_send_event_upstream: send_event_to_peer failed 0
10-11 16:04:04.199 E/mm-camera( 836): 1017: cpp_module_send_buf_divert_ack: [CPP_BUF:] send_event_upstream failed -14
10-11 16:04:04.219 D/WVRUnityVRActivityJNI( 3043): JNI_OnLoad(vm=0xef6d31c0)
10-11 16:04:04.219 D/WVRXRPlugin( 3043): SetJVM(jvm=0xef6d31c0)
10-11 16:04:04.220 D/WVRUnityActivity( 3043): Construct
10-11 16:04:04.221 I/Java_PermissionManager( 3043): constructor
10-11 16:04:04.222 I/Java_IMEManager( 3043): constructor version 1
10-11 16:04:04.222 I/ResourceWrapper( 3043): constructor
10-11 16:04:04.222 I/ContentProvider( 3043): constructor
10-11 16:04:04.227 D/WVRUnityActivity( 3043): onCreate
10-11 16:04:04.227 I/VR_VERSION( 3043): (client host) com.cecececece.cecececece: 4.1.1-u3
10-11 16:04:04.243 I/[vrbledevice]Finch3DofController[0]( 2129): updatePose: timeStamp(154748658278), Euler:[-28.07721,40.24777,41.14012] Quat:[0.88215,0.24191,-0.09597,0.39252] Acc:[0.68811,0.72617,-0.45008] Gyro:[-5.43595,1.67043,-0.73859]
10-11 16:04:04.267 W/SystemReader( 1447): Cannot find sku_id, use default value instead
10-11 16:04:04.267 D/SettingsProvider:HtcCustomReader( 1447): getCustomerAcc(): HTCCN_CHS
10-11 16:04:04.267 W/SystemReader( 1447): Cannot find sku_id, use default value instead
10-11 16:04:04.267 D/SettingsProvider:HtcCustomReader( 1447): getCustomerAcc(): HTCCN_CHS
10-11 16:04:04.267 W/SystemReader( 1447): Cannot find sku_id, use default value instead
10-11 16:04:04.267 D/SettingsProvider:HtcCustomReader( 1447): getCustomerAcc(): HTCCN_CHS
10-11 16:04:04.267 W/SystemReader( 1447): Cannot find sku_id, use default value instead
10-11 16:04:04.268 D/SettingsProvider:HtcCustomReader( 1447): getCustomerAcc(): HTCCN_CHS
10-11 16:04:04.268 W/SystemReader( 1447): Cannot find sku_id, use default value instead
10-11 16:04:04.268 D/SettingsProvider:HtcCustomReader( 1447): getCustomerAcc(): HTCCN_CHS
10-11 16:04:04.268 W/SystemReader( 1447): Cannot find sku_id, use default value instead
10-11 16:04:04.268 D/SettingsProvider:HtcCustomReader( 1447): getCustomerAcc(): HTCCN_CHS
10-11 16:04:04.349 E/mm-camera( 836): 297: static int32_t QCameraPAAF::AllocateBuffers(img_base_ops_t *, bool): Invalid dimensions 0x0
10-11 16:04:04.349 E/mm-camera( 836): 197: int img_algo_preload(img_base_ops_t *, void *): Preload: Failed to allocate buffer, rc -4
10-11 16:04:04.349 E/mm-camera( 836): 121: module_imgbase_client_preload_exec: IMG_CORE_PRELOAD failed -4
10-11 16:04:04.368 E/mm-camera( 836): 328: static int32_t QCameraPAAF::AllocateBuffers(img_base_ops_t *, bool): Nothing allocated or already freed!
10-11 16:04:04.369 E/quadracfa_dummy( 836): inside dummy remosaic_deinit 1
10-11 16:04:04.393 E/mm-camera( 836): 179: stop_sof_check_thread: Returning as SOF timer thread not yet initialized
10-11 16:04:04.397 E/QVRServiceCamDeviceHAL3( 836): Freed 16 buffers for stream 0
10-11 16:04:04.397 E/QVRServiceCamDevice( 836): Sending notification to client 0xf20e4800
10-11 16:04:04.399 E/QVRServicePerformance( 836): RTN: thermal notification already disabled 0
10-11 16:04:04.399 E/QVRService( 836): VR Mode stopped
10-11 16:04:04.399 I/QVRServiceClientImpl( 2179): STATUS_STATE_CHANGED 3 4
10-11 16:04:04.400 I/svr ( 2179): Cleaning up thread synchronization primitives...
10-11 16:04:04.400 I/svr ( 2179): Cleaning up frame fences...
10-11 16:04:04.400 I/svr ( 2179): Deleting mode context...
10-11 16:04:04.400 I/svr ( 2179): VR mode ended
10-11 16:04:04.400 I/SVRMain ( 2179): UnityPauseVRLock --
10-11 16:04:04.400 I/SVRInternal( 2179): PauseATW -
10-11 16:04:04.401 D/WaveVRUPN( 2179): nativeProcessEngineEvent T 2 E A00F -
10-11 16:04:04.402 E/libEGL ( 2179): eglMakeCurrent:787 error 300d (EGL_BAD_SURFACE)
10-11 16:04:04.402 E/Unity ( 2179): [EGL] Unable to acquire context: EGL_BAD_SURFACE: An EGLSurface argument does not name a valid surface (window, pixel buffer or pixmap) configured for GL rendering.
10-11 16:04:04.403 E/libEGL ( 2179): call to OpenGL ES API with no current context (logged once per thread)
10-11 16:04:04.403 E/libEGL ( 2179): eglMakeCurrent:787 error 300d (EGL_BAD_SURFACE)
10-11 16:04:04.403 E/Unity ( 2179): [EGL] Unable to acquire context: EGL_BAD_SURFACE: An EGLSurface argument does not name a valid surface (window, pixel buffer or pixmap) configured for GL rendering.
10-11 16:04:04.403 E/WVR_Render( 2179): If the libEGL and Unity errors appeared above, don't panic or report a bug. They are safe and will not crash your game.
10-11 16:04:04.404 D/WVR_TexMngr( 2179): ReleaseTexturePools+
10-11 16:04:04.404 D/WVR_TexMngr( 2179): TexturePool Release()+
10-11 16:04:04.410 I/SVRTextQ( 2179): dtor: release queue 0xab8ffc40
10-11 16:04:04.410 W/SVRTextQ( 2179): dtor: release texture 73 which still in using
10-11 16:04:04.410 W/SVRTextQ( 2179): dtor: release texture 74 which still in using
10-11 16:04:04.410 W/SVRTextQ( 2179): dtor: release texture 75 which still in using
10-11 16:04:04.410 D/WVR_TexMngr( 2179): TexturePool Release()-
10-11 16:04:04.410 D/WVR_TexMngr( 2179): TexturePool Release()+
10-11 16:04:04.410 I/SVRTextQ( 2179): dtor: release queue 0xab8ffc80
10-11 16:04:04.410 W/SVRTextQ( 2179): dtor: release texture 76 which still in using
10-11 16:04:04.411 W/SVRTextQ( 2179): dtor: release texture 77 which still in using
10-11 16:04:04.411 W/SVRTextQ( 2179): dtor: release texture 78 which still in using
10-11 16:04:04.411 D/WVR_TexMngr( 2179): TexturePool Release()-
10-11 16:04:04.411 D/WVR_TexMngr( 2179): ReleaseTexturePools-
10-11 16:04:04.411 D/SVR_HMD ( 2388): SvrHmdDevice.java:onAccuracyChanged(293)
10-11 16:04:04.411 I/ViveportM( 2179): VRManager.OnApplicationPause.153: OnApplicationPause...True
10-11 16:04:04.411 I/ViveportM( 2179): VRManager.OnApplicationPause.158: UnloadUnusedAssets...True
10-11 16:04:04.423 D/ViveportM( 2179): VRApp.SetReferrer.823: SetReferrer and check getReferrer.ToString():com.htc.mobilevr.launcher
10-11 16:04:04.423 D/viveport( 2179): set bNeedSignIn = False
10-11 16:04:04.423 W/viveport( 2179): ServiceDirector.OnPause.209:...
10-11 16:04:04.423 D/viveport( 2179): ServiceDirector.Pause.225:...False
10-11 16:04:04.423 D/viveport( 2179): UserActivityDirector.Save.499:/storage/emulated/0/Android/data/com.htc.mobilevr.launcher/files/userActivity/AC9E7AD0
10-11 16:04:04.423 W/viveport( 2179): FileCipher.Serialize.238:/storage/emulated/0/Android/data/com.htc.mobilevr.launcher/files/userActivity/AC9E7AD0
10-11 16:04:04.425 D/viveport( 2179): FileCipher.Serialize.275:Encrypt t=0.3358
10-11 16:04:04.426 W/viveport( 2179): encrypted l=2577
10-11 16:04:04.426 D/viveport( 2179): FileCipher.Serialize.291:WriteAllBytes t=1.0759
10-11 16:04:04.426 D/viveport( 2179): UserActivityDirector.Save.520:OK
10-11 16:04:04.426 D/viveport( 2179): CloudAppActivityDirector.Save.499:/storage/emulated/0/Android/data/com.htc.mobilevr.launcher/files/userActivity/AC9E7AD0.cloud
10-11 16:04:04.426 W/viveport( 2179): FileCipher.Serialize.238:/storage/emulated/0/Android/data/com.htc.mobilevr.launcher/files/userActivity/AC9E7AD0.cloud
10-11 16:04:04.427 D/viveport( 2179): FileCipher.Serialize.275:Encrypt t=0.1132
10-11 16:04:04.427 W/viveport( 2179): encrypted l=481
10-11 16:04:04.428 D/viveport( 2179): FileCipher.Serialize.291:WriteAllBytes t=0.6701
10-11 16:04:04.428 D/viveport( 2179): CloudAppActivityDirector.Save.520:OK
10-11 16:04:04.428 D/viveport( 2179): StringCache.Save: /storage/emulated/0/Android/data/com.htc.mobilevr.launcher/cache/httpData.cache
10-11 16:04:04.469 D/viveport( 2179): StringCache.New:
10-11 16:04:04.469 D/viveport( 2179): StringCache.Init
10-11 16:04:04.469 W/viveport( 2179): new StringMap()
10-11 16:04:04.469 D/viveport( 2179): NetworkImageCache.WhiteListSave.489:save :/storage/emulated/0/Android/data/com.htc.mobilevr.launcher/cache/NetworkImage.cache/whitelist
10-11 16:04:04.469 W/viveport( 2179): FileCipher.Serialize.238:/storage/emulated/0/Android/data/com.htc.mobilevr.launcher/files/TouchRecord.bin
10-11 16:04:04.470 D/viveport( 2179): FileCipher.Serialize.275:Encrypt t=0.1686
10-11 16:04:04.470 W/viveport( 2179): encrypted l=1809
10-11 16:04:04.471 D/viveport( 2179): FileCipher.Serialize.291:WriteAllBytes t=0.6583
10-11 16:04:04.471 D/viveport( 2179): CUsageRecord.Save.300:OK
10-11 16:04:04.471 I/ViveportM( 2179): VRQuickMenu.OnApplicationPause.56: VRQuickMenu-OnApplicationPause, isPause = True
10-11 16:04:04.471 D/LauncherHook( 2179): SetForeground = false
10-11 16:04:04.471 D/WaveVR_Init( 2179): OnApplicationPause() pauseStatus: True
10-11 16:04:04.471 D/viveport( 2179): Ck: OnPause
10-11 16:04:04.472 I/ViveportM( 2179): LibraryForm.OnApplicationPause.712: OnApplicationPause True
10-11 16:04:04.472 D/WaveVR_Resource( 2179): getSystemLanguage, ret language = zh
10-11 16:04:04.472 D/WaveVR_Resource( 2179): getSystemCountry, ret country = CN
10-11 16:04:04.472 D/WaveVR_ShowIndicator( 2179): clear Indicator!
10-11 16:04:04.476 E/libEGL ( 2179): eglMakeCurrent:787 error 300d (EGL_BAD_SURFACE)
10-11 16:04:04.476 E/Unity ( 2179): [EGL] Unable to acquire context: EGL_BAD_SURFACE: An EGLSurface argument does not name a valid surface (window, pixel buffer or pixmap) configured for GL rendering.
10-11 16:04:04.476 E/Unity ( 2179):
10-11 16:04:04.476 E/Unity ( 2179): (Filename: ./Runtime/GfxDevice/egl/WindowContextEGL.cpp Line: 276)
10-11 16:04:04.476 E/Unity ( 2179):
10-11 16:04:04.481 I/VRCORE ( 3043): MainClientModule: config=Config(hostVersionCode=4001001, hostVersionName=4.1.1-u3, moduleDir=/data/user/0/com.cecececece.cecececece/code_cache/wavevr/client, applicationContext=android.app.Application@50cbe83, updateRequest=null)
10-11 16:04:04.481 D/VRCORE ( 3043): MainClientModule: start
10-11 16:04:04.485 D/SVR_HMD ( 2388): SvrHmdDevice.java:onSensorChanged(281) SvrHmdDevice, onSensorChanged, sensor.getType() = 1, ACCELER: X = 1.121872, Y = 9.622986, Z = 1.5675964
10-11 16:04:04.485 D/SVR_HMD ( 2388): SvrHmdDevice.java:onSensorChanged(273) SvrHmdDevice, onSensorChanged, sensor.getType() = 4, GYRO: AxisX = 0.00869751, AxisY = -0.00630188, AxisZ = -0.022460938
10-11 16:04:04.488 I/VRCORE ( 3043): [AsyncServiceBinding] bindAsync: intent=Intent { cmp=com.htc.vr.core.server/.VRBootstrapService }, binding=com.htc.vr.core.AsyncServiceBinding@4cb3800
10-11 16:04:04.488 W/ActivityManager( 1447): Unable to start service Intent { cmp=com.htc.vr.core.server/.VRBootstrapService } U=0: not found
10-11 16:04:04.489 I/VRCORE ( 3043): [AsyncServiceBinding] failed to bind service: Intent { cmp=com.htc.vr.core.server/.VRBootstrapService }
10-11 16:04:04.491 I/VR_VERSION( 3043): (client module) com.cecececece.cecececece: 4.1.1-u3
10-11 16:04:04.493 I/VRCORE ( 3043): client update service is not available: Intent { cmp=com.htc.vr.core.server/.VRBootstrapService }
10-11 16:04:04.493 I/VRCORE ( 3043): [AsyncServiceBinding] unbind: binding=com.htc.vr.core.AsyncServiceBinding@4cb3800
10-11 16:04:04.494 W/ActivityManager( 1447): Unbind failed: could not find connection for android.os.BinderProxy@b2c2dd5
10-11 16:04:04.495 I/VRCORE ( 3043): MainClientModule module ready = true
10-11 16:04:04.495 D/VRCORE ( 3043): (ClientModuleLoader) module ready = true
10-11 16:04:04.495 I/VRCORE ( 3043): MainClientModule loadNativeRuntime
10-11 16:04:04.506 W/SensorService( 1447): D/mConnectionLock_st = 16662
10-11 16:04:04.506 W/SensorService( 1447): D/disable: connection.get() = 0x7f7c167200
10-11 16:04:04.506 W/SensorService( 1447): D/disable: get sensor name = BMA255 Accelerometer/Temperature/Double-tap, mLock_st = 4
10-11 16:04:04.506 W/SensorService( 1447): D/disable: got mLock_st = 19, pkg_name =
10-11 16:04:04.506 W/SensorService( 1447): D/pid=2179, uid=10023
10-11 16:04:04.506 W/SensorService( 1447): D/Active sensors: size = 4
10-11 16:04:04.506 W/SensorService( 1447): BMA255 Accelerometer/Temperature/Double-tap (handle=0x00000000, connections=1)
10-11 16:04:04.506 W/SensorService( 1447): BMG160 Gyroscope (handle=0x00000002, connections=1)
10-11 16:04:04.506 W/SensorService( 1447): EPL8805x Proximity (handle=0x00000035, connections=2)
10-11 16:04:04.506 W/SensorService( 1447): Game Rotation Vector (handle=0x00000037, connections=1)
10-11 16:04:04.506 W/SensorService( 1447): D/disable--: mLock_st = 20
10-11 16:04:04.508 D/WVRUnityActivity( 2179): Call UnityPlayer Pause ---
10-11 16:04:04.508 I/VRCORE_VRActivity( 2179): onPostPause() start (com.htc.mobilevr.launcher)3.2.0
10-11 16:04:04.508 I/VRCORE_VR( 2179): onPostPause() start (com.htc.mobilevr.launcher)3.2.0
10-11 16:04:04.509 D/VRSystemRecordService( 2179): onClientPause
10-11 16:04:04.509 D/VROverlayService( 2179): onVROverlayPause() mServiceName = com.htc.mobilevr.quickmenu.QuickMenuService
10-11 16:04:04.509 D/VROverlay( 2179): onVROverlayPause set overlayId = -1
10-11 16:04:04.509 D/VROverlay( 2179): onVROverlayPause() mService.mServiceName = com.htc.mobilevr.quickmenu.QuickMenuService
10-11 16:04:04.509 D/VROverlay( 2179): removeOverlayView() mService.mServiceName = com.htc.mobilevr.quickmenu.QuickMenuService
10-11 16:04:04.509 D/VROverlay( 2179): removeWindowManagerView() mOverlayViewRoot = android.widget.FrameLayout{770c99e V.E...... .......D 0,0-1000,1000}
10-11 16:04:04.510 D/VROverlay( 2179): removeWindowManagerView() view.getWindowToken() = null
10-11 16:04:04.510 D/VROverlay( 2179): removeWindowManagerView() e = java.lang.IllegalArgumentException: View=android.widget.FrameLayout{770c99e V.E...... .......D 0,0-1000,1000} not attached to window manager
10-11 16:04:04.510 D/QuickMenuService( 2179): onVROverlayPause()
10-11 16:04:04.510 D/QuickMenuService( 2179): hideDashboard++
10-11 16:04:04.510 D/VROverlay( 2179): hideOverlay(id=-1) Begin
10-11 16:04:04.511 D/QuickMenuService( 2179): hideDashboard--
10-11 16:04:04.581 W/SensorService( 1447): D/Accel(x, y, z, t) = ( 1.0, 9.4, 1.5, 155087ms), sys_time = 155088ms
10-11 16:04:04.605 I/VRCORE ( 3043): VRCORE_VERSION: 4.1.1-u3-HEAD [Thu, 12 Aug 2021 13:03:08 +0800]
10-11 16:04:04.612 I/POSE ( 3043): pose_ setHit 40, latency threshold (10.00, 15.00)
10-11 16:04:04.612 I/VRCORE ( 3043): libwvr_runtime.so current ABI=armeabi-v7a
10-11 16:04:04.612 I/VRCORE ( 3043): thread name is set to coroutine
10-11 16:04:04.613 D/VRCORE ( 3043): TID:3067 ./WVRInterface.cc:55: Enter WVRInterface
10-11 16:04:04.613 I/VRCORE ( 3043): WVRInterface, VirtualWall: TrigDistXZ(0.70, 0.70), OutsideDistXZ(1.30, 1.30)
10-11 16:04:04.613 D/VRCORE ( 3043): TID:3067 ./WVRInterface.cc:55: Leave WVRInterface
10-11 16:04:04.614 I/POSE ( 3043): pose_ setHit 40, latency threshold (10.00, 15.00)
10-11 16:04:04.614 I/VRCORE ( 3043): libwvr_runtime.so current ABI=armeabi-v7a
10-11 16:04:04.614 D/VRCORE ( 3043): TID:3067 ./SVRInterface.cc:99: Enter SVRInterface
10-11 16:04:04.614 D/VRCORE ( 3043): Call SVRInterface enter mVRSystemStub: 0xcf3ca1b4
10-11 16:04:04.614 I/VRCORE ( 3043): SVRInterface, VirtualWall: TrigDistXZ(0.70, 0.70), OutsideDistXZ(1.30, 1.30)
10-11 16:04:04.614 D/VRCORE ( 3043): TID:3067 ./SVRInterface.cc:99: Leave SVRInterface
10-11 16:04:04.614 I/VRCORE ( 3043): isSvrRuntime Calling QVRServiceClient_Create()...
10-11 16:04:04.614 I/QVRDebug( 3043): QVRDebug: set log level to 7
10-11 16:04:04.615 E/QVRServiceConnectionMgr( 836): qvrservice: Added client fd = 61, total connected clients = 2
10-11 16:04:04.615 E/QVRConnection( 836): Client 3043 has connected to the socket
10-11 16:04:04.615 E/QVRConnection( 836): Detected Client version: 2.0.4 api: 3
10-11 16:04:04.615 I/QVRClientImpl( 3043): Detected Service version: 2.0.4 api: 3
10-11 16:04:04.616 I/VRCORE ( 3043): isSvrRuntime Calling QVRServiceClient_Create() finish
10-11 16:04:04.616 I/VRCORE ( 3043): isSvrRuntime Calling QVRServiceClient_Destroy()...
10-11 16:04:04.616 E/QVRServiceConnectionMgr( 836): qvrservice: Removed client fd = 61, total connected clients = 1
10-11 16:04:04.623 I/VRCORE ( 3043): thread name is set to coroutine
10-11 16:04:04.630 I/VR_JNI ( 3043): vr_jni onLoad Successfully
10-11 16:04:04.634 I/VRCORE ( 3043): WVR_InternalRuntimeReady: handle=0x5e40c345
10-11 16:04:04.643 I/RENDER_EGL( 3043): JNI_OnLoad called
10-11 16:04:04.646 I/VRCORE_VR( 3043): [CheckPoint_A] VR class: start (constructor)
10-11 16:04:04.646 I/VRCORE ( 3043): isSvrRuntime Calling QVRServiceClient_Create()...
10-11 16:04:04.646 I/QVRDebug( 3043): QVRDebug: set log level to 7
10-11 16:04:04.646 E/QVRServiceConnectionMgr( 836): qvrservice: Added client fd = 61, total connected clients = 2
10-11 16:04:04.646 E/QVRConnection( 836): Client 3043 has connected to the socket
10-11 16:04:04.646 E/QVRConnection( 836): Detected Client version: 2.0.4 api: 3
10-11 16:04:04.646 I/QVRClientImpl( 3043): Detected Service version: 2.0.4 api: 3
10-11 16:04:04.647 I/VRCORE ( 3043): isSvrRuntime Calling QVRServiceClient_Create() finish
10-11 16:04:04.648 I/VRCORE ( 3043): isSvrRuntime Calling QVRServiceClient_Destroy()...
10-11 16:04:04.648 E/QVRServiceConnectionMgr( 836): qvrservice: Removed client fd = 61, total connected clients = 1
10-11 16:04:04.648 I/VRCORE_VR( 3043): IsSupportSVR:true
10-11 16:04:04.652 I/VRCORE_VR( 3043): VR class: end
10-11 16:04:04.653 I/VRCORE ( 3043): IVRInterface::SetExtensionFunc(0xde688168)
10-11 16:04:04.657 I/VRCORE_VR( 3043): [CheckPoint_A_1] onCreate() start (com.cecececece.cecececece) 4.1.1-u3 [Thu Aug 12 13:05:54 CST 2021]
10-11 16:04:04.657 I/VRCORE_VR( 3043): hlc Feature null,1
10-11 16:04:04.657 I/VRCORE_VR( 3043): hlc Feature android.hardware.camera,0
10-11 16:04:04.657 I/VRCORE_VR( 3043): hlc Feature android.hardware.camera.autofocus,0
10-11 16:04:04.657 I/VRCORE_VR( 3043): hlc Feature android.hardware.camera.front,0
10-11 16:04:04.657 I/VRCORE_VR( 3043): hlc Feature android.hardware.touchscreen,0
10-11 16:04:04.657 I/VRCORE_VR( 3043): hlc Feature android.hardware.touchscreen.multitouch,0
10-11 16:04:04.657 I/VRCORE_VR( 3043): hlc Feature android.hardware.touchscreen.multitouch.distinct,0
10-11 16:04:04.657 I/VRInstance( 3043): VRInstanceBridge ++
10-11 16:04:04.657 I/VRInstance( 3043): VRInstanceBridge --
10-11 16:04:04.657 I/VRInstance( 3043): setup watchdog ++
10-11 16:04:04.658 I/VRInstance( 3043): isApkDebuggable 0
10-11 16:04:04.658 I/VRWatchDog( 3043): setDebuggable:0
10-11 16:04:04.658 E/VRWatchDog( 3043): reg id 0
10-11 16:04:04.658 I/VRInstance( 3043): setup watchdog --
10-11 16:04:04.658 I/VR_VERSION( 3043): (client) com.cecececece.cecececece reversion is 4.1.1-u3
10-11 16:04:04.667 I/VRCORE ( 3043): Dump NativeCoreConfig (0xcf6c98b8)
10-11 16:04:04.667 I/VRCORE ( 3043): CodeCacheDir: /data/data/com.cecececece.cecececece/code_cache
10-11 16:04:04.667 I/VRCORE ( 3043): DeviceConnector: 0xdde55da0
10-11 16:04:04.667 I/VRCORE ( 3043): MemoryModule: 0xe4ec7750
10-11 16:04:04.667 D/VRCORE Decorator( 3043): VRActivityDecorator::Bind com.htc.vr.core.server.VRService
10-11 16:04:04.669 D/VRCORE Decorator( 3043): getVersionCodeFromPackageInfo()
10-11 16:04:04.669 D/VRCORE Decorator( 3043): getVersionCode: 2000023 FromPackageInfo: com.htc.vr.core.server
10-11 16:04:04.670 I/VRCORE ( 3043): VRCoreBridge.notifyActivityCreate
10-11 16:04:04.671 I/VRCORE ( 3043): RuntimePlatform::SetRuntimePlatform(): platform=0xcf6c97f8
10-11 16:04:04.671 I/VRCORE ( 3043): VRClientContext::Set: 0xcf6c9804
10-11 16:04:04.671 D/VRAudioManager( 3043): onCreate
10-11 16:04:04.672 I/VRInstance( 3043): nativeSetPackageName
10-11 16:04:04.672 I/VRCORE ( 3043): IVRInterface::SetVRPackageName(), com.cecececece.cecececece
10-11 16:04:04.672 I/VRCORE_VR( 3043): onCreate: end
10-11 16:04:04.739 I/ipdmonitor( 2388): ipd = 659
10-11 16:04:04.744 W/APM_AudioPolicyManager( 813): stopOutput() output 21, stream 3, session 25
10-11 16:04:04.744 E/soundtrigger( 813): audio_extn_sound_trigger_set_parameters: str_params NULL
10-11 16:04:04.745 I/WVRUnityActivity( 3043): android.view.SurfaceView{75e091c VFE...... ......I. 0,0-0,0 #7f020000 app:id/unitySurfaceView}
10-11 16:04:04.745 D/Java_PermissionManager( 3043): call setActivity
10-11 16:04:04.746 D/HtcAudioEndpointObserver( 1447): event=8
10-11 16:04:04.746 D/HtcAudioDevice( 1447): onDeviceStateChange device=2
10-11 16:04:04.747 V/WiredAccessoryManager( 1447): Headset UEVENT: {SUBSYSTEM=switch, SEQNUM=4130, ACTION=change, SWITCH_STATE=0, SWITCH_NAME=Beats, DEVPATH=/devices/virtual/switch/Beats}
10-11 16:04:04.747 V/WiredAccessoryManager( 1447): Effect Icon UEVENT: STATE:0
10-11 16:04:04.748 V/WiredAccessoryManager( 1447): Effect Icon UEVENT: icon_status:false
10-11 16:04:04.748 V/AudioService( 1447): Receive Effect NOTIFICATION from Native AudioTrack!!! notificationOn=false
10-11 16:04:04.757 D/NetworkSecurityConfig( 3043): No Network Security Config specified, using platform default
10-11 16:04:04.759 D/OEM_VRConfigService( 2071): onBind :: intent => package[null] Action[com.htc.vr.intent.action.OEMVRConfigService] Data[null]
10-11 16:04:04.760 D/libc ( 3043): [NET] android_getaddrinfo_proxy get netid:0
10-11 16:04:04.760 D/Java_PermissionManager( 3043): Package name = com.cecececece.cecececece
10-11 16:04:04.760 I/ResourceWrapper( 3043): Package name = com.cecececece.cecececece
10-11 16:04:04.761 D/libc ( 826): [NET] _dns_getaddrinfo+, netid:100, mark:917604
10-11 16:04:04.769 I/VRCORE_VR( 3043): onStart() start (com.cecececece.cecececece) 4.1.1-u3
10-11 16:04:04.769 I/VRCORE_VR( 3043): onStart() end
10-11 16:04:04.770 I/VRCORE_VR( 3043): onResume() start (com.cecececece.cecececece) 4.1.1-u3
10-11 16:04:04.770 I/VRCORE ( 3043): VRClientContext::SetActive: 1
10-11 16:04:04.771 I/VRClientCameraManager( 3043): VRCameraManager instance is not ready yet
10-11 16:04:04.771 D/VRAudioManager( 3043): onResume
10-11 16:04:04.771 I/VRCORE_VR( 3043): onResume() end
10-11 16:04:04.771 I/Java_PermissionManager( 3043): onResume
10-11 16:04:04.771 D/WVRUnityActivity( 3043): Skip onResume()
10-11 16:04:04.776 I/VRCORE Decorator( 3043): [CheckPoint_B] onServiceConnected: com.cecececece.cecececece
10-11 16:04:04.777 D/VRCORE Decorator( 3043): VRActivityDecorator::onServiceConnected, call IVRService_api1 getApiVersion
10-11 16:04:04.778 W/VRCORE Decorator( 3043): RuntimeException: com.cecececece.cecececece version is not compatible. client:4.1.1-u3 server: 2.0.23
10-11 16:04:04.779 D/libc ( 826): [NET] _dns_getaddrinfo-, (NS_SUCCESS)
10-11 16:04:04.780 D/libc ( 3043): [NET] android_getaddrinfo_proxy-, success
10-11 16:04:04.783 I/VRCORE ( 3043): [AsyncServiceBinding] bindAsync: intent=Intent { cmp=com.htc.vr.core.server/.VRClientService }, binding=com.htc.vr.core.AsyncServiceBinding@b585fb4
10-11 16:04:04.784 W/ActivityManager( 1447): Unable to start service Intent { cmp=com.htc.vr.core.server/.VRClientService } U=0: not found
10-11 16:04:04.784 I/VRCORE ( 3043): [AsyncServiceBinding] failed to bind service: Intent { cmp=com.htc.vr.core.server/.VRClientService }
10-11 16:04:04.784 I/VRCORE ( 3043): [AsyncServiceBinding] unbind: binding=com.htc.vr.core.AsyncServiceBinding@b585fb4
10-11 16:04:04.784 W/ActivityManager( 1447): Unbind failed: could not find connection for android.os.BinderProxy@fef519a
10-11 16:04:04.785 I/VRCORE Decorator( 3043): VRClient connected: null
10-11 16:04:04.785 D/VRCORE_VR( 3043): client decorator connected
10-11 16:04:04.785 D/VRCORE Decorator( 3043): call IVRService_api1 getClientConfiguration
10-11 16:04:04.789 D/VRCORE ( 3043): TID:3043 ./ARDeviceModule.cc:21: Enter ARDeviceModule
10-11 16:04:04.789 D/VRCORE ( 3043): TID:3043 ./ARDeviceModule.cc:21: Leave ARDeviceModule
10-11 16:04:04.789 I/VRCORE ( 3043): VRAndroidContext::SetARDeviceModule(): module=0xde5367f0
10-11 16:04:04.789 I/VRCORE_VR( 3043): clientConfiguration=VRClientConfiguration(useRemoteCompositor=false, useRemoteCamera=true)
10-11 16:04:04.789 I/VRCORE ( 3043): VRAndroidContext::MakeCurrent(): old=0xcf6c9818, new=0xdf9e69c8
10-11 16:04:04.791 D/VRPlatform( 3043): VRPlatform() mContextId = 211132242
10-11 16:04:04.791 D/VRPlatform( 3043): Constructor
10-11 16:04:04.797 I/[VRPerfMgr]( 3043): VRPerformanceManager constructor.
10-11 16:04:04.797 I/[VRPerfMgr]( 3043): VRPerformanceManager init.
10-11 16:04:04.797 D/[VRPerfMgr]( 3043): registerSetAndroidVRThreadFP done.
10-11 16:04:04.797 D/[VRPerfMgr]( 3043): registerSetWavePerformanceLevelFP done.
10-11 16:04:04.797 D/[VRPerfMgr]( 3043): registerGetFpsFP done.
10-11 16:04:04.797 D/[VRPerfMgr]( 3043): registerIsGPUBoundFP done.
10-11 16:04:04.797 I/VRCORE ( 3043): isSvrRuntime Calling QVRServiceClient_Create()...
10-11 16:04:04.798 I/QVRDebug( 3043): QVRDebug: set log level to 7
10-11 16:04:04.798 E/QVRServiceConnectionMgr( 836): qvrservice: Added client fd = 61, total connected clients = 2
10-11 16:04:04.798 E/QVRConnection( 836): Client 3043 has connected to the socket
10-11 16:04:04.798 E/QVRConnection( 836): Detected Client version: 2.0.4 api: 3
10-11 16:04:04.798 I/QVRClientImpl( 3043): Detected Service version: 2.0.4 api: 3
10-11 16:04:04.799 I/VRCORE ( 3043): isSvrRuntime Calling QVRServiceClient_Create() finish
10-11 16:04:04.799 I/VRCORE ( 3043): isSvrRuntime Calling QVRServiceClient_Destroy()...
10-11 16:04:04.800 E/QVRServiceConnectionMgr( 836): qvrservice: Removed client fd = 61, total connected clients = 1
10-11 16:04:04.800 D/[VRPerfMgr]( 3043): registerEnableFoveation done.
10-11 16:04:04.800 D/[VRPerfMgr]( 3043): registerGetVRSystemStubFP done.
10-11 16:04:04.808 D/Svr_VRPlatform( 3043): Constructor
10-11 16:04:04.808 I/SVRRenderBase( 3043): no render:false
10-11 16:04:04.808 D/Svr_VRPlatform( 3043): onCreate
10-11 16:04:04.808 I/VRPlatform( 3043): [CheckPoint_B_1] onCreate
10-11 16:04:04.813 I/VROverlayContext( 3043): AddVROverlayContext new contextId = 211132242
10-11 16:04:04.814 I/VRActivityEventManager( 3043): [MonitorHUD] Setting app has NOT installed
10-11 16:04:04.823 I/VRScreenshot( 3043): secure = 0
10-11 16:04:04.823 D/VRCORE ( 3043): TID:3043 ./com_htc_vr_sdk_VRPlatform.cc:14: Enter Java_com_htc_vr_sdk_VRPlatform_nativeSetJniBridge
10-11 16:04:04.823 D/VRCORE ( 3043): TID:3043 ./IVRInterface.cc:374: Enter SetJniBridge
10-11 16:04:04.823 D/VRCORE ( 3043): TID:3043 ./IVRInterface.cc:374: Leave SetJniBridge
10-11 16:04:04.823 D/VRCORE ( 3043): TID:3043 ./com_htc_vr_sdk_VRPlatform.cc:14: Leave Java_com_htc_vr_sdk_VRPlatform_nativeSetJniBridge
10-11 16:04:04.823 I/OverlayComponentBridge( 3043): registerComponents() +++
10-11 16:04:04.823 E/OverlayComponentBridge( 3043): VRClient is null.
10-11 16:04:04.823 I/OverlayComponentBridge( 3043): registerComponents() ---
10-11 16:04:04.823 D/VRConfigServiceConnector( 3043): VRConfigServiceConnector onCreate
10-11 16:04:04.826 D/VRConfigServiceConnector( 3043): VRConfigServiceConnector bind oem-service : bindService
10-11 16:04:04.829 I/VRMiracastConnector( 3043): projectVrScreen = true
10-11 16:04:04.831 D/VRMiracastConnector( 3043): service version 2000023
10-11 16:04:04.833 D/VRSystemRecordService( 3043): onUpdateSecure false
10-11 16:04:04.839 D/VRPlatform( 3043): onCreate() overlayCac = 0
10-11 16:04:04.840 I/SVRRenderBase( 3043): onCreate 1
10-11 16:04:04.841 I/SVRRenderBase( 3043): onCrate mIsUnityActivity=true mIsUnrealActivity=false
10-11 16:04:04.841 D/SVRRB_JNI( 3043): SVRRenderBase_nativeOnCreate
10-11 16:04:04.844 I/SVRMain ( 3043): PauseTimer: create timer ++
10-11 16:04:04.844 I/SVRMain ( 3043): PauseTimer: create timer --
10-11 16:04:04.844 I/SVRMain ( 3043): state:1
10-11 16:04:04.844 D/SVRRenderBase( 3043): [SVR] Set present view :com.unity3d.player.UnityPlayer{d85a376 V.E...... ......I. 0,0-0,0}
10-11 16:04:04.845 D/VRPlatform( 3043): onStart
10-11 16:04:04.845 D/Svr_VRPlatform( 3043): onStart
10-11 16:04:04.845 I/SVRRenderBase( 3043): onStart +
10-11 16:04:04.845 D/SVRRB_JNI( 3043): SVRRenderBase_nativeOnStart
10-11 16:04:04.845 I/SVRMain ( 3043): state:2
10-11 16:04:04.845 I/SVRRenderBase( 3043): onStart -
10-11 16:04:04.845 D/Svr_VRPlatform( 3043): onResume
10-11 16:04:04.845 I/SVRRenderBase( 3043): onResume +
10-11 16:04:04.845 D/SVRRB_JNI( 3043): SVRRenderBase_nativeOnResume
10-11 16:04:04.845 I/SVRMain ( 3043): state:3
10-11 16:04:04.845 I/SVRMain ( 3043): handle onResume
10-11 16:04:04.845 I/SVRMain ( 3043): PauseTimer: cancel timer ++
10-11 16:04:04.845 I/SVRMain ( 3043): PauseTimer: cancel timer --
10-11 16:04:04.846 I/SVRRenderBase( 3043): onResume -
10-11 16:04:04.846 D/VRPlatform( 3043): onResume
10-11 16:04:04.846 D/VRConfigServiceConnector( 3043): onVRActivityResume mBundle = null
10-11 16:04:04.846 D/VRMiracastConnector( 3043): onVROverlayResume
10-11 16:04:04.846 D/VRVrModeService( 3043): onVRActivityResume mBundle = null
10-11 16:04:04.847 W/VRJniBridgeJNI( 3043): Client native doesn't initialize yet.
10-11 16:04:04.849 W/VRSystemRecordService( 3043): Invalid OEM binder
10-11 16:04:04.850 D/VROverlaySMD( 3043): onVROverlayResume()
10-11 16:04:04.850 D/VROverlaySMD( 3043): onVROverlayResume() mActivityStatus = ACTIVITY_ONRESUME
10-11 16:04:04.850 I/VRCORE_VR( 3043): VRCameraManager use older path ++
10-11 16:04:04.852 I/VRClientCameraManager( 3043): VRClientCameraManager constructor
10-11 16:04:04.852 V/VRCameraService( 3043): VRCameraService ctor
10-11 16:04:04.852 I/VRCORE_Client( 3043): Java_com_htc_vr_sdk_VRClientCameraManager_nativeInit
10-11 16:04:04.852 I/VRCORE ( 3043): VRCameraDevice::SetVRCameraDevice : device=0xcf6c9808
10-11 16:04:04.852 I/VRClientCameraManager( 3043): getCameraDevice mCameraStarted(false), mIsResumed(false), mUserStarted(false)
10-11 16:04:04.852 W/VRClientCameraManager( 3043): getCameraDevice mCameraStarted(false), mIsResumed(false), mUserStarted(false)
10-11 16:04:04.852 D/VRCORE Decorator( 3043): call IVRService_api1 getAssetManager
10-11 16:04:04.855 D/VRCORE Decorator( 3043): VRActivityDecorator::onServiceConnected, call IVRService_api1 registerClient
10-11 16:04:04.856 D/VRCORE Decorator( 3043): VRActivityDecorator::onServiceConnected, call IVRService_api1 startServer
10-11 16:04:04.857 I/VRCORE VRService_api1( 2113): startServer: validate=true
10-11 16:04:04.857 D/VRCORE VRService_api1( 2113): add client: (pid=3043, uid=10065, name=com.cecececece.cecececece, active=false, validate=true)@5f30dca
10-11 16:04:04.858 D/VRCORE VRService_api1( 2113): client added: count=2, active=1, validate=2
10-11 16:04:04.858 D/VRAssistHelper( 2113): checkValidation
10-11 16:04:04.858 D/VRAssistHelper( 2113): before mOEMService.checkValidation()
10-11 16:04:04.858 D/VROEM VROEMService_api1( 2071): checkValidation
10-11 16:04:04.860 D/VRAssistHelper( 2113): after mOEMService.checkValidation()
10-11 16:04:04.860 D/VRCORE VRService_api1( 2113): validateClient result=true
10-11 16:04:04.860 D/VRCORE Decorator( 3043): IVRClient_api1::serverReady
10-11 16:04:04.861 D/VRCORE Decorator( 3043): VRActivityDecorator::onServiceConnected, call IVRService_api1 resumeServer
10-11 16:04:04.862 I/VRCORE_Server( 2113): VRService_api1.java:handleForegroundChangeLocked(330) change foreground to (pid=3043, uid=10065, name=com.cecececece.cecececece, active=true, validate=true)@5f30dca
10-11 16:04:04.862 D/VRCORE Decorator( 3043): VRActivityDecorator::onServiceConnected, call IVRService_api1 notifyClientFocusd
10-11 16:04:04.862 D/VRAssistHelper( 2113): notifyClientFocused
10-11 16:04:04.862 D/VRAssistHelper( 2113): before mOEMService.notifyClientFocused()
10-11 16:04:04.862 D/VROEM VROEMService_api1( 2071): (VROEMService_api1@3CAE0C5) notifyClientFocused: true
10-11 16:04:04.862 D/VROEM EnvironmentChecker( 2071): notifyClientFocused
10-11 16:04:04.863 D/VRAssistHelper( 2113): after mOEMService.notifyClientFocused()
10-11 16:04:04.863 D/VRCORE VRService_api1( 2113): change focus to (pid=3043, uid=10065, name=com.cecececece.cecececece, active=true, validate=true)@5f30dca
10-11 16:04:04.867 D/OEM_VRConfigService( 2071): getKeyValue: Get Value of Key[database_ready] from cache.
10-11 16:04:04.867 D/Java_PermissionManager( 3043): call setIsShow2DNotifyByDefault
10-11 16:04:04.869 D/OEM_VRConfigService( 2071): onUnbind: ingetAllDBKeystent = Intent { act=com.htc.vr.intent.action.OEMVRConfigService cmp=vive.wave.vr.oem/.data.config.VRConfigService }
10-11 16:04:04.869 W/System.err( 3043): java.lang.NullPointerException: uri
10-11 16:04:04.869 D/OEM_VRConfigService( 2071): onUnbind: ret = false
10-11 16:04:04.869 W/System.err( 3043): at android.os.Parcel.readException(Parcel.java:1699)
10-11 16:04:04.869 W/System.err( 3043): at android.os.Parcel.readException(Parcel.java:1646)
10-11 16:04:04.869 W/System.err( 3043): at vive.wave.vr.oem.lib.IVRConfigService$Stub$Proxy.getConfigValue(IVRConfigService.java:362)
10-11 16:04:04.869 W/System.err( 3043): at com.htc.vr.permission.client.PermissionManager$5.onServiceConnected(PermissionManager.java:538)
10-11 16:04:04.869 W/System.err( 3043): at android.app.LoadedApk$ServiceDispatcher.doConnected(LoadedApk.java:1529)
10-11 16:04:04.869 W/System.err( 3043): at android.app.LoadedApk$ServiceDispatcher$RunConnection.run(LoadedApk.java:1557)
10-11 16:04:04.869 W/System.err( 3043): at android.os.Handler.handleCallback(Handler.java:751)
10-11 16:04:04.869 W/System.err( 3043): at android.os.Handler.dispatchMessage(Handler.java:95)
10-11 16:04:04.869 W/System.err( 3043): at android.os.Looper.loop(Looper.java:173)
10-11 16:04:04.869 W/System.err( 3043): at android.app.ActivityThread.main(ActivityThread.java:6608)
10-11 16:04:04.869 W/System.err( 3043): at java.lang.reflect.Method.invoke(Native Method)
10-11 16:04:04.869 W/System.err( 3043): at com.android.internal.os.ZygoteInit$MethodAndArgsCaller.run(ZygoteInit.java:972)
10-11 16:04:04.869 W/System.err( 3043): at com.android.internal.os.ZygoteInit.main(ZygoteInit.java:852)
10-11 16:04:04.874 D/StatusBarManagerService( 1447): setSystemUiVisibility(0x160e)
10-11 16:04:04.874 D/StatusBarManagerService( 1447): hiding MENU key
10-11 16:04:04.874 D/StatusBarManagerService( 1447): setSystemUiVisibility(0x160e)
10-11 16:04:04.874 D/StatusBarManagerService( 1447): hiding MENU key
10-11 16:04:04.875 I/PhoneStatusBar( 1657): floatingMenu(showMenu:false hideMenu:false|false|true)
10-11 16:04:04.875 I/PhoneStatusBar( 1657): floatingMenu(showMenu:false hideMenu:false|false|true)
10-11 16:04:04.886 D/StatusBarManagerService( 1447): setSystemUiVisibility(0x160e)
10-11 16:04:04.886 D/StatusBarManagerService( 1447): hiding MENU key
10-11 16:04:04.887 I/PhoneStatusBar( 1657): floatingMenu(showMenu:false hideMenu:false|false|true)
10-11 16:04:04.889 D/OverlayServiceManagerConnection( 3043): onServiceConnected() connected mIBinder = android.os.BinderProxy@c7bd626
10-11 16:04:04.891 D/VROverlaySMD( 3043): onServiceConnected() connected mOverlayServiceManager = com.htc.vr.sdk.overlay.IVROverlayServiceManager$Stub$Proxy@35df267
10-11 16:04:04.891 D/VRConfigServiceConnector( 3043): VRConfigServiceConnector bind oem-service : ServiceConnected
10-11 16:04:04.891 D/VRCORE_VR( 3043): onServerReady, hasExternalDisplay = false mVrEnvironmentVerifyCompleted = false
10-11 16:04:04.891 D/VRConfigServiceConnector( 3043): Don't need to set virtual wall property.
10-11 16:04:04.891 D/VRCORE_VR( 3043): onVrEnvironmentVerifyCompleted
10-11 16:04:04.891 D/Svr_VRPlatform( 3043): onVrEnvironmentVerifyCompleted
10-11 16:04:04.891 I/VRPlatform( 3043): [CheckPoint_C] onVrEnvironmentVerifyCompleted
10-11 16:04:04.892 W/VRVrModeService( 3043): Failed to set VR mode: This platform don't support android vr
10-11 16:04:04.892 D/VRCORE Decorator( 3043): VRActivityDecorator::getConfigBundle, call IVRService_api1 getConfigBundle: key = null
10-11 16:04:04.892 I/VRBaseServiceConnector( 3043): onVrEnvironmentVerifyCompleted() Load config per key
10-11 16:04:04.893 I/VRConfigServiceConnector( 3043): [CheckPoint_C_0] setConfigPreRenderReady(): start
10-11 16:04:04.893 D/VRConfigServiceConnector( 3043): setOverlayAttributeFromServer() get loading animation from server.
10-11 16:04:04.893 D/VRCORE Decorator( 3043): VRActivityDecorator::getConfigData, call IVRService_api1 getConfigData
10-11 16:04:04.893 D/VRBaseServiceConnector( 3043): getValueFromDecorator() key = Loading value = null
10-11 16:04:04.893 D/VRConfigServiceConnector( 3043): setOverlayAttributeFromServer() mLoadingAnimation.length() = 0
10-11 16:04:04.893 D/VRConfigServiceConnector( 3043): setOverlayAttributeFromServer() get loading animation from server not done
10-11 16:04:04.893 D/VRConfigServiceConnector( 3043): setOverlayAttributeFromServer() setOverlayControllerAttribute from server.
10-11 16:04:04.893 D/VRCORE Decorator( 3043): VRActivityDecorator::getConfigData, call IVRService_api1 getConfigData
10-11 16:04:04.893 D/VRBaseServiceConnector( 3043): getValueFromDecorator() key = overlayControllerPosition value = null
10-11 16:04:04.893 I/VRConfigServiceConnector( 3043): setOverlayControllerAttribute() position = null
10-11 16:04:04.893 D/VRCORE Decorator( 3043): VRActivityDecorator::getConfigData, call IVRService_api1 getConfigData
10-11 16:04:04.893 D/VRBaseServiceConnector( 3043): getValueFromDecorator() key = battery_indicator value = null
10-11 16:04:04.893 I/VRConfigServiceConnector( 3043): [BatteryLevel] batteryIndicatorJSON is nullptr, set default 0
10-11 16:04:04.894 I/OVERLAY_JNI( 3043): [BatteryLevel] OverlayManager havn't be generated. So set ShowBattery(0) as default.
10-11 16:04:04.896 D/VRCORE Decorator( 3043): VRActivityDecorator::getConfigData, call IVRService_api1 getConfigData
10-11 16:04:04.896 D/VRBaseServiceConnector( 3043): getValueFromDecorator() key = controller_property value = null
10-11 16:04:04.896 I/VRConfigServiceConnector( 3043): setOverlayControllerAttribute() cannot find controller_property node
10-11 16:04:04.896 D/VRConfigServiceConnector( 3043): setOverlayAttributeFromServer() setOverlayControllerAttribute not done
10-11 16:04:04.896 D/VRConfigServiceConnector( 3043): setConfigPreRenderReady() get attribute from server failed!
10-11 16:04:04.898 D/VRConfigServiceConnector( 3043): setOverlayAttributeFromOem() setOverlayControllerAttribute from oem_service.
10-11 16:04:04.898 I/VRConfigServiceConnector( 3043): setOverlayControllerAttribute() position = [0.2,-0.49,-0.45]
10-11 16:04:04.899 I/VRConfigServiceConnector( 3043): setOverlayControllerAttribute() x = 0.2 y = -0.49 z = -0.45
10-11 16:04:04.900 D/VRCORE Decorator( 3043): VRActivityDecorator::getConfigData, call IVRService_api1 getConfigData
10-11 16:04:04.900 D/VRBaseServiceConnector( 3043): getValueFromDecorator() key = battery_indicator value = null
10-11 16:04:04.900 I/VRConfigServiceConnector( 3043): [BatteryLevel] batteryIndicatorJSON is nullptr, set default 0
10-11 16:04:04.900 I/OVERLAY_JNI( 3043): [BatteryLevel] OverlayManager havn't be generated. So set ShowBattery(0) as default.
10-11 16:04:04.902 I/VRConfigServiceConnector( 3043): setBeamAttribute() start_color = #FFFFFFFF
10-11 16:04:04.902 I/VRConfigServiceConnector( 3043): isColorFormat() colorFormat = #FFFFFFFF length = 9
10-11 16:04:04.902 I/VRConfigServiceConnector( 3043): setBeamAttribute() end_color = #FFFFFF00
10-11 16:04:04.902 I/VRConfigServiceConnector( 3043): isColorFormat() colorFormat = #FFFFFF00 length = 9
10-11 16:04:04.902 I/VRConfigServiceConnector( 3043): setBeamAttribute() start_width = 6.25E-4 end_width = 0.00125 length = 0.8 start_color_r = 1.0 start_color_g = 1.0 start_color_b = 1.0 start_color_a = 1.0 end_color_r = 1.0 end_color_g = 1.0 end_color_b = 1.0 end_color_a = 0.0
10-11 16:04:04.903 I/OVERLAY_JNI( 3043): Context havn't be generated. So set Beam attribute as default.
10-11 16:04:04.903 I/OverlayManager( 3043): [ControllerObj]setControllerBeamAttribute()
10-11 16:04:04.904 I/VRConfigServiceConnector( 3043): setPointAttribute() color = #FFFFFFFF
10-11 16:04:04.904 I/VRConfigServiceConnector( 3043): isColorFormat() colorFormat = #FFFFFFFF length = 9
10-11 16:04:04.904 I/VRConfigServiceConnector( 3043): setPointAttribute() diameter = 0.01 distance = 10.0 color_r = 1.0 color_g = 1.0 color_b = 1.0 color_a = 1.0
10-11 16:04:04.904 I/OVERLAY_JNI( 3043): OverlayManager havn't be generated. So set FocusDot attribute as default.
10-11 16:04:04.904 I/OverlayManager( 3043): [ControllerObj]setControllerPointAttribute()
10-11 16:04:04.905 I/VRConfigServiceConnector( 3043): setCtrllerArmModelAttribute() head_to_elbow_offset.x = 0.2 head_to_elbow_offset.y = -0.7 head_to_elbow_offset.z = 0.0 elbow_to_wrist_offset.x = 0.0 elbow_to_wrist_offset.y = 0.0 elbow_to_wrist_offset.z = 0.15 wrist_to_controller_offset.x = 0.0 wrist_to_controller_offset.y = 0.0 wrist_to_controller_offset.z = 0.05 elbow_pitch_angle_offset.x = -0.15 elbow_pitch_angle_offset.y = 0.55 elbow_pitch_angle_offset.z = 0.08 elbow_pitch_angle_min = 0.0 elbow_pitch_angle_max = 60.0 elbow_yaxis_raise_height = 0.0 elbow_zaxis_raise_depth = 0.0
10-11 16:04:04.905 I/OVERLAY_JNI( 3043): nativeSetArmModel JNI
10-11 16:04:04.906 I/ArmModel( 3043): ArmModel constructor and set
10-11 16:04:04.906 I/ArmModel( 3043): ArmModel setArmModel with validation
10-11 16:04:04.906 I/ArmModel( 3043): ArmModel Information for Devices:
10-11 16:04:04.906 I/ArmModel( 3043): --- mHeadToElbowOffset : (0.200000,-0.700000,0.000000)
10-11 16:04:04.906 I/ArmModel( 3043): --- mElbowPitchOffset : (-0.150000,0.550000,0.080000)
10-11 16:04:04.906 I/ArmModel( 3043): --- mElbowToWristOffset : (0.000000,0.000000,0.150000)
10-11 16:04:04.906 I/ArmModel( 3043): --- mWristToCtrllerOffset : (0.000000,0.000000,0.050000)
10-11 16:04:04.906 I/ArmModel( 3043): --- mElbowPitchAngleRange : (0.000000 ~ 59.999998)
10-11 16:04:04.906 I/OVERLAY_JNI( 3043): JNI calls ArmModel setArmModel
10-11 16:04:04.906 I/ArmModel( 3043): ArmModel setArmModel with validation
10-11 16:04:04.906 I/ArmModel( 3043): ArmModel Information for Devices:
10-11 16:04:04.906 I/ArmModel( 3043): --- mHeadToElbowOffset : (0.200000,-0.700000,0.000000)
10-11 16:04:04.906 I/ArmModel( 3043): --- mElbowPitchOffset : (-0.150000,0.550000,0.080000)
10-11 16:04:04.906 I/ArmModel( 3043): --- mElbowToWristOffset : (0.000000,0.000000,0.150000)
10-11 16:04:04.906 I/ArmModel( 3043): --- mWristToCtrllerOffset : (0.000000,0.000000,0.050000)
10-11 16:04:04.906 I/ArmModel( 3043): --- mElbowPitchAngleRange : (0.000000 ~ 59.999998)
10-11 16:04:04.906 I/OverlayManager( 3043): [ControllerObj][Deprecated]setControllerArmModeAttrbute()
10-11 16:04:04.906 D/VRConfigServiceConnector( 3043): setOverlayAttributeFromOem() done.
10-11 16:04:04.906 D/VRConfigServiceConnector( 3043): setOverlayAttributeFromOem() setOverlayAttribute from oem_service.
10-11 16:04:04.906 D/OEM_VRConfigService( 2071): getKeyValue: Get Value of Key[overlay_property] from cache.
10-11 16:04:04.907 E/VRConfigServiceConnector( 3043): setOverlayAttribute() overlay_property e = java.lang.NullPointerException: uri
10-11 16:04:04.907 D/VRConfigServiceConnector( 3043): setOverlayAttributeFromOem() done.
10-11 16:04:04.907 D/VRCORE Decorator( 3043): VRActivityDecorator::getConfigData, call IVRService_api1 getConfigData
10-11 16:04:04.908 D/VRBaseServiceConnector( 3043): getValueFromDecorator() key = performance_property value = null
10-11 16:04:04.908 D/VRConfigServiceConnector( 3043): [VRPerformanceJAVA] Read performance attribute from OEM-Service.
10-11 16:04:04.908 D/OEM_VRConfigService( 2071): getKeyValue: Get Value of Key[performance_property] from cache.
10-11 16:04:04.908 E/VRConfigServiceConnector( 3043): [VRPerformanceJAVA] setPerformanceAttribute() fail: java.lang.NullPointerException: uri
10-11 16:04:04.908 E/VRConfigServiceConnector( 3043): [VRPerformanceJAVA] Read performance settings from OEM-Service fail, use default performance setting.
10-11 16:04:04.908 D/VRConfigServiceConnector( 3043): [VRPerformanceJAVA] Set performance_property: policy=1, render_mask=f0, warp_mask=c0, disable_adaptive_quality=true
10-11 16:04:04.909 I/[VRPerfMgr]( 3043): SetPerformancePolicy : 1
10-11 16:04:04.909 I/[VRPerfMgr]( 3043): SetRenderCpuAffinityMask : f0(11110000)
10-11 16:04:04.909 I/[VRPerfMgr]( 3043): SetWarpCpuAffinityMask : c0(11000000)
10-11 16:04:04.909 I/[VRPerfMgr]( 3043): Forced stop AdaptiveQuality : 1
10-11 16:04:04.909 D/VRCORE Decorator( 3043): VRActivityDecorator::getConfigData, call IVRService_api1 getConfigData
10-11 16:04:04.910 D/VRBaseServiceConnector( 3043): getValueFromDecorator() key = adaptiveQuality_property value = null
10-11 16:04:04.910 W/VRConfigServiceConnector( 3043): [VRPerformanceJAVA] setAdaptiveQualityAttribute() fail: java.lang.NullPointerException: Attempt to invoke virtual method 'boolean java.lang.String.isEmpty()' on a null object reference
10-11 16:04:04.910 W/VRConfigServiceConnector( 3043): [VRPerformanceJAVA] Read AdaptiveQualityAttribute from OEM-Service fail, use default AQ setting.
10-11 16:04:04.910 D/VRCORE Decorator( 3043): VRActivityDecorator::getConfigData, call IVRService_api1 getConfigData
10-11 16:04:04.911 D/VRBaseServiceConnector( 3043): getValueFromDecorator() key = watchdog_config value = null
10-11 16:04:04.911 I/VRConfigServiceConnector( 3043): setWatchdogConfig(): jsonStr = null
10-11 16:04:04.911 D/OEM_VRConfigService( 2071): getKeyValue: Get Value of Key[watchdog_config] from cache.
10-11 16:04:04.911 E/VRConfigServiceConnector( 3043): setWatchdogConfig(): java.lang.NullPointerException: uri
10-11 16:04:04.912 D/VRCORE Decorator( 3043): VRActivityDecorator::getConfigData, call IVRService_api1 getConfigData
10-11 16:04:04.912 D/VRBaseServiceConnector( 3043): getValueFromDecorator() key = foveation_setting value = null
10-11 16:04:04.912 I/VRConfigServiceConnector( 3043): setFoveationConfig(): jsonStr = null
10-11 16:04:04.912 D/OEM_VRConfigService( 2071): getKeyValue: Get Value of Key[foveation_setting] from cache.
10-11 16:04:04.913 E/VRConfigServiceConnector( 3043): setFoveationConfig(): java.lang.NullPointerException: uri
10-11 16:04:04.913 D/VRCORE Decorator( 3043): VRActivityDecorator::getConfigData, call IVRService_api1 getConfigData
10-11 16:04:04.913 D/VRBaseServiceConnector( 3043): getValueFromDecorator() key = stencilmesh_config value = null
10-11 16:04:04.913 D/VRConfigServiceConnector( 3043): [VRStencilMeshJAVA] Read stencil mesh configuration from OEM-Service.
10-11 16:04:04.914 D/OEM_VRConfigService( 2071): getKeyValue: Get Value of Key[stencilmesh_config] from cache.
10-11 16:04:04.915 E/VRConfigServiceConnector( 3043): [VRStencilMeshJAVA] setStencilMeshConfig() fail: java.lang.NullPointerException: uri
10-11 16:04:04.915 D/VRCORE Decorator( 3043): VRActivityDecorator::getConfigData, call IVRService_api1 getConfigData
10-11 16:04:04.915 D/VRBaseServiceConnector( 3043): getValueFromDecorator() key = overlay_buffer_size value = null
10-11 16:04:04.915 I/VRConfigServiceConnector( 3043): setOverlayBufferSize(): jsonStr = null
10-11 16:04:04.915 W/VRConfigServiceConnector( 3043): setOverlayBufferSize(): overlay_buffer_size not found
10-11 16:04:04.915 I/VRConfigServiceConnector( 3043): [CheckPoint_C_1] setConfigPreRenderReady(): end
10-11 16:04:04.915 D/VRCORE Decorator( 3043): VRActivityDecorator::getConfigData, call IVRService_api1 getConfigData
10-11 16:04:04.915 D/VRBaseServiceConnector( 3043): getValueFromDecorator() key = hudsetting_package value = null
10-11 16:04:04.915 D/VRCORE Decorator( 3043): VRActivityDecorator::getConfigBundle, call IVRService_api1 getConfigBundle: key = null
10-11 16:04:04.916 I/VRBaseServiceConnector( 3043): onVrEnvironmentVerifyCompleted() Load config per key
10-11 16:04:04.916 D/VROverlaySMD( 3043): setImageSliderFps() hasExternalDisplay = false
10-11 16:04:04.918 D/VROverlaySMD( 3043): setImageSliderFps() Use display rate: 75hz
10-11 16:04:04.918 D/VROverlaySMD( 3043): onVrEnvironmentVerifyCompleted() load from oem_service
10-11 16:04:04.918 D/VROverlaySMD( 3043): onVrEnvironmentVerifyCompleted() mLoadingAnimation.size() = 0
10-11 16:04:04.918 D/VRCORE Decorator( 3043): VRActivityDecorator::getConfigBundle, call IVRService_api1 getConfigBundle: key = null
10-11 16:04:04.918 I/VRBaseServiceConnector( 3043): onVrEnvironmentVerifyCompleted() Load config per key
10-11 16:04:04.919 D/VRCORE Decorator( 3043): VRActivityDecorator::getConfigData, call IVRService_api1 getConfigData
10-11 16:04:04.919 D/VRBaseServiceConnector( 3043): getValueFromDecorator() key = wavevr_service value = null
10-11 16:04:04.919 D/VRVrModeService( 3043): wavevr_service_config = null
10-11 16:04:04.919 W/VRVrModeService( 3043): wavevr_service_config is empty.
10-11 16:04:04.919 D/VRCORE Decorator( 3043): VRActivityDecorator::getConfigData, call IVRService_api1 getConfigData
10-11 16:04:04.919 D/VRBaseServiceConnector( 3043): getValueFromDecorator() key = enableWaveVRServiceTextHint value = null
10-11 16:04:04.919 W/VRVrModeService( 3043): Can't find enableWaveVRServiceTextHint
10-11 16:04:04.919 W/VRSystemRecordService( 3043): Invalid OEM binder
10-11 16:04:04.920 I/MonitorHUD( 3043): [HUD2] VRHUDManager::setConfig() size=0
10-11 16:04:04.920 I/MonitorHUD( 3043): [HUD2] getInstance() create new instance
10-11 16:04:04.924 D/SVRRenderBase( 3043): setContentView: mFrameLayout
10-11 16:04:04.924 D/WVRUnityActivity( 3043): supportExternalDisplay() hasExternalDisplay: false
10-11 16:04:04.924 D/WVRUnityActivity( 3043): onWindowFocusChanged
10-11 16:04:04.924 D/WVRUnityActivity( 3043): Start VR Runtime
10-11 16:04:04.924 D/VRCORE_VR( 3043): onWindowFocusChanged true
10-11 16:04:04.924 D/Svr_VRPlatform( 3043): onWindowFocusChanged:true
10-11 16:04:04.924 I/SVRRenderBase( 3043): onWindowFocusChanged:true
10-11 16:04:04.924 D/VRCORE Decorator( 3043): VRActivityDecorator::getConfigData, call IVRService_api1 getConfigData
10-11 16:04:04.924 D/SVRRB_JNI( 3043): SVRRenderBase_nativeOnWindowFocusChanged
10-11 16:04:04.924 I/SVRRenderBase( 3043): onWindowFocusChanged:true finish
10-11 16:04:04.924 D/WVRUnityActivity( 3043): Call UnityPlayer windowFocusChanged 1 +++
