10-11 16:04:13.782 I/SVRI ( 3043): [Arena] GetArenaRange Rectangle(2.00, 2.00)
10-11 16:04:13.795 I/SVRI ( 3043): [Arena] GetArenaRange Rectangle(2.00, 2.00)
10-11 16:04:13.809 I/SVRI ( 3043): [Arena] GetArenaRange Rectangle(2.00, 2.00)
10-11 16:04:13.822 I/SVRI ( 3043): [Arena] GetArenaRange Rectangle(2.00, 2.00)
10-11 16:04:13.836 I/OverlayManager( 3043): isPassThroughShowing show = 0
10-11 16:04:13.836 I/SVRI ( 3043): [Arena] GetArenaRange Rectangle(2.00, 2.00)
10-11 16:04:13.849 I/SVRI ( 3043): [Arena] GetArenaRange Rectangle(2.00, 2.00)
10-11 16:04:13.862 I/SVRI ( 3043): [Arena] GetArenaRange Rectangle(2.00, 2.00)
10-11 16:04:13.876 I/SVRI ( 3043): [Arena] GetArenaRange Rectangle(2.00, 2.00)
10-11 16:04:13.889 I/SVRI ( 3043): [Arena] GetArenaRange Rectangle(2.00, 2.00)
10-11 16:04:13.903 I/SVRI ( 3043): [Arena] GetArenaRange Rectangle(2.00, 2.00)
10-11 16:04:13.916 I/SVRI ( 3043): [Arena] GetArenaRange Rectangle(2.00, 2.00)
10-11 16:04:13.929 I/SVRI ( 3043): [Arena] GetArenaRange Rectangle(2.00, 2.00)
10-11 16:04:13.943 I/SVRI ( 3043): [Arena] GetArenaRange Rectangle(2.00, 2.00)
10-11 16:04:13.956 I/SVRI ( 3043): [Arena] GetArenaRange Rectangle(2.00, 2.00)
10-11 16:04:13.968 I/SVRI ( 3043): checkSteady 2 stops
10-11 16:04:13.968 W/ArmModel( 3043): setHandSteady LOCKED
10-11 16:04:13.969 I/SVRI ( 3043): [Arena] GetArenaRange Rectangle(2.00, 2.00)
10-11 16:04:13.980 D/WifiStateMachine( 1447): handleMessage: E msg.what=131155
10-11 16:04:13.980 D/WifiStateMachine( 1447): processMsg: ConnectedState
10-11 16:04:13.980 D/WifiStateMachine( 1447): processMsg: L2ConnectedState
10-11 16:04:13.981 I/POSE ( 3043): GetSyncPose pose_hmd_1 VALID(oemValid(1),isFocus(0)) Origin(0) 6DoF; Arena[1]_Trig(0)_Out(0)_OutLevel(0.0000); XYZ(-0.0500, 0.0054, -0.0220), EulerYPR(-29.64, -10.95, 20.02), Wxyz(0.9434, -0.1351, -0.2667, 0.1432); LVel(0.0038, 0.0113, 0.0075), AngV(-0.0166, -0.0450, -0.0270); PoseTime=164483378116, predict time=16.060ms(p0,r0), pose latency(I)=0.000
10-11 16:04:13.981 I/POSE ( 3043): GetSyncPose pose_clr_2 VALID(oemValid(1),isFocus(0)) Origin(0) 3DoF; Arena[1]_Trig(0)_Out(0)_OutLevel(0.0000); XYZ(0.0394, -0.6688, -0.0582), EulerYPR(-114.72, 177.79, 3.93), Wxyz(0.0393, 0.5384, 0.0023, 0.8418); LVel(0.0000, 0.0000, 0.0000), AngV(0.0209, -0.0290, 0.0018); PoseTime=164484201227, predict time=0.000ms(p0,r0), pose latency(I)=0.000
10-11 16:04:13.983 I/SVRI ( 3043): [Arena] GetArenaRange Rectangle(2.00, 2.00)
10-11 16:04:13.994 D/WifiStateMachine( 1447): CMD_RSSI_POLL: TxBytes = 708, RxBytes = 981
10-11 16:04:13.995 D/WifiStateMachine( 1447): handleMessage: X
10-11 16:04:13.996 I/SVRI ( 3043): [Arena] GetArenaRange Rectangle(2.00, 2.00)
10-11 16:04:14.010 I/SVRI ( 3043): [Arena] GetArenaRange Rectangle(2.00, 2.00)
10-11 16:04:14.023 I/SVRI ( 3043): [Arena] GetArenaRange Rectangle(2.00, 2.00)
10-11 16:04:14.036 I/SVRI ( 3043): [Arena] GetArenaRange Rectangle(2.00, 2.00)
10-11 16:04:14.050 I/SVRI ( 3043): [Arena] GetArenaRange Rectangle(2.00, 2.00)
10-11 16:04:14.063 I/SVRI ( 3043): [Arena] GetArenaRange Rectangle(2.00, 2.00)
10-11 16:04:14.076 I/SVRI ( 3043): [Arena] GetArenaRange Rectangle(2.00, 2.00)
10-11 16:04:14.088 I/SVRI ( 3043): checkSteady 2 moves at 39
10-11 16:04:14.090 I/SVRI ( 3043): [Arena] GetArenaRange Rectangle(2.00, 2.00)
10-11 16:04:14.098 D/SVR_HMD ( 2388): SvrHmdDevice.java:onSensorChanged(273) SvrHmdDevice, onSensorChanged, sensor.getType() = 4, GYRO: AxisX = -0.037643433, AxisY = 0.049087524, AxisZ = -0.025665283
10-11 16:04:14.098 D/SVR_HMD ( 2388): SvrHmdDevice.java:onSensorChanged(281) SvrHmdDevice, onSensorChanged, sensor.getType() = 1, ACCELER: X = 3.3371124, Y = 9.143921, Z = 1.4513397
10-11 16:04:14.103 I/SVRI ( 3043): [Arena] GetArenaRange Rectangle(2.00, 2.00)
10-11 16:04:14.115 I/SVRI ( 3043): GetPoseState svr_hmd_1 tm3(3) Quality Pose/Camera/Sensor 1.00 1.00 1.00 ; lost 0 ; TS164617258741
10-11 16:04:14.116 I/SVRI ( 3043): [Arena] GetArenaRange Rectangle(2.00, 2.00)
10-11 16:04:14.128 I/SVRI ( 3043): GetPoseState svr_hmd_1 tm3(3) Quality Pose/Camera/Sensor 1.00 1.00 1.00 ; lost 0 ; TS164630198168
10-11 16:04:14.128 I/ArmModel( 3043): Dev(0)LHOVHMDPos : (-0.049130,0.005634,0.022120)
10-11 16:04:14.128 D/ArmModel( 3043): ArmModel getArmedPose(2) 1, 1
10-11 16:04:14.128 D/ArmModel( 3043): Dev(2)ctrllerXYRotationRadio : 0.546501 elbowCurveLerpValue = 0.559300
10-11 16:04:14.128 D/ArmModel( 3043): Dev(2)quatCtrllerXYRot : (-0.029304,-0.756257,0.000000,0.653618)
10-11 16:04:14.128 D/ArmModel( 3043): Dev(2)quatCtrllerXYLerpRot : (-0.017998,-0.464487,0.000000,0.885397)
10-11 16:04:14.128 D/ArmModel( 3043): Dev(2)elbowOffset : (0.115147,-0.674242,-0.082074)
10-11 16:04:14.128 D/ArmModel( 3043): Dev(2)wristOffset : (0.089876,-0.670283,0.065729)
10-11 16:04:14.128 D/ArmModel( 3043): Dev(2)ctrllerOffset : (0.040446,-0.668368,0.058451)
10-11 16:04:14.128 D/ArmModel( 3043): Dev(2)finalCtrlPos : (0.040446,-0.668368,-0.058451)
10-11 16:04:14.130 I/SVRI ( 3043): [Arena] GetArenaRange Rectangle(2.00, 2.00)
10-11 16:04:14.143 I/SVRI ( 3043): [Arena] GetArenaRange Rectangle(2.00, 2.00)
10-11 16:04:14.156 I/SVRI ( 3043): [Arena] GetArenaRange Rectangle(2.00, 2.00)
10-11 16:04:14.170 I/SVRI ( 3043): [Arena] GetArenaRange Rectangle(2.00, 2.00)
10-11 16:04:14.183 I/SVRI ( 3043): [Arena] GetArenaRange Rectangle(2.00, 2.00)
10-11 16:04:14.196 I/SVRI ( 3043): [Arena] GetArenaRange Rectangle(2.00, 2.00)
10-11 16:04:14.210 I/SVRI ( 3043): [Arena] GetArenaRange Rectangle(2.00, 2.00)
10-11 16:04:14.223 I/SVRI ( 3043): [Arena] GetArenaRange Rectangle(2.00, 2.00)
10-11 16:04:14.236 I/OverlayManager( 3043): isPassThroughShowing show = 0
10-11 16:04:14.237 I/SVRI ( 3043): [Arena] GetArenaRange Rectangle(2.00, 2.00)
10-11 16:04:14.248 I/[vrbledevice]Finch3DofController[0]( 2129): updatePose: timeStamp(164754130525), Euler:[-134.66452,3.81637,177.79198] Quat:[0.03814,0.38451,-0.00494,0.92232] Acc:[0.04487,0.07956,1.21489] Gyro:[-0.02029,0.02808,-0.00175]
10-11 16:04:14.250 I/SVRI ( 3043): [Arena] GetArenaRange Rectangle(2.00, 2.00)
10-11 16:04:14.263 I/SVRI ( 3043): [Arena] GetArenaRange Rectangle(2.00, 2.00)
10-11 16:04:14.277 I/SVRI ( 3043): [Arena] GetArenaRange Rectangle(2.00, 2.00)
10-11 16:04:14.290 I/SVRI ( 3043): [Arena] GetArenaRange Rectangle(2.00, 2.00)
10-11 16:04:14.303 I/SVRI ( 3043): [Arena] GetArenaRange Rectangle(2.00, 2.00)
10-11 16:04:14.317 I/SVRI ( 3043): [Arena] GetArenaRange Rectangle(2.00, 2.00)
10-11 16:04:14.330 I/SVRI ( 3043): [Arena] GetArenaRange Rectangle(2.00, 2.00)
10-11 16:04:14.344 I/SVRI ( 3043): [Arena] GetArenaRange Rectangle(2.00, 2.00)
10-11 16:04:14.357 I/SVRI ( 3043): [Arena] GetArenaRange Rectangle(2.00, 2.00)
10-11 16:04:14.370 I/SVRI ( 3043): [Arena] GetArenaRange Rectangle(2.00, 2.00)
10-11 16:04:14.384 I/SVRI ( 3043): [Arena] GetArenaRange Rectangle(2.00, 2.00)
10-11 16:04:14.397 I/SVRI ( 3043): [Arena] GetArenaRange Rectangle(2.00, 2.00)
10-11 16:04:14.411 I/SVRI ( 3043): [Arena] GetArenaRange Rectangle(2.00, 2.00)
10-11 16:04:14.424 I/SVRI ( 3043): [Arena] GetArenaRange Rectangle(2.00, 2.00)
10-11 16:04:14.428 D/AlarmManager( 1447): sending alarm to uid=1000, package=android, listener=android.app.AlarmManager$ListenerWrapper@1099aab, listenerTag=*job.delay*, t=2, cnt=1, w=159935, Int=0, ws=WorkSource{10023}
10-11 16:04:14.429 D/PMS ( 1447): acquireWL(9792508): PARTIAL_WAKE_LOCK *alarm* 0x1 1447 1000 WorkSource{10023}
10-11 16:04:14.430 D/PMS ( 1447): releaseWL(9792508): PARTIAL_WAKE_LOCK *alarm* 0x1 WorkSource{10023} 0x0
10-11 16:04:14.434 D/PMS ( 1447): acquireWL(eff89b4): PARTIAL_WAKE_LOCK *job*/com.htc.mobilevr.launcher/com.htc.vr.bilog.core.BiJobService 0x1 1447 1000 WorkSource{10023}
10-11 16:04:14.439 E/[VrBi 273][Utils]( 2677): Charging = true, level = 100
10-11 16:04:14.440 I/SVRI ( 3043): [Arena] GetArenaRange Rectangle(2.00, 2.00)
10-11 16:04:14.453 E/[VrBi 273][Utils]( 2677): Charging = true, level = 100
10-11 16:04:14.454 I/SVRI ( 3043): [Arena] GetArenaRange Rectangle(2.00, 2.00)
10-11 16:04:14.464 E/[VrBi 273][Utils]( 2677): Charging = true, level = 100
10-11 16:04:14.465 I/SVRI ( 3043): [Arena] GetArenaRange Rectangle(2.00, 2.00)
10-11 16:04:14.470 D/NetworkSecurityConfig( 2677): Using Network Security Config from resource network_security_config debugBuild: false
10-11 16:04:14.474 D/libc ( 2677): [NET] android_getaddrinfo_proxy get netid:0
10-11 16:04:14.475 D/libc ( 826): [NET] _dns_getaddrinfo+, netid:100, mark:917604
10-11 16:04:14.480 I/SVRI ( 3043): [Arena] GetArenaRange Rectangle(2.00, 2.00)
10-11 16:04:14.492 I/SVRI ( 3043): [Arena] GetArenaRange Rectangle(2.00, 2.00)
10-11 16:04:14.495 D/libc ( 826): [NET] _dns_getaddrinfo-, (NS_SUCCESS)
10-11 16:04:14.495 D/libc ( 2677): [NET] android_getaddrinfo_proxy-, success
10-11 16:04:14.503 D/DeviceIdleController( 1447): handleMessage(7)
10-11 16:04:14.504 I/SVRI ( 3043): [Arena] GetArenaRange Rectangle(2.00, 2.00)
10-11 16:04:14.505 W/AudFlgTr( 813): track uid 10065 buf is zero
10-11 16:04:14.518 I/SVRI ( 3043): [Arena] GetArenaRange Rectangle(2.00, 2.00)
10-11 16:04:14.529 I/POSE ( 3043): GetSyncPose pose_hmd_1 VALID(oemValid(1),isFocus(0)) Origin(0) 6DoF; Arena[1]_Trig(0)_Out(0)_OutLevel(0.0000); XYZ(-0.0520, 0.0044, -0.0237), EulerYPR(-29.22, -11.41, 20.04), Wxyz(0.9438, -0.1384, -0.2639, 0.1428); LVel(-0.0102, 0.0051, -0.0026), AngV(0.0045, -0.0024, 0.0209); PoseTime=165031687439, predict time=15.955ms(p0,r0), pose latency(I)=0.000
10-11 16:04:14.530 I/POSE ( 3043): GetSyncPose pose_clr_2 VALID(oemValid(1),isFocus(0)) Origin(0) 3DoF; Arena[1]_Trig(0)_Out(0)_OutLevel(0.0000); XYZ(0.0376, -0.6701, -0.0602), EulerYPR(-114.73, 177.84, 3.84), Wxyz(0.0383, 0.5384, 0.0022, 0.8418); LVel(0.0000, 0.0000, 0.0000), AngV(-0.0082, -0.0566, 0.0028); PoseTime=165031867271, predict time=0.000ms(p0,r0), pose latency(I)=0.000
10-11 16:04:14.531 I/SVRI ( 3043): [Arena] GetArenaRange Rectangle(2.00, 2.00)
10-11 16:04:14.544 I/SVRI ( 3043): [Arena] GetArenaRange Rectangle(2.00, 2.00)
10-11 16:04:14.558 I/SVRI ( 3043): [Arena] GetArenaRange Rectangle(2.00, 2.00)
10-11 16:04:14.569 I/SVRI ( 3043): checkSteady 2 stops
10-11 16:04:14.569 W/ArmModel( 3043): setHandSteady LOCKED
10-11 16:04:14.571 I/SVRI ( 3043): [Arena] GetArenaRange Rectangle(2.00, 2.00)
10-11 16:04:14.582 W/SensorService( 1447): D/Accel(x, y, z, t) = ( 3.5, 9.0, 1.5, 165088ms), sys_time = 165089ms
10-11 16:04:14.585 I/SVRI ( 3043): [Arena] GetArenaRange Rectangle(2.00, 2.00)
10-11 16:04:14.585 I/svr ( 3043): FPS: 74.78
10-11 16:04:14.594 D/SVR_HMD ( 2388): SvrHmdDevice.java:onSensorChanged(273) SvrHmdDevice, onSensorChanged, sensor.getType() = 4, GYRO: AxisX = 7.019043E-4, AxisY = -0.023345947, AxisZ = 0.014831543
10-11 16:04:14.595 D/SVR_HMD ( 2388): SvrHmdDevice.java:onSensorChanged(281) SvrHmdDevice, onSensorChanged, sensor.getType() = 1, ACCELER: X = 3.4816132, Y = 8.982269, Z = 1.5023651
10-11 16:04:14.598 I/SVRI ( 3043): [Arena] GetArenaRange Rectangle(2.00, 2.00)
10-11 16:04:14.611 I/SVRI ( 3043): [Arena] GetArenaRange Rectangle(2.00, 2.00)
10-11 16:04:14.624 I/SVRI ( 3043): [Arena] GetArenaRange Rectangle(2.00, 2.00)
10-11 16:04:14.638 I/OverlayManager( 3043): isPassThroughShowing show = 0
10-11 16:04:14.638 I/SVRI ( 3043): [Arena] GetArenaRange Rectangle(2.00, 2.00)
10-11 16:04:14.651 I/SVRI ( 3043): [Arena] GetArenaRange Rectangle(2.00, 2.00)
10-11 16:04:14.658 D/AndroidBatteryDetector( 2071): current battery temp is:350
10-11 16:04:14.658 D/AndroidBatteryDetector( 2071): current battery level is:100.0
10-11 16:04:14.665 I/SVRI ( 3043): [Arena] GetArenaRange Rectangle(2.00, 2.00)
10-11 16:04:14.677 I/SVRI ( 3043): GetPoseState svr_hmd_1 tm3(3) Quality Pose/Camera/Sensor 1.00 1.00 1.00 ; lost 0 ; TS165179453533
10-11 16:04:14.678 I/SVRI ( 3043): [Arena] GetArenaRange Rectangle(2.00, 2.00)
10-11 16:04:14.690 I/SVRI ( 3043): GetPoseState svr_hmd_1 tm3(3) Quality Pose/Camera/Sensor 1.00 1.00 1.00 ; lost 0 ; TS165192423533
10-11 16:04:14.690 I/ArmModel( 3043): Dev(0)LHOVHMDPos : (-0.052894,0.004789,0.023402)
10-11 16:04:14.690 D/ArmModel( 3043): ArmModel getArmedPose(2) 1, 1
10-11 16:04:14.690 D/ArmModel( 3043): Dev(0)LHOVHMDPos LOCKED : (-0.052186,0.004475,0.023744)
10-11 16:04:14.690 D/ArmModel( 3043): Dev(2)ctrllerXYRotationRadio : 0.546189 elbowCurveLerpValue = 0.559238
10-11 16:04:14.690 D/ArmModel( 3043): Dev(2)quatCtrllerXYRot : (-0.029112,-0.755944,0.000000,0.653989)
10-11 16:04:14.690 D/ArmModel( 3043): Dev(2)quatCtrllerXYLerpRot : (-0.017876,-0.464192,0.000000,0.885554)
10-11 16:04:14.690 D/ArmModel( 3043): Dev(2)elbowOffset : (0.112199,-0.675522,-0.080341)
10-11 16:04:14.690 D/ArmModel( 3043): Dev(2)wristOffset : (0.086845,-0.671588,0.067449)
10-11 16:04:14.690 D/ArmModel( 3043): Dev(2)ctrllerOffset : (0.037407,-0.669684,0.060219)
10-11 16:04:14.690 D/ArmModel( 3043): Dev(2)finalCtrlPos : (0.037407,-0.669684,-0.060219)
10-11 16:04:14.692 I/SVRI ( 3043): [Arena] GetArenaRange Rectangle(2.00, 2.00)
10-11 16:04:14.705 I/SVRI ( 3043): [Arena] GetArenaRange Rectangle(2.00, 2.00)
10-11 16:04:14.719 I/SVRI ( 3043): [Arena] GetArenaRange Rectangle(2.00, 2.00)
10-11 16:04:14.732 I/SVRI ( 3043): [Arena] GetArenaRange Rectangle(2.00, 2.00)
10-11 16:04:14.745 I/SVRI ( 3043): [Arena] GetArenaRange Rectangle(2.00, 2.00)
10-11 16:04:14.751 I/ipdmonitor( 2388): ipd = 659
10-11 16:04:14.758 I/SVRI ( 3043): [Arena] GetArenaRange Rectangle(2.00, 2.00)
10-11 16:04:14.772 I/SVRI ( 3043): [Arena] GetArenaRange Rectangle(2.00, 2.00)
10-11 16:04:14.785 I/SVRI ( 3043): [Arena] GetArenaRange Rectangle(2.00, 2.00)
10-11 16:04:14.798 I/SVRI ( 3043): [Arena] GetArenaRange Rectangle(2.00, 2.00)
10-11 16:04:14.812 I/SVRI ( 3043): [Arena] GetArenaRange Rectangle(2.00, 2.00)
10-11 16:04:14.825 I/SVRI ( 3043): [Arena] GetArenaRange Rectangle(2.00, 2.00)
10-11 16:04:14.839 I/SVRI ( 3043): [Arena] GetArenaRange Rectangle(2.00, 2.00)
10-11 16:04:14.852 I/SVRI ( 3043): [Arena] GetArenaRange Rectangle(2.00, 2.00)
10-11 16:04:14.861 D/PMS ( 1447): releaseWL(eff89b4): PARTIAL_WAKE_LOCK *job*/com.htc.mobilevr.launcher/com.htc.vr.bilog.core.BiJobService 0x1 WorkSource{10023} 0x0
10-11 16:04:14.862 D/DeviceIdleController( 1447): handleMessage(7)
10-11 16:04:14.865 I/SVRI ( 3043): [Arena] GetArenaRange Rectangle(2.00, 2.00)
10-11 16:04:14.879 I/SVRI ( 3043): [Arena] GetArenaRange Rectangle(2.00, 2.00)
10-11 16:04:14.892 I/SVRI ( 3043): [Arena] GetArenaRange Rectangle(2.00, 2.00)
10-11 16:04:14.905 I/SVRI ( 3043): [Arena] GetArenaRange Rectangle(2.00, 2.00)
10-11 16:04:14.919 I/SVRI ( 3043): [Arena] GetArenaRange Rectangle(2.00, 2.00)
10-11 16:04:14.932 I/SVRI ( 3043): [Arena] GetArenaRange Rectangle(2.00, 2.00)
10-11 16:04:14.945 I/SVRI ( 3043): [Arena] GetArenaRange Rectangle(2.00, 2.00)
10-11 16:04:14.959 I/SVRI ( 3043): [Arena] GetArenaRange Rectangle(2.00, 2.00)
10-11 16:04:14.972 I/SVRI ( 3043): [Arena] GetArenaRange Rectangle(2.00, 2.00)
10-11 16:04:14.985 I/SVRI ( 3043): [Arena] GetArenaRange Rectangle(2.00, 2.00)
10-11 16:04:14.997 I/SVRI ( 3043): checkSteady 2 moves at 62
10-11 16:04:14.999 I/SVRI ( 3043): [Arena] GetArenaRange Rectangle(2.00, 2.00)
10-11 16:04:15.012 I/SVRI ( 3043): [Arena] GetArenaRange Rectangle(2.00, 2.00)
10-11 16:04:15.025 I/SVRI ( 3043): [Arena] GetArenaRange Rectangle(2.00, 2.00)
10-11 16:04:15.038 I/OverlayManager( 3043): isPassThroughShowing show = 0
10-11 16:04:15.039 I/SVRI ( 3043): [Arena] GetArenaRange Rectangle(2.00, 2.00)
10-11 16:04:15.052 I/SVRI ( 3043): [Arena] GetArenaRange Rectangle(2.00, 2.00)
10-11 16:04:15.066 I/SVRI ( 3043): [Arena] GetArenaRange Rectangle(2.00, 2.00)
10-11 16:04:15.077 I/POSE ( 3043): GetSyncPose pose_hmd_1 VALID(oemValid(1),isFocus(0)) Origin(0) 6DoF; Arena[1]_Trig(0)_Out(0)_OutLevel(0.0000); XYZ(-0.0532, 0.0054, -0.0219), EulerYPR(-29.57, -11.42, 20.13), Wxyz(0.9428, -0.1391, -0.2668, 0.1432); LVel(0.0006, -0.0008, 0.0090), AngV(-0.0160, -0.0125, -0.0087); PoseTime=165579905199, predict time=16.218ms(p0,r0), pose latency(I)=0.000
10-11 16:04:15.077 I/POSE ( 3043): GetSyncPose pose_clr_2 VALID(oemValid(1),isFocus(0)) Origin(0) 3DoF; Arena[1]_Trig(0)_Out(0)_OutLevel(0.0000); XYZ(0.0364, -0.6682, -0.0573), EulerYPR(-114.72, 177.77, 3.88), Wxyz(0.0390, 0.5384, 0.0018, 0.8418); LVel(0.0000, 0.0000, 0.0000), AngV(0.0436, -0.0060, 0.0050); PoseTime=165579152482, predict time=0.000ms(p0,r0), pose latency(I)=0.000
10-11 16:04:15.079 I/SVRI ( 3043): [Arena] GetArenaRange Rectangle(2.00, 2.00)
10-11 16:04:15.091 D/SVR_HMD ( 2388): SvrHmdDevice.java:onSensorChanged(281) SvrHmdDevice, onSensorChanged, sensor.getType() = 1, ACCELER: X = 3.4630737, Y = 9.027359, Z = 1.4594269
10-11 16:04:15.091 D/SVR_HMD ( 2388): SvrHmdDevice.java:onSensorChanged(273) SvrHmdDevice, onSensorChanged, sensor.getType() = 4, GYRO: AxisX = -0.023269653, AxisY = -0.013763428, AxisZ = -0.022994995
10-11 16:04:15.092 I/SVRI ( 3043): [Arena] GetArenaRange Rectangle(2.00, 2.00)
10-11 16:04:15.105 I/SVRI ( 3043): [Arena] GetArenaRange Rectangle(2.00, 2.00)
10-11 16:04:15.119 I/SVRI ( 3043): [Arena] GetArenaRange Rectangle(2.00, 2.00)
10-11 16:04:15.132 I/SVRI ( 3043): [Arena] GetArenaRange Rectangle(2.00, 2.00)
10-11 16:04:15.146 I/SVRI ( 3043): [Arena] GetArenaRange Rectangle(2.00, 2.00)
10-11 16:04:15.159 I/SVRI ( 3043): [Arena] GetArenaRange Rectangle(2.00, 2.00)
10-11 16:04:15.172 I/SVRI ( 3043): [Arena] GetArenaRange Rectangle(2.00, 2.00)
10-11 16:04:15.186 I/SVRI ( 3043): [Arena] GetArenaRange Rectangle(2.00, 2.00)
10-11 16:04:15.199 I/SVRI ( 3043): [Arena] GetArenaRange Rectangle(2.00, 2.00)
10-11 16:04:15.213 I/SVRI ( 3043): [Arena] GetArenaRange Rectangle(2.00, 2.00)
10-11 16:04:15.226 I/SVRI ( 3043): [Arena] GetArenaRange Rectangle(2.00, 2.00)
10-11 16:04:15.238 I/SVRI ( 3043): GetPoseState svr_hmd_1 tm3(3) Quality Pose/Camera/Sensor 1.00 1.00 1.00 ; lost 0 ; TS165740732856
10-11 16:04:15.239 I/SVRI ( 3043): [Arena] GetArenaRange Rectangle(2.00, 2.00)
10-11 16:04:15.247 I/[vrbledevice]Finch3DofController[0]( 2129): updatePose: timeStamp(165752001353), Euler:[-134.67242,3.87746,177.80530] Quat:[0.03859,0.38443,-0.00463,0.92233] Acc:[0.04726,0.07956,1.20891] Gyro:[-0.05071,-0.03874,0.00129]
10-11 16:04:15.251 I/SVRI ( 3043): GetPoseState svr_hmd_1 tm3(3) Quality Pose/Camera/Sensor 1.00 1.00 1.00 ; lost 0 ; TS165753672283
10-11 16:04:15.251 I/ArmModel( 3043): Dev(0)LHOVHMDPos : (-0.052122,0.005502,0.021648)
10-11 16:04:15.251 D/ArmModel( 3043): ArmModel getArmedPose(2) 1, 1
10-11 16:04:15.251 D/ArmModel( 3043): Dev(2)ctrllerXYRotationRadio : 0.548662 elbowCurveLerpValue = 0.559732
10-11 16:04:15.251 D/ArmModel( 3043): Dev(2)quatCtrllerXYRot : (-0.029343,-0.758472,0.000000,0.651045)
10-11 16:04:15.251 D/ArmModel( 3043): Dev(2)quatCtrllerXYLerpRot : (-0.018050,-0.466554,0.000000,0.884309)
10-11 16:04:15.251 D/ArmModel( 3043): Dev(2)elbowOffset : (0.111438,-0.674426,-0.083694)
10-11 16:04:15.251 D/ArmModel( 3043): Dev(2)wristOffset : (0.086878,-0.670464,0.064228)
10-11 16:04:15.251 D/ArmModel( 3043): Dev(2)ctrllerOffset : (0.037498,-0.668554,0.056614)
10-11 16:04:15.251 D/ArmModel( 3043): Dev(2)finalCtrlPos : (0.037498,-0.668554,-0.056614)
10-11 16:04:15.253 I/SVRI ( 3043): [Arena] GetArenaRange Rectangle(2.00, 2.00)
10-11 16:04:15.266 I/SVRI ( 3043): [Arena] GetArenaRange Rectangle(2.00, 2.00)
10-11 16:04:15.279 I/SVRI ( 3043): [Arena] GetArenaRange Rectangle(2.00, 2.00)
10-11 16:04:15.293 I/SVRI ( 3043): [Arena] GetArenaRange Rectangle(2.00, 2.00)
10-11 16:04:15.306 I/SVRI ( 3043): [Arena] GetArenaRange Rectangle(2.00, 2.00)
10-11 16:04:15.319 I/SVRI ( 3043): [Arena] GetArenaRange Rectangle(2.00, 2.00)
10-11 16:04:15.333 I/SVRI ( 3043): [Arena] GetArenaRange Rectangle(2.00, 2.00)
10-11 16:04:15.346 I/SVRI ( 3043): [Arena] GetArenaRange Rectangle(2.00, 2.00)
10-11 16:04:15.359 I/SVRI ( 3043): [Arena] GetArenaRange Rectangle(2.00, 2.00)
10-11 16:04:15.373 I/SVRI ( 3043): [Arena] GetArenaRange Rectangle(2.00, 2.00)
10-11 16:04:15.386 I/SVRI ( 3043): [Arena] GetArenaRange Rectangle(2.00, 2.00)
10-11 16:04:15.400 I/SVRI ( 3043): [Arena] GetArenaRange Rectangle(2.00, 2.00)
10-11 16:04:15.413 I/SVRI ( 3043): [Arena] GetArenaRange Rectangle(2.00, 2.00)
10-11 16:04:15.426 I/SVRI ( 3043): [Arena] GetArenaRange Rectangle(2.00, 2.00)
10-11 16:04:15.438 I/WVRFoveat( 3043): FovText: eye 0 s 0 id 36 1 mode 2 1 enable 1 0 support 0
10-11 16:04:15.440 I/OverlayManager( 3043): isPassThroughShowing show = 0
10-11 16:04:15.440 I/SVRI ( 3043): [Arena] GetArenaRange Rectangle(2.00, 2.00)
10-11 16:04:15.453 I/SVRI ( 3043): [Arena] GetArenaRange Rectangle(2.00, 2.00)
10-11 16:04:15.466 I/SVRI ( 3043): [Arena] GetArenaRange Rectangle(2.00, 2.00)
10-11 16:04:15.480 I/SVRI ( 3043): [Arena] GetArenaRange Rectangle(2.00, 2.00)
10-11 16:04:15.493 I/SVRI ( 3043): [Arena] GetArenaRange Rectangle(2.00, 2.00)
10-11 16:04:15.506 I/SVRI ( 3043): [Arena] GetArenaRange Rectangle(2.00, 2.00)
10-11 16:04:15.520 I/SVRI ( 3043): [Arena] GetArenaRange Rectangle(2.00, 2.00)
10-11 16:04:15.533 I/SVRI ( 3043): [Arena] GetArenaRange Rectangle(2.00, 2.00)
10-11 16:04:15.547 I/SVRI ( 3043): [Arena] GetArenaRange Rectangle(2.00, 2.00)
10-11 16:04:15.560 I/SVRI ( 3043): [Arena] GetArenaRange Rectangle(2.00, 2.00)
10-11 16:04:15.573 I/SVRI ( 3043): [Arena] GetArenaRange Rectangle(2.00, 2.00)
10-11 16:04:15.587 I/SVRI ( 3043): [Arena] GetArenaRange Rectangle(2.00, 2.00)
10-11 16:04:15.587 I/svr ( 3043): FPS: 74.85
10-11 16:04:15.589 D/SVR_HMD ( 2388): SvrHmdDevice.java:onSensorChanged(281) SvrHmdDevice, onSensorChanged, sensor.getType() = 1, ACCELER: X = 3.4204254, Y = 9.080185, Z = 1.8381805
10-11 16:04:15.589 D/SVR_HMD ( 2388): SvrHmdDevice.java:onSensorChanged(273) SvrHmdDevice, onSensorChanged, sensor.getType() = 4, GYRO: AxisX = -0.14949036, AxisY = -0.1719513, AxisZ = -0.09010315
10-11 16:04:15.600 I/SVRI ( 3043): [Arena] GetArenaRange Rectangle(2.00, 2.00)
10-11 16:04:15.614 I/SVRI ( 3043): [Arena] GetArenaRange Rectangle(2.00, 2.00)
10-11 16:04:15.625 I/POSE ( 3043): GetSyncPose pose_hmd_1 VALID(oemValid(1),isFocus(0)) Origin(0) 6DoF; Arena[1]_Trig(0)_Out(0)_OutLevel(0.0000); XYZ(-0.0493, 0.0026, -0.0153), EulerYPR(-33.41, -13.27, 20.57), Wxyz(0.9302, -0.1599, -0.3007, 0.1371); LVel(0.0098, -0.0096, 0.0183), AngV(-0.1058, -0.1515, -0.0595); PoseTime=166128153533, predict time=16.230ms(p0,r0), pose latency(I)=0.000
10-11 16:04:15.625 I/POSE ( 3043): GetSyncPose pose_clr_2 VALID(oemValid(1),isFocus(0)) Origin(0) 3DoF; Arena[1]_Trig(0)_Out(0)_OutLevel(0.0000); XYZ(0.0405, -0.6717, -0.0350), EulerYPR(-114.73, 177.84, 3.83), Wxyz(0.0383, 0.5383, 0.0021, 0.8419); LVel(0.0000, 0.0000, 0.0000), AngV(0.0088, -0.0086, 0.0006); PoseTime=166111547639, predict time=0.000ms(p0,r0), pose latency(I)=0.000
10-11 16:04:15.627 I/SVRI ( 3043): [Arena] GetArenaRange Rectangle(2.00, 2.00)
10-11 16:04:15.633 W/AudFlgTr( 813): track uid 10065 buf is zero
10-11 16:04:15.640 I/SVRI ( 3043): [Arena] GetArenaRange Rectangle(2.00, 2.00)
10-11 16:04:15.654 I/SVRI ( 3043): [Arena] GetArenaRange Rectangle(2.00, 2.00)
10-11 16:04:15.667 I/SVRI ( 3043): [Arena] GetArenaRange Rectangle(2.00, 2.00)
10-11 16:04:15.680 I/SVRI ( 3043): [Arena] GetArenaRange Rectangle(2.00, 2.00)
10-11 16:04:15.694 I/SVRI ( 3043): [Arena] GetArenaRange Rectangle(2.00, 2.00)
10-11 16:04:15.707 I/SVRI ( 3043): [Arena] GetArenaRange Rectangle(2.00, 2.00)
10-11 16:04:15.721 I/SVRI ( 3043): [Arena] GetArenaRange Rectangle(2.00, 2.00)
10-11 16:04:15.734 I/SVRI ( 3043): [Arena] GetArenaRange Rectangle(2.00, 2.00)
10-11 16:04:15.747 I/SVRI ( 3043): [Arena] GetArenaRange Rectangle(2.00, 2.00)
10-11 16:04:15.752 I/ipdmonitor( 2388): ipd = 659
10-11 16:04:15.761 I/SVRI ( 3043): [Arena] GetArenaRange Rectangle(2.00, 2.00)
10-11 16:04:15.772 I/SVRI ( 3043): checkSteady 2 stops
10-11 16:04:15.773 W/ArmModel( 3043): setHandSteady LOCKED
10-11 16:04:15.774 I/SVRI ( 3043): [Arena] GetArenaRange Rectangle(2.00, 2.00)
10-11 16:04:15.788 I/SVRI ( 3043): [Arena] GetArenaRange Rectangle(2.00, 2.00)
10-11 16:04:15.799 I/SVRI ( 3043): checkSteady 2 moves at 32
10-11 16:04:15.799 I/SVRI ( 3043): GetPoseState svr_hmd_1 tm3(3) Quality Pose/Camera/Sensor 1.00 1.00 1.00 ; lost 0 ; TS166301951137
10-11 16:04:15.801 I/SVRI ( 3043): [Arena] GetArenaRange Rectangle(2.00, 2.00)
10-11 16:04:15.813 I/SVRI ( 3043): GetPoseState svr_hmd_1 tm3(3) Quality Pose/Camera/Sensor 1.00 1.00 1.00 ; lost 0 ; TS166314982127
10-11 16:04:15.813 I/ArmModel( 3043): Dev(0)LHOVHMDPos : (-0.048537,0.000455,0.013990)
10-11 16:04:15.813 D/ArmModel( 3043): ArmModel getArmedPose(2) 1, 1
10-11 16:04:15.813 D/ArmModel( 3043): Dev(2)ctrllerXYRotationRadio : 0.579840 elbowCurveLerpValue = 0.565968
10-11 16:04:15.813 D/ArmModel( 3043): Dev(2)quatCtrllerXYRot : (-0.030980,-0.789393,0.000000,0.613106)
10-11 16:04:15.813 D/ArmModel( 3043): Dev(2)quatCtrllerXYLerpRot : (-0.019483,-0.496437,0.000000,0.867854)
10-11 16:04:15.813 D/ArmModel( 3043): Dev(2)elbowOffset : (0.103930,-0.679589,-0.106902)
10-11 16:04:15.813 D/ArmModel( 3043): Dev(2)wristOffset : (0.089549,-0.675444,0.042350)
10-11 16:04:15.813 D/ArmModel( 3043): Dev(2)ctrllerOffset : (0.041151,-0.673545,0.029940)
10-11 16:04:15.813 D/ArmModel( 3043): Dev(2)finalCtrlPos : (0.041151,-0.673545,-0.029940)
10-11 16:04:15.814 I/SVRI ( 3043): [Arena] GetArenaRange Rectangle(2.00, 2.00)
10-11 16:04:15.827 I/SVRI ( 3043): [Arena] GetArenaRange Rectangle(2.00, 2.00)
10-11 16:04:15.841 I/OverlayManager( 3043): isPassThroughShowing show = 0
10-11 16:04:15.841 I/SVRI ( 3043): [Arena] GetArenaRange Rectangle(2.00, 2.00)
10-11 16:04:15.854 I/SVRI ( 3043): [Arena] GetArenaRange Rectangle(2.00, 2.00)
10-11 16:04:15.868 I/SVRI ( 3043): [Arena] GetArenaRange Rectangle(2.00, 2.00)
10-11 16:04:15.881 I/SVRI ( 3043): [Arena] GetArenaRange Rectangle(2.00, 2.00)
10-11 16:04:15.894 I/SVRI ( 3043): [Arena] GetArenaRange Rectangle(2.00, 2.00)
10-11 16:04:15.908 I/SVRI ( 3043): [Arena] GetArenaRange Rectangle(2.00, 2.00)
10-11 16:04:15.921 I/SVRI ( 3043): [Arena] GetArenaRange Rectangle(2.00, 2.00)
10-11 16:04:15.935 I/SVRI ( 3043): [Arena] GetArenaRange Rectangle(2.00, 2.00)
10-11 16:04:15.948 I/SVRI ( 3043): [Arena] GetArenaRange Rectangle(2.00, 2.00)
10-11 16:04:15.961 I/SVRI ( 3043): [Arena] GetArenaRange Rectangle(2.00, 2.00)
10-11 16:04:15.975 I/SVRI ( 3043): [Arena] GetArenaRange Rectangle(2.00, 2.00)
10-11 16:04:15.988 I/SVRI ( 3043): [Arena] GetArenaRange Rectangle(2.00, 2.00)
10-11 16:04:16.001 I/SVRI ( 3043): [Arena] GetArenaRange Rectangle(2.00, 2.00)
10-11 16:04:16.015 I/SVRI ( 3043): [Arena] GetArenaRange Rectangle(2.00, 2.00)
10-11 16:04:16.028 I/SVRI ( 3043): [Arena] GetArenaRange Rectangle(2.00, 2.00)
10-11 16:04:16.042 I/SVRI ( 3043): [Arena] GetArenaRange Rectangle(2.00, 2.00)
10-11 16:04:16.055 I/SVRI ( 3043): [Arena] GetArenaRange Rectangle(2.00, 2.00)
10-11 16:04:16.068 I/SVRI ( 3043): [Arena] GetArenaRange Rectangle(2.00, 2.00)
10-11 16:04:16.082 I/SVRI ( 3043): [Arena] GetArenaRange Rectangle(2.00, 2.00)
10-11 16:04:16.085 D/SVR_HMD ( 2388): SvrHmdDevice.java:onSensorChanged(281) SvrHmdDevice, onSensorChanged, sensor.getType() = 1, ACCELER: X = 4.232666, Y = 8.768066, Z = 1.7332153
10-11 16:04:16.086 D/SVR_HMD ( 2388): SvrHmdDevice.java:onSensorChanged(273) SvrHmdDevice, onSensorChanged, sensor.getType() = 4, GYRO: AxisX = -0.48239136, AxisY = -0.9320221, AxisZ = 0.13093567
10-11 16:04:16.095 I/SVRI ( 3043): [Arena] GetArenaRange Rectangle(2.00, 2.00)
10-11 16:04:16.108 I/SVRI ( 3043): [Arena] GetArenaRange Rectangle(2.00, 2.00)
10-11 16:04:16.122 I/SVRI ( 3043): [Arena] GetArenaRange Rectangle(2.00, 2.00)
10-11 16:04:16.135 I/SVRI ( 3043): [Arena] GetArenaRange Rectangle(2.00, 2.00)
10-11 16:04:16.149 I/SVRI ( 3043): [Arena] GetArenaRange Rectangle(2.00, 2.00)
10-11 16:04:16.162 I/SVRI ( 3043): [Arena] GetArenaRange Rectangle(2.00, 2.00)
10-11 16:04:16.174 I/POSE ( 3043): GetSyncPose pose_hmd_1 VALID(oemValid(1),isFocus(0)) Origin(0) 6DoF; Arena[1]_Trig(0)_Out(0)_OutLevel(0.0000); XYZ(-0.0468, -0.0005, 0.0011), EulerYPR(-43.11, -14.66, 25.53), Wxyz(0.8893, -0.1962, -0.3816, 0.1581); LVel(0.0698, -0.0378, 0.1001), AngV(-0.1899, -0.4353, -0.0139); PoseTime=166676432335, predict time=15.574ms(p0,r0), pose latency(I)=0.000
10-11 16:04:16.174 I/POSE ( 3043): GetSyncPose pose_clr_2 VALID(oemValid(1),isFocus(0)) Origin(0) 3DoF; Arena[1]_Trig(0)_Out(0)_OutLevel(0.0000); XYZ(0.0413, -0.6739, 0.0183), EulerYPR(-114.73, 177.81, 3.97), Wxyz(0.0395, 0.5383, 0.0026, 0.8418); LVel(0.0000, 0.0000, 0.0000), AngV(-0.2830, 0.1927, -0.0145); PoseTime=166675391550, predict time=0.000ms(p0,r0), pose latency(I)=0.000
10-11 16:04:16.175 I/SVRI ( 3043): [Arena] GetArenaRange Rectangle(2.00, 2.00)
10-11 16:04:16.189 I/SVRI ( 3043): [Arena] GetArenaRange Rectangle(2.00, 2.00)
10-11 16:04:16.202 I/SVRI ( 3043): [Arena] GetArenaRange Rectangle(2.00, 2.00)
10-11 16:04:16.216 I/SVRI ( 3043): [Arena] GetArenaRange Rectangle(2.00, 2.00)
10-11 16:04:16.229 I/SVRI ( 3043): [Arena] GetArenaRange Rectangle(2.00, 2.00)
10-11 16:04:16.242 I/OverlayManager( 3043): isPassThroughShowing show = 0
10-11 16:04:16.242 I/SVRI ( 3043): [Arena] GetArenaRange Rectangle(2.00, 2.00)
10-11 16:04:16.251 I/[vrbledevice]Finch3DofController[0]( 2129): updatePose: timeStamp(166756636089), Euler:[-134.67171,3.99569,177.77966] Quat:[0.03962,0.38440,-0.00444,0.92231] Acc:[0.04666,0.08554,1.21489] Gyro:[-0.00015,-0.00438,-0.00408]
10-11 16:04:16.256 I/SVRI ( 3043): [Arena] GetArenaRange Rectangle(2.00, 2.00)
10-11 16:04:16.269 I/SVRI ( 3043): [Arena] GetArenaRange Rectangle(2.00, 2.00)
10-11 16:04:16.282 I/SVRI ( 3043): [Arena] GetArenaRange Rectangle(2.00, 2.00)
10-11 16:04:16.296 I/SVRI ( 3043): [Arena] GetArenaRange Rectangle(2.00, 2.00)
10-11 16:04:16.307 I/SVRI ( 3043): checkSteady 2 stops
10-11 16:04:16.307 W/ArmModel( 3043): setHandSteady LOCKED
10-11 16:04:16.309 I/SVRI ( 3043): [Arena] GetArenaRange Rectangle(2.00, 2.00)
10-11 16:04:16.322 I/SVRI ( 3043): [Arena] GetArenaRange Rectangle(2.00, 2.00)
10-11 16:04:16.335 I/SVRI ( 3043): [Arena] GetArenaRange Rectangle(2.00, 2.00)
10-11 16:04:16.349 I/SVRI ( 3043): [Arena] GetArenaRange Rectangle(2.00, 2.00)
10-11 16:04:16.361 I/SVRI ( 3043): GetPoseState svr_hmd_1 tm3(3) Quality Pose/Camera/Sensor 1.00 1.00 1.00 ; lost 0 ; TS166863169366
10-11 16:04:16.362 I/SVRI ( 3043): [Arena] GetArenaRange Rectangle(2.00, 2.00)
10-11 16:04:16.374 I/SVRI ( 3043): GetPoseState svr_hmd_1 tm3(3) Quality Pose/Camera/Sensor 1.00 1.00 1.00 ; lost 0 ; TS166876169887
10-11 16:04:16.374 I/ArmModel( 3043): Dev(0)LHOVHMDPos : (-0.041207,-0.001595,-0.006833)
10-11 16:04:16.374 D/ArmModel( 3043): ArmModel getArmedPose(2) 1, 1
10-11 16:04:16.374 D/ArmModel( 3043): Dev(0)LHOVHMDPos LOCKED : (-0.042267,-0.001523,-0.006413)
10-11 16:04:16.374 D/ArmModel( 3043): Dev(2)ctrllerXYRotationRadio : 0.642525 elbowCurveLerpValue = 0.578505
10-11 16:04:16.374 D/ArmModel( 3043): Dev(2)quatCtrllerXYRot : (-0.036112,-0.845676,0.000000,0.532474)
10-11 16:04:16.374 D/ArmModel( 3043): Dev(2)quatCtrllerXYLerpRot : (-0.023776,-0.556804,0.000000,0.830304)
10-11 16:04:16.374 D/ArmModel( 3043): Dev(2)elbowOffset : (0.083576,-0.681320,-0.154732)
10-11 16:04:16.374 D/ArmModel( 3043): Dev(2)wristOffset : (0.090544,-0.676570,-0.004969)
10-11 16:04:16.374 D/ArmModel( 3043): Dev(2)ctrllerOffset : (0.045514,-0.674648,-0.026616)
10-11 16:04:16.374 D/ArmModel( 3043): Dev(2)finalCtrlPos : (0.045514,-0.674648,0.026616)
10-11 16:04:16.376 I/SVRI ( 3043): [Arena] GetArenaRange Rectangle(2.00, 2.00)
10-11 16:04:16.389 I/SVRI ( 3043): [Arena] GetArenaRange Rectangle(2.00, 2.00)
10-11 16:04:16.402 I/SVRI ( 3043): [Arena] GetArenaRange Rectangle(2.00, 2.00)
10-11 16:04:16.416 I/SVRI ( 3043): [Arena] GetArenaRange Rectangle(2.00, 2.00)
10-11 16:04:16.429 I/SVRI ( 3043): [Arena] GetArenaRange Rectangle(2.00, 2.00)
10-11 16:04:16.442 I/SVRI ( 3043): [Arena] GetArenaRange Rectangle(2.00, 2.00)
10-11 16:04:16.456 I/SVRI ( 3043): [Arena] GetArenaRange Rectangle(2.00, 2.00)
10-11 16:04:16.465 D/WIFI_ICON( 1657): WifiActivity: 1
10-11 16:04:16.466 D/StatusBar.NetworkController( 1657): dumpIcon[(gone) stat_sys_5signal_null|null stat_sys_wifi_signal_in_4 (gone) F]
10-11 16:04:16.469 I/SVRI ( 3043): [Arena] GetArenaRange Rectangle(2.00, 2.00)
10-11 16:04:16.475 D/SignalBarView( 1657): onMeasure() mLeft != null width =52 height =52
10-11 16:04:16.475 D/SignalBarView( 1657): onMeasure() mLeft != null width =52 height =52
10-11 16:04:16.475 D/SignalBarView( 1657): onMeasure() mLeft != null width =52 height =52
10-11 16:04:16.482 I/SVRI ( 3043): [Arena] GetArenaRange Rectangle(2.00, 2.00)
10-11 16:04:16.496 I/SVRI ( 3043): [Arena] GetArenaRange Rectangle(2.00, 2.00)
10-11 16:04:16.509 I/SVRI ( 3043): [Arena] GetArenaRange Rectangle(2.00, 2.00)
10-11 16:04:16.523 I/SVRI ( 3043): [Arena] GetArenaRange Rectangle(2.00, 2.00)
10-11 16:04:16.536 I/SVRI ( 3043): [Arena] GetArenaRange Rectangle(2.00, 2.00)
10-11 16:04:16.549 I/SVRI ( 3043): [Arena] GetArenaRange Rectangle(2.00, 2.00)
10-11 16:04:16.563 I/SVRI ( 3043): [Arena] GetArenaRange Rectangle(2.00, 2.00)
10-11 16:04:16.576 I/SVRI ( 3043): [Arena] GetArenaRange Rectangle(2.00, 2.00)
10-11 16:04:16.583 D/SVR_HMD ( 2388): SvrHmdDevice.java:onSensorChanged(281) SvrHmdDevice, onSensorChanged, sensor.getType() = 1, ACCELER: X = 4.382324, Y = 8.461151, Z = 2.0228577
10-11 16:04:16.584 D/SVR_HMD ( 2388): SvrHmdDevice.java:onSensorChanged(273) SvrHmdDevice, onSensorChanged, sensor.getType() = 4, GYRO: AxisX = 0.034805298, AxisY = 0.04057312, AxisZ = 0.07661438
10-11 16:04:16.589 I/SVRI ( 3043): [Arena] GetArenaRange Rectangle(2.00, 2.00)
10-11 16:04:16.590 I/svr ( 3043): FPS: 74.85
10-11 16:04:16.603 I/SVRI ( 3043): [Arena] GetArenaRange Rectangle(2.00, 2.00)
10-11 16:04:16.616 I/SVRI ( 3043): [Arena] GetArenaRange Rectangle(2.00, 2.00)
10-11 16:04:16.629 I/SVRI ( 3043): [Arena] GetArenaRange Rectangle(2.00, 2.00)
10-11 16:04:16.643 I/OverlayManager( 3043): isPassThroughShowing show = 0
10-11 16:04:16.643 I/SVRI ( 3043): [Arena] GetArenaRange Rectangle(2.00, 2.00)
10-11 16:04:16.656 I/SVRI ( 3043): [Arena] GetArenaRange Rectangle(2.00, 2.00)
10-11 16:04:16.670 I/SVRI ( 3043): [Arena] GetArenaRange Rectangle(2.00, 2.00)
10-11 16:04:16.683 I/SVRI ( 3043): [Arena] GetArenaRange Rectangle(2.00, 2.00)
10-11 16:04:16.696 I/SVRI ( 3043): [Arena] GetArenaRange Rectangle(2.00, 2.00)
10-11 16:04:16.710 I/SVRI ( 3043): [Arena] GetArenaRange Rectangle(2.00, 2.00)
10-11 16:04:16.721 I/POSE ( 3043): GetSyncPose pose_hmd_1 VALID(oemValid(1),isFocus(0)) Origin(0) 6DoF; Arena[1]_Trig(0)_Out(0)_OutLevel(0.0000); XYZ(-0.0449, -0.0020, 0.0023), EulerYPR(-41.89, -15.13, 26.79), Wxyz(0.8897, -0.2017, -0.3732, 0.1686); LVel(-0.0170, 0.0053, -0.0101), AngV(0.0305, 0.0377, 0.0365); PoseTime=167223734574, predict time=16.188ms(p0,r0), pose latency(I)=0.000
10-11 16:04:16.721 I/POSE ( 3043): GetSyncPose pose_clr_2 VALID(oemValid(1),isFocus(0)) Origin(0) 3DoF; Arena[1]_Trig(0)_Out(0)_OutLevel(0.0000); XYZ(0.0455, -0.6746, 0.0266), EulerYPR(-114.73, 177.79, 3.94), Wxyz(0.0393, 0.5383, 0.0023, 0.8418); LVel(0.0000, 0.0000, 0.0000), AngV(-0.0536, -0.0023, 0.0035); PoseTime=167224887229, predict time=0.000ms(p0,r0), pose latency(I)=0.000
10-11 16:04:16.723 I/SVRI ( 3043): [Arena] GetArenaRange Rectangle(2.00, 2.00)
10-11 16:04:16.736 I/SVRI ( 3043): [Arena] GetArenaRange Rectangle(2.00, 2.00)
10-11 16:04:16.750 I/SVRI ( 3043): [Arena] GetArenaRange Rectangle(2.00, 2.00)
10-11 16:04:16.753 I/ipdmonitor( 2388): ipd = 659
10-11 16:04:16.757 W/AudFlgTr( 813): track uid 10065 buf is zero
10-11 16:04:16.763 I/SVRI ( 3043): [Arena] GetArenaRange Rectangle(2.00, 2.00)
10-11 16:04:16.776 I/SVRI ( 3043): [Arena] GetArenaRange Rectangle(2.00, 2.00)
10-11 16:04:16.790 I/SVRI ( 3043): [Arena] GetArenaRange Rectangle(2.00, 2.00)
10-11 16:04:16.803 I/SVRI ( 3043): [Arena] GetArenaRange Rectangle(2.00, 2.00)
10-11 16:04:16.817 I/SVRI ( 3043): [Arena] GetArenaRange Rectangle(2.00, 2.00)
10-11 16:04:16.830 I/SVRI ( 3043): [Arena] GetArenaRange Rectangle(2.00, 2.00)
10-11 16:04:16.843 I/SVRI ( 3043): [Arena] GetArenaRange Rectangle(2.00, 2.00)
10-11 16:04:16.857 I/SVRI ( 3043): [Arena] GetArenaRange Rectangle(2.00, 2.00)
10-11 16:04:16.870 I/SVRI ( 3043): [Arena] GetArenaRange Rectangle(2.00, 2.00)
10-11 16:04:16.883 I/SVRI ( 3043): [Arena] GetArenaRange Rectangle(2.00, 2.00)
10-11 16:04:16.897 I/SVRI ( 3043): [Arena] GetArenaRange Rectangle(2.00, 2.00)
10-11 16:04:16.910 I/SVRI ( 3043): [Arena] GetArenaRange Rectangle(2.00, 2.00)
10-11 16:04:16.922 I/SVRI ( 3043): GetPoseState svr_hmd_1 tm3(3) Quality Pose/Camera/Sensor 1.00 1.00 1.00 ; lost 0 ; TS167424418168
10-11 16:04:16.923 I/SVRI ( 3043): [Arena] GetArenaRange Rectangle(2.00, 2.00)
10-11 16:04:16.935 I/SVRI ( 3043): GetPoseState svr_hmd_1 tm3(3) Quality Pose/Camera/Sensor 1.00 1.00 1.00 ; lost 0 ; TS167437418637
10-11 16:04:16.935 I/ArmModel( 3043): Dev(0)LHOVHMDPos : (-0.046938,-0.002322,-0.001757)
10-11 16:04:16.935 D/ArmModel( 3043): ArmModel getArmedPose(2) 1, 1
10-11 16:04:16.935 D/ArmModel( 3043): Dev(0)LHOVHMDPos LOCKED : (-0.042267,-0.001523,-0.006413)
10-11 16:04:16.935 D/ArmModel( 3043): Dev(2)ctrllerXYRotationRadio : 0.642525 elbowCurveLerpValue = 0.578505
10-11 16:04:16.935 D/ArmModel( 3043): Dev(2)quatCtrllerXYRot : (-0.036112,-0.845676,0.000000,0.532474)
10-11 16:04:16.935 D/ArmModel( 3043): Dev(2)quatCtrllerXYLerpRot : (-0.023776,-0.556804,0.000000,0.830304)
10-11 16:04:16.935 D/ArmModel( 3043): Dev(2)elbowOffset : (0.083576,-0.681320,-0.154732)
10-11 16:04:16.935 D/ArmModel( 3043): Dev(2)wristOffset : (0.090544,-0.676570,-0.004969)
10-11 16:04:16.935 D/ArmModel( 3043): Dev(2)ctrllerOffset : (0.045514,-0.674648,-0.026616)
10-11 16:04:16.935 D/ArmModel( 3043): Dev(2)finalCtrlPos : (0.045514,-0.674648,0.026616)
10-11 16:04:16.937 I/SVRI ( 3043): [Arena] GetArenaRange Rectangle(2.00, 2.00)
10-11 16:04:16.950 I/SVRI ( 3043): [Arena] GetArenaRange Rectangle(2.00, 2.00)
10-11 16:04:16.964 I/SVRI ( 3043): [Arena] GetArenaRange Rectangle(2.00, 2.00)
10-11 16:04:16.977 I/SVRI ( 3043): [Arena] GetArenaRange Rectangle(2.00, 2.00)
10-11 16:04:16.991 I/SVRI ( 3043): [Arena] GetArenaRange Rectangle(2.00, 2.00)
10-11 16:04:16.996 D/WifiStateMachine( 1447): handleMessage: E msg.what=131155
10-11 16:04:16.996 D/WifiStateMachine( 1447): processMsg: ConnectedState
10-11 16:04:16.996 D/WifiStateMachine( 1447): processMsg: L2ConnectedState
10-11 16:04:17.004 I/SVRI ( 3043): [Arena] GetArenaRange Rectangle(2.00, 2.00)
10-11 16:04:17.010 D/WifiStateMachine( 1447): CMD_RSSI_POLL: TxBytes = 720, RxBytes = 995
10-11 16:04:17.011 D/WifiStateMachine( 1447): handleMessage: X
10-11 16:04:17.017 I/SVRI ( 3043): [Arena] GetArenaRange Rectangle(2.00, 2.00)
10-11 16:04:17.031 I/SVRI ( 3043): [Arena] GetArenaRange Rectangle(2.00, 2.00)
10-11 16:04:17.044 I/OverlayManager( 3043): isPassThroughShowing show = 0
10-11 16:04:17.044 I/SVRI ( 3043): [Arena] GetArenaRange Rectangle(2.00, 2.00)
10-11 16:04:17.057 I/SVRI ( 3043): [Arena] GetArenaRange Rectangle(2.00, 2.00)
10-11 16:04:17.071 I/SVRI ( 3043): [Arena] GetArenaRange Rectangle(2.00, 2.00)
10-11 16:04:17.081 D/SVR_HMD ( 2388): SvrHmdDevice.java:onSensorChanged(281) SvrHmdDevice, onSensorChanged, sensor.getType() = 1, ACCELER: X = 4.6088257, Y = 8.43457, Z = 1.9424896
10-11 16:04:17.081 D/SVR_HMD ( 2388): SvrHmdDevice.java:onSensorChanged(273) SvrHmdDevice, onSensorChanged, sensor.getType() = 4, GYRO: AxisX = 0.0044403076, AxisY = 0.018203735, AxisZ = 0.032409668
10-11 16:04:17.084 I/SVRI ( 3043): [Arena] GetArenaRange Rectangle(2.00, 2.00)
10-11 16:04:17.097 I/SVRI ( 3043): [Arena] GetArenaRange Rectangle(2.00, 2.00)
10-11 16:04:17.111 I/SVRI ( 3043): [Arena] GetArenaRange Rectangle(2.00, 2.00)
10-11 16:04:17.124 I/SVRI ( 3043): [Arena] GetArenaRange Rectangle(2.00, 2.00)
10-11 16:04:17.138 I/SVRI ( 3043): [Arena] GetArenaRange Rectangle(2.00, 2.00)
10-11 16:04:17.151 I/SVRI ( 3043): [Arena] GetArenaRange Rectangle(2.00, 2.00)
10-11 16:04:17.164 I/SVRI ( 3043): [Arena] GetArenaRange Rectangle(2.00, 2.00)
10-11 16:04:17.178 I/SVRI ( 3043): [Arena] GetArenaRange Rectangle(2.00, 2.00)
10-11 16:04:17.191 I/SVRI ( 3043): [Arena] GetArenaRange Rectangle(2.00, 2.00)
10-11 16:04:17.204 I/SVRI ( 3043): [Arena] GetArenaRange Rectangle(2.00, 2.00)
10-11 16:04:17.218 I/SVRI ( 3043): [Arena] GetArenaRange Rectangle(2.00, 2.00)
10-11 16:04:17.231 I/SVRI ( 3043): [Arena] GetArenaRange Rectangle(2.00, 2.00)
10-11 16:04:17.245 I/SVRI ( 3043): [Arena] GetArenaRange Rectangle(2.00, 2.00)
10-11 16:04:17.255 I/[vrbledevice]Finch3DofController[0]( 2129): updatePose: timeStamp(167761304054), Euler:[-134.70313,3.89469,177.81430] Quat:[0.03870,0.38419,-0.00451,0.92243] Acc:[0.04547,0.08195,1.21130] Gyro:[-0.02719,-0.01691,0.00445]
10-11 16:04:17.258 I/SVRI ( 3043): [Arena] GetArenaRange Rectangle(2.00, 2.00)
10-11 16:04:17.270 I/POSE ( 3043): GetSyncPose pose_hmd_1 VALID(oemValid(1),isFocus(0)) Origin(0) 6DoF; Arena[1]_Trig(0)_Out(0)_OutLevel(0.0000); XYZ(-0.0484, -0.0015, 0.0017), EulerYPR(-41.16, -14.98, 27.19), Wxyz(0.8914, -0.2006, -0.3674, 0.1736); LVel(-0.0034, 0.0088, -0.0027), AngV(-0.0174, 0.0015, 0.0195); PoseTime=167771952335, predict time=15.826ms(p0,r0), pose latency(I)=0.000
10-11 16:04:17.270 I/POSE ( 3043): GetSyncPose pose_clr_2 VALID(oemValid(1),isFocus(0)) Origin(0) 3DoF; Arena[1]_Trig(0)_Out(0)_OutLevel(0.0000); XYZ(0.0455, -0.6752, 0.0267), EulerYPR(-114.76, 177.84, 3.90), Wxyz(0.0388, 0.5381, 0.0024, 0.8420); LVel(0.0000, 0.0000, 0.0000), AngV(-0.0566, 0.0136, -0.0098); PoseTime=167776582180, predict time=0.000ms(p0,r0), pose latency(I)=0.000
10-11 16:04:17.272 I/SVRI ( 3043): [Arena] GetArenaRange Rectangle(2.00, 2.00)
10-11 16:04:17.285 I/SVRI ( 3043): [Arena] GetArenaRange Rectangle(2.00, 2.00)
10-11 16:04:17.298 I/SVRI ( 3043): [Arena] GetArenaRange Rectangle(2.00, 2.00)
10-11 16:04:17.312 I/SVRI ( 3043): [Arena] GetArenaRange Rectangle(2.00, 2.00)
10-11 16:04:17.325 I/SVRI ( 3043): [Arena] GetArenaRange Rectangle(2.00, 2.00)
10-11 16:04:17.338 I/SVRI ( 3043): [Arena] GetArenaRange Rectangle(2.00, 2.00)
10-11 16:04:17.352 I/SVRI ( 3043): [Arena] GetArenaRange Rectangle(2.00, 2.00)
10-11 16:04:17.365 I/SVRI ( 3043): [Arena] GetArenaRange Rectangle(2.00, 2.00)
10-11 16:04:17.379 I/SVRI ( 3043): [Arena] GetArenaRange Rectangle(2.00, 2.00)
10-11 16:04:17.392 I/SVRI ( 3043): [Arena] GetArenaRange Rectangle(2.00, 2.00)
10-11 16:04:17.405 I/SVRI ( 3043): [Arena] GetArenaRange Rectangle(2.00, 2.00)
10-11 16:04:17.418 I/SVRI ( 3043): [Arena] GetArenaRange Rectangle(2.00, 2.00)
10-11 16:04:17.432 I/SVRI ( 3043): [Arena] GetArenaRange Rectangle(2.00, 2.00)
10-11 16:04:17.445 I/OverlayManager( 3043): isPassThroughShowing show = 0
10-11 16:04:17.445 I/SVRI ( 3043): [Arena] GetArenaRange Rectangle(2.00, 2.00)
10-11 16:04:17.459 I/SVRI ( 3043): [Arena] GetArenaRange Rectangle(2.00, 2.00)
10-11 16:04:17.472 I/SVRI ( 3043): [Arena] GetArenaRange Rectangle(2.00, 2.00)
10-11 16:04:17.484 I/SVRI ( 3043): GetPoseState svr_hmd_1 tm3(3) Quality Pose/Camera/Sensor 1.00 1.00 1.00 ; lost 0 ; TS167986674002
10-11 16:04:17.485 I/SVRI ( 3043): [Arena] GetArenaRange Rectangle(2.00, 2.00)
10-11 16:04:17.497 I/SVRI ( 3043): GetPoseState svr_hmd_1 tm3(3) Quality Pose/Camera/Sensor 1.00 1.00 1.00 ; lost 0 ; TS167999644002
10-11 16:04:17.497 I/ArmModel( 3043): Dev(0)LHOVHMDPos : (-0.048930,-0.000952,-0.001219)
10-11 16:04:17.497 D/ArmModel( 3043): ArmModel getArmedPose(2) 1, 1
10-11 16:04:17.497 D/ArmModel( 3043): Dev(0)LHOVHMDPos LOCKED : (-0.042267,-0.001523,-0.006413)
10-11 16:04:17.497 D/ArmModel( 3043): Dev(2)ctrllerXYRotationRadio : 0.642321 elbowCurveLerpValue = 0.578464
10-11 16:04:17.497 D/ArmModel( 3043): Dev(2)quatCtrllerXYRot : (-0.035037,-0.845551,0.000000,0.532744)
10-11 16:04:17.497 D/ArmModel( 3043): Dev(2)quatCtrllerXYLerpRot : (-0.023065,-0.556637,0.000000,0.830435)
10-11 16:04:17.497 D/ArmModel( 3043): Dev(2)elbowOffset : (0.083612,-0.681912,-0.154911)
10-11 16:04:17.497 D/ArmModel( 3043): Dev(2)wristOffset : (0.090601,-0.677303,-0.005145)
10-11 16:04:17.497 D/ArmModel( 3043): Dev(2)ctrllerOffset : (0.045555,-0.675437,-0.026763)
10-11 16:04:17.498 D/ArmModel( 3043): Dev(2)finalCtrlPos : (0.045555,-0.675437,0.026763)
10-11 16:04:17.499 I/SVRI ( 3043): [Arena] GetArenaRange Rectangle(2.00, 2.00)
10-11 16:04:17.512 I/SVRI ( 3043): [Arena] GetArenaRange Rectangle(2.00, 2.00)
10-11 16:04:17.525 I/SVRI ( 3043): [Arena] GetArenaRange Rectangle(2.00, 2.00)
10-11 16:04:17.539 I/SVRI ( 3043): [Arena] GetArenaRange Rectangle(2.00, 2.00)
10-11 16:04:17.552 I/SVRI ( 3043): [Arena] GetArenaRange Rectangle(2.00, 2.00)
10-11 16:04:17.565 I/SVRI ( 3043): [Arena] GetArenaRange Rectangle(2.00, 2.00)
10-11 16:04:17.578 D/SVR_HMD ( 2388): SvrHmdDevice.java:onSensorChanged(273) SvrHmdDevice, onSensorChanged, sensor.getType() = 4, GYRO: AxisX = 0.016159058, AxisY = -0.007369995, AxisZ = 0.016433716
10-11 16:04:17.579 I/SVRI ( 3043): [Arena] GetArenaRange Rectangle(2.00, 2.00)
10-11 16:04:17.581 D/SVR_HMD ( 2388): SvrHmdDevice.java:onSensorChanged(281) SvrHmdDevice, onSensorChanged, sensor.getType() = 1, ACCELER: X = 4.648407, Y = 8.465317, Z = 1.9586182
10-11 16:04:17.592 I/SVRI ( 3043): [Arena] GetArenaRange Rectangle(2.00, 2.00)
10-11 16:04:17.592 I/svr ( 3043): FPS: 74.78
10-11 16:04:17.605 I/SVRI ( 3043): [Arena] GetArenaRange Rectangle(2.00, 2.00)
10-11 16:04:17.619 I/SVRI ( 3043): [Arena] GetArenaRange Rectangle(2.00, 2.00)
10-11 16:04:17.632 I/SVRI ( 3043): [Arena] GetArenaRange Rectangle(2.00, 2.00)
10-11 16:04:17.645 I/SVRI ( 3043): [Arena] GetArenaRange Rectangle(2.00, 2.00)
10-11 16:04:17.659 I/SVRI ( 3043): [Arena] GetArenaRange Rectangle(2.00, 2.00)
10-11 16:04:17.672 I/SVRI ( 3043): [Arena] GetArenaRange Rectangle(2.00, 2.00)
10-11 16:04:17.686 I/SVRI ( 3043): [Arena] GetArenaRange Rectangle(2.00, 2.00)
10-11 16:04:17.699 I/SVRI ( 3043): [Arena] GetArenaRange Rectangle(2.00, 2.00)
10-11 16:04:17.712 I/SVRI ( 3043): [Arena] GetArenaRange Rectangle(2.00, 2.00)
10-11 16:04:17.726 I/SVRI ( 3043): [Arena] GetArenaRange Rectangle(2.00, 2.00)
10-11 16:04:17.739 I/SVRI ( 3043): [Arena] GetArenaRange Rectangle(2.00, 2.00)
10-11 16:04:17.752 I/SVRI ( 3043): [Arena] GetArenaRange Rectangle(2.00, 2.00)
10-11 16:04:17.754 I/ipdmonitor( 2388): ipd = 659
10-11 16:04:17.766 I/SVRI ( 3043): [Arena] GetArenaRange Rectangle(2.00, 2.00)
10-11 16:04:17.779 I/SVRI ( 3043): [Arena] GetArenaRange Rectangle(2.00, 2.00)
10-11 16:04:17.792 I/SVRI ( 3043): [Arena] GetArenaRange Rectangle(2.00, 2.00)
10-11 16:04:17.806 I/SVRI ( 3043): [Arena] GetArenaRange Rectangle(2.00, 2.00)
10-11 16:04:17.818 I/POSE ( 3043): GetSyncPose pose_hmd_1 VALID(oemValid(1),isFocus(0)) Origin(0) 6DoF; Arena[1]_Trig(0)_Out(0)_OutLevel(0.0000); XYZ(-0.0501, -0.0006, 0.0010), EulerYPR(-41.13, -14.96, 27.26), Wxyz(0.8914, -0.2005, -0.3672, 0.1743); LVel(0.0033, 0.0005, -0.0010), AngV(0.0076, -0.0068, 0.0617); PoseTime=168320200616, predict time=16.001ms(p0,r0), pose latency(I)=0.000
10-11 16:04:17.818 I/POSE ( 3043): GetSyncPose pose_clr_2 VALID(oemValid(1),isFocus(0)) Origin(0) 3DoF; Arena[1]_Trig(0)_Out(0)_OutLevel(0.0000); XYZ(0.0456, -0.6755, 0.0268), EulerYPR(-114.78, 177.86, 3.87), Wxyz(0.0385, 0.5380, 0.0025, 0.8421); LVel(0.0000, 0.0000, 0.0000), AngV(-0.0330, 0.0661, -0.0039); PoseTime=168316552859, predict time=0.000ms(p0,r0), pose latency(I)=0.000
10-11 16:04:17.819 I/SVRI ( 3043): [Arena] GetArenaRange Rectangle(2.00, 2.00)
10-11 16:04:17.833 I/SVRI ( 3043): [Arena] GetArenaRange Rectangle(2.00, 2.00)
10-11 16:04:17.846 I/OverlayManager( 3043): isPassThroughShowing show = 0
10-11 16:04:17.846 I/SVRI ( 3043): [Arena] GetArenaRange Rectangle(2.00, 2.00)
10-11 16:04:17.859 I/SVRI ( 3043): [Arena] GetArenaRange Rectangle(2.00, 2.00)
10-11 16:04:17.873 I/SVRI ( 3043): [Arena] GetArenaRange Rectangle(2.00, 2.00)
10-11 16:04:17.885 W/AudFlgTr( 813): track uid 10065 buf is zero
10-11 16:04:17.886 I/SVRI ( 3043): [Arena] GetArenaRange Rectangle(2.00, 2.00)
10-11 16:04:17.899 I/SVRI ( 3043): [Arena] GetArenaRange Rectangle(2.00, 2.00)
10-11 16:04:17.913 I/SVRI ( 3043): [Arena] GetArenaRange Rectangle(2.00, 2.00)
10-11 16:04:17.926 I/SVRI ( 3043): [Arena] GetArenaRange Rectangle(2.00, 2.00)
10-11 16:04:17.939 I/SVRI ( 3043): [Arena] GetArenaRange Rectangle(2.00, 2.00)
10-11 16:04:17.953 I/SVRI ( 3043): [Arena] GetArenaRange Rectangle(2.00, 2.00)
10-11 16:04:17.966 I/SVRI ( 3043): [Arena] GetArenaRange Rectangle(2.00, 2.00)
10-11 16:04:17.980 I/SVRI ( 3043): [Arena] GetArenaRange Rectangle(2.00, 2.00)
10-11 16:04:17.991 I/SVRI ( 3043): checkSteady 2 moves at 156
10-11 16:04:17.993 I/SVRI ( 3043): [Arena] GetArenaRange Rectangle(2.00, 2.00)
10-11 16:04:18.006 I/SVRI ( 3043): [Arena] GetArenaRange Rectangle(2.00, 2.00)
10-11 16:04:18.020 I/SVRI ( 3043): [Arena] GetArenaRange Rectangle(2.00, 2.00)
10-11 16:04:18.033 I/SVRI ( 3043): [Arena] GetArenaRange Rectangle(2.00, 2.00)
10-11 16:04:18.045 I/SVRI ( 3043): GetPoseState svr_hmd_1 tm3(3) Quality Pose/Camera/Sensor 1.00 1.00 1.00 ; lost 0 ; TS168546946241
10-11 16:04:18.046 I/SVRI ( 3043): [Arena] GetArenaRange Rectangle(2.00, 2.00)
10-11 16:04:18.058 I/SVRI ( 3043): GetPoseState svr_hmd_1 tm3(3) Quality Pose/Camera/Sensor 1.00 1.00 1.00 ; lost 0 ; TS168560892752
10-11 16:04:18.058 I/ArmModel( 3043): Dev(0)LHOVHMDPos : (-0.049565,0.000050,-0.001085)
10-11 16:04:18.058 D/ArmModel( 3043): ArmModel getArmedPose(2) 1, 1
10-11 16:04:18.058 D/ArmModel( 3043): Dev(2)ctrllerXYRotationRadio : 0.627988 elbowCurveLerpValue = 0.575598
10-11 16:04:18.058 D/ArmModel( 3043): Dev(2)quatCtrllerXYRot : (-0.034137,-0.833369,0.000000,0.551662)
10-11 16:04:18.058 D/ArmModel( 3043): Dev(2)quatCtrllerXYLerpRot : (-0.022235,-0.542804,0.000000,0.839565)
10-11 16:04:18.058 D/ArmModel( 3043): Dev(2)elbowOffset : (0.082852,-0.680163,-0.143720)
10-11 16:04:18.058 D/ArmModel( 3043): Dev(2)wristOffset : (0.084873,-0.675657,0.006199)
10-11 16:04:18.058 D/ArmModel( 3043): Dev(2)ctrllerOffset : (0.038899,-0.673774,-0.013368)
10-11 16:04:18.058 D/ArmModel( 3043): Dev(2)finalCtrlPos : (0.038899,-0.673774,0.013368)
