10-11 16:03:47.180 D/WVR_Foveated( 2179): Foveated rendering is not supported.
10-11 16:03:47.186 E/mm-camera( 836): 2232: aec_process_calc_current_hist_metered_luma: error: out of range, exit
10-11 16:03:47.200 D/WVR_Foveated( 2179): Foveated rendering is not supported.
10-11 16:03:47.213 D/WVR_Foveated( 2179): Foveated rendering is not supported.
10-11 16:03:47.218 I/[vrbledevice]Finch3DofController[0]( 2129): updatePose: timeStamp(137724258249), Euler:[-110.31852,-1.24751,177.84244] Quat:[0.00182,0.57133,-0.02167,0.82043] Acc:[0.04967,-0.03051,1.17840] Gyro:[-0.03513,-0.04700,0.00204]
10-11 16:03:47.218 E/mm-camera( 836): 2232: aec_process_calc_current_hist_metered_luma: error: out of range, exit
10-11 16:03:47.221 I/SVRI ( 2179): GetPoseState svr_hmd_1 tm3(3) Quality Pose/Camera/Sensor 1.00 1.00 1.00 ; lost 0 ; TS137723087818
10-11 16:03:47.221 D/ArmModel( 2179): ArmModel getArmedPose(3) 0, 1
10-11 16:03:47.227 D/WVR_Foveated( 2179): Foveated rendering is not supported.
10-11 16:03:47.240 D/WVR_Foveated( 2179): Foveated rendering is not supported.
10-11 16:03:47.248 I/POSE ( 2179): GetSyncPose pose_clr_2 CV(s1f0) om0 3DoF 1vw_t0o0 (0.0000) XYZ -0.2761 -0.5115 -0.1862 YPR -90.3757 177.8425 -1.2475 ; Wxyz 0.0055 0.7048 -0.0210 0.7091 ; RAW XYZ 0.0000 0.0000 0.0000 Wxyz 0.0055 0.7048 -0.0210 0.7091 ; LVel 0.000 0.000 0.000 LAc 0.05 -0.03 1.18 AngV -0.032 -0.062 0.002 AngAc 0.00 0.00 0.00 ; TS137746465074 0.00ms GetPoseState
10-11 16:03:47.253 D/WVR_Foveated( 2179): Foveated rendering is not supported.
10-11 16:03:47.253 E/mm-camera( 836): 2232: aec_process_calc_current_hist_metered_luma: error: out of range, exit
10-11 16:03:47.267 D/WVR_Foveated( 2179): Foveated rendering is not supported.
10-11 16:03:47.284 D/WVR_Foveated( 2179): Foveated rendering is not supported.
10-11 16:03:47.287 E/mm-camera( 836): 2232: aec_process_calc_current_hist_metered_luma: error: out of range, exit
10-11 16:03:47.294 D/WVR_Foveated( 2179): Foveated rendering is not supported.
10-11 16:03:47.307 D/WVR_Foveated( 2179): Foveated rendering is not supported.
10-11 16:03:47.318 E/mm-camera( 836): 2232: aec_process_calc_current_hist_metered_luma: error: out of range, exit
10-11 16:03:47.320 D/WVR_Foveated( 2179): Foveated rendering is not supported.
10-11 16:03:47.333 D/WVR_Foveated( 2179): Foveated rendering is not supported.
10-11 16:03:47.346 D/WVR_Foveated( 2179): Foveated rendering is not supported.
10-11 16:03:47.354 E/mm-camera( 836): 2232: aec_process_calc_current_hist_metered_luma: error: out of range, exit
10-11 16:03:47.360 D/WVR_Foveated( 2179): Foveated rendering is not supported.
10-11 16:03:47.374 D/WVR_Foveated( 2179): Foveated rendering is not supported.
10-11 16:03:47.387 D/WVR_Foveated( 2179): Foveated rendering is not supported.
10-11 16:03:47.387 E/mm-camera( 836): 2232: aec_process_calc_current_hist_metered_luma: error: out of range, exit
10-11 16:03:47.395 I/ArmModel( 2179): Dev(0)LHOVHMDPos : (-0.268850,0.163815,-0.018816)
10-11 16:03:47.400 D/WVR_Foveated( 2179): Foveated rendering is not supported.
10-11 16:03:47.413 D/WVR_Foveated( 2179): Foveated rendering is not supported.
10-11 16:03:47.421 E/mm-camera( 836): 2232: aec_process_calc_current_hist_metered_luma: error: out of range, exit
10-11 16:03:47.427 D/WVR_Foveated( 2179): Foveated rendering is not supported.
10-11 16:03:47.440 D/WVR_Foveated( 2179): Foveated rendering is not supported.
10-11 16:03:47.453 E/mm-camera( 836): 2232: aec_process_calc_current_hist_metered_luma: error: out of range, exit
10-11 16:03:47.454 D/WVR_Foveated( 2179): Foveated rendering is not supported.
10-11 16:03:47.467 D/WVR_Foveated( 2179): Foveated rendering is not supported.
10-11 16:03:47.486 D/WaveVR_Resource( 2179): getSystemLanguage, ret language = zh
10-11 16:03:47.486 D/WaveVR_Resource( 2179): getSystemCountry, ret country = CN
10-11 16:03:47.487 D/WVR_Foveated( 2179): Foveated rendering is not supported.
10-11 16:03:47.487 E/mm-camera( 836): 2232: aec_process_calc_current_hist_metered_luma: error: out of range, exit
10-11 16:03:47.496 D/WVR_Foveated( 2179): Foveated rendering is not supported.
10-11 16:03:47.507 D/WVR_Foveated( 2179): Foveated rendering is not supported.
10-11 16:03:47.519 E/mm-camera( 836): 2232: aec_process_calc_current_hist_metered_luma: error: out of range, exit
10-11 16:03:47.520 D/WVR_Foveated( 2179): Foveated rendering is not supported.
10-11 16:03:47.534 D/WVR_Foveated( 2179): Foveated rendering is not supported.
10-11 16:03:47.542 D/SVR_HMD ( 2388): SvrHmdDevice.java:onSensorChanged(281) SvrHmdDevice, onSensorChanged, sensor.getType() = 1, ACCELER: X = 2.570938, Y = 9.460297, Z = 0.93688965
10-11 16:03:47.543 D/SVR_HMD ( 2388): SvrHmdDevice.java:onSensorChanged(273) SvrHmdDevice, onSensorChanged, sensor.getType() = 4, GYRO: AxisX = -0.01687622, AxisY = 0.007019043, AxisZ = 0.009506226
10-11 16:03:47.547 D/WVR_Foveated( 2179): Foveated rendering is not supported.
10-11 16:03:47.552 E/mm-camera( 836): 2232: aec_process_calc_current_hist_metered_luma: error: out of range, exit
10-11 16:03:47.560 D/WVR_Foveated( 2179): Foveated rendering is not supported.
10-11 16:03:47.574 D/WVR_Foveated( 2179): Foveated rendering is not supported.
10-11 16:03:47.586 E/mm-camera( 836): 2232: aec_process_calc_current_hist_metered_luma: error: out of range, exit
10-11 16:03:47.587 D/WVR_Foveated( 2179): Foveated rendering is not supported.
10-11 16:03:47.595 I/SVRI ( 2179): checkSteady 2 stops
10-11 16:03:47.595 W/ArmModel( 2179): setHandSteady LOCKED
10-11 16:03:47.600 D/WVR_Foveated( 2179): Foveated rendering is not supported.
10-11 16:03:47.614 D/WVR_Foveated( 2179): Foveated rendering is not supported.
10-11 16:03:47.619 E/mm-camera( 836): 2232: aec_process_calc_current_hist_metered_luma: error: out of range, exit
10-11 16:03:47.627 D/WVR_Foveated( 2179): Foveated rendering is not supported.
10-11 16:03:47.635 I/SVRI ( 2179): checkSteady 2 moves at 33
10-11 16:03:47.640 D/WVR_Foveated( 2179): Foveated rendering is not supported.
10-11 16:03:47.654 E/mm-camera( 836): 2232: aec_process_calc_current_hist_metered_luma: error: out of range, exit
10-11 16:03:47.654 D/WVR_Foveated( 2179): Foveated rendering is not supported.
10-11 16:03:47.667 D/WVR_Foveated( 2179): Foveated rendering is not supported.
10-11 16:03:47.685 E/mm-camera( 836): 2232: aec_process_calc_current_hist_metered_luma: error: out of range, exit
10-11 16:03:47.686 D/WVR_Foveated( 2179): Foveated rendering is not supported.
10-11 16:03:47.695 D/WVR_Foveated( 2179): Foveated rendering is not supported.
10-11 16:03:47.707 D/WVR_Foveated( 2179): Foveated rendering is not supported.
10-11 16:03:47.712 I/ipdmonitor( 2388): ipd = 659
10-11 16:03:47.715 D/ArmModel( 2179): ArmModel getArmedPose(2) 1, 1
10-11 16:03:47.716 D/ArmModel( 2179): Dev(2)ctrllerXYRotationRadio : 0.327194 elbowCurveLerpValue = 0.515439
10-11 16:03:47.716 D/ArmModel( 2179): Dev(2)quatCtrllerXYRot : (-0.021283,-0.491164,0.000000,0.870807)
10-11 16:03:47.716 D/ArmModel( 2179): Dev(2)quatCtrllerXYLerpRot : (-0.011342,-0.261752,0.000000,0.965069)
10-11 16:03:47.716 D/ArmModel( 2179): Dev(2)elbowOffset : (-0.102142,-0.516801,0.082552)
10-11 16:03:47.716 D/ArmModel( 2179): Dev(2)wristOffset : (-0.231086,-0.513701,0.159127)
10-11 16:03:47.716 D/ArmModel( 2179): Dev(2)ctrllerOffset : (-0.273857,-0.511847,0.184958)
10-11 16:03:47.716 D/ArmModel( 2179): Dev(2)finalCtrlPos : (-0.273857,-0.511847,-0.184958)
10-11 16:03:47.719 E/mm-camera( 836): 2232: aec_process_calc_current_hist_metered_luma: error: out of range, exit
10-11 16:03:47.721 D/WVR_Foveated( 2179): Foveated rendering is not supported.
10-11 16:03:47.729 I/POSE ( 2179): GetSyncPose pose_hmd_1 CV(s1f0) om0 6DoF 1vw_t0o0 (0.0000) XYZ -0.2679 0.1637 0.0198 YPR 32.4620 -7.2506 13.4220 ; Wxyz 0.9537 -0.0277 0.2699 0.1295 ; RAW XYZ 0.2679 -0.1637 -0.0198 Wxyz 0.9537 0.0277 -0.2699 -0.1295 ; LVel -0.002 0.002 0.015 LAc -0.00 -0.00 -0.00 AngV -0.015 -0.030 -0.010 AngAc -0.00 -0.00 -0.00 ; TS138231388599 15.81ms GetPoseState
10-11 16:03:47.734 D/WVR_Foveated( 2179): Foveated rendering is not supported.
10-11 16:03:47.748 D/WVR_Foveated( 2179): Foveated rendering is not supported.
10-11 16:03:47.755 E/mm-camera( 836): 2232: aec_process_calc_current_hist_metered_luma: error: out of range, exit
10-11 16:03:47.761 D/WVR_Foveated( 2179): Foveated rendering is not supported.
10-11 16:03:47.769 I/SVRI ( 2179): GetPoseState svr_hmd_1 tm3(3) Quality Pose/Camera/Sensor 1.00 1.00 1.00 ; lost 0 ; TS138271336099
10-11 16:03:47.774 D/WVR_Foveated( 2179): Foveated rendering is not supported.
10-11 16:03:47.782 D/ArmModel( 2179): ArmModel getArmedPose(3) 0, 1
10-11 16:03:47.785 E/mm-camera( 836): 2232: aec_process_calc_current_hist_metered_luma: error: out of range, exit
10-11 16:03:47.788 D/WVR_Foveated( 2179): Foveated rendering is not supported.
10-11 16:03:47.796 I/POSE ( 2179): GetSyncPose pose_clr_2 CV(s1f0) om0 3DoF 1vw_t0o0 (0.0000) XYZ -0.2734 -0.5116 -0.1839 YPR -90.3712 177.8425 -1.2268 ; Wxyz 0.0057 0.7048 -0.0209 0.7091 ; RAW XYZ 0.0000 0.0000 0.0000 Wxyz 0.0057 0.7048 -0.0209 0.7091 ; LVel 0.000 0.000 0.000 LAc 0.04 -0.02 1.22 AngV 0.036 0.057 0.008 AngAc 0.00 0.00 0.00 ; TS138294336587 0.00ms GetPoseState
10-11 16:03:47.801 D/WVR_Foveated( 2179): Foveated rendering is not supported.
10-11 16:03:47.814 D/WVR_Foveated( 2179): Foveated rendering is not supported.
10-11 16:03:47.820 E/mm-camera( 836): 2232: aec_process_calc_current_hist_metered_luma: error: out of range, exit
10-11 16:03:47.828 D/WVR_Foveated( 2179): Foveated rendering is not supported.
10-11 16:03:47.841 D/WVR_Foveated( 2179): Foveated rendering is not supported.
10-11 16:03:47.854 E/mm-camera( 836): 2232: aec_process_calc_current_hist_metered_luma: error: out of range, exit
10-11 16:03:47.855 D/WVR_Foveated( 2179): Foveated rendering is not supported.
10-11 16:03:47.868 D/WVR_Foveated( 2179): Foveated rendering is not supported.
10-11 16:03:47.886 E/mm-camera( 836): 2232: aec_process_calc_current_hist_metered_luma: error: out of range, exit
10-11 16:03:47.886 D/WVR_Foveated( 2179): Foveated rendering is not supported.
10-11 16:03:47.895 D/WVR_Foveated( 2179): Foveated rendering is not supported.
10-11 16:03:47.908 D/WVR_Foveated( 2179): Foveated rendering is not supported.
10-11 16:03:47.919 E/mm-camera( 836): 2232: aec_process_calc_current_hist_metered_luma: error: out of range, exit
10-11 16:03:47.922 D/WVR_Foveated( 2179): Foveated rendering is not supported.
10-11 16:03:47.935 D/WVR_Foveated( 2179): Foveated rendering is not supported.
10-11 16:03:47.949 D/WVR_Foveated( 2179): Foveated rendering is not supported.
10-11 16:03:47.952 E/mm-camera( 836): 2232: aec_process_calc_current_hist_metered_luma: error: out of range, exit
10-11 16:03:47.956 I/ArmModel( 2179): Dev(0)LHOVHMDPos : (-0.268583,0.163625,-0.019944)
10-11 16:03:47.961 D/WVR_Foveated( 2179): Foveated rendering is not supported.
10-11 16:03:47.975 D/WVR_Foveated( 2179): Foveated rendering is not supported.
10-11 16:03:47.986 E/mm-camera( 836): 2232: aec_process_calc_current_hist_metered_luma: error: out of range, exit
10-11 16:03:47.990 D/WVR_Foveated( 2179): Foveated rendering is not supported.
10-11 16:03:48.001 D/WVR_Foveated( 2179): Foveated rendering is not supported.
10-11 16:03:48.015 D/WVR_Foveated( 2179): Foveated rendering is not supported.
10-11 16:03:48.019 E/mm-camera( 836): 2232: aec_process_calc_current_hist_metered_luma: error: out of range, exit
10-11 16:03:48.029 D/WVR_Foveated( 2179): Foveated rendering is not supported.
10-11 16:03:48.040 D/SVR_HMD ( 2388): SvrHmdDevice.java:onSensorChanged(281) SvrHmdDevice, onSensorChanged, sensor.getType() = 1, ACCELER: X = 2.5129395, Y = 9.495773, Z = 0.89553833
10-11 16:03:48.041 D/SVR_HMD ( 2388): SvrHmdDevice.java:onSensorChanged(273) SvrHmdDevice, onSensorChanged, sensor.getType() = 4, GYRO: AxisX = -0.020065308, AxisY = -0.05105591, AxisZ = -0.013946533
10-11 16:03:48.041 D/WVR_Foveated( 2179): Foveated rendering is not supported.
10-11 16:03:48.054 E/mm-camera( 836): 2232: aec_process_calc_current_hist_metered_luma: error: out of range, exit
10-11 16:03:48.055 D/WVR_Foveated( 2179): Foveated rendering is not supported.
10-11 16:03:48.068 D/WVR_Foveated( 2179): Foveated rendering is not supported.
10-11 16:03:48.086 E/mm-camera( 836): 2232: aec_process_calc_current_hist_metered_luma: error: out of range, exit
10-11 16:03:48.086 D/WVR_Foveated( 2179): Foveated rendering is not supported.
10-11 16:03:48.089 I/svr ( 2179): FPS: 71.43
10-11 16:03:48.108 D/WVR_Foveated( 2179): Foveated rendering is not supported.
10-11 16:03:48.119 E/mm-camera( 836): 2232: aec_process_calc_current_hist_metered_luma: error: out of range, exit
10-11 16:03:48.122 D/WVR_Foveated( 2179): Foveated rendering is not supported.
10-11 16:03:48.135 D/WVR_Foveated( 2179): Foveated rendering is not supported.
10-11 16:03:48.148 D/WVR_Foveated( 2179): Foveated rendering is not supported.
10-11 16:03:48.153 E/mm-camera( 836): 2232: aec_process_calc_current_hist_metered_luma: error: out of range, exit
10-11 16:03:48.162 D/WVR_Foveated( 2179): Foveated rendering is not supported.
10-11 16:03:48.175 D/WaveVR_Resource( 2179): getSystemLanguage, ret language = zh
10-11 16:03:48.175 D/WaveVR_Resource( 2179): getSystemCountry, ret country = CN
10-11 16:03:48.176 D/WVR_Foveated( 2179): Foveated rendering is not supported.
10-11 16:03:48.186 E/mm-camera( 836): 2232: aec_process_calc_current_hist_metered_luma: error: out of range, exit
10-11 16:03:48.189 D/WVR_Foveated( 2179): Foveated rendering is not supported.
10-11 16:03:48.202 D/WVR_Foveated( 2179): Foveated rendering is not supported.
10-11 16:03:48.215 D/WVR_Foveated( 2179): Foveated rendering is not supported.
10-11 16:03:48.219 E/mm-camera( 836): 2232: aec_process_calc_current_hist_metered_luma: error: out of range, exit
10-11 16:03:48.225 I/[vrbledevice]Finch3DofController[0]( 2129): updatePose: timeStamp(138731198349), Euler:[-110.31500,-1.27968,177.89551] Quat:[0.00133,0.57136,-0.02145,0.82042] Acc:[0.04247,-0.02752,1.21609] Gyro:[-0.03603,0.22345,0.03119]
10-11 16:03:48.230 D/WVR_Foveated( 2179): Foveated rendering is not supported.
10-11 16:03:48.242 D/WVR_Foveated( 2179): Foveated rendering is not supported.
10-11 16:03:48.253 E/mm-camera( 836): 2232: aec_process_calc_current_hist_metered_luma: error: out of range, exit
10-11 16:03:48.256 D/WVR_Foveated( 2179): Foveated rendering is not supported.
10-11 16:03:48.269 D/WVR_Foveated( 2179): Foveated rendering is not supported.
10-11 16:03:48.287 D/WVR_Foveated( 2179): Foveated rendering is not supported.
10-11 16:03:48.287 E/mm-camera( 836): 2232: aec_process_calc_current_hist_metered_luma: error: out of range, exit
10-11 16:03:48.292 D/ArmModel( 2179): ArmModel getArmedPose(2) 1, 1
10-11 16:03:48.292 D/ArmModel( 2179): Dev(2)ctrllerXYRotationRadio : 0.326252 elbowCurveLerpValue = 0.515250
10-11 16:03:48.292 D/ArmModel( 2179): Dev(2)quatCtrllerXYRot : (-0.020970,-0.489888,0.000000,0.871533)
10-11 16:03:48.292 D/ArmModel( 2179): Dev(2)quatCtrllerXYLerpRot : (-0.011169,-0.260926,0.000000,0.965294)
10-11 16:03:48.292 D/ArmModel( 2179): Dev(2)elbowOffset : (-0.103466,-0.516659,0.083362)
10-11 16:03:48.292 D/ArmModel( 2179): Dev(2)wristOffset : (-0.232547,-0.513604,0.159709)
10-11 16:03:48.292 D/ArmModel( 2179): Dev(2)ctrllerOffset : (-0.275242,-0.511776,0.185666)
10-11 16:03:48.292 D/ArmModel( 2179): Dev(2)finalCtrlPos : (-0.275242,-0.511776,-0.185666)
10-11 16:03:48.292 I/POSE ( 2179): GetSyncPose pose_hmd_1 CV(s1f0) om0 6DoF 1vw_t0o0 (0.0000) XYZ -0.2690 0.1641 0.0193 YPR 32.6354 -7.1912 13.3054 ; Wxyz 0.9534 -0.0273 0.2715 0.1285 ; RAW XYZ 0.2690 -0.1641 -0.0193 Wxyz 0.9534 0.0273 -0.2715 -0.1285 ; LVel 0.008 0.001 -0.007 LAc -0.00 -0.00 -0.00 AngV -0.013 0.015 -0.012 AngAc -0.00 -0.00 -0.00 ; TS138793644433 14.22ms GetPoseState
10-11 16:03:48.298 D/WVR_Foveated( 2179): Foveated rendering is not supported.
10-11 16:03:48.309 D/WVR_Foveated( 2179): Foveated rendering is not supported.
10-11 16:03:48.321 E/mm-camera( 836): 2232: aec_process_calc_current_hist_metered_luma: error: out of range, exit
10-11 16:03:48.323 D/WVR_Foveated( 2179): Foveated rendering is not supported.
10-11 16:03:48.331 I/SVRI ( 2179): GetPoseState svr_hmd_1 tm3(3) Quality Pose/Camera/Sensor 1.00 1.00 1.00 ; lost 0 ; TS138833561464
10-11 16:03:48.336 D/WVR_Foveated( 2179): Foveated rendering is not supported.
10-11 16:03:48.350 D/WVR_Foveated( 2179): Foveated rendering is not supported.
10-11 16:03:48.353 E/mm-camera( 836): 2232: aec_process_calc_current_hist_metered_luma: error: out of range, exit
10-11 16:03:48.357 D/ArmModel( 2179): ArmModel getArmedPose(3) 0, 1
10-11 16:03:48.357 I/POSE ( 2179): GetSyncPose pose_clr_2 CV(s1f0) om0 3DoF 1vw_t0o0 (0.0000) XYZ -0.2750 -0.5111 -0.1853 YPR -90.3755 177.8318 -1.2464 ; Wxyz 0.0056 0.7048 -0.0211 0.7091 ; RAW XYZ 0.0000 0.0000 0.0000 Wxyz 0.0056 0.7048 -0.0211 0.7091 ; LVel 0.000 0.000 0.000 LAc 0.05 -0.03 1.22 AngV -0.060 -0.037 0.003 AngAc 0.00 0.00 0.00 ; TS138857354872 0.00ms GetPoseState
10-11 16:03:48.363 D/WVR_Foveated( 2179): Foveated rendering is not supported.
10-11 16:03:48.377 D/WVR_Foveated( 2179): Foveated rendering is not supported.
10-11 16:03:48.388 E/mm-camera( 836): 2232: aec_process_calc_current_hist_metered_luma: error: out of range, exit
10-11 16:03:48.390 D/WVR_Foveated( 2179): Foveated rendering is not supported.
10-11 16:03:48.403 D/WVR_Foveated( 2179): Foveated rendering is not supported.
10-11 16:03:48.416 D/WVR_Foveated( 2179): Foveated rendering is not supported.
10-11 16:03:48.421 E/mm-camera( 836): 2232: aec_process_calc_current_hist_metered_luma: error: out of range, exit
10-11 16:03:48.430 D/WVR_Foveated( 2179): Foveated rendering is not supported.
10-11 16:03:48.442 D/WVR_Foveated( 2179): Foveated rendering is not supported.
10-11 16:03:48.454 E/mm-camera( 836): 2232: aec_process_calc_current_hist_metered_luma: error: out of range, exit
10-11 16:03:48.457 D/WVR_Foveated( 2179): Foveated rendering is not supported.
10-11 16:03:48.469 D/WVR_Foveated( 2179): Foveated rendering is not supported.
10-11 16:03:48.487 D/WVR_Foveated( 2179): Foveated rendering is not supported.
10-11 16:03:48.488 E/mm-camera( 836): 2232: aec_process_calc_current_hist_metered_luma: error: out of range, exit
10-11 16:03:48.497 D/WVR_Foveated( 2179): Foveated rendering is not supported.
10-11 16:03:48.510 D/WVR_Foveated( 2179): Foveated rendering is not supported.
10-11 16:03:48.521 E/mm-camera( 836): 2232: aec_process_calc_current_hist_metered_luma: error: out of range, exit
10-11 16:03:48.523 D/WVR_Foveated( 2179): Foveated rendering is not supported.
10-11 16:03:48.531 I/ArmModel( 2179): Dev(0)LHOVHMDPos : (-0.269058,0.163468,-0.019715)
10-11 16:03:48.536 D/WVR_Foveated( 2179): Foveated rendering is not supported.
10-11 16:03:48.539 D/SVR_HMD ( 2388): SvrHmdDevice.java:onSensorChanged(281) SvrHmdDevice, onSensorChanged, sensor.getType() = 1, ACCELER: X = 2.405716, Y = 9.53215, Z = 0.8648529
10-11 16:03:48.539 D/SVR_HMD ( 2388): SvrHmdDevice.java:onSensorChanged(273) SvrHmdDevice, onSensorChanged, sensor.getType() = 4, GYRO: AxisX = 0.018814087, AxisY = 0.029907227, AxisZ = -0.03152466
10-11 16:03:48.550 D/WVR_Foveated( 2179): Foveated rendering is not supported.
10-11 16:03:48.555 E/mm-camera( 836): 2232: aec_process_calc_current_hist_metered_luma: error: out of range, exit
10-11 16:03:48.563 D/WVR_Foveated( 2179): Foveated rendering is not supported.
10-11 16:03:48.576 D/WVR_Foveated( 2179): Foveated rendering is not supported.
10-11 16:03:48.588 E/mm-camera( 836): 2232: aec_process_calc_current_hist_metered_luma: error: out of range, exit
10-11 16:03:48.589 D/WVR_Foveated( 2179): Foveated rendering is not supported.
10-11 16:03:48.602 D/WVR_Foveated( 2179): Foveated rendering is not supported.
10-11 16:03:48.617 D/WVR_Foveated( 2179): Foveated rendering is not supported.
10-11 16:03:48.621 E/mm-camera( 836): 2232: aec_process_calc_current_hist_metered_luma: error: out of range, exit
10-11 16:03:48.630 D/WVR_Foveated( 2179): Foveated rendering is not supported.
10-11 16:03:48.638 I/WVRFoveat( 2179): FovText: eye 0 s 0 id 75 0 mode 2 1 enable 1 0 support 0
10-11 16:03:48.641 I/WVRFoveat( 2179): FovText: eye 1 s 0 id 78 0 mode 2 1 enable 1 0 support 0
10-11 16:03:48.643 D/WVR_Foveated( 2179): Foveated rendering is not supported.
10-11 16:03:48.654 E/mm-camera( 836): 2232: aec_process_calc_current_hist_metered_luma: error: out of range, exit
10-11 16:03:48.657 D/WVR_Foveated( 2179): Foveated rendering is not supported.
10-11 16:03:48.670 D/WVR_Foveated( 2179): Foveated rendering is not supported.
10-11 16:03:48.688 D/WVR_Foveated( 2179): Foveated rendering is not supported.
10-11 16:03:48.688 E/mm-camera( 836): 2232: aec_process_calc_current_hist_metered_luma: error: out of range, exit
10-11 16:03:48.697 D/WVR_Foveated( 2179): Foveated rendering is not supported.
10-11 16:03:48.711 D/WVR_Foveated( 2179): Foveated rendering is not supported.
10-11 16:03:48.713 I/ipdmonitor( 2388): ipd = 659
10-11 16:03:48.722 E/mm-camera( 836): 2232: aec_process_calc_current_hist_metered_luma: error: out of range, exit
10-11 16:03:48.723 D/WVR_Foveated( 2179): Foveated rendering is not supported.
10-11 16:03:48.736 D/WVR_Foveated( 2179): Foveated rendering is not supported.
10-11 16:03:48.750 D/WVR_Foveated( 2179): Foveated rendering is not supported.
10-11 16:03:48.753 E/mm-camera( 836): 2232: aec_process_calc_current_hist_metered_luma: error: out of range, exit
10-11 16:03:48.763 D/WVR_Foveated( 2179): Foveated rendering is not supported.
10-11 16:03:48.777 D/WVR_Foveated( 2179): Foveated rendering is not supported.
10-11 16:03:48.786 E/mm-camera( 836): 2232: aec_process_calc_current_hist_metered_luma: error: out of range, exit
10-11 16:03:48.791 D/WVR_Foveated( 2179): Foveated rendering is not supported.
10-11 16:03:48.803 D/WVR_Foveated( 2179): Foveated rendering is not supported.
10-11 16:03:48.817 D/WVR_Foveated( 2179): Foveated rendering is not supported.
10-11 16:03:48.822 E/mm-camera( 836): 2232: aec_process_calc_current_hist_metered_luma: error: out of range, exit
10-11 16:03:48.830 D/WVR_Foveated( 2179): Foveated rendering is not supported.
10-11 16:03:48.838 I/POSE ( 2179): GetSyncPose pose_hmd_1 CV(s1f0) om0 6DoF 1vw_t0o0 (0.0000) XYZ -0.2685 0.1629 0.0194 YPR 32.2871 -6.8899 12.7091 ; Wxyz 0.9548 -0.0266 0.2694 0.1227 ; RAW XYZ 0.2685 -0.1629 -0.0194 Wxyz 0.9548 0.0266 -0.2694 -0.1227 ; LVel -0.004 -0.002 0.005 LAc -0.00 -0.00 -0.00 AngV -0.004 -0.027 -0.022 AngAc -0.00 -0.00 -0.00 ; TS139340885683 15.87ms GetPoseState
10-11 16:03:48.844 D/WVR_Foveated( 2179): Foveated rendering is not supported.
10-11 16:03:48.852 D/ArmModel( 2179): ArmModel getArmedPose(2) 1, 1
10-11 16:03:48.852 D/ArmModel( 2179): Dev(2)ctrllerXYRotationRadio : 0.327497 elbowCurveLerpValue = 0.515499
10-11 16:03:48.852 D/ArmModel( 2179): Dev(2)quatCtrllerXYRot : (-0.021783,-0.491557,0.000000,0.870573)
10-11 16:03:48.852 D/ArmModel( 2179): Dev(2)quatCtrllerXYLerpRot : (-0.011611,-0.262009,0.000000,0.964996)
10-11 16:03:48.852 D/ArmModel( 2179): Dev(2)elbowOffset : (-0.102745,-0.517161,0.082461)
10-11 16:03:48.852 D/ArmModel( 2179): Dev(2)wristOffset : (-0.231648,-0.513988,0.159104)
10-11 16:03:48.852 D/ArmModel( 2179): Dev(2)ctrllerOffset : (-0.274442,-0.512092,0.184893)
10-11 16:03:48.852 D/ArmModel( 2179): Dev(2)finalCtrlPos : (-0.274442,-0.512092,-0.184893)
10-11 16:03:48.853 E/mm-camera( 836): 2232: aec_process_calc_current_hist_metered_luma: error: out of range, exit
10-11 16:03:48.858 D/WaveVR_Resource( 2179): getSystemLanguage, ret language = zh
10-11 16:03:48.858 D/WaveVR_Resource( 2179): getSystemCountry, ret country = CN
10-11 16:03:48.858 D/WVR_Foveated( 2179): Foveated rendering is not supported.
10-11 16:03:48.871 D/WVR_Foveated( 2179): Foveated rendering is not supported.
10-11 16:03:48.878 I/SVRI ( 2179): GetPoseState svr_hmd_1 tm3(3) Quality Pose/Camera/Sensor 1.00 1.00 1.00 ; lost 0 ; TS139380833183
10-11 16:03:48.888 E/mm-camera( 836): 2232: aec_process_calc_current_hist_metered_luma: error: out of range, exit
10-11 16:03:48.889 D/WVR_Foveated( 2179): Foveated rendering is not supported.
10-11 16:03:48.898 D/WVR_Foveated( 2179): Foveated rendering is not supported.
10-11 16:03:48.905 I/POSE ( 2179): GetSyncPose pose_clr_2 CV(s1f0) om0 3DoF 1vw_t0o0 (0.0000) XYZ -0.2748 -0.5123 -0.1848 YPR -90.3755 177.8259 -1.2840 ; Wxyz 0.0054 0.7048 -0.0214 0.7091 ; RAW XYZ 0.0000 0.0000 0.0000 Wxyz 0.0054 0.7048 -0.0214 0.7091 ; LVel 0.000 0.000 0.000 LAc 0.04 -0.03 1.22 AngV 0.009 -0.004 -0.010 AngAc 0.00 0.00 0.00 ; TS139404107791 0.00ms GetPoseState
10-11 16:03:48.911 D/WVR_Foveated( 2179): Foveated rendering is not supported.
10-11 16:03:48.918 D/ArmModel( 2179): ArmModel getArmedPose(3) 0, 1
10-11 16:03:48.921 E/mm-camera( 836): 2232: aec_process_calc_current_hist_metered_luma: error: out of range, exit
10-11 16:03:48.924 D/WVR_Foveated( 2179): Foveated rendering is not supported.
10-11 16:03:48.937 D/WVR_Foveated( 2179): Foveated rendering is not supported.
10-11 16:03:48.951 D/WVR_Foveated( 2179): Foveated rendering is not supported.
10-11 16:03:48.953 D/RRClientDetector( 2179): Supported : false
10-11 16:03:48.955 E/mm-camera( 836): 2232: aec_process_calc_current_hist_metered_luma: error: out of range, exit
10-11 16:03:48.957 I/ViveportM( 2179): VRCheck.CheckInternet.101: VRGameFunction-VRCheck-CheckInternet, Have Internet
10-11 16:03:48.957 D/RRClientDetector( 2179): Supported : false
10-11 16:03:48.970 D/WVR_Foveated( 2179): Foveated rendering is not supported.
10-11 16:03:48.988 E/mm-camera( 836): 2232: aec_process_calc_current_hist_metered_luma: error: out of range, exit
10-11 16:03:48.991 D/WVR_Foveated( 2179): Foveated rendering is not supported.
10-11 16:03:49.004 D/WVR_Foveated( 2179): Foveated rendering is not supported.
10-11 16:03:49.017 D/WVR_Foveated( 2179): Foveated rendering is not supported.
10-11 16:03:49.021 E/mm-camera( 836): 2232: aec_process_calc_current_hist_metered_luma: error: out of range, exit
10-11 16:03:49.031 D/WVR_Foveated( 2179): Foveated rendering is not supported.
10-11 16:03:49.035 D/SVR_HMD ( 2388): SvrHmdDevice.java:onSensorChanged(273) SvrHmdDevice, onSensorChanged, sensor.getType() = 4, GYRO: AxisX = -0.0099487305, AxisY = -0.007904053, AxisZ = -0.019805908
10-11 16:03:49.035 D/SVR_HMD ( 2388): SvrHmdDevice.java:onSensorChanged(281) SvrHmdDevice, onSensorChanged, sensor.getType() = 1, ACCELER: X = 2.345993, Y = 9.505707, Z = 0.8977661
10-11 16:03:49.044 D/WVR_Foveated( 2179): Foveated rendering is not supported.
10-11 16:03:49.052 I/SVRI ( 2179): checkSteady 2 stops
10-11 16:03:49.052 W/ArmModel( 2179): setHandSteady LOCKED
10-11 16:03:49.055 E/mm-camera( 836): 2232: aec_process_calc_current_hist_metered_luma: error: out of range, exit
10-11 16:03:49.057 D/WVR_Foveated( 2179): Foveated rendering is not supported.
10-11 16:03:49.071 D/WVR_Foveated( 2179): Foveated rendering is not supported.
10-11 16:03:49.087 E/mm-camera( 836): 2232: aec_process_calc_current_hist_metered_luma: error: out of range, exit
10-11 16:03:49.089 D/WVR_Foveated( 2179): Foveated rendering is not supported.
10-11 16:03:49.098 D/WVR_Foveated( 2179): Foveated rendering is not supported.
10-11 16:03:49.100 I/svr ( 2179): FPS: 73.12
10-11 16:03:49.106 I/ArmModel( 2179): Dev(0)LHOVHMDPos : (-0.269613,0.162780,-0.019696)
10-11 16:03:49.111 D/WVR_Foveated( 2179): Foveated rendering is not supported.
10-11 16:03:49.121 E/mm-camera( 836): 2232: aec_process_calc_current_hist_metered_luma: error: out of range, exit
10-11 16:03:49.126 D/WVR_Foveated( 2179): Foveated rendering is not supported.
10-11 16:03:49.137 D/WVR_Foveated( 2179): Foveated rendering is not supported.
10-11 16:03:49.151 D/WVR_Foveated( 2179): Foveated rendering is not supported.
10-11 16:03:49.155 E/mm-camera( 836): 2232: aec_process_calc_current_hist_metered_luma: error: out of range, exit
10-11 16:03:49.164 D/WVR_Foveated( 2179): Foveated rendering is not supported.
10-11 16:03:49.177 D/WVR_Foveated( 2179): Foveated rendering is not supported.
10-11 16:03:49.188 E/mm-camera( 836): 2232: aec_process_calc_current_hist_metered_luma: error: out of range, exit
10-11 16:03:49.191 D/WVR_Foveated( 2179): Foveated rendering is not supported.
10-11 16:03:49.205 D/WVR_Foveated( 2179): Foveated rendering is not supported.
10-11 16:03:49.218 D/WVR_Foveated( 2179): Foveated rendering is not supported.
10-11 16:03:49.220 E/mm-camera( 836): 2232: aec_process_calc_current_hist_metered_luma: error: out of range, exit
10-11 16:03:49.224 I/[vrbledevice]Finch3DofController[0]( 2129): updatePose: timeStamp(139729476938), Euler:[-110.31831,-1.28396,177.82582] Quat:[0.00164,0.57133,-0.02197,0.82042] Acc:[0.04906,-0.02991,1.20891] Gyro:[0.00866,-0.00367,-0.00982]
10-11 16:03:49.232 D/WVR_Foveated( 2179): Foveated rendering is not supported.
10-11 16:03:49.244 D/WVR_Foveated( 2179): Foveated rendering is not supported.
10-11 16:03:49.254 E/mm-camera( 836): 2232: aec_process_calc_current_hist_metered_luma: error: out of range, exit
10-11 16:03:49.257 D/WVR_Foveated( 2179): Foveated rendering is not supported.
10-11 16:03:49.272 D/WVR_Foveated( 2179): Foveated rendering is not supported.
10-11 16:03:49.287 E/mm-camera( 836): 2232: aec_process_calc_current_hist_metered_luma: error: out of range, exit
10-11 16:03:49.290 D/WVR_Foveated( 2179): Foveated rendering is not supported.
10-11 16:03:49.299 D/WVR_Foveated( 2179): Foveated rendering is not supported.
10-11 16:03:49.311 D/WVR_Foveated( 2179): Foveated rendering is not supported.
10-11 16:03:49.321 E/mm-camera( 836): 2232: aec_process_calc_current_hist_metered_luma: error: out of range, exit
10-11 16:03:49.325 D/WVR_Foveated( 2179): Foveated rendering is not supported.
10-11 16:03:49.338 D/WVR_Foveated( 2179): Foveated rendering is not supported.
10-11 16:03:49.352 D/WVR_Foveated( 2179): Foveated rendering is not supported.
10-11 16:03:49.355 E/mm-camera( 836): 2232: aec_process_calc_current_hist_metered_luma: error: out of range, exit
10-11 16:03:49.365 D/WVR_Foveated( 2179): Foveated rendering is not supported.
10-11 16:03:49.378 D/WVR_Foveated( 2179): Foveated rendering is not supported.
10-11 16:03:49.386 E/mm-camera( 836): 2232: aec_process_calc_current_hist_metered_luma: error: out of range, exit
10-11 16:03:49.392 D/WVR_Foveated( 2179): Foveated rendering is not supported.
10-11 16:03:49.400 I/POSE ( 2179): GetSyncPose pose_hmd_1 CV(s1f0) om0 6DoF 1vw_t0o0 (0.0000) XYZ -0.2695 0.1626 0.0206 YPR 32.2370 -6.9951 12.2078 ; Wxyz 0.9553 -0.0288 0.2693 0.1188 ; RAW XYZ 0.2695 -0.1626 -0.0206 Wxyz 0.9553 0.0288 -0.2693 -0.1188 ; LVel 0.002 -0.003 -0.004 LAc -0.00 -0.00 -0.00 AngV -0.022 0.008 -0.013 AngAc -0.00 -0.00 -0.00 ; TS139902134433 15.15ms GetPoseState
10-11 16:03:49.405 D/WVR_Foveated( 2179): Foveated rendering is not supported.
10-11 16:03:49.419 D/WVR_Foveated( 2179): Foveated rendering is not supported.
10-11 16:03:49.421 E/mm-camera( 836): 2232: aec_process_calc_current_hist_metered_luma: error: out of range, exit
10-11 16:03:49.425 D/WIFI_ICON( 1657): WifiActivity: 3
10-11 16:03:49.426 D/StatusBar.NetworkController( 1657): dumpIcon[(gone) stat_sys_5signal_null|null stat_sys_wifi_signal_inandout_4 (gone) F]
10-11 16:03:49.426 D/ArmModel( 2179): ArmModel getArmedPose(2) 1, 1
10-11 16:03:49.427 D/ArmModel( 2179): Dev(0)LHOVHMDPos LOCKED : (-0.269550,0.162642,-0.019637)
10-11 16:03:49.427 D/ArmModel( 2179): Dev(2)ctrllerXYRotationRadio : 0.326999 elbowCurveLerpValue = 0.515400
10-11 16:03:49.427 D/ArmModel( 2179): Dev(2)quatCtrllerXYRot : (-0.021774,-0.490875,0.000000,0.870958)
10-11 16:03:49.427 D/ArmModel( 2179): Dev(2)quatCtrllerXYLerpRot : (-0.011602,-0.261568,0.000000,0.965115)
10-11 16:03:49.427 D/ArmModel( 2179): Dev(2)elbowOffset : (-0.103978,-0.517433,0.082590)
10-11 16:03:49.427 D/ArmModel( 2179): Dev(2)wristOffset : (-0.232951,-0.514261,0.159114)
10-11 16:03:49.427 D/ArmModel( 2179): Dev(2)ctrllerOffset : (-0.275704,-0.512365,0.184971)
10-11 16:03:49.427 D/ArmModel( 2179): Dev(2)finalCtrlPos : (-0.275704,-0.512365,-0.184971)
10-11 16:03:49.432 D/WVR_Foveated( 2179): Foveated rendering is not supported.
10-11 16:03:49.433 D/SignalBarView( 1657): onMeasure() mLeft != null width =52 height =52
10-11 16:03:49.433 D/SignalBarView( 1657): onMeasure() mLeft != null width =52 height =52
10-11 16:03:49.433 D/SignalBarView( 1657): onMeasure() mLeft != null width =52 height =52
10-11 16:03:49.440 I/SVRI ( 2179): GetPoseState svr_hmd_1 tm3(3) Quality Pose/Camera/Sensor 1.00 1.00 1.00 ; lost 0 ; TS139942051412
10-11 16:03:49.445 D/WVR_Foveated( 2179): Foveated rendering is not supported.
10-11 16:03:49.453 E/mm-camera( 836): 2232: aec_process_calc_current_hist_metered_luma: error: out of range, exit
10-11 16:03:49.459 D/WVR_Foveated( 2179): Foveated rendering is not supported.
10-11 16:03:49.467 I/POSE ( 2179): GetSyncPose pose_clr_2 CV(s1f0) om0 3DoF 1vw_t0o0 (0.0000) XYZ -0.2757 -0.5124 -0.1850 YPR -90.3755 177.8259 -1.2840 ; Wxyz 0.0054 0.7048 -0.0214 0.7091 ; RAW XYZ 0.0000 0.0000 0.0000 Wxyz 0.0054 0.7048 -0.0214 0.7091 ; LVel 0.000 0.000 0.000 LAc 0.04 -0.03 1.20 AngV 0.009 -0.004 -0.010 AngAc 0.00 0.00 0.00 ; TS139968543420 0.00ms GetPoseState
10-11 16:03:49.472 D/WVR_Foveated( 2179): Foveated rendering is not supported.
10-11 16:03:49.488 E/mm-camera( 836): 2232: aec_process_calc_current_hist_metered_luma: error: out of range, exit
10-11 16:03:49.521 E/mm-camera( 836): 2232: aec_process_calc_current_hist_metered_luma: error: out of range, exit
10-11 16:03:49.524 D/WVR_Foveated( 2179): Foveated rendering is not supported.
10-11 16:03:49.532 D/SVR_HMD ( 2388): SvrHmdDevice.java:onSensorChanged(273) SvrHmdDevice, onSensorChanged, sensor.getType() = 4, GYRO: AxisX = 0.007095337, AxisY = 0.012863159, AxisZ = -0.041641235
10-11 16:03:49.533 D/ArmModel( 2179): ArmModel getArmedPose(3) 0, 1
10-11 16:03:49.534 D/SVR_HMD ( 2388): SvrHmdDevice.java:onSensorChanged(281) SvrHmdDevice, onSensorChanged, sensor.getType() = 1, ACCELER: X = 2.278122, Y = 9.530624, Z = 0.8477478
10-11 16:03:49.539 D/WVR_Foveated( 2179): Foveated rendering is not supported.
10-11 16:03:49.552 D/WVR_Foveated( 2179): Foveated rendering is not supported.
10-11 16:03:49.555 E/mm-camera( 836): 2232: aec_process_calc_current_hist_metered_luma: error: out of range, exit
10-11 16:03:49.566 D/WVR_Foveated( 2179): Foveated rendering is not supported.
10-11 16:03:49.578 D/WVR_Foveated( 2179): Foveated rendering is not supported.
10-11 16:03:49.586 E/mm-camera( 836): 2232: aec_process_calc_current_hist_metered_luma: error: out of range, exit
10-11 16:03:49.593 D/WaveVR_Resource( 2179): getSystemLanguage, ret language = zh
10-11 16:03:49.593 D/WaveVR_Resource( 2179): getSystemCountry, ret country = CN
10-11 16:03:49.593 D/WVR_Foveated( 2179): Foveated rendering is not supported.
10-11 16:03:49.606 D/WVR_Foveated( 2179): Foveated rendering is not supported.
10-11 16:03:49.619 D/WVR_Foveated( 2179): Foveated rendering is not supported.
10-11 16:03:49.621 E/mm-camera( 836): 2232: aec_process_calc_current_hist_metered_luma: error: out of range, exit
10-11 16:03:49.633 D/WVR_Foveated( 2179): Foveated rendering is not supported.
10-11 16:03:49.646 D/WVR_Foveated( 2179): Foveated rendering is not supported.
10-11 16:03:49.655 E/mm-camera( 836): 2232: aec_process_calc_current_hist_metered_luma: error: out of range, exit
10-11 16:03:49.659 D/WVR_Foveated( 2179): Foveated rendering is not supported.
10-11 16:03:49.673 D/WVR_Foveated( 2179): Foveated rendering is not supported.
10-11 16:03:49.689 E/mm-camera( 836): 2232: aec_process_calc_current_hist_metered_luma: error: out of range, exit
10-11 16:03:49.693 D/WVR_Foveated( 2179): Foveated rendering is not supported.
10-11 16:03:49.695 D/WVR_Foveated( 2179): LateUpdate: !isEnabled || !useValuesInInspector || Instance != this
10-11 16:03:49.697 D/WVR_Render( 2179): RenderLoop() is still running
10-11 16:03:49.697 D/WVR_WaveVR( 2179): UpdateEachFrame()
10-11 16:03:49.697 D/WVR_WaveVR( 2179): UpdateEachFrame() device HMD is connected, pose is valid, pos: {-0.2694947, 0.1623469, -0.02044977}, rot: {0.0301914, -0.2687807, 0.1169888, 0.9555936}
10-11 16:03:49.697 D/WVR_WaveVR( 2179): UpdateEachFrame() device controller right is connected, pose is valid, pos: {-0.2757038, -0.512365, 0.1849706}, rot: {-0.7047657, 0.02135373, 0.709098, 0.005423298}
10-11 16:03:49.697 D/WVR_WaveVR( 2179): UpdateEachFrame() device controller left is disconnected, pose is invalid, pos: {0, 0, 0}, rot: {0, 0, 0, 0}
10-11 16:03:49.697 D/WVR_WaveVR( 2179): UpdateEachFrame() after new pose.
10-11 16:03:49.697 D/WVR_TexMngr( 2179): Get texture from queue
10-11 16:03:49.697 D/WVR_TexMngr( 2179): Get texture from queue
10-11 16:03:49.697 D/WVR_Render( 2179): Render_WVR_Eye_Left
10-11 16:03:49.699 D/WVR_Render( 2179): Render_WVR_Eye_Right
10-11 16:03:49.701 D/WVR_Render( 2179): End of frame
10-11 16:03:49.703 D/WaveVR_InputModuleManager( 2179): updateInteractionModeAndGazeTriggerType() OverrideSystemSettings is true.
10-11 16:03:49.703 D/WaveVR_InputModuleManager( 2179): updateInteractionModeAndGazeTriggerType() InteractionMode_System is controller.
10-11 16:03:49.703 D/WaveVR_InputModuleManager( 2179): updateInteractionModeAndGazeTriggerType() InteractionMode_User is controller.
10-11 16:03:49.703 D/WaveVR_InputModuleManager( 2179): updateInteractionModeAndGazeTriggerType() gazeTriggerType_System is timeout.
10-11 16:03:49.703 D/WaveVR_InputModuleManager( 2179): updateInteractionModeAndGazeTriggerType() gazeTriggerType_User is button.
10-11 16:03:49.703 D/WaveVR_ControllerInstanceManager( 2179): Controller instance: 1, Focus controller: WVR_DeviceType_Controller_Right, enable single beam: True
10-11 16:03:49.703 D/WaveVR_PoseTrackerManager( 2179): Update() Dominant, showTrackedObject is true.
10-11 16:03:49.703 D/WaveVR_PoseTrackerManager( 2179): Update() Dominant, Update() GameObject MIA_Ctrl is active.
10-11 16:03:49.703 D/WaveVR_PoseTrackerManager( 2179): Update() Dominant, Update() GameObject BeamR is active.
10-11 16:03:49.703 D/WaveVR_PoseTrackerManager( 2179): Update() Dominant, Update() GameObject ControllerPointerR is active.
10-11 16:03:49.703 D/WaveVR_Beam( 2179): Dominant Update() BeamR is shown, start offset: 0.015, end offset: 9.5, start width: 0.000625, end width: 0.00125, start color: RGBA(255, 255, 255, 255), end color: RGBA(255, 255, 255, 77)
10-11 16:03:49.703 D/WaveVR_ControllerPointer( 2179): Dominant ControllerPointerR is hidden, pointer color: RGBA(1.000, 1.000, 1.000, 1.000), use texture: True, pointer outer diameter: 0.258224, pointer distance: 13.4112, render queue: 5000
10-11 16:03:49.703 D/WVR_Foveated( 2179): Waiting for graphic ready to enable foveated rendering.
10-11 16:03:49.703 D/WVR_Foveated( 2179): Foveated rendering is not supported.
10-11 16:03:49.708 I/ArmModel( 2179): Dev(0)LHOVHMDPos : (-0.269502,0.162379,-0.020465)
10-11 16:03:49.715 D/WVR_Foveated( 2179): Foveated rendering is not supported.
10-11 16:03:49.715 I/ipdmonitor( 2388): ipd = 659
10-11 16:03:49.721 E/mm-camera( 836): 2232: aec_process_calc_current_hist_metered_luma: error: out of range, exit
10-11 16:03:49.726 D/WVR_Foveated( 2179): Foveated rendering is not supported.
10-11 16:03:49.739 D/WVR_Foveated( 2179): Foveated rendering is not supported.
10-11 16:03:49.753 D/WVR_Foveated( 2179): Foveated rendering is not supported.
10-11 16:03:49.755 E/mm-camera( 836): 2232: aec_process_calc_current_hist_metered_luma: error: out of range, exit
10-11 16:03:49.766 D/WVR_Foveated( 2179): Foveated rendering is not supported.
10-11 16:03:49.780 D/WVR_Foveated( 2179): Foveated rendering is not supported.
10-11 16:03:49.788 E/mm-camera( 836): 2232: aec_process_calc_current_hist_metered_luma: error: out of range, exit
10-11 16:03:49.793 D/WVR_Foveated( 2179): Foveated rendering is not supported.
10-11 16:03:49.806 D/WVR_Foveated( 2179): Foveated rendering is not supported.
10-11 16:03:49.819 D/WVR_Foveated( 2179): Foveated rendering is not supported.
10-11 16:03:49.822 E/mm-camera( 836): 2232: aec_process_calc_current_hist_metered_luma: error: out of range, exit
10-11 16:03:49.833 D/WVR_Foveated( 2179): Foveated rendering is not supported.
10-11 16:03:49.835 D/WifiStateMachine( 1447): handleMessage: E msg.what=131155
10-11 16:03:49.835 D/WifiStateMachine( 1447): processMsg: ConnectedState
10-11 16:03:49.835 D/WifiStateMachine( 1447): processMsg: L2ConnectedState
10-11 16:03:49.846 D/WVR_Foveated( 2179): Foveated rendering is not supported.
10-11 16:03:49.853 E/mm-camera( 836): 2232: aec_process_calc_current_hist_metered_luma: error: out of range, exit
10-11 16:03:49.860 D/WVR_Foveated( 2179): Foveated rendering is not supported.
10-11 16:03:49.866 D/WifiStateMachine( 1447): CMD_RSSI_POLL: TxBytes = 641, RxBytes = 900
10-11 16:03:49.866 D/WifiStateMachine( 1447): handleMessage: X
10-11 16:03:49.873 D/WVR_Foveated( 2179): Foveated rendering is not supported.
10-11 16:03:49.887 D/WVR_Foveated( 2179): Foveated rendering is not supported.
10-11 16:03:49.890 E/mm-camera( 836): 2232: aec_process_calc_current_hist_metered_luma: error: out of range, exit
10-11 16:03:49.904 D/WVR_Foveated( 2179): Foveated rendering is not supported.
10-11 16:03:49.913 D/WVR_Foveated( 2179): Foveated rendering is not supported.
10-11 16:03:49.922 E/mm-camera( 836): 2232: aec_process_calc_current_hist_metered_luma: error: out of range, exit
10-11 16:03:49.927 D/WVR_Foveated( 2179): Foveated rendering is not supported.
10-11 16:03:49.939 D/WVR_Foveated( 2179): Foveated rendering is not supported.
10-11 16:03:49.954 D/WVR_Foveated( 2179): Foveated rendering is not supported.
10-11 16:03:49.954 E/mm-camera( 836): 2232: aec_process_calc_current_hist_metered_luma: error: out of range, exit
10-11 16:03:49.966 D/WVR_Foveated( 2179): Foveated rendering is not supported.
10-11 16:03:49.979 D/WVR_Foveated( 2179): Foveated rendering is not supported.
10-11 16:03:49.987 E/mm-camera( 836): 2232: aec_process_calc_current_hist_metered_luma: error: out of range, exit
10-11 16:03:49.988 I/POSE ( 2179): GetSyncPose pose_hmd_1 CV(s1f0) om0 6DoF 1vw_t0o0 (0.0000) XYZ -0.2691 0.1623 0.0217 YPR 32.2458 -7.1604 11.9780 ; Wxyz 0.9554 -0.0307 0.2694 0.1173 ; RAW XYZ 0.2691 -0.1623 -0.0217 Wxyz 0.9554 0.0307 -0.2694 -0.1173 ; LVel -0.000 0.001 0.008 LAc -0.00 -0.00 -0.00 AngV 0.008 0.012 0.008 AngAc -0.00 -0.00 -0.00 ; TS140490330214 15.24ms GetPoseState
10-11 16:03:49.994 D/WVR_Foveated( 2179): Foveated rendering is not supported.
10-11 16:03:50.007 D/WVR_Foveated( 2179): Foveated rendering is not supported.
10-11 16:03:50.020 D/WVR_Foveated( 2179): Foveated rendering is not supported.
10-11 16:03:50.020 E/mm-camera( 836): 2232: aec_process_calc_current_hist_metered_luma: error: out of range, exit
10-11 16:03:50.028 I/SVRI ( 2179): GetPoseState svr_hmd_1 tm3(3) Quality Pose/Camera/Sensor 1.00 1.00 1.00 ; lost 0 ; TS140530247245
10-11 16:03:50.028 D/ArmModel( 2179): ArmModel getArmedPose(2) 1, 1
10-11 16:03:50.028 D/ArmModel( 2179): Dev(0)LHOVHMDPos LOCKED : (-0.269550,0.162642,-0.019637)
10-11 16:03:50.028 D/ArmModel( 2179): Dev(2)ctrllerXYRotationRadio : 0.326999 elbowCurveLerpValue = 0.515400
10-11 16:03:50.028 D/ArmModel( 2179): Dev(2)quatCtrllerXYRot : (-0.021774,-0.490875,0.000000,0.870958)
10-11 16:03:50.028 D/ArmModel( 2179): Dev(2)quatCtrllerXYLerpRot : (-0.011602,-0.261568,0.000000,0.965115)
10-11 16:03:50.028 D/ArmModel( 2179): Dev(2)elbowOffset : (-0.103978,-0.517433,0.082590)
10-11 16:03:50.028 D/ArmModel( 2179): Dev(2)wristOffset : (-0.232951,-0.514261,0.159114)
10-11 16:03:50.028 D/ArmModel( 2179): Dev(2)ctrllerOffset : (-0.275704,-0.512365,0.184971)
10-11 16:03:50.028 D/ArmModel( 2179): Dev(2)finalCtrlPos : (-0.275704,-0.512365,-0.184971)
10-11 16:03:50.030 D/SVR_HMD ( 2388): SvrHmdDevice.java:onSensorChanged(273) SvrHmdDevice, onSensorChanged, sensor.getType() = 4, GYRO: AxisX = 0.007095337, AxisY = 6.2561035E-4, AxisZ = 0.017486572
10-11 16:03:50.032 D/SVR_HMD ( 2388): SvrHmdDevice.java:onSensorChanged(281) SvrHmdDevice, onSensorChanged, sensor.getType() = 1, ACCELER: X = 2.2574005, Y = 9.518097, Z = 0.92774963
10-11 16:03:50.033 D/WVR_Foveated( 2179): Foveated rendering is not supported.
10-11 16:03:50.047 D/WVR_Foveated( 2179): Foveated rendering is not supported.
10-11 16:03:50.053 E/mm-camera( 836): 2232: aec_process_calc_current_hist_metered_luma: error: out of range, exit
10-11 16:03:50.055 I/POSE ( 2179): GetSyncPose pose_clr_2 CV(s1f0) om0 3DoF 1vw_t0o0 (0.0000) XYZ -0.2757 -0.5124 -0.1850 YPR -90.3755 177.8259 -1.2840 ; Wxyz 0.0054 0.7048 -0.0214 0.7091 ; RAW XYZ 0.0000 0.0000 0.0000 Wxyz 0.0054 0.7048 -0.0214 0.7091 ; LVel 0.000 0.000 0.000 LAc 0.05 -0.03 1.21 AngV 0.009 -0.004 -0.010 AngAc 0.00 0.00 0.00 ; TS140552283635 0.00ms GetPoseState
10-11 16:03:50.061 D/WVR_Foveated( 2179): Foveated rendering is not supported.
10-11 16:03:50.074 D/WVR_Foveated( 2179): Foveated rendering is not supported.
10-11 16:03:50.086 E/mm-camera( 836): 2232: aec_process_calc_current_hist_metered_luma: error: out of range, exit
10-11 16:03:50.087 D/WVR_Foveated( 2179): Foveated rendering is not supported.
10-11 16:03:50.095 D/ArmModel( 2179): ArmModel getArmedPose(3) 0, 1
10-11 16:03:50.102 I/svr ( 2179): FPS: 71.86
10-11 16:03:50.104 D/WVR_Foveated( 2179): Foveated rendering is not supported.
10-11 16:03:50.114 D/WVR_Foveated( 2179): Foveated rendering is not supported.
10-11 16:03:50.122 E/mm-camera( 836): 2232: aec_process_calc_current_hist_metered_luma: error: out of range, exit
10-11 16:03:50.127 D/WVR_Foveated( 2179): Foveated rendering is not supported.
10-11 16:03:50.140 D/WVR_Foveated( 2179): Foveated rendering is not supported.
10-11 16:03:50.154 D/WVR_Foveated( 2179): Foveated rendering is not supported.
10-11 16:03:50.156 E/mm-camera( 836): 2232: aec_process_calc_current_hist_metered_luma: error: out of range, exit
10-11 16:03:50.167 D/WVR_Foveated( 2179): Foveated rendering is not supported.
10-11 16:03:50.180 D/WVR_Foveated( 2179): Foveated rendering is not supported.
10-11 16:03:50.187 E/mm-camera( 836): 2232: aec_process_calc_current_hist_metered_luma: error: out of range, exit
10-11 16:03:50.194 D/WVR_Foveated( 2179): Foveated rendering is not supported.
10-11 16:03:50.207 D/WVR_Foveated( 2179): Foveated rendering is not supported.
10-11 16:03:50.220 D/WVR_Foveated( 2179): Foveated rendering is not supported.
10-11 16:03:50.222 E/mm-camera( 836): 2232: aec_process_calc_current_hist_metered_luma: error: out of range, exit
10-11 16:03:50.225 I/[vrbledevice]Finch3DofController[0]( 2129): updatePose: timeStamp(140731598392), Euler:[-110.31831,-1.28396,177.82582] Quat:[0.00164,0.57133,-0.02197,0.82042] Acc:[0.04606,-0.02572,1.22267] Gyro:[0.00866,-0.00367,-0.00982]
10-11 16:03:50.234 D/WVR_Foveated( 2179): Foveated rendering is not supported.
10-11 16:03:50.247 D/WVR_Foveated( 2179): Foveated rendering is not supported.
10-11 16:03:50.255 E/mm-camera( 836): 2232: aec_process_calc_current_hist_metered_luma: error: out of range, exit
10-11 16:03:50.261 D/WVR_Foveated( 2179): Foveated rendering is not supported.
10-11 16:03:50.268 I/ArmModel( 2179): Dev(0)LHOVHMDPos : (-0.269041,0.162913,-0.020762)
10-11 16:03:50.274 D/WaveVR_Resource( 2179): getSystemLanguage, ret language = zh
10-11 16:03:50.274 D/WaveVR_Resource( 2179): getSystemCountry, ret country = CN
10-11 16:03:50.274 D/WVR_Foveated( 2179): Foveated rendering is not supported.
10-11 16:03:50.287 E/mm-camera( 836): 2232: aec_process_calc_current_hist_metered_luma: error: out of range, exit
10-11 16:03:50.288 D/WVR_Foveated( 2179): Foveated rendering is not supported.
10-11 16:03:50.305 D/WVR_Foveated( 2179): Foveated rendering is not supported.
10-11 16:03:50.315 D/WVR_Foveated( 2179): Foveated rendering is not supported.
10-11 16:03:50.323 E/mm-camera( 836): 2232: aec_process_calc_current_hist_metered_luma: error: out of range, exit
10-11 16:03:50.328 D/WVR_Foveated( 2179): Foveated rendering is not supported.
10-11 16:03:50.340 D/WVR_Foveated( 2179): Foveated rendering is not supported.
10-11 16:03:50.353 E/mm-camera( 836): 2232: aec_process_calc_current_hist_metered_luma: error: out of range, exit
10-11 16:03:50.354 D/WVR_Foveated( 2179): Foveated rendering is not supported.
10-11 16:03:50.368 D/WVR_Foveated( 2179): Foveated rendering is not supported.
10-11 16:03:50.381 D/WVR_Foveated( 2179): Foveated rendering is not supported.
10-11 16:03:50.388 E/mm-camera( 836): 2232: aec_process_calc_current_hist_metered_luma: error: out of range, exit
10-11 16:03:50.394 D/WVR_Foveated( 2179): Foveated rendering is not supported.
10-11 16:03:50.408 D/WVR_Foveated( 2179): Foveated rendering is not supported.
10-11 16:03:50.421 D/WVR_Foveated( 2179): Foveated rendering is not supported.
10-11 16:03:50.424 E/mm-camera( 836): 2232: aec_process_calc_current_hist_metered_luma: error: out of range, exit
10-11 16:03:50.426 D/WIFI_ICON( 1657): WifiActivity: 1
10-11 16:03:50.427 D/StatusBar.NetworkController( 1657): dumpIcon[(gone) stat_sys_5signal_null|null stat_sys_wifi_signal_in_4 (gone) F]
10-11 16:03:50.434 D/WVR_Foveated( 2179): Foveated rendering is not supported.
10-11 16:03:50.436 D/SignalBarView( 1657): onMeasure() mLeft != null width =52 height =52
10-11 16:03:50.436 D/SignalBarView( 1657): onMeasure() mLeft != null width =52 height =52
10-11 16:03:50.436 D/SignalBarView( 1657): onMeasure() mLeft != null width =52 height =52
10-11 16:03:50.448 D/WVR_Foveated( 2179): Foveated rendering is not supported.
10-11 16:03:50.455 E/mm-camera( 836): 2232: aec_process_calc_current_hist_metered_luma: error: out of range, exit
10-11 16:03:50.461 D/WVR_Foveated( 2179): Foveated rendering is not supported.
10-11 16:03:50.474 D/WVR_Foveated( 2179): Foveated rendering is not supported.
10-11 16:03:50.487 E/mm-camera( 836): 2232: aec_process_calc_current_hist_metered_luma: error: out of range, exit
10-11 16:03:50.488 D/WVR_Foveated( 2179): Foveated rendering is not supported.
10-11 16:03:50.506 D/WVR_Foveated( 2179): Foveated rendering is not supported.
