10-11 16:03:40.692 D/WaveVR_Beam( 2179): Dominant Update() BeamR is shown, start offset: 0.015, end offset: 9.5, start width: 0.000625, end width: 0.00125, start color: RGBA(255, 255, 255, 255), end color: RGBA(255, 255, 255, 77)
10-11 16:03:40.692 D/WaveVR_ControllerPointer( 2179): Dominant ControllerPointerR is hidden, pointer color: RGBA(1.000, 1.000, 1.000, 1.000), use texture: True, pointer outer diameter: 0.258224, pointer distance: 13.4112, render queue: 5000
10-11 16:03:40.692 D/WVR_Foveated( 2179): Waiting for graphic ready to enable foveated rendering.
10-11 16:03:40.692 D/WVR_Foveated( 2179): Foveated rendering is not supported.
10-11 16:03:40.703 D/WVR_Foveated( 2179): Foveated rendering is not supported.
10-11 16:03:40.705 I/ipdmonitor( 2388): ipd = 659
10-11 16:03:40.716 E/mm-camera( 836): 2232: aec_process_calc_current_hist_metered_luma: error: out of range, exit
10-11 16:03:40.717 D/WVR_Foveated( 2179): Foveated rendering is not supported.
10-11 16:03:40.730 D/WVR_Foveated( 2179): Foveated rendering is not supported.
10-11 16:03:40.743 D/WVR_Foveated( 2179): Foveated rendering is not supported.
10-11 16:03:40.750 E/mm-camera( 836): 2232: aec_process_calc_current_hist_metered_luma: error: out of range, exit
10-11 16:03:40.757 D/WVR_Foveated( 2179): Foveated rendering is not supported.
10-11 16:03:40.770 D/WVR_Foveated( 2179): Foveated rendering is not supported.
10-11 16:03:40.783 E/mm-camera( 836): 2232: aec_process_calc_current_hist_metered_luma: error: out of range, exit
10-11 16:03:40.783 D/WVR_Foveated( 2179): Foveated rendering is not supported.
10-11 16:03:40.786 D/WifiStateMachine( 1447): handleMessage: E msg.what=131155
10-11 16:03:40.786 D/WifiStateMachine( 1447): processMsg: ConnectedState
10-11 16:03:40.786 D/WifiStateMachine( 1447): processMsg: L2ConnectedState
10-11 16:03:40.797 D/WVR_Foveated( 2179): Foveated rendering is not supported.
10-11 16:03:40.800 D/WifiStateMachine( 1447): CMD_RSSI_POLL: TxBytes = 640, RxBytes = 887
10-11 16:03:40.801 D/WifiStateMachine( 1447): handleMessage: X
10-11 16:03:40.810 D/WVR_Foveated( 2179): Foveated rendering is not supported.
10-11 16:03:40.817 E/mm-camera( 836): 2232: aec_process_calc_current_hist_metered_luma: error: out of range, exit
10-11 16:03:40.824 D/WVR_Foveated( 2179): Foveated rendering is not supported.
10-11 16:03:40.831 D/ArmModel( 2179): ArmModel getArmedPose(2) 1, 1
10-11 16:03:40.831 D/ArmModel( 2179): Dev(0)LHOVHMDPos LOCKED : (-0.248709,0.151024,-0.041834)
10-11 16:03:40.831 D/ArmModel( 2179): Dev(2)ctrllerXYRotationRadio : 0.348233 elbowCurveLerpValue = 0.519647
10-11 16:03:40.831 D/ArmModel( 2179): Dev(2)quatCtrllerXYRot : (-0.022586,-0.519639,0.000000,0.854087)
10-11 16:03:40.831 D/ArmModel( 2179): Dev(2)quatCtrllerXYLerpRot : (-0.012189,-0.280436,0.000000,0.959795)
10-11 16:03:40.831 D/ArmModel( 2179): Dev(2)elbowOffset : (-0.074768,-0.528707,0.045186)
10-11 16:03:40.831 D/ArmModel( 2179): Dev(2)wristOffset : (-0.198747,-0.525443,0.129557)
10-11 16:03:40.831 D/ArmModel( 2179): Dev(2)ctrllerOffset : (-0.243129,-0.523514,0.152503)
10-11 16:03:40.831 D/ArmModel( 2179): Dev(2)finalCtrlPos : (-0.243129,-0.523514,-0.152503)
10-11 16:03:40.841 D/WVR_Foveated( 2179): Foveated rendering is not supported.
10-11 16:03:40.850 E/mm-camera( 836): 2232: aec_process_calc_current_hist_metered_luma: error: out of range, exit
10-11 16:03:40.851 D/WVR_Foveated( 2179): Foveated rendering is not supported.
10-11 16:03:40.863 D/WVR_Foveated( 2179): Foveated rendering is not supported.
10-11 16:03:40.881 D/WVR_Foveated( 2179): Foveated rendering is not supported.
10-11 16:03:40.883 E/mm-camera( 836): 2232: aec_process_calc_current_hist_metered_luma: error: out of range, exit
10-11 16:03:40.891 D/WVR_Foveated( 2179): Foveated rendering is not supported.
10-11 16:03:40.898 D/ArmModel( 2179): ArmModel getArmedPose(3) 0, 1
10-11 16:03:40.904 D/WVR_Foveated( 2179): Foveated rendering is not supported.
10-11 16:03:40.915 E/mm-camera( 836): 2232: aec_process_calc_current_hist_metered_luma: error: out of range, exit
10-11 16:03:40.918 D/WVR_Foveated( 2179): Foveated rendering is not supported.
10-11 16:03:40.931 D/WVR_Foveated( 2179): Foveated rendering is not supported.
10-11 16:03:40.944 D/WVR_Foveated( 2179): Foveated rendering is not supported.
10-11 16:03:40.948 E/mm-camera( 836): 2232: aec_process_calc_current_hist_metered_luma: error: out of range, exit
10-11 16:03:40.957 D/WVR_Foveated( 2179): Foveated rendering is not supported.
10-11 16:03:40.970 D/WVR_Foveated( 2179): Foveated rendering is not supported.
10-11 16:03:40.982 E/mm-camera( 836): 2232: aec_process_calc_current_hist_metered_luma: error: out of range, exit
10-11 16:03:40.984 D/WVR_Foveated( 2179): Foveated rendering is not supported.
10-11 16:03:40.997 D/WVR_Foveated( 2179): Foveated rendering is not supported.
10-11 16:03:41.006 I/POSE ( 2179): GetSyncPose pose_hmd_1 CV(s1f0) om0 6DoF 1vw_t0o0 (0.0000) XYZ -0.2627 0.1640 0.0125 YPR 33.5708 -8.1927 13.5686 ; Wxyz 0.9507 -0.0339 0.2780 0.1333 ; RAW XYZ 0.2627 -0.1640 -0.0125 Wxyz 0.9507 0.0339 -0.2780 -0.1333 ; LVel 0.023 -0.005 0.020 LAc -0.00 -0.00 -0.00 AngV 0.003 -0.068 -0.012 AngAc -0.00 -0.00 -0.00 ; TS131507572662 15.35ms GetPoseState
10-11 16:03:41.011 D/WVR_Foveated( 2179): Foveated rendering is not supported.
10-11 16:03:41.015 E/mm-camera( 836): 2232: aec_process_calc_current_hist_metered_luma: error: out of range, exit
10-11 16:03:41.024 D/WVR_Foveated( 2179): Foveated rendering is not supported.
10-11 16:03:41.042 D/WVR_Foveated( 2179): Foveated rendering is not supported.
10-11 16:03:41.045 I/SVRI ( 2179): GetPoseState svr_hmd_1 tm3(3) Quality Pose/Camera/Sensor 0.76 1.00 1.00 ; lost 0 ; TS131547520162
10-11 16:03:41.048 E/mm-camera( 836): 2232: aec_process_calc_current_hist_metered_luma: error: out of range, exit
10-11 16:03:41.051 D/WVR_Foveated( 2179): Foveated rendering is not supported.
10-11 16:03:41.064 D/WVR_Foveated( 2179): Foveated rendering is not supported.
10-11 16:03:41.066 I/svr ( 2179): FPS: 71.86
10-11 16:03:41.072 I/ArmModel( 2179): Dev(0)LHOVHMDPos : (-0.263339,0.163840,-0.014402)
10-11 16:03:41.072 I/POSE ( 2179): GetSyncPose pose_clr_2 CV(s1f0) om0 3DoF 1vw_t0o0 (0.0000) XYZ -0.2431 -0.5235 -0.1525 YPR -91.6506 177.7889 -0.5151 ; Wxyz 0.0102 0.6968 -0.0170 0.7170 ; RAW XYZ 0.0000 0.0000 0.0000 Wxyz 0.0102 0.6968 -0.0170 0.7170 ; LVel 0.000 0.000 0.000 LAc 0.05 -0.01 1.21 AngV 0.137 -0.051 3.562 AngAc 0.00 0.00 0.00 ; TS131567108729 0.00ms GetPoseState
10-11 16:03:41.077 D/SVR_HMD ( 2388): SvrHmdDevice.java:onSensorChanged(281) SvrHmdDevice, onSensorChanged, sensor.getType() = 1, ACCELER: X = 2.4434814, Y = 9.55719, Z = 1.0385284
10-11 16:03:41.078 D/WVR_Foveated( 2179): Foveated rendering is not supported.
10-11 16:03:41.079 D/SVR_HMD ( 2388): SvrHmdDevice.java:onSensorChanged(273) SvrHmdDevice, onSensorChanged, sensor.getType() = 4, GYRO: AxisX = 0.06941223, AxisY = 0.027252197, AxisZ = -0.044311523
10-11 16:03:41.084 E/mm-camera( 836): 2232: aec_process_calc_current_hist_metered_luma: error: out of range, exit
10-11 16:03:41.091 D/WVR_Foveated( 2179): Foveated rendering is not supported.
10-11 16:03:41.105 D/WVR_Foveated( 2179): Foveated rendering is not supported.
10-11 16:03:41.115 E/mm-camera( 836): 2232: aec_process_calc_current_hist_metered_luma: error: out of range, exit
10-11 16:03:41.117 D/WVR_Foveated( 2179): Foveated rendering is not supported.
10-11 16:03:41.131 D/WVR_Foveated( 2179): Foveated rendering is not supported.
10-11 16:03:41.144 D/WVR_Foveated( 2179): Foveated rendering is not supported.
10-11 16:03:41.151 E/mm-camera( 836): 2232: aec_process_calc_current_hist_metered_luma: error: out of range, exit
10-11 16:03:41.158 D/WVR_Foveated( 2179): Foveated rendering is not supported.
10-11 16:03:41.171 D/WVR_Foveated( 2179): Foveated rendering is not supported.
10-11 16:03:41.183 E/mm-camera( 836): 2232: aec_process_calc_current_hist_metered_luma: error: out of range, exit
10-11 16:03:41.184 D/WVR_Foveated( 2179): Foveated rendering is not supported.
10-11 16:03:41.197 D/WaveVR_Resource( 2179): getSystemLanguage, ret language = zh
10-11 16:03:41.198 D/WaveVR_Resource( 2179): getSystemCountry, ret country = CN
10-11 16:03:41.198 D/WVR_Foveated( 2179): Foveated rendering is not supported.
10-11 16:03:41.211 D/WVR_Foveated( 2179): Foveated rendering is not supported.
10-11 16:03:41.218 E/mm-camera( 836): 2232: aec_process_calc_current_hist_metered_luma: error: out of range, exit
10-11 16:03:41.218 I/[vrbledevice]Finch3DofController[0]( 2129): updatePose: timeStamp(131724150464), Euler:[-111.59338,-0.51509,177.78880] Quat:[0.00713,0.56209,-0.01848,0.82684] Acc:[0.04128,-0.01017,1.20113] Gyro:[0.13715,-0.05113,3.56248]
10-11 16:03:41.226 D/WVR_Foveated( 2179): Foveated rendering is not supported.
10-11 16:03:41.242 D/WVR_Foveated( 2179): Foveated rendering is not supported.
10-11 16:03:41.249 E/mm-camera( 836): 2232: aec_process_calc_current_hist_metered_luma: error: out of range, exit
10-11 16:03:41.251 D/WVR_Foveated( 2179): Foveated rendering is not supported.
10-11 16:03:41.265 D/WVR_Foveated( 2179): Foveated rendering is not supported.
10-11 16:03:41.278 D/WVR_Foveated( 2179): Foveated rendering is not supported.
10-11 16:03:41.282 E/mm-camera( 836): 2232: aec_process_calc_current_hist_metered_luma: error: out of range, exit
10-11 16:03:41.291 D/WVR_Foveated( 2179): Foveated rendering is not supported.
10-11 16:03:41.305 D/WVR_Foveated( 2179): Foveated rendering is not supported.
10-11 16:03:41.315 E/mm-camera( 836): 2232: aec_process_calc_current_hist_metered_luma: error: out of range, exit
10-11 16:03:41.319 D/WVR_Foveated( 2179): Foveated rendering is not supported.
10-11 16:03:41.331 D/WVR_Foveated( 2179): Foveated rendering is not supported.
10-11 16:03:41.345 D/WVR_Foveated( 2179): Foveated rendering is not supported.
10-11 16:03:41.350 E/mm-camera( 836): 2232: aec_process_calc_current_hist_metered_luma: error: out of range, exit
10-11 16:03:41.358 D/WVR_Foveated( 2179): Foveated rendering is not supported.
10-11 16:03:41.371 D/WVR_Foveated( 2179): Foveated rendering is not supported.
10-11 16:03:41.384 E/mm-camera( 836): 2232: aec_process_calc_current_hist_metered_luma: error: out of range, exit
10-11 16:03:41.386 D/WVR_Foveated( 2179): Foveated rendering is not supported.
10-11 16:03:41.393 D/ArmModel( 2179): ArmModel getArmedPose(2) 1, 1
10-11 16:03:41.393 D/ArmModel( 2179): Dev(0)LHOVHMDPos LOCKED : (-0.248709,0.151024,-0.041834)
10-11 16:03:41.393 D/ArmModel( 2179): Dev(2)ctrllerXYRotationRadio : 0.348233 elbowCurveLerpValue = 0.519647
10-11 16:03:41.393 D/ArmModel( 2179): Dev(2)quatCtrllerXYRot : (-0.022586,-0.519639,0.000000,0.854087)
10-11 16:03:41.393 D/ArmModel( 2179): Dev(2)quatCtrllerXYLerpRot : (-0.012189,-0.280436,0.000000,0.959795)
10-11 16:03:41.393 D/ArmModel( 2179): Dev(2)elbowOffset : (-0.074768,-0.528707,0.045186)
10-11 16:03:41.393 D/ArmModel( 2179): Dev(2)wristOffset : (-0.198747,-0.525443,0.129557)
10-11 16:03:41.393 D/ArmModel( 2179): Dev(2)ctrllerOffset : (-0.243129,-0.523514,0.152503)
10-11 16:03:41.393 D/ArmModel( 2179): Dev(2)finalCtrlPos : (-0.243129,-0.523514,-0.152503)
10-11 16:03:41.398 D/WVR_Foveated( 2179): Foveated rendering is not supported.
10-11 16:03:41.412 D/WVR_Foveated( 2179): Foveated rendering is not supported.
10-11 16:03:41.418 E/mm-camera( 836): 2232: aec_process_calc_current_hist_metered_luma: error: out of range, exit
10-11 16:03:41.425 D/WVR_Foveated( 2179): Foveated rendering is not supported.
10-11 16:03:41.443 D/WVR_Foveated( 2179): Foveated rendering is not supported.
10-11 16:03:41.450 E/mm-camera( 836): 2232: aec_process_calc_current_hist_metered_luma: error: out of range, exit
10-11 16:03:41.453 D/WVR_Foveated( 2179): Foveated rendering is not supported.
10-11 16:03:41.460 D/ArmModel( 2179): ArmModel getArmedPose(3) 0, 1
10-11 16:03:41.465 D/WVR_Foveated( 2179): Foveated rendering is not supported.
10-11 16:03:41.478 D/WVR_Foveated( 2179): Foveated rendering is not supported.
10-11 16:03:41.482 E/mm-camera( 836): 2232: aec_process_calc_current_hist_metered_luma: error: out of range, exit
10-11 16:03:41.492 D/WVR_Foveated( 2179): Foveated rendering is not supported.
10-11 16:03:41.505 D/WVR_Foveated( 2179): Foveated rendering is not supported.
10-11 16:03:41.517 E/mm-camera( 836): 2232: aec_process_calc_current_hist_metered_luma: error: out of range, exit
10-11 16:03:41.519 D/WVR_Foveated( 2179): Foveated rendering is not supported.
10-11 16:03:41.532 D/WVR_Foveated( 2179): Foveated rendering is not supported.
10-11 16:03:41.546 D/WVR_Foveated( 2179): Foveated rendering is not supported.
10-11 16:03:41.550 E/mm-camera( 836): 2232: aec_process_calc_current_hist_metered_luma: error: out of range, exit
10-11 16:03:41.554 I/POSE ( 2179): GetSyncPose pose_hmd_1 CV(s1f0) om0 6DoF 1vw_t0o0 (0.0000) XYZ -0.2659 0.1636 0.0138 YPR 33.6066 -7.8831 13.3655 ; Wxyz 0.9509 -0.0318 0.2788 0.1309 ; RAW XYZ 0.2659 -0.1636 -0.0138 Wxyz 0.9509 0.0318 -0.2788 -0.1309 ; LVel -0.019 -0.001 -0.010 LAc -0.00 -0.00 -0.00 AngV 0.005 0.051 0.043 AngAc -0.00 -0.00 -0.00 ; TS132055820943 15.40ms GetPoseState
10-11 16:03:41.559 D/WVR_Foveated( 2179): Foveated rendering is not supported.
10-11 16:03:41.573 D/WVR_Foveated( 2179): Foveated rendering is not supported.
10-11 16:03:41.575 D/SVR_HMD ( 2388): SvrHmdDevice.java:onSensorChanged(281) SvrHmdDevice, onSensorChanged, sensor.getType() = 1, ACCELER: X = 2.6983795, Y = 9.562805, Z = 1.101944
10-11 16:03:41.575 D/SVR_HMD ( 2388): SvrHmdDevice.java:onSensorChanged(273) SvrHmdDevice, onSensorChanged, sensor.getType() = 4, GYRO: AxisX = 0.009765625, AxisY = 0.07785034, AxisZ = 0.014831543
10-11 16:03:41.583 E/mm-camera( 836): 2232: aec_process_calc_current_hist_metered_luma: error: out of range, exit
10-11 16:03:41.586 D/WVR_Foveated( 2179): Foveated rendering is not supported.
10-11 16:03:41.594 I/SVRI ( 2179): GetPoseState svr_hmd_1 tm3(3) Quality Pose/Camera/Sensor 0.83 1.00 1.00 ; lost 0 ; TS132095768495
10-11 16:03:41.598 D/WVR_Foveated( 2179): Foveated rendering is not supported.
10-11 16:03:41.613 D/WVR_Foveated( 2179): Foveated rendering is not supported.
10-11 16:03:41.618 E/mm-camera( 836): 2232: aec_process_calc_current_hist_metered_luma: error: out of range, exit
10-11 16:03:41.621 I/POSE ( 2179): GetSyncPose pose_clr_2 CV(s1f0) om0 3DoF 1vw_t0o0 (0.0000) XYZ -0.2431 -0.5235 -0.1525 YPR -91.6506 177.7889 -0.5151 ; Wxyz 0.0102 0.6968 -0.0170 0.7170 ; RAW XYZ 0.0000 0.0000 0.0000 Wxyz 0.0102 0.6968 -0.0170 0.7170 ; LVel 0.000 0.000 0.000 LAc 0.05 -0.02 1.21 AngV 0.137 -0.051 3.562 AngAc 0.00 0.00 0.00 ; TS132108961804 0.00ms GetPoseState
10-11 16:03:41.626 D/WVR_Foveated( 2179): Foveated rendering is not supported.
10-11 16:03:41.634 I/ArmModel( 2179): Dev(0)LHOVHMDPos : (-0.266046,0.164407,-0.013334)
10-11 16:03:41.643 D/WVR_Foveated( 2179): Foveated rendering is not supported.
10-11 16:03:41.649 E/mm-camera( 836): 2232: aec_process_calc_current_hist_metered_luma: error: out of range, exit
10-11 16:03:41.653 D/WVR_Foveated( 2179): Foveated rendering is not supported.
10-11 16:03:41.666 D/WVR_Foveated( 2179): Foveated rendering is not supported.
10-11 16:03:41.679 D/WVR_Foveated( 2179): Foveated rendering is not supported.
10-11 16:03:41.685 E/mm-camera( 836): 2232: aec_process_calc_current_hist_metered_luma: error: out of range, exit
10-11 16:03:41.692 D/WVR_Foveated( 2179): Foveated rendering is not supported.
10-11 16:03:41.705 D/viveport( 2179): new(110.762) Ck: Update/s=71.02
10-11 16:03:41.706 I/ipdmonitor( 2388): ipd = 659
10-11 16:03:41.706 D/viveport( 2179): Swipe.Upd#stat(0.022)0.015~0.057:356
10-11 16:03:41.706 D/WVR_Foveated( 2179): Foveated rendering is not supported.
10-11 16:03:41.709 D/viveport( 2179): Update#stat(4.521)3.231~13.866:356
10-11 16:03:41.718 E/mm-camera( 836): 2232: aec_process_calc_current_hist_metered_luma: error: out of range, exit
10-11 16:03:41.719 D/WVR_Foveated( 2179): Foveated rendering is not supported.
10-11 16:03:41.733 D/WVR_Foveated( 2179): Foveated rendering is not supported.
10-11 16:03:41.747 D/WVR_Foveated( 2179): Foveated rendering is not supported.
10-11 16:03:41.751 E/mm-camera( 836): 2232: aec_process_calc_current_hist_metered_luma: error: out of range, exit
10-11 16:03:41.759 D/WVR_Foveated( 2179): Foveated rendering is not supported.
10-11 16:03:41.773 D/WVR_Foveated( 2179): Foveated rendering is not supported.
10-11 16:03:41.784 E/mm-camera( 836): 2232: aec_process_calc_current_hist_metered_luma: error: out of range, exit
10-11 16:03:41.787 D/WVR_Foveated( 2179): Foveated rendering is not supported.
10-11 16:03:41.799 D/WVR_Foveated( 2179): Foveated rendering is not supported.
10-11 16:03:41.813 D/WVR_Foveated( 2179): Foveated rendering is not supported.
10-11 16:03:41.818 E/mm-camera( 836): 2232: aec_process_calc_current_hist_metered_luma: error: out of range, exit
10-11 16:03:41.828 D/WVR_Foveated( 2179): Foveated rendering is not supported.
10-11 16:03:41.844 D/WVR_Foveated( 2179): Foveated rendering is not supported.
10-11 16:03:41.851 E/mm-camera( 836): 2232: aec_process_calc_current_hist_metered_luma: error: out of range, exit
10-11 16:03:41.853 D/WVR_Foveated( 2179): Foveated rendering is not supported.
10-11 16:03:41.867 D/WVR_Foveated( 2179): Foveated rendering is not supported.
10-11 16:03:41.879 D/WaveVR_Resource( 2179): getSystemLanguage, ret language = zh
10-11 16:03:41.880 D/WaveVR_Resource( 2179): getSystemCountry, ret country = CN
10-11 16:03:41.880 D/WVR_Foveated( 2179): Foveated rendering is not supported.
10-11 16:03:41.885 E/mm-camera( 836): 2232: aec_process_calc_current_hist_metered_luma: error: out of range, exit
10-11 16:03:41.893 D/WVR_Foveated( 2179): Foveated rendering is not supported.
10-11 16:03:41.907 D/WVR_Foveated( 2179): Foveated rendering is not supported.
10-11 16:03:41.916 E/mm-camera( 836): 2232: aec_process_calc_current_hist_metered_luma: error: out of range, exit
10-11 16:03:41.921 D/WVR_Foveated( 2179): Foveated rendering is not supported.
10-11 16:03:41.933 D/WVR_Foveated( 2179): Foveated rendering is not supported.
10-11 16:03:41.946 D/WVR_Foveated( 2179): Foveated rendering is not supported.
10-11 16:03:41.949 E/mm-camera( 836): 2232: aec_process_calc_current_hist_metered_luma: error: out of range, exit
10-11 16:03:41.954 D/ArmModel( 2179): ArmModel getArmedPose(2) 1, 1
10-11 16:03:41.954 D/ArmModel( 2179): Dev(0)LHOVHMDPos LOCKED : (-0.248709,0.151024,-0.041834)
10-11 16:03:41.954 D/ArmModel( 2179): Dev(2)ctrllerXYRotationRadio : 0.348233 elbowCurveLerpValue = 0.519647
10-11 16:03:41.954 D/ArmModel( 2179): Dev(2)quatCtrllerXYRot : (-0.022586,-0.519639,0.000000,0.854087)
10-11 16:03:41.954 D/ArmModel( 2179): Dev(2)quatCtrllerXYLerpRot : (-0.012189,-0.280436,0.000000,0.959795)
10-11 16:03:41.954 D/ArmModel( 2179): Dev(2)elbowOffset : (-0.074768,-0.528707,0.045186)
10-11 16:03:41.954 D/ArmModel( 2179): Dev(2)wristOffset : (-0.198747,-0.525443,0.129557)
10-11 16:03:41.954 D/ArmModel( 2179): Dev(2)ctrllerOffset : (-0.243129,-0.523514,0.152503)
10-11 16:03:41.954 D/ArmModel( 2179): Dev(2)finalCtrlPos : (-0.243129,-0.523514,-0.152503)
10-11 16:03:41.960 D/WVR_Foveated( 2179): Foveated rendering is not supported.
10-11 16:03:41.973 D/WVR_Foveated( 2179): Foveated rendering is not supported.
10-11 16:03:41.985 E/mm-camera( 836): 2232: aec_process_calc_current_hist_metered_luma: error: out of range, exit
10-11 16:03:41.987 D/WVR_Foveated( 2179): Foveated rendering is not supported.
10-11 16:03:41.999 D/WVR_Foveated( 2179): Foveated rendering is not supported.
10-11 16:03:42.014 D/WVR_Foveated( 2179): Foveated rendering is not supported.
10-11 16:03:42.017 E/mm-camera( 836): 2232: aec_process_calc_current_hist_metered_luma: error: out of range, exit
10-11 16:03:42.021 D/ArmModel( 2179): ArmModel getArmedPose(3) 0, 1
10-11 16:03:42.028 D/WVR_Foveated( 2179): Foveated rendering is not supported.
10-11 16:03:42.044 D/WVR_Foveated( 2179): Foveated rendering is not supported.
10-11 16:03:42.051 E/mm-camera( 836): 2232: aec_process_calc_current_hist_metered_luma: error: out of range, exit
10-11 16:03:42.053 D/WVR_Foveated( 2179): Foveated rendering is not supported.
10-11 16:03:42.067 D/WVR_Foveated( 2179): Foveated rendering is not supported.
10-11 16:03:42.069 I/svr ( 2179): FPS: 74.78
10-11 16:03:42.073 D/SVR_HMD ( 2388): SvrHmdDevice.java:onSensorChanged(281) SvrHmdDevice, onSensorChanged, sensor.getType() = 1, ACCELER: X = 2.4320068, Y = 9.395172, Z = 0.9747467
10-11 16:03:42.073 D/SVR_HMD ( 2388): SvrHmdDevice.java:onSensorChanged(273) SvrHmdDevice, onSensorChanged, sensor.getType() = 4, GYRO: AxisX = 0.012435913, AxisY = 6.2561035E-4, AxisZ = -0.004348755
10-11 16:03:42.080 D/WVR_Foveated( 2179): Foveated rendering is not supported.
10-11 16:03:42.084 E/mm-camera( 836): 2232: aec_process_calc_current_hist_metered_luma: error: out of range, exit
10-11 16:03:42.093 D/WVR_Foveated( 2179): Foveated rendering is not supported.
10-11 16:03:42.101 I/POSE ( 2179): GetSyncPose pose_hmd_1 CV(s1f0) om0 6DoF 1vw_t0o0 (0.0000) XYZ -0.2636 0.1638 0.0162 YPR 32.9992 -7.8549 13.4349 ; Wxyz 0.9523 -0.0321 0.2737 0.1312 ; RAW XYZ 0.2636 -0.1638 -0.0162 Wxyz 0.9523 0.0321 -0.2737 -0.1312 ; LVel -0.007 -0.004 0.008 LAc -0.00 -0.00 -0.00 AngV 0.011 -0.004 0.007 AngAc -0.00 -0.00 -0.00 ; TS132604069277 15.65ms GetPoseState
10-11 16:03:42.107 D/WVR_Foveated( 2179): Foveated rendering is not supported.
10-11 16:03:42.118 E/mm-camera( 836): 2232: aec_process_calc_current_hist_metered_luma: error: out of range, exit
10-11 16:03:42.120 D/WVR_Foveated( 2179): Foveated rendering is not supported.
10-11 16:03:42.134 D/WVR_Foveated( 2179): Foveated rendering is not supported.
10-11 16:03:42.141 I/SVRI ( 2179): GetPoseState svr_hmd_1 tm3(3) Quality Pose/Camera/Sensor 0.88 1.00 1.00 ; lost 0 ; TS132644016777
10-11 16:03:42.147 D/WVR_Foveated( 2179): Foveated rendering is not supported.
10-11 16:03:42.150 E/mm-camera( 836): 2232: aec_process_calc_current_hist_metered_luma: error: out of range, exit
10-11 16:03:42.160 D/WVR_Foveated( 2179): Foveated rendering is not supported.
10-11 16:03:42.168 I/POSE ( 2179): GetSyncPose pose_clr_2 CV(s1f0) om0 3DoF 1vw_t0o0 (0.0000) XYZ -0.2431 -0.5235 -0.1525 YPR -91.6506 177.7889 -0.5151 ; Wxyz 0.0102 0.6968 -0.0170 0.7170 ; RAW XYZ 0.0000 0.0000 0.0000 Wxyz 0.0102 0.6968 -0.0170 0.7170 ; LVel 0.000 0.000 0.000 LAc 0.04 -0.01 1.21 AngV 0.137 -0.051 3.562 AngAc 0.00 0.00 0.00 ; TS132670220193 0.00ms GetPoseState
10-11 16:03:42.174 D/WVR_Foveated( 2179): Foveated rendering is not supported.
10-11 16:03:42.184 E/mm-camera( 836): 2232: aec_process_calc_current_hist_metered_luma: error: out of range, exit
10-11 16:03:42.187 D/WVR_Foveated( 2179): Foveated rendering is not supported.
10-11 16:03:42.195 I/ArmModel( 2179): Dev(0)LHOVHMDPos : (-0.263806,0.163741,-0.016326)
10-11 16:03:42.200 D/WVR_Foveated( 2179): Foveated rendering is not supported.
10-11 16:03:42.213 D/WVR_Foveated( 2179): Foveated rendering is not supported.
10-11 16:03:42.217 I/[vrbledevice]Finch3DofController[0]( 2129): updatePose: timeStamp(132722420563), Euler:[-111.59338,-0.51509,177.78880] Quat:[0.00713,0.56209,-0.01848,0.82684] Acc:[0.04427,-0.01137,1.21908] Gyro:[0.13715,-0.05113,3.56248]
10-11 16:03:42.218 E/mm-camera( 836): 2232: aec_process_calc_current_hist_metered_luma: error: out of range, exit
10-11 16:03:42.227 D/WVR_Foveated( 2179): Foveated rendering is not supported.
10-11 16:03:42.245 D/WVR_Foveated( 2179): Foveated rendering is not supported.
10-11 16:03:42.251 E/mm-camera( 836): 2232: aec_process_calc_current_hist_metered_luma: error: out of range, exit
10-11 16:03:42.254 D/WVR_Foveated( 2179): Foveated rendering is not supported.
10-11 16:03:42.267 D/WVR_Foveated( 2179): Foveated rendering is not supported.
10-11 16:03:42.280 D/WVR_Foveated( 2179): Foveated rendering is not supported.
10-11 16:03:42.285 E/mm-camera( 836): 2232: aec_process_calc_current_hist_metered_luma: error: out of range, exit
10-11 16:03:42.294 D/WVR_Foveated( 2179): Foveated rendering is not supported.
10-11 16:03:42.307 D/WVR_Foveated( 2179): Foveated rendering is not supported.
10-11 16:03:42.318 E/mm-camera( 836): 2232: aec_process_calc_current_hist_metered_luma: error: out of range, exit
10-11 16:03:42.321 D/WVR_Foveated( 2179): Foveated rendering is not supported.
10-11 16:03:42.334 D/WVR_Foveated( 2179): Foveated rendering is not supported.
10-11 16:03:42.347 D/WVR_Foveated( 2179): Foveated rendering is not supported.
10-11 16:03:42.350 E/mm-camera( 836): 2232: aec_process_calc_current_hist_metered_luma: error: out of range, exit
10-11 16:03:42.360 D/WVR_Foveated( 2179): Foveated rendering is not supported.
10-11 16:03:42.374 D/WVR_Foveated( 2179): Foveated rendering is not supported.
10-11 16:03:42.384 E/mm-camera( 836): 2232: aec_process_calc_current_hist_metered_luma: error: out of range, exit
10-11 16:03:42.387 D/WVR_Foveated( 2179): Foveated rendering is not supported.
10-11 16:03:42.400 D/WVR_Foveated( 2179): Foveated rendering is not supported.
10-11 16:03:42.414 D/WVR_Foveated( 2179): Foveated rendering is not supported.
10-11 16:03:42.416 E/mm-camera( 836): 2232: aec_process_calc_current_hist_metered_luma: error: out of range, exit
10-11 16:03:42.428 D/WVR_Foveated( 2179): Foveated rendering is not supported.
10-11 16:03:42.445 D/WVR_Foveated( 2179): Foveated rendering is not supported.
10-11 16:03:42.450 E/mm-camera( 836): 2232: aec_process_calc_current_hist_metered_luma: error: out of range, exit
10-11 16:03:42.455 D/WVR_Foveated( 2179): Foveated rendering is not supported.
10-11 16:03:42.483 E/mm-camera( 836): 2232: aec_process_calc_current_hist_metered_luma: error: out of range, exit
10-11 16:03:42.500 D/WVR_Foveated( 2179): Foveated rendering is not supported.
10-11 16:03:42.517 E/mm-camera( 836): 2232: aec_process_calc_current_hist_metered_luma: error: out of range, exit
10-11 16:03:42.521 D/WVR_Foveated( 2179): Foveated rendering is not supported.
10-11 16:03:42.534 D/WVR_Foveated( 2179): Foveated rendering is not supported.
10-11 16:03:42.548 D/WVR_Foveated( 2179): Foveated rendering is not supported.
10-11 16:03:42.550 E/mm-camera( 836): 2232: aec_process_calc_current_hist_metered_luma: error: out of range, exit
10-11 16:03:42.556 D/ArmModel( 2179): ArmModel getArmedPose(2) 1, 1
10-11 16:03:42.556 D/ArmModel( 2179): Dev(0)LHOVHMDPos LOCKED : (-0.248709,0.151024,-0.041834)
10-11 16:03:42.556 D/ArmModel( 2179): Dev(2)ctrllerXYRotationRadio : 0.348233 elbowCurveLerpValue = 0.519647
10-11 16:03:42.556 D/ArmModel( 2179): Dev(2)quatCtrllerXYRot : (-0.022586,-0.519639,0.000000,0.854087)
10-11 16:03:42.556 D/ArmModel( 2179): Dev(2)quatCtrllerXYLerpRot : (-0.012189,-0.280436,0.000000,0.959795)
10-11 16:03:42.556 D/ArmModel( 2179): Dev(2)elbowOffset : (-0.074768,-0.528707,0.045186)
10-11 16:03:42.556 D/ArmModel( 2179): Dev(2)wristOffset : (-0.198747,-0.525443,0.129557)
10-11 16:03:42.556 D/ArmModel( 2179): Dev(2)ctrllerOffset : (-0.243129,-0.523514,0.152503)
10-11 16:03:42.556 D/ArmModel( 2179): Dev(2)finalCtrlPos : (-0.243129,-0.523514,-0.152503)
10-11 16:03:42.561 D/WVR_Foveated( 2179): Foveated rendering is not supported.
10-11 16:03:42.569 D/SVR_HMD ( 2388): SvrHmdDevice.java:onSensorChanged(281) SvrHmdDevice, onSensorChanged, sensor.getType() = 1, ACCELER: X = 2.5489197, Y = 9.404419, Z = 1.0796814
10-11 16:03:42.570 D/SVR_HMD ( 2388): SvrHmdDevice.java:onSensorChanged(273) SvrHmdDevice, onSensorChanged, sensor.getType() = 4, GYRO: AxisX = 0.024139404, AxisY = 0.0549469, AxisZ = 0.02760315
10-11 16:03:42.575 D/WVR_Foveated( 2179): Foveated rendering is not supported.
10-11 16:03:42.585 E/mm-camera( 836): 2232: aec_process_calc_current_hist_metered_luma: error: out of range, exit
10-11 16:03:42.588 D/WVR_Foveated( 2179): Foveated rendering is not supported.
10-11 16:03:42.601 D/WaveVR_Resource( 2179): getSystemLanguage, ret language = zh
10-11 16:03:42.601 D/WaveVR_Resource( 2179): getSystemCountry, ret country = CN
10-11 16:03:42.601 D/WVR_Foveated( 2179): Foveated rendering is not supported.
10-11 16:03:42.615 D/WVR_Foveated( 2179): Foveated rendering is not supported.
10-11 16:03:42.616 E/mm-camera( 836): 2232: aec_process_calc_current_hist_metered_luma: error: out of range, exit
10-11 16:03:42.623 D/ArmModel( 2179): ArmModel getArmedPose(3) 0, 1
10-11 16:03:42.623 I/WVRFoveat( 2179): FovText: eye 0 s 0 id 75 0 mode 2 1 enable 1 0 support 0
10-11 16:03:42.626 I/WVRFoveat( 2179): FovText: eye 1 s 0 id 78 0 mode 2 1 enable 1 0 support 0
10-11 16:03:42.628 D/WVR_Foveated( 2179): Foveated rendering is not supported.
10-11 16:03:42.646 D/WVR_Foveated( 2179): Foveated rendering is not supported.
10-11 16:03:42.649 E/mm-camera( 836): 2232: aec_process_calc_current_hist_metered_luma: error: out of range, exit
10-11 16:03:42.655 D/WVR_Foveated( 2179): Foveated rendering is not supported.
10-11 16:03:42.668 D/WVR_Foveated( 2179): Foveated rendering is not supported.
10-11 16:03:42.682 D/WVR_Foveated( 2179): Foveated rendering is not supported.
10-11 16:03:42.683 E/mm-camera( 836): 2232: aec_process_calc_current_hist_metered_luma: error: out of range, exit
10-11 16:03:42.690 I/POSE ( 2179): GetSyncPose pose_hmd_1 CV(s1f0) om0 6DoF 1vw_t0o0 (0.0000) XYZ -0.2643 0.1641 0.0165 YPR 33.0497 -7.5859 13.3145 ; Wxyz 0.9523 -0.0301 0.2745 0.1296 ; RAW XYZ 0.2643 -0.1641 -0.0165 Wxyz 0.9523 0.0301 -0.2745 -0.1296 ; LVel 0.013 -0.000 -0.004 LAc -0.00 -0.00 -0.00 AngV 0.013 -0.054 0.000 AngAc -0.00 -0.00 -0.00 ; TS133191288495 15.61ms GetPoseState
10-11 16:03:42.695 D/WVR_Foveated( 2179): Foveated rendering is not supported.
10-11 16:03:42.707 I/ipdmonitor( 2388): ipd = 659
10-11 16:03:42.708 D/WVR_Foveated( 2179): Foveated rendering is not supported.
10-11 16:03:42.716 E/mm-camera( 836): 2232: aec_process_calc_current_hist_metered_luma: error: out of range, exit
10-11 16:03:42.722 D/WVR_Foveated( 2179): Foveated rendering is not supported.
10-11 16:03:42.730 I/SVRI ( 2179): GetPoseState svr_hmd_1 tm3(3) Quality Pose/Camera/Sensor 1.00 1.00 1.00 ; lost 0 ; TS133232273599
10-11 16:03:42.735 D/WVR_Foveated( 2179): Foveated rendering is not supported.
10-11 16:03:42.749 D/WVR_Foveated( 2179): Foveated rendering is not supported.
10-11 16:03:42.752 E/mm-camera( 836): 2232: aec_process_calc_current_hist_metered_luma: error: out of range, exit
10-11 16:03:42.756 I/POSE ( 2179): GetSyncPose pose_clr_2 CV(s1f0) om0 3DoF 1vw_t0o0 (0.0000) XYZ -0.2431 -0.5235 -0.1525 YPR -91.6506 177.7889 -0.5151 ; Wxyz 0.0102 0.6968 -0.0170 0.7170 ; RAW XYZ 0.0000 0.0000 0.0000 Wxyz 0.0102 0.6968 -0.0170 0.7170 ; LVel 0.000 0.000 0.000 LAc 0.04 -0.01 1.22 AngV 0.137 -0.051 3.562 AngAc 0.00 0.00 0.00 ; TS133261951294 0.00ms GetPoseState
10-11 16:03:42.762 D/WVR_Foveated( 2179): Foveated rendering is not supported.
10-11 16:03:42.775 D/WVR_Foveated( 2179): Foveated rendering is not supported.
10-11 16:03:42.785 E/mm-camera( 836): 2232: aec_process_calc_current_hist_metered_luma: error: out of range, exit
10-11 16:03:42.789 D/WVR_Foveated( 2179): Foveated rendering is not supported.
10-11 16:03:42.797 I/ArmModel( 2179): Dev(0)LHOVHMDPos : (-0.265075,0.164056,-0.016200)
10-11 16:03:42.806 D/WVR_Foveated( 2179): Foveated rendering is not supported.
10-11 16:03:42.818 D/WVR_Foveated( 2179): Foveated rendering is not supported.
10-11 16:03:42.818 E/mm-camera( 836): 2232: aec_process_calc_current_hist_metered_luma: error: out of range, exit
10-11 16:03:42.829 D/WVR_Foveated( 2179): Foveated rendering is not supported.
10-11 16:03:42.846 D/WVR_Foveated( 2179): Foveated rendering is not supported.
10-11 16:03:42.849 E/mm-camera( 836): 2232: aec_process_calc_current_hist_metered_luma: error: out of range, exit
10-11 16:03:42.857 D/WVR_Foveated( 2179): Foveated rendering is not supported.
10-11 16:03:42.869 D/WVR_Foveated( 2179): Foveated rendering is not supported.
10-11 16:03:42.882 D/WVR_Foveated( 2179): Foveated rendering is not supported.
10-11 16:03:42.882 E/mm-camera( 836): 2232: aec_process_calc_current_hist_metered_luma: error: out of range, exit
10-11 16:03:42.895 D/WVR_Foveated( 2179): Foveated rendering is not supported.
10-11 16:03:42.909 D/WVR_Foveated( 2179): Foveated rendering is not supported.
10-11 16:03:42.917 E/mm-camera( 836): 2232: aec_process_calc_current_hist_metered_luma: error: out of range, exit
10-11 16:03:42.922 D/WVR_Foveated( 2179): Foveated rendering is not supported.
10-11 16:03:42.935 D/WVR_Foveated( 2179): Foveated rendering is not supported.
10-11 16:03:42.949 E/mm-camera( 836): 2232: aec_process_calc_current_hist_metered_luma: error: out of range, exit
10-11 16:03:42.949 D/WVR_Foveated( 2179): Foveated rendering is not supported.
10-11 16:03:42.952 D/RRClientDetector( 2179): Supported : false
10-11 16:03:42.955 I/ViveportM( 2179): VRCheck.CheckInternet.101: VRGameFunction-VRCheck-CheckInternet, Have Internet
10-11 16:03:42.955 D/RRClientDetector( 2179): Supported : false
10-11 16:03:42.969 D/WVR_Foveated( 2179): Foveated rendering is not supported.
10-11 16:03:42.983 E/mm-camera( 836): 2232: aec_process_calc_current_hist_metered_luma: error: out of range, exit
10-11 16:03:42.989 D/WVR_Foveated( 2179): Foveated rendering is not supported.
10-11 16:03:43.003 D/WVR_Foveated( 2179): Foveated rendering is not supported.
10-11 16:03:43.016 D/WVR_Foveated( 2179): Foveated rendering is not supported.
10-11 16:03:43.016 E/mm-camera( 836): 2232: aec_process_calc_current_hist_metered_luma: error: out of range, exit
10-11 16:03:43.029 D/WVR_Foveated( 2179): Foveated rendering is not supported.
10-11 16:03:43.048 D/WVR_Foveated( 2179): Foveated rendering is not supported.
10-11 16:03:43.050 E/mm-camera( 836): 2232: aec_process_calc_current_hist_metered_luma: error: out of range, exit
10-11 16:03:43.057 D/WVR_Foveated( 2179): Foveated rendering is not supported.
10-11 16:03:43.067 D/SVR_HMD ( 2388): SvrHmdDevice.java:onSensorChanged(281) SvrHmdDevice, onSensorChanged, sensor.getType() = 1, ACCELER: X = 2.4423523, Y = 9.456787, Z = 1.0082703
10-11 16:03:43.068 D/SVR_HMD ( 2388): SvrHmdDevice.java:onSensorChanged(273) SvrHmdDevice, onSensorChanged, sensor.getType() = 4, GYRO: AxisX = -0.023803711, AxisY = -0.087265015, AxisZ = 0.004699707
10-11 16:03:43.069 D/WVR_Foveated( 2179): Foveated rendering is not supported.
10-11 16:03:43.071 I/svr ( 2179): FPS: 70.86
10-11 16:03:43.082 E/mm-camera( 836): 2232: aec_process_calc_current_hist_metered_luma: error: out of range, exit
10-11 16:03:43.083 D/WVR_Foveated( 2179): Foveated rendering is not supported.
10-11 16:03:43.096 D/WVR_Foveated( 2179): Foveated rendering is not supported.
10-11 16:03:43.109 D/WVR_Foveated( 2179): Foveated rendering is not supported.
10-11 16:03:43.119 E/mm-camera( 836): 2232: aec_process_calc_current_hist_metered_luma: error: out of range, exit
10-11 16:03:43.123 D/WVR_Foveated( 2179): Foveated rendering is not supported.
10-11 16:03:43.131 D/ArmModel( 2179): ArmModel getArmedPose(2) 1, 1
10-11 16:03:43.131 D/ArmModel( 2179): Dev(0)LHOVHMDPos LOCKED : (-0.248709,0.151024,-0.041834)
10-11 16:03:43.131 D/ArmModel( 2179): Dev(2)ctrllerXYRotationRadio : 0.348233 elbowCurveLerpValue = 0.519647
10-11 16:03:43.131 D/ArmModel( 2179): Dev(2)quatCtrllerXYRot : (-0.022586,-0.519639,0.000000,0.854087)
10-11 16:03:43.131 D/ArmModel( 2179): Dev(2)quatCtrllerXYLerpRot : (-0.012189,-0.280436,0.000000,0.959795)
10-11 16:03:43.131 D/ArmModel( 2179): Dev(2)elbowOffset : (-0.074768,-0.528707,0.045186)
10-11 16:03:43.131 D/ArmModel( 2179): Dev(2)wristOffset : (-0.198747,-0.525443,0.129557)
10-11 16:03:43.131 D/ArmModel( 2179): Dev(2)ctrllerOffset : (-0.243129,-0.523514,0.152503)
10-11 16:03:43.131 D/ArmModel( 2179): Dev(2)finalCtrlPos : (-0.243129,-0.523514,-0.152503)
10-11 16:03:43.136 D/WVR_Foveated( 2179): Foveated rendering is not supported.
10-11 16:03:43.149 E/mm-camera( 836): 2232: aec_process_calc_current_hist_metered_luma: error: out of range, exit
10-11 16:03:43.150 D/WVR_Foveated( 2179): Foveated rendering is not supported.
10-11 16:03:43.162 D/WVR_Foveated( 2179): Foveated rendering is not supported.
10-11 16:03:43.176 D/WVR_Foveated( 2179): Foveated rendering is not supported.
10-11 16:03:43.184 E/mm-camera( 836): 2232: aec_process_calc_current_hist_metered_luma: error: out of range, exit
10-11 16:03:43.190 D/WVR_Foveated( 2179): Foveated rendering is not supported.
10-11 16:03:43.197 D/ArmModel( 2179): ArmModel getArmedPose(3) 0, 1
10-11 16:03:43.202 D/WVR_Foveated( 2179): Foveated rendering is not supported.
10-11 16:03:43.217 D/WVR_Foveated( 2179): Foveated rendering is not supported.
10-11 16:03:43.218 E/mm-camera( 836): 2232: aec_process_calc_current_hist_metered_luma: error: out of range, exit
10-11 16:03:43.228 I/[vrbledevice]Finch3DofController[0]( 2129): updatePose: timeStamp(133733797539), Euler:[-111.59338,-0.51509,177.78880] Quat:[0.00713,0.56209,-0.01848,0.82684] Acc:[0.04546,-0.01017,1.21788] Gyro:[0.13715,-0.05113,3.56248]
10-11 16:03:43.230 D/WVR_Foveated( 2179): Foveated rendering is not supported.
10-11 16:03:43.248 D/WVR_Foveated( 2179): Foveated rendering is not supported.
10-11 16:03:43.251 E/mm-camera( 836): 2232: aec_process_calc_current_hist_metered_luma: error: out of range, exit
10-11 16:03:43.252 I/POSE ( 2179): GetSyncPose pose_hmd_1 CV(s1f0) om0 6DoF 1vw_t0o0 (0.0000) XYZ -0.2653 0.1641 0.0171 YPR 32.7767 -7.6890 13.3592 ; Wxyz 0.9529 -0.0311 0.2721 0.1301 ; RAW XYZ 0.2653 -0.1641 -0.0171 Wxyz 0.9529 0.0311 -0.2721 -0.1301 ; LVel -0.001 -0.005 0.006 LAc -0.00 -0.00 -0.00 AngV 0.023 0.011 -0.018 AngAc -0.00 -0.00 -0.00 ; TS133753513808 15.00ms GetPoseState
10-11 16:03:43.257 D/WVR_Foveated( 2179): Foveated rendering is not supported.
10-11 16:03:43.269 D/WVR_Foveated( 2179): Foveated rendering is not supported.
10-11 16:03:43.283 D/WVR_Foveated( 2179): Foveated rendering is not supported.
10-11 16:03:43.283 E/mm-camera( 836): 2232: aec_process_calc_current_hist_metered_luma: error: out of range, exit
10-11 16:03:43.291 I/SVRI ( 2179): GetPoseState svr_hmd_1 tm3(3) Quality Pose/Camera/Sensor 1.00 1.00 1.00 ; lost 0 ; TS133793461360
10-11 16:03:43.296 D/WaveVR_Resource( 2179): getSystemLanguage, ret language = zh
10-11 16:03:43.296 D/WaveVR_Resource( 2179): getSystemCountry, ret country = CN
10-11 16:03:43.296 D/WVR_Foveated( 2179): Foveated rendering is not supported.
10-11 16:03:43.310 D/WVR_Foveated( 2179): Foveated rendering is not supported.
10-11 16:03:43.317 E/mm-camera( 836): 2232: aec_process_calc_current_hist_metered_luma: error: out of range, exit
10-11 16:03:43.318 I/POSE ( 2179): GetSyncPose pose_clr_2 CV(s1f0) om0 3DoF 1vw_t0o0 (0.0000) XYZ -0.2431 -0.5235 -0.1525 YPR -91.6506 177.7889 -0.5151 ; Wxyz 0.0102 0.6968 -0.0170 0.7170 ; RAW XYZ 0.0000 0.0000 0.0000 Wxyz 0.0102 0.6968 -0.0170 0.7170 ; LVel 0.000 0.000 0.000 LAc 0.05 -0.01 1.21 AngV 0.137 -0.051 3.562 AngAc 0.00 0.00 0.00 ; TS133811152963 0.00ms GetPoseState
10-11 16:03:43.323 D/WVR_Foveated( 2179): Foveated rendering is not supported.
10-11 16:03:43.336 D/WVR_Foveated( 2179): Foveated rendering is not supported.
10-11 16:03:43.350 D/WVR_Foveated( 2179): Foveated rendering is not supported.
10-11 16:03:43.352 E/mm-camera( 836): 2232: aec_process_calc_current_hist_metered_luma: error: out of range, exit
10-11 16:03:43.363 D/WVR_Foveated( 2179): Foveated rendering is not supported.
10-11 16:03:43.371 I/ArmModel( 2179): Dev(0)LHOVHMDPos : (-0.265088,0.164039,-0.017064)
10-11 16:03:43.377 D/WVR_Foveated( 2179): Foveated rendering is not supported.
10-11 16:03:43.386 E/mm-camera( 836): 2232: aec_process_calc_current_hist_metered_luma: error: out of range, exit
10-11 16:03:43.391 D/WVR_Foveated( 2179): Foveated rendering is not supported.
10-11 16:03:43.403 D/WVR_Foveated( 2179): Foveated rendering is not supported.
10-11 16:03:43.417 D/WVR_Foveated( 2179): Foveated rendering is not supported.
10-11 16:03:43.419 E/mm-camera( 836): 2232: aec_process_calc_current_hist_metered_luma: error: out of range, exit
10-11 16:03:43.430 D/WVR_Foveated( 2179): Foveated rendering is not supported.
10-11 16:03:43.448 D/WVR_Foveated( 2179): Foveated rendering is not supported.
10-11 16:03:43.450 E/mm-camera( 836): 2232: aec_process_calc_current_hist_metered_luma: error: out of range, exit
10-11 16:03:43.459 D/WVR_Foveated( 2179): Foveated rendering is not supported.
10-11 16:03:43.470 D/WVR_Foveated( 2179): Foveated rendering is not supported.
10-11 16:03:43.483 D/WVR_Foveated( 2179): Foveated rendering is not supported.
10-11 16:03:43.486 E/mm-camera( 836): 2232: aec_process_calc_current_hist_metered_luma: error: out of range, exit
10-11 16:03:43.497 D/WVR_Foveated( 2179): Foveated rendering is not supported.
10-11 16:03:43.511 D/WVR_Foveated( 2179): Foveated rendering is not supported.
10-11 16:03:43.517 E/mm-camera( 836): 2232: aec_process_calc_current_hist_metered_luma: error: out of range, exit
10-11 16:03:43.524 D/WVR_Foveated( 2179): Foveated rendering is not supported.
10-11 16:03:43.537 D/WVR_Foveated( 2179): Foveated rendering is not supported.
10-11 16:03:43.550 D/WVR_Foveated( 2179): Foveated rendering is not supported.
10-11 16:03:43.551 E/mm-camera( 836): 2232: aec_process_calc_current_hist_metered_luma: error: out of range, exit
10-11 16:03:43.563 D/WVR_Foveated( 2179): Foveated rendering is not supported.
10-11 16:03:43.565 D/SVR_HMD ( 2388): SvrHmdDevice.java:onSensorChanged(281) SvrHmdDevice, onSensorChanged, sensor.getType() = 1, ACCELER: X = 2.3929596, Y = 9.39267, Z = 0.9462738
10-11 16:03:43.565 D/SVR_HMD ( 2388): SvrHmdDevice.java:onSensorChanged(273) SvrHmdDevice, onSensorChanged, sensor.getType() = 4, GYRO: AxisX = 0.0028381348, AxisY = -0.007369995, AxisZ = 0.00630188
10-11 16:03:43.577 D/WVR_Foveated( 2179): Foveated rendering is not supported.
10-11 16:03:43.585 E/mm-camera( 836): 2232: aec_process_calc_current_hist_metered_luma: error: out of range, exit
10-11 16:03:43.590 D/WVR_Foveated( 2179): Foveated rendering is not supported.
10-11 16:03:43.603 D/WVR_Foveated( 2179): Foveated rendering is not supported.
10-11 16:03:43.616 E/mm-camera( 836): 2232: aec_process_calc_current_hist_metered_luma: error: out of range, exit
10-11 16:03:43.617 D/WVR_Foveated( 2179): Foveated rendering is not supported.
10-11 16:03:43.631 D/WVR_Foveated( 2179): Foveated rendering is not supported.
10-11 16:03:43.649 D/WVR_Foveated( 2179): Foveated rendering is not supported.
10-11 16:03:43.653 E/mm-camera( 836): 2232: aec_process_calc_current_hist_metered_luma: error: out of range, exit
10-11 16:03:43.660 D/WVR_Foveated( 2179): Foveated rendering is not supported.
10-11 16:03:43.671 D/WVR_Foveated( 2179): Foveated rendering is not supported.
10-11 16:03:43.683 E/mm-camera( 836): 2232: aec_process_calc_current_hist_metered_luma: error: out of range, exit
10-11 16:03:43.684 D/WVR_Foveated( 2179): Foveated rendering is not supported.
10-11 16:03:43.686 D/WVR_Foveated( 2179): LateUpdate: !isEnabled || !useValuesInInspector || Instance != this
10-11 16:03:43.692 D/WVR_Render( 2179): RenderLoop() is still running
10-11 16:03:43.692 D/WVR_WaveVR( 2179): UpdateEachFrame()
10-11 16:03:43.692 D/ArmModel( 2179): ArmModel getArmedPose(2) 1, 1
10-11 16:03:43.692 D/ArmModel( 2179): Dev(0)LHOVHMDPos LOCKED : (-0.248709,0.151024,-0.041834)
10-11 16:03:43.692 D/ArmModel( 2179): Dev(2)ctrllerXYRotationRadio : 0.348233 elbowCurveLerpValue = 0.519647
10-11 16:03:43.692 D/ArmModel( 2179): Dev(2)quatCtrllerXYRot : (-0.022586,-0.519639,0.000000,0.854087)
10-11 16:03:43.692 D/ArmModel( 2179): Dev(2)quatCtrllerXYLerpRot : (-0.012189,-0.280436,0.000000,0.959795)
10-11 16:03:43.692 D/ArmModel( 2179): Dev(2)elbowOffset : (-0.074768,-0.528707,0.045186)
10-11 16:03:43.692 D/ArmModel( 2179): Dev(2)wristOffset : (-0.198747,-0.525443,0.129557)
10-11 16:03:43.692 D/ArmModel( 2179): Dev(2)ctrllerOffset : (-0.243129,-0.523514,0.152503)
10-11 16:03:43.692 D/ArmModel( 2179): Dev(2)finalCtrlPos : (-0.243129,-0.523514,-0.152503)
10-11 16:03:43.692 D/WVR_WaveVR( 2179): UpdateEachFrame() device HMD is connected, pose is valid, pos: {-0.2659622, 0.1640297, -0.01739445}, rot: {0.03036021, -0.2720625, 0.1300937, 0.9529617}
10-11 16:03:43.692 D/WVR_WaveVR( 2179): UpdateEachFrame() device controller right is connected, pose is valid, pos: {-0.2431288, -0.5235139, 0.1525031}, rot: {-0.6967742, 0.01697043, 0.7170169, 0.01022243}
10-11 16:03:43.692 D/WVR_WaveVR( 2179): UpdateEachFrame() device controller left is disconnected, pose is invalid, pos: {0, 0, 0}, rot: {0, 0, 0, 0}
10-11 16:03:43.692 D/WVR_WaveVR( 2179): UpdateEachFrame() after new pose.
10-11 16:03:43.692 D/WVR_TexMngr( 2179): Get texture from queue
10-11 16:03:43.692 D/WVR_TexMngr( 2179): Get texture from queue
10-11 16:03:43.692 D/WVR_Render( 2179): Render_WVR_Eye_Left
10-11 16:03:43.694 D/WVR_Render( 2179): Render_WVR_Eye_Right
10-11 16:03:43.696 D/WVR_Render( 2179): End of frame
10-11 16:03:43.697 D/WaveVR_InputModuleManager( 2179): updateInteractionModeAndGazeTriggerType() OverrideSystemSettings is true.
10-11 16:03:43.697 D/WaveVR_InputModuleManager( 2179): updateInteractionModeAndGazeTriggerType() InteractionMode_System is controller.
10-11 16:03:43.697 D/WaveVR_InputModuleManager( 2179): updateInteractionModeAndGazeTriggerType() InteractionMode_User is controller.
10-11 16:03:43.697 D/WaveVR_InputModuleManager( 2179): updateInteractionModeAndGazeTriggerType() gazeTriggerType_System is timeout.
10-11 16:03:43.697 D/WaveVR_InputModuleManager( 2179): updateInteractionModeAndGazeTriggerType() gazeTriggerType_User is button.
10-11 16:03:43.698 D/WaveVR_ControllerInstanceManager( 2179): Controller instance: 1, Focus controller: WVR_DeviceType_Controller_Right, enable single beam: True
10-11 16:03:43.698 D/WaveVR_PoseTrackerManager( 2179): Update() Dominant, showTrackedObject is true.
10-11 16:03:43.698 D/WaveVR_PoseTrackerManager( 2179): Update() Dominant, Update() GameObject MIA_Ctrl is active.
10-11 16:03:43.698 D/WaveVR_PoseTrackerManager( 2179): Update() Dominant, Update() GameObject BeamR is active.
10-11 16:03:43.698 D/WaveVR_PoseTrackerManager( 2179): Update() Dominant, Update() GameObject ControllerPointerR is active.
10-11 16:03:43.698 D/WaveVR_Beam( 2179): Dominant Update() BeamR is shown, start offset: 0.015, end offset: 9.5, start width: 0.000625, end width: 0.00125, start color: RGBA(255, 255, 255, 255), end color: RGBA(255, 255, 255, 77)
10-11 16:03:43.698 D/WaveVR_ControllerPointer( 2179): Dominant ControllerPointerR is hidden, pointer color: RGBA(1.000, 1.000, 1.000, 1.000), use texture: True, pointer outer diameter: 0.258224, pointer distance: 13.4112, render queue: 5000
10-11 16:03:43.698 D/WVR_Foveated( 2179): Waiting for graphic ready to enable foveated rendering.
10-11 16:03:43.698 D/WVR_Foveated( 2179): Foveated rendering is not supported.
10-11 16:03:43.708 I/ipdmonitor( 2388): ipd = 659
10-11 16:03:43.710 D/WVR_Foveated( 2179): Foveated rendering is not supported.
10-11 16:03:43.719 E/mm-camera( 836): 2232: aec_process_calc_current_hist_metered_luma: error: out of range, exit
10-11 16:03:43.725 D/WVR_Foveated( 2179): Foveated rendering is not supported.
10-11 16:03:43.737 D/WVR_Foveated( 2179): Foveated rendering is not supported.
10-11 16:03:43.750 E/mm-camera( 836): 2232: aec_process_calc_current_hist_metered_luma: error: out of range, exit
10-11 16:03:43.751 D/WVR_Foveated( 2179): Foveated rendering is not supported.
10-11 16:03:43.759 D/ArmModel( 2179): ArmModel getArmedPose(3) 0, 1
10-11 16:03:43.764 D/WVR_Foveated( 2179): Foveated rendering is not supported.
10-11 16:03:43.777 D/WVR_Foveated( 2179): Foveated rendering is not supported.
10-11 16:03:43.786 E/mm-camera( 836): 2232: aec_process_calc_current_hist_metered_luma: error: out of range, exit
10-11 16:03:43.791 D/WVR_Foveated( 2179): Foveated rendering is not supported.
10-11 16:03:43.799 I/POSE ( 2179): GetSyncPose pose_hmd_1 CV(s1f0) om0 6DoF 1vw_t0o0 (0.0000) XYZ -0.2660 0.1643 0.0175 YPR 32.6651 -7.5811 13.3604 ; Wxyz 0.9532 -0.0304 0.2713 0.1299 ; RAW XYZ 0.2660 -0.1643 -0.0175 Wxyz 0.9532 0.0304 -0.2713 -0.1299 ; LVel 0.001 -0.002 0.007 LAc -0.00 -0.00 -0.00 AngV 0.016 -0.055 -0.032 AngAc -0.00 -0.00 -0.00 ; TS134301762141 15.78ms GetPoseState
10-11 16:03:43.801 D/WifiStateMachine( 1447): handleMessage: E msg.what=131155
10-11 16:03:43.801 D/WifiStateMachine( 1447): processMsg: ConnectedState
10-11 16:03:43.801 D/WifiStateMachine( 1447): processMsg: L2ConnectedState
10-11 16:03:43.804 D/WVR_Foveated( 2179): Foveated rendering is not supported.
10-11 16:03:43.817 D/WifiStateMachine( 1447): CMD_RSSI_POLL: TxBytes = 640, RxBytes = 891
10-11 16:03:43.818 D/WifiStateMachine( 1447): handleMessage: X
10-11 16:03:43.818 D/WVR_Foveated( 2179): Foveated rendering is not supported.
10-11 16:03:43.818 E/mm-camera( 836): 2232: aec_process_calc_current_hist_metered_luma: error: out of range, exit
10-11 16:03:43.831 D/WVR_Foveated( 2179): Foveated rendering is not supported.
10-11 16:03:43.839 I/SVRI ( 2179): GetPoseState svr_hmd_1 tm3(3) Quality Pose/Camera/Sensor 1.00 1.00 1.00 ; lost 0 ; TS134340733079
10-11 16:03:43.849 D/WVR_Foveated( 2179): Foveated rendering is not supported.
10-11 16:03:43.850 E/mm-camera( 836): 2232: aec_process_calc_current_hist_metered_luma: error: out of range, exit
10-11 16:03:43.858 D/WVR_Foveated( 2179): Foveated rendering is not supported.
10-11 16:03:43.866 I/POSE ( 2179): GetSyncPose pose_clr_2 CV(s1f0) om0 3DoF 1vw_t0o0 (0.0000) XYZ -0.2431 -0.5235 -0.1525 YPR -91.6506 177.7889 -0.5151 ; Wxyz 0.0102 0.6968 -0.0170 0.7170 ; RAW XYZ 0.0000 0.0000 0.0000 Wxyz 0.0102 0.6968 -0.0170 0.7170 ; LVel 0.000 0.000 0.000 LAc 0.04 -0.01 1.22 AngV 0.137 -0.051 3.562 AngAc 0.00 0.00 0.00 ; TS134371967602 0.00ms GetPoseState
10-11 16:03:43.871 D/WVR_Foveated( 2179): Foveated rendering is not supported.
10-11 16:03:43.883 E/mm-camera( 836): 2232: aec_process_calc_current_hist_metered_luma: error: out of range, exit
10-11 16:03:43.885 D/WVR_Foveated( 2179): Foveated rendering is not supported.
10-11 16:03:43.898 D/WVR_Foveated( 2179): Foveated rendering is not supported.
