10-11 16:01:57.514 E/spcomlib( 764): skp dev-node doesn't exist.
10-11 16:01:57.525 E/spcomlib( 764): skp dev-node doesn't exist.
10-11 16:01:57.535 E/spcomlib( 764): skp dev-node doesn't exist.
10-11 16:01:57.545 E/spcomlib( 764): skp dev-node doesn't exist.
10-11 16:01:57.555 E/spcomlib( 764): skp dev-node doesn't exist.
10-11 16:01:57.566 E/spcomlib( 764): skp dev-node doesn't exist.
10-11 16:01:57.576 E/spcomlib( 764): skp dev-node doesn't exist.
10-11 16:01:57.586 E/spcomlib( 764): skp dev-node doesn't exist.
10-11 16:01:57.596 E/spcomlib( 764): skp dev-node doesn't exist.
10-11 16:01:57.606 E/spcomlib( 764): skp dev-node doesn't exist.
10-11 16:01:57.617 E/spcomlib( 764): skp dev-node doesn't exist.
10-11 16:01:57.627 E/spcomlib( 764): skp dev-node doesn't exist.
10-11 16:01:57.637 E/spcomlib( 764): skp dev-node doesn't exist.
10-11 16:01:57.647 E/spcomlib( 764): skp dev-node doesn't exist.
10-11 16:01:57.657 E/spcomlib( 764): skp dev-node doesn't exist.
10-11 16:01:57.667 E/spcomlib( 764): skp dev-node doesn't exist.
10-11 16:01:57.678 E/spcomlib( 764): skp dev-node doesn't exist.
10-11 16:01:57.688 E/spcomlib( 764): skp dev-node doesn't exist.
10-11 16:01:57.699 E/spcomlib( 764): skp dev-node doesn't exist.
10-11 16:01:57.709 E/spcomlib( 764): skp dev-node doesn't exist.
10-11 16:01:57.719 E/spcomlib( 764): skp dev-node doesn't exist.
10-11 16:01:57.729 E/spcomlib( 764): skp dev-node doesn't exist.
10-11 16:01:57.740 E/spcomlib( 764): skp dev-node doesn't exist.
10-11 16:01:57.750 E/spcomlib( 764): skp dev-node doesn't exist.
10-11 16:01:57.761 E/spcomlib( 764): skp dev-node doesn't exist.
10-11 16:01:57.771 E/spcomlib( 764): skp dev-node doesn't exist.
10-11 16:01:57.781 E/spcomlib( 764): skp dev-node doesn't exist.
10-11 16:01:57.792 E/spcomlib( 764): skp dev-node doesn't exist.
10-11 16:01:57.802 E/spcomlib( 764): skp dev-node doesn't exist.
10-11 16:01:57.812 E/spcomlib( 764): skp dev-node doesn't exist.
10-11 16:01:57.823 E/spcomlib( 764): skp dev-node doesn't exist.
10-11 16:01:57.833 E/spcomlib( 764): skp dev-node doesn't exist.
10-11 16:01:57.843 E/spcomlib( 764): skp dev-node doesn't exist.
10-11 16:01:57.850 I/BluetoothManagerService( 1447): Registering Callback = android.bluetooth.IBluetoothManagerCallback$Stub$Proxy@9c4f081
10-11 16:01:57.853 E/spcomlib( 764): skp dev-node doesn't exist.
10-11 16:01:57.863 E/spcomlib( 764): skp dev-node doesn't exist.
10-11 16:01:57.874 E/spcomlib( 764): skp dev-node doesn't exist.
10-11 16:01:57.884 E/spcomlib( 764): skp dev-node doesn't exist.
10-11 16:01:57.894 E/spcomlib( 764): skp dev-node doesn't exist.
10-11 16:01:57.904 E/spcomlib( 764): skp dev-node doesn't exist.
10-11 16:01:57.914 E/spcomlib( 764): skp dev-node doesn't exist.
10-11 16:01:57.925 E/spcomlib( 764): skp dev-node doesn't exist.
10-11 16:01:57.935 E/spcomlib( 764): skp dev-node doesn't exist.
10-11 16:01:57.945 E/spcomlib( 764): skp dev-node doesn't exist.
10-11 16:01:57.955 E/spcomlib( 764): skp dev-node doesn't exist.
10-11 16:01:57.965 E/spcomlib( 764): skp dev-node doesn't exist.
10-11 16:01:57.976 E/spcomlib( 764): skp dev-node doesn't exist.
10-11 16:01:57.986 E/spcomlib( 764): skp dev-node doesn't exist.
10-11 16:01:57.996 E/spcomlib( 764): skp dev-node doesn't exist.
10-11 16:01:58.006 E/spcomlib( 764): skp dev-node doesn't exist.
10-11 16:01:58.016 E/spcomlib( 764): skp dev-node doesn't exist.
10-11 16:01:58.027 E/spcomlib( 764): skp dev-node doesn't exist.
10-11 16:01:58.037 E/spcomlib( 764): skp dev-node doesn't exist.
10-11 16:01:58.047 E/spcomlib( 764): skp dev-node doesn't exist.
10-11 16:01:58.057 E/spcomlib( 764): skp dev-node doesn't exist.
10-11 16:01:58.068 E/spcomlib( 764): skp dev-node doesn't exist.
10-11 16:01:58.078 E/spcomlib( 764): skp dev-node doesn't exist.
10-11 16:01:58.088 E/spcomlib( 764): skp dev-node doesn't exist.
10-11 16:01:58.098 E/spcomlib( 764): skp dev-node doesn't exist.
10-11 16:01:58.109 E/spcomlib( 764): skp dev-node doesn't exist.
10-11 16:01:58.119 E/spcomlib( 764): skp dev-node doesn't exist.
10-11 16:01:58.129 E/spcomlib( 764): skp dev-node doesn't exist.
10-11 16:01:58.139 E/spcomlib( 764): skp dev-node doesn't exist.
10-11 16:01:58.149 E/spcomlib( 764): skp dev-node doesn't exist.
10-11 16:01:58.160 E/spcomlib( 764): skp dev-node doesn't exist.
10-11 16:01:58.170 E/spcomlib( 764): skp dev-node doesn't exist.
10-11 16:01:58.180 E/spcomlib( 764): skp dev-node doesn't exist.
10-11 16:01:58.190 E/spcomlib( 764): skp dev-node doesn't exist.
10-11 16:01:58.201 E/spcomlib( 764): skp dev-node doesn't exist.
10-11 16:01:58.211 E/spcomlib( 764): skp dev-node doesn't exist.
10-11 16:01:58.222 E/spcomlib( 764): skp dev-node doesn't exist.
10-11 16:01:58.232 E/spcomlib( 764): skp dev-node doesn't exist.
10-11 16:01:58.242 E/spcomlib( 764): skp dev-node doesn't exist.
10-11 16:01:58.252 E/spcomlib( 764): skp dev-node doesn't exist.
10-11 16:01:58.262 E/spcomlib( 764): skp dev-node doesn't exist.
10-11 16:01:58.273 E/spcomlib( 764): skp dev-node doesn't exist.
10-11 16:01:58.283 E/spcomlib( 764): skp dev-node doesn't exist.
10-11 16:01:58.293 E/spcomlib( 764): skp dev-node doesn't exist.
10-11 16:01:58.303 E/spcomlib( 764): skp dev-node doesn't exist.
10-11 16:01:58.314 E/spcomlib( 764): skp dev-node doesn't exist.
10-11 16:01:58.324 E/spcomlib( 764): skp dev-node doesn't exist.
10-11 16:01:58.334 E/spcomlib( 764): skp dev-node doesn't exist.
10-11 16:01:58.344 E/spcomlib( 764): skp dev-node doesn't exist.
10-11 16:01:58.355 E/spcomlib( 764): skp dev-node doesn't exist.
10-11 16:01:58.365 E/spcomlib( 764): skp dev-node doesn't exist.
10-11 16:01:58.375 E/spcomlib( 764): skp dev-node doesn't exist.
10-11 16:01:58.385 E/spcomlib( 764): skp dev-node doesn't exist.
10-11 16:01:58.396 E/spcomlib( 764): skp dev-node doesn't exist.
10-11 16:01:58.406 E/spcomlib( 764): skp dev-node doesn't exist.
10-11 16:01:58.416 E/spcomlib( 764): skp dev-node doesn't exist.
10-11 16:01:58.426 E/spcomlib( 764): skp dev-node doesn't exist.
10-11 16:01:58.437 E/spcomlib( 764): skp dev-node doesn't exist.
10-11 16:01:58.447 E/spcomlib( 764): skp dev-node doesn't exist.
10-11 16:01:58.457 E/spcomlib( 764): skp dev-node doesn't exist.
10-11 16:01:58.467 E/spcomlib( 764): skp dev-node doesn't exist.
10-11 16:01:58.478 E/spcomlib( 764): skp dev-node doesn't exist.
10-11 16:01:58.488 E/spcomlib( 764): skp dev-node doesn't exist.
10-11 16:01:58.498 E/spcomlib( 764): skp dev-node doesn't exist.
10-11 16:01:58.509 E/spcomlib( 764): skp dev-node doesn't exist.
10-11 16:01:58.519 E/spcomlib( 764): skp dev-node doesn't exist.
10-11 16:01:58.529 E/spcomlib( 764): skp dev-node doesn't exist.
10-11 16:01:58.539 E/spcomlib( 764): skp dev-node doesn't exist.
10-11 16:01:58.549 E/spcomlib( 764): skp dev-node doesn't exist.
10-11 16:01:58.560 E/spcomlib( 764): skp dev-node doesn't exist.
10-11 16:01:58.570 E/spcomlib( 764): skp dev-node doesn't exist.
10-11 16:01:58.580 E/spcomlib( 764): skp dev-node doesn't exist.
10-11 16:01:58.590 E/spcomlib( 764): skp dev-node doesn't exist.
10-11 16:01:58.600 E/spcomlib( 764): skp dev-node doesn't exist.
10-11 16:01:58.610 E/spcomlib( 764): skp dev-node doesn't exist.
10-11 16:01:58.621 E/spcomlib( 764): skp dev-node doesn't exist.
10-11 16:01:58.632 E/spcomlib( 764): skp dev-node doesn't exist.
10-11 16:01:58.642 E/spcomlib( 764): skp dev-node doesn't exist.
10-11 16:01:58.652 E/spcomlib( 764): skp dev-node doesn't exist.
10-11 16:01:58.662 E/spcomlib( 764): skp dev-node doesn't exist.
10-11 16:01:58.673 E/spcomlib( 764): skp dev-node doesn't exist.
10-11 16:01:58.683 E/spcomlib( 764): skp dev-node doesn't exist.
10-11 16:01:58.693 E/spcomlib( 764): skp dev-node doesn't exist.
10-11 16:01:58.703 E/spcomlib( 764): skp dev-node doesn't exist.
10-11 16:01:58.713 E/spcomlib( 764): skp dev-node doesn't exist.
10-11 16:01:58.724 E/spcomlib( 764): skp dev-node doesn't exist.
10-11 16:01:58.734 E/spcomlib( 764): skp dev-node doesn't exist.
10-11 16:01:58.744 E/spcomlib( 764): skp dev-node doesn't exist.
10-11 16:01:58.755 E/spcomlib( 764): skp dev-node doesn't exist.
10-11 16:01:58.765 E/spcomlib( 764): skp dev-node doesn't exist.
10-11 16:01:58.775 E/spcomlib( 764): skp dev-node doesn't exist.
10-11 16:01:58.786 E/spcomlib( 764): skp dev-node doesn't exist.
10-11 16:01:58.796 E/spcomlib( 764): skp dev-node doesn't exist.
10-11 16:01:58.806 E/spcomlib( 764): skp dev-node doesn't exist.
10-11 16:01:58.816 E/spcomlib( 764): skp dev-node doesn't exist.
10-11 16:01:58.826 E/spcomlib( 764): skp dev-node doesn't exist.
10-11 16:01:58.837 E/spcomlib( 764): skp dev-node doesn't exist.
10-11 16:01:58.847 E/spcomlib( 764): skp dev-node doesn't exist.
10-11 16:01:58.857 E/spcomlib( 764): skp dev-node doesn't exist.
10-11 16:01:58.867 E/spcomlib( 764): skp dev-node doesn't exist.
10-11 16:01:58.878 E/spcomlib( 764): skp dev-node doesn't exist.
10-11 16:01:58.888 E/spcomlib( 764): skp dev-node doesn't exist.
10-11 16:01:58.898 E/spcomlib( 764): skp dev-node doesn't exist.
10-11 16:01:58.908 E/spcomlib( 764): skp dev-node doesn't exist.
10-11 16:01:58.918 E/spcomlib( 764): skp dev-node doesn't exist.
10-11 16:01:58.929 E/spcomlib( 764): skp dev-node doesn't exist.
10-11 16:01:58.939 E/spcomlib( 764): skp dev-node doesn't exist.
10-11 16:01:58.949 E/spcomlib( 764): skp dev-node doesn't exist.
10-11 16:01:58.959 E/spcomlib( 764): skp dev-node doesn't exist.
10-11 16:01:58.970 E/spcomlib( 764): skp dev-node doesn't exist.
10-11 16:01:58.980 E/spcomlib( 764): skp dev-node doesn't exist.
10-11 16:01:58.990 E/spcomlib( 764): skp dev-node doesn't exist.
10-11 16:01:59.001 E/spcomlib( 764): skp dev-node doesn't exist.
10-11 16:01:59.011 E/spcomlib( 764): skp dev-node doesn't exist.
10-11 16:01:59.021 E/spcomlib( 764): skp dev-node doesn't exist.
10-11 16:01:59.031 E/spcomlib( 764): skp dev-node doesn't exist.
10-11 16:01:59.042 E/spcomlib( 764): skp dev-node doesn't exist.
10-11 16:01:59.052 E/spcomlib( 764): skp dev-node doesn't exist.
10-11 16:01:59.062 E/spcomlib( 764): skp dev-node doesn't exist.
10-11 16:01:59.072 E/spcomlib( 764): skp dev-node doesn't exist.
10-11 16:01:59.083 E/spcomlib( 764): skp dev-node doesn't exist.
10-11 16:01:59.093 E/spcomlib( 764): skp dev-node doesn't exist.
10-11 16:01:59.103 E/spcomlib( 764): skp dev-node doesn't exist.
10-11 16:01:59.113 E/spcomlib( 764): skp dev-node doesn't exist.
10-11 16:01:59.124 E/spcomlib( 764): skp dev-node doesn't exist.
10-11 16:01:59.134 E/spcomlib( 764): skp dev-node doesn't exist.
10-11 16:01:59.144 E/spcomlib( 764): skp dev-node doesn't exist.
10-11 16:01:59.154 E/spcomlib( 764): skp dev-node doesn't exist.
10-11 16:01:59.164 E/spcomlib( 764): skp dev-node doesn't exist.
10-11 16:01:59.174 E/spcomlib( 764): skp dev-node doesn't exist.
10-11 16:01:59.184 E/spcomlib( 764): skp dev-node doesn't exist.
10-11 16:01:59.195 E/spcomlib( 764): skp dev-node doesn't exist.
10-11 16:01:59.205 E/spcomlib( 764): skp dev-node doesn't exist.
10-11 16:01:59.215 E/spcomlib( 764): skp dev-node doesn't exist.
10-11 16:01:59.225 E/spcomlib( 764): skp dev-node doesn't exist.
10-11 16:01:59.235 E/spcomlib( 764): skp dev-node doesn't exist.
10-11 16:01:59.246 E/spcomlib( 764): skp dev-node doesn't exist.
10-11 16:01:59.256 E/spcomlib( 764): skp dev-node doesn't exist.
10-11 16:01:59.266 E/spcomlib( 764): skp dev-node doesn't exist.
10-11 16:01:59.276 E/spcomlib( 764): skp dev-node doesn't exist.
10-11 16:01:59.287 E/spcomlib( 764): skp dev-node doesn't exist.
10-11 16:01:59.297 E/spcomlib( 764): skp dev-node doesn't exist.
10-11 16:01:59.307 E/spcomlib( 764): skp dev-node doesn't exist.
10-11 16:01:59.317 E/spcomlib( 764): skp dev-node doesn't exist.
10-11 16:01:59.327 E/spcomlib( 764): skp dev-node doesn't exist.
10-11 16:01:59.338 E/spcomlib( 764): skp dev-node doesn't exist.
10-11 16:01:59.348 E/spcomlib( 764): skp dev-node doesn't exist.
10-11 16:01:59.358 E/spcomlib( 764): skp dev-node doesn't exist.
10-11 16:01:59.368 E/spcomlib( 764): skp dev-node doesn't exist.
10-11 16:01:59.379 E/spcomlib( 764): skp dev-node doesn't exist.
10-11 16:01:59.389 E/spcomlib( 764): skp dev-node doesn't exist.
10-11 16:01:59.399 E/spcomlib( 764): skp dev-node doesn't exist.
10-11 16:01:59.409 E/spcomlib( 764): skp dev-node doesn't exist.
10-11 16:01:59.420 E/spcomlib( 764): skp dev-node doesn't exist.
10-11 16:01:59.430 E/spcomlib( 764): skp dev-node doesn't exist.
10-11 16:01:59.440 E/spcomlib( 764): skp dev-node doesn't exist.
10-11 16:01:59.450 E/spcomlib( 764): skp dev-node doesn't exist.
10-11 16:01:59.460 E/spcomlib( 764): skp dev-node doesn't exist.
10-11 16:01:59.471 E/spcomlib( 764): skp dev-node doesn't exist.
10-11 16:01:59.481 E/spcomlib( 764): skp dev-node doesn't exist.
10-11 16:01:59.491 E/spcomlib( 764): skp dev-node doesn't exist.
10-11 16:01:59.501 E/spcomlib( 764): skp dev-node doesn't exist.
10-11 16:01:59.511 E/spcomlib( 764): skp dev-node doesn't exist.
10-11 16:01:59.522 E/spcomlib( 764): skp dev-node doesn't exist.
10-11 16:01:59.532 E/spcomlib( 764): skp dev-node doesn't exist.
10-11 16:01:59.542 E/spcomlib( 764): skp dev-node doesn't exist.
10-11 16:01:59.552 E/spcomlib( 764): skp dev-node doesn't exist.
10-11 16:01:59.562 E/spcomlib( 764): skp dev-node doesn't exist.
10-11 16:01:59.572 E/spcomlib( 764): skp dev-node doesn't exist.
10-11 16:01:59.581 W/ActivityManager( 1447): Unable to start service Intent { act=com.htc.miac.phonenotification.bind_from_quick_menu pkg=com.htc.miac.phonenotification } U=0: not found
10-11 16:01:59.583 E/spcomlib( 764): skp dev-node doesn't exist.
10-11 16:01:59.593 E/spcomlib( 764): skp dev-node doesn't exist.
10-11 16:01:59.603 E/spcomlib( 764): skp dev-node doesn't exist.
10-11 16:01:59.613 E/spcomlib( 764): skp dev-node doesn't exist.
10-11 16:01:59.624 E/spcomlib( 764): skp dev-node doesn't exist.
10-11 16:01:59.634 E/spcomlib( 764): skp dev-node doesn't exist.
10-11 16:01:59.635 D/StatusBarManagerService( 1447): setSystemUiVisibility(0x160e)
10-11 16:01:59.635 D/StatusBarManagerService( 1447): hiding MENU key
10-11 16:01:59.639 D/StatusBarManagerService( 1447): setSystemUiVisibility(0x160e)
10-11 16:01:59.639 D/StatusBarManagerService( 1447): hiding MENU key
10-11 16:01:59.644 E/spcomlib( 764): skp dev-node doesn't exist.
10-11 16:01:59.654 E/spcomlib( 764): skp dev-node doesn't exist.
10-11 16:01:59.665 E/spcomlib( 764): skp dev-node doesn't exist.
10-11 16:01:59.675 E/spcomlib( 764): skp dev-node doesn't exist.
10-11 16:01:59.681 D/StatusBarManagerService( 1447): setSystemUiVisibility(0x160e)
10-11 16:01:59.681 D/StatusBarManagerService( 1447): hiding MENU key
10-11 16:01:59.685 I/ActivityManager( 1447): Waited long enough for: ServiceRecord{a0cecca u0 org.simalliance.openmobileapi.service/.SmartcardService}
10-11 16:01:59.685 E/spcomlib( 764): skp dev-node doesn't exist.
10-11 16:01:59.693 D/StatusBarManagerService( 1447): setSystemUiVisibility(0x160e)
10-11 16:01:59.693 D/StatusBarManagerService( 1447): hiding MENU key
10-11 16:01:59.695 E/spcomlib( 764): skp dev-node doesn't exist.
10-11 16:01:59.705 E/spcomlib( 764): skp dev-node doesn't exist.
10-11 16:01:59.716 E/spcomlib( 764): skp dev-node doesn't exist.
10-11 16:01:59.726 E/spcomlib( 764): skp dev-node doesn't exist.
10-11 16:01:59.736 E/spcomlib( 764): skp dev-node doesn't exist.
10-11 16:01:59.746 E/spcomlib( 764): skp dev-node doesn't exist.
10-11 16:01:59.756 E/spcomlib( 764): skp dev-node doesn't exist.
10-11 16:01:59.767 E/spcomlib( 764): skp dev-node doesn't exist.
10-11 16:01:59.777 E/spcomlib( 764): skp dev-node doesn't exist.
10-11 16:01:59.787 E/spcomlib( 764): skp dev-node doesn't exist.
10-11 16:01:59.797 E/spcomlib( 764): skp dev-node doesn't exist.
10-11 16:01:59.807 E/spcomlib( 764): skp dev-node doesn't exist.
10-11 16:01:59.818 E/spcomlib( 764): skp dev-node doesn't exist.
10-11 16:01:59.828 E/spcomlib( 764): skp dev-node doesn't exist.
10-11 16:01:59.838 E/spcomlib( 764): skp dev-node doesn't exist.
10-11 16:01:59.848 E/spcomlib( 764): skp dev-node doesn't exist.
10-11 16:01:59.859 E/spcomlib( 764): skp dev-node doesn't exist.
10-11 16:01:59.869 E/spcomlib( 764): skp dev-node doesn't exist.
10-11 16:01:59.879 E/spcomlib( 764): skp dev-node doesn't exist.
10-11 16:01:59.889 E/spcomlib( 764): skp dev-node doesn't exist.
10-11 16:01:59.900 E/spcomlib( 764): skp dev-node doesn't exist.
10-11 16:01:59.910 E/spcomlib( 764): skp dev-node doesn't exist.
10-11 16:01:59.920 E/spcomlib( 764): skp dev-node doesn't exist.
10-11 16:01:59.930 E/spcomlib( 764): skp dev-node doesn't exist.
10-11 16:01:59.940 E/spcomlib( 764): skp dev-node doesn't exist.
10-11 16:01:59.950 E/spcomlib( 764): skp dev-node doesn't exist.
10-11 16:01:59.961 E/spcomlib( 764): skp dev-node doesn't exist.
10-11 16:01:59.971 E/spcomlib( 764): skp dev-node doesn't exist.
10-11 16:01:59.981 E/spcomlib( 764): skp dev-node doesn't exist.
10-11 16:01:59.987 I/ActivityManager( 1447): Waited long enough for: ServiceRecord{e6e5183 u0 com.htc.updater/.service.UpdaterUiIntentService}
10-11 16:01:59.992 E/spcomlib( 764): skp dev-node doesn't exist.
10-11 16:02:00.001 D/AlarmManager( 1447): sending alarm PendingIntent{4976d7b: PendingIntentRecord{ff74798 android broadcastIntent}}, i=android.intent.action.TIME_TICK, t=3, cnt=1, w=30507, Int=0, ws=null
10-11 16:02:00.001 D/PMS ( 1447): acquireWL(ba9fbf1): PARTIAL_WAKE_LOCK *alarm* 0x40000001 1447 1000 WorkSource{1000}
10-11 16:02:00.002 E/spcomlib( 764): skp dev-node doesn't exist.
10-11 16:02:00.013 E/spcomlib( 764): skp dev-node doesn't exist.
10-11 16:02:00.023 E/spcomlib( 764): skp dev-node doesn't exist.
10-11 16:02:00.028 D/PMS ( 1447): releaseWL(ba9fbf1): PARTIAL_WAKE_LOCK *alarm* 0x40000001 WorkSource{1000} 0x0
10-11 16:02:00.033 E/spcomlib( 764): skp dev-node doesn't exist.
10-11 16:02:00.043 E/spcomlib( 764): skp dev-node doesn't exist.
10-11 16:02:00.053 E/spcomlib( 764): skp dev-node doesn't exist.
10-11 16:02:00.064 E/spcomlib( 764): skp dev-node doesn't exist.
10-11 16:02:00.074 E/spcomlib( 764): skp dev-node doesn't exist.
10-11 16:02:00.084 E/spcomlib( 764): skp dev-node doesn't exist.
10-11 16:02:00.094 E/spcomlib( 764): skp dev-node doesn't exist.
10-11 16:02:00.105 E/spcomlib( 764): skp dev-node doesn't exist.
10-11 16:02:00.115 E/spcomlib( 764): skp dev-node doesn't exist.
10-11 16:02:00.127 E/spcomlib( 764): skp dev-node doesn't exist.
10-11 16:02:00.137 E/spcomlib( 764): skp dev-node doesn't exist.
10-11 16:02:00.147 E/spcomlib( 764): skp dev-node doesn't exist.
10-11 16:02:00.157 E/spcomlib( 764): skp dev-node doesn't exist.
10-11 16:02:00.167 E/spcomlib( 764): skp dev-node doesn't exist.
10-11 16:02:00.178 E/spcomlib( 764): skp dev-node doesn't exist.
10-11 16:02:00.188 E/spcomlib( 764): skp dev-node doesn't exist.
10-11 16:02:00.198 E/spcomlib( 764): skp dev-node doesn't exist.
10-11 16:02:00.208 E/spcomlib( 764): skp dev-node doesn't exist.
10-11 16:02:00.218 E/spcomlib( 764): skp dev-node doesn't exist.
10-11 16:02:00.229 E/spcomlib( 764): skp dev-node doesn't exist.
10-11 16:02:00.239 E/spcomlib( 764): skp dev-node doesn't exist.
10-11 16:02:00.249 E/spcomlib( 764): skp dev-node doesn't exist.
10-11 16:02:00.259 E/spcomlib( 764): skp dev-node doesn't exist.
10-11 16:02:00.270 E/spcomlib( 764): skp dev-node doesn't exist.
10-11 16:02:00.280 E/spcomlib( 764): skp dev-node doesn't exist.
10-11 16:02:00.290 E/spcomlib( 764): skp dev-node doesn't exist.
10-11 16:02:00.300 E/spcomlib( 764): skp dev-node doesn't exist.
10-11 16:02:00.311 E/spcomlib( 764): skp dev-node doesn't exist.
10-11 16:02:00.321 E/spcomlib( 764): skp dev-node doesn't exist.
10-11 16:02:00.331 E/spcomlib( 764): skp dev-node doesn't exist.
10-11 16:02:00.341 E/spcomlib( 764): skp dev-node doesn't exist.
10-11 16:02:00.352 E/spcomlib( 764): skp dev-node doesn't exist.
10-11 16:02:00.362 E/spcomlib( 764): skp dev-node doesn't exist.
10-11 16:02:00.372 E/spcomlib( 764): skp dev-node doesn't exist.
10-11 16:02:00.382 E/spcomlib( 764): skp dev-node doesn't exist.
10-11 16:02:00.393 E/spcomlib( 764): skp dev-node doesn't exist.
10-11 16:02:00.403 E/spcomlib( 764): skp dev-node doesn't exist.
10-11 16:02:00.413 E/spcomlib( 764): skp dev-node doesn't exist.
10-11 16:02:00.424 E/spcomlib( 764): skp dev-node doesn't exist.
10-11 16:02:00.434 E/spcomlib( 764): skp dev-node doesn't exist.
10-11 16:02:00.444 E/spcomlib( 764): skp dev-node doesn't exist.
10-11 16:02:00.454 E/spcomlib( 764): skp dev-node doesn't exist.
10-11 16:02:00.464 E/spcomlib( 764): skp dev-node doesn't exist.
10-11 16:02:00.475 E/spcomlib( 764): skp dev-node doesn't exist.
10-11 16:02:00.485 E/spcomlib( 764): skp dev-node doesn't exist.
10-11 16:02:00.495 E/spcomlib( 764): skp dev-node doesn't exist.
10-11 16:02:00.505 E/spcomlib( 764): skp dev-node doesn't exist.
10-11 16:02:00.515 E/spcomlib( 764): skp dev-node doesn't exist.
10-11 16:02:00.526 E/spcomlib( 764): skp dev-node doesn't exist.
10-11 16:02:00.536 E/spcomlib( 764): skp dev-node doesn't exist.
10-11 16:02:00.547 E/spcomlib( 764): skp dev-node doesn't exist.
10-11 16:02:00.557 E/spcomlib( 764): skp dev-node doesn't exist.
10-11 16:02:00.567 E/spcomlib( 764): skp dev-node doesn't exist.
10-11 16:02:00.577 E/spcomlib( 764): skp dev-node doesn't exist.
10-11 16:02:00.588 E/spcomlib( 764): skp dev-node doesn't exist.
10-11 16:02:00.598 E/spcomlib( 764): skp dev-node doesn't exist.
10-11 16:02:00.608 E/spcomlib( 764): skp dev-node doesn't exist.
10-11 16:02:00.618 E/spcomlib( 764): skp dev-node doesn't exist.
10-11 16:02:00.629 E/spcomlib( 764): skp dev-node doesn't exist.
10-11 16:02:00.639 E/spcomlib( 764): skp dev-node doesn't exist.
10-11 16:02:00.649 E/spcomlib( 764): skp dev-node doesn't exist.
10-11 16:02:00.660 E/spcomlib( 764): skp dev-node doesn't exist.
10-11 16:02:00.670 E/spcomlib( 764): skp dev-node doesn't exist.
10-11 16:02:00.680 E/spcomlib( 764): skp dev-node doesn't exist.
10-11 16:02:00.690 E/spcomlib( 764): skp dev-node doesn't exist.
10-11 16:02:00.700 E/spcomlib( 764): skp dev-node doesn't exist.
10-11 16:02:00.711 E/spcomlib( 764): skp dev-node doesn't exist.
10-11 16:02:00.721 E/spcomlib( 764): skp dev-node doesn't exist.
10-11 16:02:00.731 E/spcomlib( 764): skp dev-node doesn't exist.
10-11 16:02:00.741 E/spcomlib( 764): skp dev-node doesn't exist.
10-11 16:02:00.751 E/spcomlib( 764): skp dev-node doesn't exist.
10-11 16:02:00.762 E/spcomlib( 764): skp dev-node doesn't exist.
10-11 16:02:00.772 E/spcomlib( 764): skp dev-node doesn't exist.
10-11 16:02:00.782 E/spcomlib( 764): skp dev-node doesn't exist.
10-11 16:02:00.793 E/spcomlib( 764): skp dev-node doesn't exist.
10-11 16:02:00.803 E/spcomlib( 764): skp dev-node doesn't exist.
10-11 16:02:00.813 E/spcomlib( 764): skp dev-node doesn't exist.
10-11 16:02:00.824 E/spcomlib( 764): skp dev-node doesn't exist.
10-11 16:02:00.834 E/spcomlib( 764): skp dev-node doesn't exist.
10-11 16:02:00.844 E/spcomlib( 764): skp dev-node doesn't exist.
10-11 16:02:00.854 E/spcomlib( 764): skp dev-node doesn't exist.
10-11 16:02:00.864 E/spcomlib( 764): skp dev-node doesn't exist.
10-11 16:02:00.875 E/spcomlib( 764): skp dev-node doesn't exist.
10-11 16:02:00.885 E/spcomlib( 764): skp dev-node doesn't exist.
10-11 16:02:00.895 E/spcomlib( 764): skp dev-node doesn't exist.
10-11 16:02:00.905 E/spcomlib( 764): skp dev-node doesn't exist.
10-11 16:02:00.915 E/spcomlib( 764): skp dev-node doesn't exist.
10-11 16:02:00.926 E/spcomlib( 764): skp dev-node doesn't exist.
10-11 16:02:00.937 E/spcomlib( 764): skp dev-node doesn't exist.
10-11 16:02:00.947 E/spcomlib( 764): skp dev-node doesn't exist.
10-11 16:02:00.958 E/spcomlib( 764): skp dev-node doesn't exist.
10-11 16:02:00.968 E/spcomlib( 764): skp dev-node doesn't exist.
10-11 16:02:00.978 E/spcomlib( 764): skp dev-node doesn't exist.
10-11 16:02:00.989 E/spcomlib( 764): skp dev-node doesn't exist.
10-11 16:02:00.999 E/spcomlib( 764): skp dev-node doesn't exist.
10-11 16:02:01.009 E/spcomlib( 764): skp dev-node doesn't exist.
10-11 16:02:01.019 E/spcomlib( 764): skp dev-node doesn't exist.
10-11 16:02:01.029 E/spcomlib( 764): skp dev-node doesn't exist.
10-11 16:02:01.040 E/spcomlib( 764): skp dev-node doesn't exist.
10-11 16:02:01.050 E/spcomlib( 764): skp dev-node doesn't exist.
10-11 16:02:01.060 E/spcomlib( 764): skp dev-node doesn't exist.
10-11 16:02:01.070 E/spcomlib( 764): skp dev-node doesn't exist.
10-11 16:02:01.081 E/spcomlib( 764): skp dev-node doesn't exist.
10-11 16:02:01.092 E/spcomlib( 764): skp dev-node doesn't exist.
10-11 16:02:01.102 E/spcomlib( 764): skp dev-node doesn't exist.
10-11 16:02:01.112 E/spcomlib( 764): skp dev-node doesn't exist.
10-11 16:02:01.123 E/spcomlib( 764): skp dev-node doesn't exist.
10-11 16:02:01.133 E/spcomlib( 764): skp dev-node doesn't exist.
10-11 16:02:01.143 E/spcomlib( 764): skp dev-node doesn't exist.
10-11 16:02:01.153 E/spcomlib( 764): skp dev-node doesn't exist.
10-11 16:02:01.164 E/spcomlib( 764): skp dev-node doesn't exist.
10-11 16:02:01.174 E/spcomlib( 764): skp dev-node doesn't exist.
10-11 16:02:01.184 E/spcomlib( 764): skp dev-node doesn't exist.
10-11 16:02:01.194 E/spcomlib( 764): skp dev-node doesn't exist.
10-11 16:02:01.205 E/spcomlib( 764): skp dev-node doesn't exist.
10-11 16:02:01.215 E/spcomlib( 764): skp dev-node doesn't exist.
10-11 16:02:01.225 E/spcomlib( 764): skp dev-node doesn't exist.
10-11 16:02:01.235 E/spcomlib( 764): skp dev-node doesn't exist.
10-11 16:02:01.246 E/spcomlib( 764): skp dev-node doesn't exist.
10-11 16:02:01.256 E/spcomlib( 764): skp dev-node doesn't exist.
10-11 16:02:01.266 E/spcomlib( 764): skp dev-node doesn't exist.
10-11 16:02:01.276 E/spcomlib( 764): skp dev-node doesn't exist.
10-11 16:02:01.287 E/spcomlib( 764): skp dev-node doesn't exist.
10-11 16:02:01.297 E/spcomlib( 764): skp dev-node doesn't exist.
10-11 16:02:01.307 E/spcomlib( 764): skp dev-node doesn't exist.
10-11 16:02:01.317 E/spcomlib( 764): skp dev-node doesn't exist.
10-11 16:02:01.328 E/spcomlib( 764): skp dev-node doesn't exist.
10-11 16:02:01.338 E/spcomlib( 764): skp dev-node doesn't exist.
10-11 16:02:01.348 E/spcomlib( 764): skp dev-node doesn't exist.
10-11 16:02:01.359 E/spcomlib( 764): skp dev-node doesn't exist.
10-11 16:02:01.369 E/spcomlib( 764): skp dev-node doesn't exist.
10-11 16:02:01.379 E/spcomlib( 764): skp dev-node doesn't exist.
10-11 16:02:01.389 E/spcomlib( 764): skp dev-node doesn't exist.
10-11 16:02:01.400 E/spcomlib( 764): skp dev-node doesn't exist.
10-11 16:02:01.410 E/spcomlib( 764): skp dev-node doesn't exist.
10-11 16:02:01.420 E/spcomlib( 764): skp dev-node doesn't exist.
10-11 16:02:01.431 E/spcomlib( 764): skp dev-node doesn't exist.
10-11 16:02:01.441 E/spcomlib( 764): skp dev-node doesn't exist.
10-11 16:02:01.451 E/spcomlib( 764): skp dev-node doesn't exist.
10-11 16:02:01.462 E/spcomlib( 764): skp dev-node doesn't exist.
10-11 16:02:01.472 E/spcomlib( 764): skp dev-node doesn't exist.
10-11 16:02:01.483 E/spcomlib( 764): skp dev-node doesn't exist.
10-11 16:02:01.493 E/spcomlib( 764): skp dev-node doesn't exist.
10-11 16:02:01.503 E/spcomlib( 764): skp dev-node doesn't exist.
10-11 16:02:01.514 E/spcomlib( 764): skp dev-node doesn't exist.
10-11 16:02:01.524 E/spcomlib( 764): skp dev-node doesn't exist.
10-11 16:02:01.534 E/spcomlib( 764): skp dev-node doesn't exist.
10-11 16:02:01.544 E/spcomlib( 764): skp dev-node doesn't exist.
10-11 16:02:01.554 E/spcomlib( 764): skp dev-node doesn't exist.
10-11 16:02:01.565 E/spcomlib( 764): skp dev-node doesn't exist.
10-11 16:02:01.575 E/spcomlib( 764): skp dev-node doesn't exist.
10-11 16:02:01.585 E/spcomlib( 764): skp dev-node doesn't exist.
10-11 16:02:01.595 E/spcomlib( 764): skp dev-node doesn't exist.
10-11 16:02:01.606 E/spcomlib( 764): skp dev-node doesn't exist.
10-11 16:02:01.616 E/spcomlib( 764): skp dev-node doesn't exist.
10-11 16:02:01.626 E/spcomlib( 764): skp dev-node doesn't exist.
10-11 16:02:01.636 E/spcomlib( 764): skp dev-node doesn't exist.
10-11 16:02:01.647 E/spcomlib( 764): skp dev-node doesn't exist.
10-11 16:02:01.657 E/spcomlib( 764): skp dev-node doesn't exist.
10-11 16:02:01.667 E/spcomlib( 764): skp dev-node doesn't exist.
10-11 16:02:01.677 E/spcomlib( 764): skp dev-node doesn't exist.
10-11 16:02:01.687 E/spcomlib( 764): skp dev-node doesn't exist.
10-11 16:02:01.698 E/spcomlib( 764): skp dev-node doesn't exist.
10-11 16:02:01.708 E/spcomlib( 764): skp dev-node doesn't exist.
10-11 16:02:01.718 E/spcomlib( 764): skp dev-node doesn't exist.
10-11 16:02:01.728 E/spcomlib( 764): skp dev-node doesn't exist.
10-11 16:02:01.738 E/spcomlib( 764): skp dev-node doesn't exist.
10-11 16:02:01.749 E/spcomlib( 764): skp dev-node doesn't exist.
10-11 16:02:01.759 E/spcomlib( 764): skp dev-node doesn't exist.
10-11 16:02:01.769 E/spcomlib( 764): skp dev-node doesn't exist.
10-11 16:02:01.779 E/spcomlib( 764): skp dev-node doesn't exist.
10-11 16:02:01.791 E/spcomlib( 764): skp dev-node doesn't exist.
10-11 16:02:01.801 E/spcomlib( 764): skp dev-node doesn't exist.
10-11 16:02:01.811 E/spcomlib( 764): skp dev-node doesn't exist.
10-11 16:02:01.821 E/spcomlib( 764): skp dev-node doesn't exist.
10-11 16:02:01.832 E/spcomlib( 764): skp dev-node doesn't exist.
10-11 16:02:01.842 E/spcomlib( 764): skp dev-node doesn't exist.
10-11 16:02:01.852 E/spcomlib( 764): skp dev-node doesn't exist.
10-11 16:02:01.863 E/spcomlib( 764): skp dev-node doesn't exist.
10-11 16:02:01.873 E/spcomlib( 764): skp dev-node doesn't exist.
10-11 16:02:01.883 E/spcomlib( 764): skp dev-node doesn't exist.
10-11 16:02:01.894 E/spcomlib( 764): skp dev-node doesn't exist.
10-11 16:02:01.904 E/spcomlib( 764): skp dev-node doesn't exist.
10-11 16:02:01.914 E/spcomlib( 764): skp dev-node doesn't exist.
10-11 16:02:01.924 E/spcomlib( 764): skp dev-node doesn't exist.
10-11 16:02:01.934 E/spcomlib( 764): skp dev-node doesn't exist.
10-11 16:02:01.945 E/spcomlib( 764): skp dev-node doesn't exist.
10-11 16:02:01.955 E/spcomlib( 764): skp dev-node doesn't exist.
10-11 16:02:01.965 E/spcomlib( 764): skp dev-node doesn't exist.
10-11 16:02:01.975 E/spcomlib( 764): skp dev-node doesn't exist.
10-11 16:02:01.985 E/spcomlib( 764): skp dev-node doesn't exist.
10-11 16:02:01.996 E/spcomlib( 764): skp dev-node doesn't exist.
10-11 16:02:02.006 E/spcomlib( 764): skp dev-node doesn't exist.
10-11 16:02:02.016 E/spcomlib( 764): skp dev-node doesn't exist.
10-11 16:02:02.027 E/spcomlib( 764): skp dev-node doesn't exist.
10-11 16:02:02.037 E/spcomlib( 764): skp dev-node doesn't exist.
10-11 16:02:02.047 E/spcomlib( 764): skp dev-node doesn't exist.
10-11 16:02:02.058 E/spcomlib( 764): skp dev-node doesn't exist.
10-11 16:02:02.068 E/spcomlib( 764): skp dev-node doesn't exist.
10-11 16:02:02.078 E/spcomlib( 764): skp dev-node doesn't exist.
10-11 16:02:02.088 E/spcomlib( 764): skp dev-node doesn't exist.
10-11 16:02:02.099 E/spcomlib( 764): skp dev-node doesn't exist.
10-11 16:02:02.109 E/spcomlib( 764): skp dev-node doesn't exist.
10-11 16:02:02.119 E/spcomlib( 764): skp dev-node doesn't exist.
10-11 16:02:02.129 E/spcomlib( 764): skp dev-node doesn't exist.
10-11 16:02:02.139 E/spcomlib( 764): skp dev-node doesn't exist.
10-11 16:02:02.150 E/spcomlib( 764): skp dev-node doesn't exist.
10-11 16:02:02.161 E/spcomlib( 764): skp dev-node doesn't exist.
10-11 16:02:02.171 E/spcomlib( 764): skp dev-node doesn't exist.
10-11 16:02:02.181 E/spcomlib( 764): skp dev-node doesn't exist.
10-11 16:02:02.191 E/spcomlib( 764): skp dev-node doesn't exist.
10-11 16:02:02.202 E/spcomlib( 764): skp dev-node doesn't exist.
10-11 16:02:02.213 E/spcomlib( 764): skp dev-node doesn't exist.
10-11 16:02:02.223 E/spcomlib( 764): skp dev-node doesn't exist.
10-11 16:02:02.233 E/spcomlib( 764): skp dev-node doesn't exist.
10-11 16:02:02.244 E/spcomlib( 764): skp dev-node doesn't exist.
10-11 16:02:02.254 E/spcomlib( 764): skp dev-node doesn't exist.
10-11 16:02:02.265 E/spcomlib( 764): skp dev-node doesn't exist.
10-11 16:02:02.275 E/spcomlib( 764): skp dev-node doesn't exist.
10-11 16:02:02.285 E/spcomlib( 764): skp dev-node doesn't exist.
10-11 16:02:02.295 E/spcomlib( 764): skp dev-node doesn't exist.
10-11 16:02:02.305 E/spcomlib( 764): skp dev-node doesn't exist.
10-11 16:02:02.315 E/spcomlib( 764): skp dev-node doesn't exist.
10-11 16:02:02.326 E/spcomlib( 764): skp dev-node doesn't exist.
10-11 16:02:02.336 E/spcomlib( 764): skp dev-node doesn't exist.
10-11 16:02:02.348 E/spcomlib( 764): skp dev-node doesn't exist.
10-11 16:02:02.358 E/spcomlib( 764): skp dev-node doesn't exist.
10-11 16:02:02.368 E/spcomlib( 764): skp dev-node doesn't exist.
10-11 16:02:02.379 E/spcomlib( 764): skp dev-node doesn't exist.
10-11 16:02:02.389 E/spcomlib( 764): skp dev-node doesn't exist.
10-11 16:02:02.399 E/spcomlib( 764): skp dev-node doesn't exist.
10-11 16:02:02.409 E/spcomlib( 764): skp dev-node doesn't exist.
10-11 16:02:02.419 E/spcomlib( 764): skp dev-node doesn't exist.
10-11 16:02:02.430 E/spcomlib( 764): skp dev-node doesn't exist.
10-11 16:02:02.440 E/spcomlib( 764): skp dev-node doesn't exist.
10-11 16:02:02.450 E/spcomlib( 764): skp dev-node doesn't exist.
10-11 16:02:02.460 E/spcomlib( 764): skp dev-node doesn't exist.
10-11 16:02:02.471 E/spcomlib( 764): skp dev-node doesn't exist.
10-11 16:02:02.481 E/spcomlib( 764): skp dev-node doesn't exist.
10-11 16:02:02.491 E/spcomlib( 764): skp dev-node doesn't exist.
10-11 16:02:02.501 E/spcomlib( 764): skp dev-node doesn't exist.
10-11 16:02:02.511 E/spcomlib( 764): skp dev-node doesn't exist.
10-11 16:02:02.522 E/spcomlib( 764): skp dev-node doesn't exist.
10-11 16:02:02.532 E/spcomlib( 764): skp dev-node doesn't exist.
10-11 16:02:02.542 E/spcomlib( 764): skp dev-node doesn't exist.
10-11 16:02:02.552 E/spcomlib( 764): skp dev-node doesn't exist.
10-11 16:02:02.562 E/spcomlib( 764): skp dev-node doesn't exist.
10-11 16:02:02.573 E/spcomlib( 764): skp dev-node doesn't exist.
10-11 16:02:02.583 E/spcomlib( 764): skp dev-node doesn't exist.
10-11 16:02:02.593 E/spcomlib( 764): skp dev-node doesn't exist.
10-11 16:02:02.604 E/spcomlib( 764): skp dev-node doesn't exist.
10-11 16:02:02.614 E/spcomlib( 764): skp dev-node doesn't exist.
10-11 16:02:02.625 E/spcomlib( 764): skp dev-node doesn't exist.
10-11 16:02:02.635 E/spcomlib( 764): skp dev-node doesn't exist.
10-11 16:02:02.646 E/spcomlib( 764): skp dev-node doesn't exist.
10-11 16:02:02.656 E/spcomlib( 764): skp dev-node doesn't exist.
10-11 16:02:02.666 E/spcomlib( 764): skp dev-node doesn't exist.
10-11 16:02:02.676 E/spcomlib( 764): skp dev-node doesn't exist.
10-11 16:02:02.686 E/spcomlib( 764): skp dev-node doesn't exist.
10-11 16:02:02.697 E/spcomlib( 764): skp dev-node doesn't exist.
10-11 16:02:02.707 E/spcomlib( 764): skp dev-node doesn't exist.
10-11 16:02:02.717 E/spcomlib( 764): skp dev-node doesn't exist.
10-11 16:02:02.728 E/spcomlib( 764): skp dev-node doesn't exist.
10-11 16:02:02.738 E/spcomlib( 764): skp dev-node doesn't exist.
10-11 16:02:02.748 E/spcomlib( 764): skp dev-node doesn't exist.
10-11 16:02:02.759 E/spcomlib( 764): skp dev-node doesn't exist.
10-11 16:02:02.769 E/spcomlib( 764): skp dev-node doesn't exist.
10-11 16:02:02.779 E/spcomlib( 764): skp dev-node doesn't exist.
10-11 16:02:02.789 E/spcomlib( 764): skp dev-node doesn't exist.
10-11 16:02:02.799 E/spcomlib( 764): skp dev-node doesn't exist.
10-11 16:02:02.810 E/spcomlib( 764): skp dev-node doesn't exist.
10-11 16:02:02.820 E/spcomlib( 764): skp dev-node doesn't exist.
10-11 16:02:02.830 E/spcomlib( 764): skp dev-node doesn't exist.
10-11 16:02:02.840 E/spcomlib( 764): skp dev-node doesn't exist.
10-11 16:02:02.850 E/spcomlib( 764): skp dev-node doesn't exist.
10-11 16:02:02.861 E/spcomlib( 764): skp dev-node doesn't exist.
10-11 16:02:02.871 E/spcomlib( 764): skp dev-node doesn't exist.
10-11 16:02:02.881 E/spcomlib( 764): skp dev-node doesn't exist.
10-11 16:02:02.891 E/spcomlib( 764): skp dev-node doesn't exist.
10-11 16:02:02.901 E/spcomlib( 764): skp dev-node doesn't exist.
10-11 16:02:02.912 E/spcomlib( 764): skp dev-node doesn't exist.
10-11 16:02:02.922 E/spcomlib( 764): skp dev-node doesn't exist.
10-11 16:02:02.932 E/spcomlib( 764): skp dev-node doesn't exist.
10-11 16:02:02.942 E/spcomlib( 764): skp dev-node doesn't exist.
10-11 16:02:02.953 E/spcomlib( 764): skp dev-node doesn't exist.
10-11 16:02:02.963 E/spcomlib( 764): skp dev-node doesn't exist.
10-11 16:02:02.973 E/spcomlib( 764): skp dev-node doesn't exist.
10-11 16:02:02.983 E/spcomlib( 764): skp dev-node doesn't exist.
10-11 16:02:02.993 E/spcomlib( 764): skp dev-node doesn't exist.
10-11 16:02:03.004 E/spcomlib( 764): skp dev-node doesn't exist.
10-11 16:02:03.014 E/spcomlib( 764): skp dev-node doesn't exist.
10-11 16:02:03.024 E/spcomlib( 764): skp dev-node doesn't exist.
10-11 16:02:03.034 E/spcomlib( 764): skp dev-node doesn't exist.
10-11 16:02:03.044 E/spcomlib( 764): skp dev-node doesn't exist.
10-11 16:02:03.055 E/spcomlib( 764): skp dev-node doesn't exist.
10-11 16:02:03.065 E/spcomlib( 764): skp dev-node doesn't exist.
10-11 16:02:03.075 E/spcomlib( 764): skp dev-node doesn't exist.
10-11 16:02:03.077 D/AlarmManager( 1447): sending alarm to uid=1000, package=android, listener=android.app.AlarmManager$ListenerWrapper@f89e3d6, listenerTag=WifiConnectivityManager Schedule Periodic Scan Timer, t=2, cnt=1, w=33583, Int=0, ws=null
10-11 16:02:03.077 D/PMS ( 1447): acquireWL(ea56657): PARTIAL_WAKE_LOCK *alarm* 0x1 1447 1000 WorkSource{1000}
10-11 16:02:03.078 D/PMS ( 1447): releaseWL(ea56657): PARTIAL_WAKE_LOCK *alarm* 0x1 WorkSource{1000} 0x0
10-11 16:02:03.082 W/AppOps ( 1447): Finishing op nesting under-run: uid 10023 pkg com.htc.mobilevr.launcher code 24 time=0 duration=0 nesting=0
10-11 16:02:03.082 D/StatusBarManagerService( 1447): setSystemUiVisibility(0x160e)
10-11 16:02:03.082 D/StatusBarManagerService( 1447): hiding MENU key
10-11 16:02:03.085 E/spcomlib( 764): skp dev-node doesn't exist.
10-11 16:02:03.096 E/spcomlib( 764): skp dev-node doesn't exist.
10-11 16:02:03.106 E/spcomlib( 764): skp dev-node doesn't exist.
10-11 16:02:03.116 E/spcomlib( 764): skp dev-node doesn't exist.
10-11 16:02:03.127 E/spcomlib( 764): skp dev-node doesn't exist.
10-11 16:02:03.137 E/spcomlib( 764): skp dev-node doesn't exist.
10-11 16:02:03.147 E/spcomlib( 764): skp dev-node doesn't exist.
10-11 16:02:03.157 E/spcomlib( 764): skp dev-node doesn't exist.
10-11 16:02:03.168 E/spcomlib( 764): skp dev-node doesn't exist.
10-11 16:02:03.178 E/spcomlib( 764): skp dev-node doesn't exist.
10-11 16:02:03.188 E/spcomlib( 764): skp dev-node doesn't exist.
10-11 16:02:03.198 E/spcomlib( 764): skp dev-node doesn't exist.
10-11 16:02:03.208 E/spcomlib( 764): skp dev-node doesn't exist.
10-11 16:02:03.218 E/spcomlib( 764): skp dev-node doesn't exist.
10-11 16:02:03.229 E/spcomlib( 764): skp dev-node doesn't exist.
10-11 16:02:03.239 E/spcomlib( 764): skp dev-node doesn't exist.
10-11 16:02:03.249 E/spcomlib( 764): skp dev-node doesn't exist.
10-11 16:02:03.260 E/spcomlib( 764): skp dev-node doesn't exist.
10-11 16:02:03.270 E/spcomlib( 764): skp dev-node doesn't exist.
10-11 16:02:03.280 E/spcomlib( 764): skp dev-node doesn't exist.
10-11 16:02:03.290 E/spcomlib( 764): skp dev-node doesn't exist.
10-11 16:02:03.300 E/spcomlib( 764): skp dev-node doesn't exist.
10-11 16:02:03.311 E/spcomlib( 764): skp dev-node doesn't exist.
10-11 16:02:03.321 E/spcomlib( 764): skp dev-node doesn't exist.
10-11 16:02:03.331 E/spcomlib( 764): skp dev-node doesn't exist.
10-11 16:02:03.341 E/spcomlib( 764): skp dev-node doesn't exist.
10-11 16:02:03.351 E/spcomlib( 764): skp dev-node doesn't exist.
10-11 16:02:03.362 E/spcomlib( 764): skp dev-node doesn't exist.
10-11 16:02:03.372 E/spcomlib( 764): skp dev-node doesn't exist.
10-11 16:02:03.382 E/spcomlib( 764): skp dev-node doesn't exist.
10-11 16:02:03.392 E/spcomlib( 764): skp dev-node doesn't exist.
10-11 16:02:03.404 E/spcomlib( 764): skp dev-node doesn't exist.
10-11 16:02:03.414 E/spcomlib( 764): skp dev-node doesn't exist.
10-11 16:02:03.425 E/spcomlib( 764): skp dev-node doesn't exist.
10-11 16:02:03.435 E/spcomlib( 764): skp dev-node doesn't exist.
10-11 16:02:03.445 E/spcomlib( 764): skp dev-node doesn't exist.
10-11 16:02:03.455 E/spcomlib( 764): skp dev-node doesn't exist.
10-11 16:02:03.466 E/spcomlib( 764): skp dev-node doesn't exist.
10-11 16:02:03.476 E/spcomlib( 764): skp dev-node doesn't exist.
10-11 16:02:03.486 E/spcomlib( 764): skp dev-node doesn't exist.
10-11 16:02:03.496 E/spcomlib( 764): skp dev-node doesn't exist.
10-11 16:02:03.506 E/spcomlib( 764): skp dev-node doesn't exist.
10-11 16:02:03.517 E/spcomlib( 764): skp dev-node doesn't exist.
10-11 16:02:03.527 E/spcomlib( 764): skp dev-node doesn't exist.
10-11 16:02:03.537 E/spcomlib( 764): skp dev-node doesn't exist.
10-11 16:02:03.547 E/spcomlib( 764): skp dev-node doesn't exist.
10-11 16:02:03.558 E/spcomlib( 764): skp dev-node doesn't exist.
10-11 16:02:03.568 E/spcomlib( 764): skp dev-node doesn't exist.
10-11 16:02:03.578 E/spcomlib( 764): skp dev-node doesn't exist.
10-11 16:02:03.588 E/spcomlib( 764): skp dev-node doesn't exist.
10-11 16:02:03.599 E/spcomlib( 764): skp dev-node doesn't exist.
10-11 16:02:03.609 E/spcomlib( 764): skp dev-node doesn't exist.
10-11 16:02:03.619 E/spcomlib( 764): skp dev-node doesn't exist.
10-11 16:02:03.629 E/spcomlib( 764): skp dev-node doesn't exist.
10-11 16:02:03.639 E/spcomlib( 764): skp dev-node doesn't exist.
10-11 16:02:03.650 E/spcomlib( 764): skp dev-node doesn't exist.
10-11 16:02:03.661 E/spcomlib( 764): skp dev-node doesn't exist.
10-11 16:02:03.671 E/spcomlib( 764): skp dev-node doesn't exist.
10-11 16:02:03.681 E/spcomlib( 764): skp dev-node doesn't exist.
10-11 16:02:03.691 E/spcomlib( 764): skp dev-node doesn't exist.
10-11 16:02:03.702 E/spcomlib( 764): skp dev-node doesn't exist.
10-11 16:02:03.712 E/spcomlib( 764): skp dev-node doesn't exist.
10-11 16:02:03.722 E/spcomlib( 764): skp dev-node doesn't exist.
10-11 16:02:03.732 E/spcomlib( 764): skp dev-node doesn't exist.
10-11 16:02:03.743 E/spcomlib( 764): skp dev-node doesn't exist.
10-11 16:02:03.753 E/spcomlib( 764): skp dev-node doesn't exist.
10-11 16:02:03.763 E/spcomlib( 764): skp dev-node doesn't exist.
10-11 16:02:03.774 E/spcomlib( 764): skp dev-node doesn't exist.
10-11 16:02:03.784 E/spcomlib( 764): skp dev-node doesn't exist.
10-11 16:02:03.794 E/spcomlib( 764): skp dev-node doesn't exist.
10-11 16:02:03.805 E/spcomlib( 764): skp dev-node doesn't exist.
10-11 16:02:03.815 E/spcomlib( 764): skp dev-node doesn't exist.
10-11 16:02:03.825 E/spcomlib( 764): skp dev-node doesn't exist.
10-11 16:02:03.835 E/spcomlib( 764): skp dev-node doesn't exist.
10-11 16:02:03.846 E/spcomlib( 764): skp dev-node doesn't exist.
10-11 16:02:03.856 E/spcomlib( 764): skp dev-node doesn't exist.
10-11 16:02:03.866 E/spcomlib( 764): skp dev-node doesn't exist.
10-11 16:02:03.876 E/spcomlib( 764): skp dev-node doesn't exist.
10-11 16:02:03.886 E/spcomlib( 764): skp dev-node doesn't exist.
10-11 16:02:03.897 E/spcomlib( 764): skp dev-node doesn't exist.
10-11 16:02:03.907 E/spcomlib( 764): skp dev-node doesn't exist.
10-11 16:02:03.917 E/spcomlib( 764): skp dev-node doesn't exist.
10-11 16:02:03.929 E/spcomlib( 764): skp dev-node doesn't exist.
10-11 16:02:03.939 E/spcomlib( 764): skp dev-node doesn't exist.
10-11 16:02:03.949 E/spcomlib( 764): skp dev-node doesn't exist.
10-11 16:02:03.959 E/spcomlib( 764): skp dev-node doesn't exist.
10-11 16:02:03.970 E/spcomlib( 764): skp dev-node doesn't exist.
10-11 16:02:03.980 E/spcomlib( 764): skp dev-node doesn't exist.
10-11 16:02:03.990 E/spcomlib( 764): skp dev-node doesn't exist.
10-11 16:02:04.001 E/spcomlib( 764): skp dev-node doesn't exist.
10-11 16:02:04.011 E/spcomlib( 764): skp dev-node doesn't exist.
10-11 16:02:04.021 E/spcomlib( 764): skp dev-node doesn't exist.
10-11 16:02:04.031 E/spcomlib( 764): skp dev-node doesn't exist.
10-11 16:02:04.042 E/spcomlib( 764): skp dev-node doesn't exist.
10-11 16:02:04.052 E/spcomlib( 764): skp dev-node doesn't exist.
10-11 16:02:04.062 E/spcomlib( 764): skp dev-node doesn't exist.
10-11 16:02:04.072 E/spcomlib( 764): skp dev-node doesn't exist.
10-11 16:02:04.083 E/spcomlib( 764): skp dev-node doesn't exist.
10-11 16:02:04.093 E/spcomlib( 764): skp dev-node doesn't exist.
10-11 16:02:04.103 E/spcomlib( 764): skp dev-node doesn't exist.
10-11 16:02:04.113 E/spcomlib( 764): skp dev-node doesn't exist.
10-11 16:02:04.124 E/spcomlib( 764): skp dev-node doesn't exist.
10-11 16:02:04.134 E/spcomlib( 764): skp dev-node doesn't exist.
10-11 16:02:04.144 E/spcomlib( 764): skp dev-node doesn't exist.
10-11 16:02:04.155 E/spcomlib( 764): skp dev-node doesn't exist.
10-11 16:02:04.165 E/spcomlib( 764): skp dev-node doesn't exist.
10-11 16:02:04.175 E/spcomlib( 764): skp dev-node doesn't exist.
10-11 16:02:04.185 E/spcomlib( 764): skp dev-node doesn't exist.
10-11 16:02:04.196 E/spcomlib( 764): skp dev-node doesn't exist.
10-11 16:02:04.206 E/spcomlib( 764): skp dev-node doesn't exist.
10-11 16:02:04.216 E/spcomlib( 764): skp dev-node doesn't exist.
10-11 16:02:04.227 E/spcomlib( 764): skp dev-node doesn't exist.
10-11 16:02:04.237 E/spcomlib( 764): skp dev-node doesn't exist.
10-11 16:02:04.247 E/spcomlib( 764): skp dev-node doesn't exist.
10-11 16:02:04.257 E/spcomlib( 764): skp dev-node doesn't exist.
10-11 16:02:04.267 E/spcomlib( 764): skp dev-node doesn't exist.
10-11 16:02:04.278 E/spcomlib( 764): skp dev-node doesn't exist.
10-11 16:02:04.288 E/spcomlib( 764): skp dev-node doesn't exist.
10-11 16:02:04.299 E/spcomlib( 764): skp dev-node doesn't exist.
10-11 16:02:04.309 E/spcomlib( 764): skp dev-node doesn't exist.
10-11 16:02:04.320 E/spcomlib( 764): skp dev-node doesn't exist.
10-11 16:02:04.330 E/spcomlib( 764): skp dev-node doesn't exist.
10-11 16:02:04.340 E/spcomlib( 764): skp dev-node doesn't exist.
10-11 16:02:04.350 E/spcomlib( 764): skp dev-node doesn't exist.
10-11 16:02:04.361 E/spcomlib( 764): skp dev-node doesn't exist.
10-11 16:02:04.371 E/spcomlib( 764): skp dev-node doesn't exist.
10-11 16:02:04.381 E/spcomlib( 764): skp dev-node doesn't exist.
10-11 16:02:04.391 E/spcomlib( 764): skp dev-node doesn't exist.
10-11 16:02:04.402 E/spcomlib( 764): skp dev-node doesn't exist.
10-11 16:02:04.412 E/spcomlib( 764): skp dev-node doesn't exist.
10-11 16:02:04.423 E/spcomlib( 764): skp dev-node doesn't exist.
10-11 16:02:04.433 E/spcomlib( 764): skp dev-node doesn't exist.
10-11 16:02:04.444 E/spcomlib( 764): skp dev-node doesn't exist.
10-11 16:02:04.454 E/spcomlib( 764): skp dev-node doesn't exist.
10-11 16:02:04.464 E/spcomlib( 764): skp dev-node doesn't exist.
10-11 16:02:04.474 E/spcomlib( 764): skp dev-node doesn't exist.
10-11 16:02:04.484 E/spcomlib( 764): skp dev-node doesn't exist.
10-11 16:02:04.495 E/spcomlib( 764): skp dev-node doesn't exist.
10-11 16:02:04.505 E/spcomlib( 764): skp dev-node doesn't exist.
10-11 16:02:04.515 E/spcomlib( 764): skp dev-node doesn't exist.
10-11 16:02:04.526 E/spcomlib( 764): skp dev-node doesn't exist.
10-11 16:02:04.536 E/spcomlib( 764): skp dev-node doesn't exist.
10-11 16:02:04.546 E/spcomlib( 764): skp dev-node doesn't exist.
10-11 16:02:04.556 E/spcomlib( 764): skp dev-node doesn't exist.
10-11 16:02:04.566 E/spcomlib( 764): skp dev-node doesn't exist.
10-11 16:02:04.577 E/spcomlib( 764): skp dev-node doesn't exist.
10-11 16:02:04.587 E/spcomlib( 764): skp dev-node doesn't exist.
10-11 16:02:04.597 E/spcomlib( 764): skp dev-node doesn't exist.
10-11 16:02:04.607 E/spcomlib( 764): skp dev-node doesn't exist.
10-11 16:02:04.617 E/spcomlib( 764): skp dev-node doesn't exist.
10-11 16:02:04.628 E/spcomlib( 764): skp dev-node doesn't exist.
10-11 16:02:04.638 E/spcomlib( 764): skp dev-node doesn't exist.
10-11 16:02:04.648 E/spcomlib( 764): skp dev-node doesn't exist.
10-11 16:02:04.659 E/spcomlib( 764): skp dev-node doesn't exist.
10-11 16:02:04.669 E/spcomlib( 764): skp dev-node doesn't exist.
10-11 16:02:04.679 E/spcomlib( 764): skp dev-node doesn't exist.
10-11 16:02:04.689 E/spcomlib( 764): skp dev-node doesn't exist.
10-11 16:02:04.699 E/spcomlib( 764): skp dev-node doesn't exist.
10-11 16:02:04.710 E/spcomlib( 764): skp dev-node doesn't exist.
10-11 16:02:04.720 E/spcomlib( 764): skp dev-node doesn't exist.
10-11 16:02:04.730 E/spcomlib( 764): skp dev-node doesn't exist.
10-11 16:02:04.741 E/spcomlib( 764): skp dev-node doesn't exist.
10-11 16:02:04.751 E/spcomlib( 764): skp dev-node doesn't exist.
10-11 16:02:04.761 E/spcomlib( 764): skp dev-node doesn't exist.
10-11 16:02:04.771 E/spcomlib( 764): skp dev-node doesn't exist.
10-11 16:02:04.781 E/spcomlib( 764): skp dev-node doesn't exist.
10-11 16:02:04.792 E/spcomlib( 764): skp dev-node doesn't exist.
10-11 16:02:04.803 E/spcomlib( 764): skp dev-node doesn't exist.
10-11 16:02:04.813 E/spcomlib( 764): skp dev-node doesn't exist.
10-11 16:02:04.823 E/spcomlib( 764): skp dev-node doesn't exist.
10-11 16:02:04.833 E/spcomlib( 764): skp dev-node doesn't exist.
10-11 16:02:04.844 E/spcomlib( 764): skp dev-node doesn't exist.
10-11 16:02:04.854 E/spcomlib( 764): skp dev-node doesn't exist.
10-11 16:02:04.864 E/spcomlib( 764): skp dev-node doesn't exist.
10-11 16:02:04.875 E/spcomlib( 764): skp dev-node doesn't exist.
10-11 16:02:04.885 E/spcomlib( 764): skp dev-node doesn't exist.
10-11 16:02:04.895 E/spcomlib( 764): skp dev-node doesn't exist.
10-11 16:02:04.905 E/spcomlib( 764): skp dev-node doesn't exist.
10-11 16:02:04.916 E/spcomlib( 764): skp dev-node doesn't exist.
10-11 16:02:04.926 E/spcomlib( 764): skp dev-node doesn't exist.
10-11 16:02:04.936 E/spcomlib( 764): skp dev-node doesn't exist.
10-11 16:02:04.946 E/spcomlib( 764): skp dev-node doesn't exist.
10-11 16:02:04.957 E/spcomlib( 764): skp dev-node doesn't exist.
10-11 16:02:04.967 E/spcomlib( 764): skp dev-node doesn't exist.
10-11 16:02:04.977 E/spcomlib( 764): skp dev-node doesn't exist.
10-11 16:02:04.987 E/spcomlib( 764): skp dev-node doesn't exist.
10-11 16:02:04.997 E/spcomlib( 764): skp dev-node doesn't exist.
10-11 16:02:05.008 E/spcomlib( 764): skp dev-node doesn't exist.
