10-11 16:03:22.357 I/BatteryService( 1447): n_update end
10-11 16:03:22.359 D/PMS ( 1447): releaseWL(9a42e3a): PARTIAL_WAKE_LOCK BatteryServiceUpdateStats_3 0x1 null 0x0
10-11 16:03:22.361 D/HtcPowerSaver( 1447): updateBatteryInfo
10-11 16:03:22.361 I/DeviceIdleController( 1447): updateChargingLocked: charging=true
10-11 16:03:22.361 W/DeviceIdleController( 1447): becomeActiveLocked, reason = charging
10-11 16:03:22.361 D/PMS ( 1447): runPSCheck
10-11 16:03:22.361 D/HtcPowerSaver( 1447): Checking...
10-11 16:03:22.361 I/HtcPowerSaver( 1447): >> updateStatus
10-11 16:03:22.361 I/HtcPowerSaver( 1447): << updateStatus
10-11 16:03:22.362 D/UsbDeviceManager( 1447): [USB] handleMessage: 9; pre_mConnected=true, pre_mConfiguration=true
10-11 16:03:22.513 D/PMS ( 1447): acquireWL(b5f048): PARTIAL_WAKE_LOCK MediaScannerServiceEx 0x1 2272 10010 null
10-11 16:03:23.188 D/PMS ( 1447): releaseWL(b5f048): PARTIAL_WAKE_LOCK MediaScannerServiceEx 0x1 null 0x0
10-11 16:03:23.193 D/PMS ( 1447): acquireWL(c5d6ee1): PARTIAL_WAKE_LOCK MediaScannerServiceEx 0x1 2272 10010 null
10-11 16:03:23.422 D/PMS ( 1447): releaseWL(c5d6ee1): PARTIAL_WAKE_LOCK MediaScannerServiceEx 0x1 null 0x0 --------- beginning of main
10-11 16:03:36.014 E/mm-camera( 836): 2232: aec_process_calc_current_hist_metered_luma: error: out of range, exit
10-11 16:03:36.025 D/WVR_Foveated( 2179): Foveated rendering is not supported.
10-11 16:03:36.027 I/svr ( 2179): FPS: 70.79
10-11 16:03:36.038 D/WVR_Foveated( 2179): Foveated rendering is not supported.
10-11 16:03:36.048 E/mm-camera( 836): 2232: aec_process_calc_current_hist_metered_luma: error: out of range, exit
10-11 16:03:36.052 D/WVR_Foveated( 2179): Foveated rendering is not supported.
10-11 16:03:36.060 I/SVRI ( 2179): GetPoseState svr_hmd_1 tm1(3) Quality Pose/Camera/Sensor 0.70 1.00 1.00 ; lost 0 ; TS126562351724
10-11 16:03:36.060 I/WVR_WaveVR( 2179): UpdateEachFrame() device HMD pose is invalid.
10-11 16:03:36.060 D/WaveVR_PoseTrackerManager( 2179): onDeviceConnected() Dominant is disconnected.
10-11 16:03:36.060 D/WaveVR_ControllerInstanceManager( 2179): onDeviceConnected() device WVR_DeviceType_HMD is disconnected., left-handed? False
10-11 16:03:36.060 D/WaveVR_ControllerLoader( 2179): Hand: Dominant, onDeviceConnected() device WVR_DeviceType_HMD is disconnected.
10-11 16:03:36.060 D/WaveVR_ControllerLoader( 2179): Hand: Non_Dominant, onDeviceConnected() device WVR_DeviceType_HMD is disconnected.
10-11 16:03:36.065 D/WVR_Foveated( 2179): Foveated rendering is not supported.
10-11 16:03:36.078 D/WVR_Foveated( 2179): Foveated rendering is not supported.
10-11 16:03:36.080 E/mm-camera( 836): 2232: aec_process_calc_current_hist_metered_luma: error: out of range, exit
10-11 16:03:36.091 D/WaveVR_Resource( 2179): getSystemLanguage, ret language = zh
10-11 16:03:36.091 D/WaveVR_Resource( 2179): getSystemCountry, ret country = CN
10-11 16:03:36.092 D/WVR_Foveated( 2179): Foveated rendering is not supported.
10-11 16:03:36.103 D/SVR_HMD ( 2388): SvrHmdDevice.java:onSensorChanged(273) SvrHmdDevice, onSensorChanged, sensor.getType() = 4, GYRO: AxisX = -0.009414673, AxisY = -0.0036468506, AxisZ = -0.0016937256
10-11 16:03:36.104 D/SVR_HMD ( 2388): SvrHmdDevice.java:onSensorChanged(281) SvrHmdDevice, onSensorChanged, sensor.getType() = 1, ACCELER: X = 2.44133, Y = 9.410858, Z = 1.0418549
10-11 16:03:36.105 D/WVR_Foveated( 2179): Foveated rendering is not supported.
10-11 16:03:36.114 E/mm-camera( 836): 2232: aec_process_calc_current_hist_metered_luma: error: out of range, exit
10-11 16:03:36.118 D/WVR_Foveated( 2179): Foveated rendering is not supported.
10-11 16:03:36.131 D/WVR_Foveated( 2179): Foveated rendering is not supported.
10-11 16:03:36.145 D/WVR_Foveated( 2179): Foveated rendering is not supported.
10-11 16:03:36.148 E/mm-camera( 836): 2232: aec_process_calc_current_hist_metered_luma: error: out of range, exit
10-11 16:03:36.153 D/ArmModel( 2179): ArmModel getArmedPose(2) 1, 1
10-11 16:03:36.153 D/ArmModel( 2179): Dev(0)LHOVHMDPos LOCKED : (-0.248709,0.151024,-0.041834)
10-11 16:03:36.153 D/ArmModel( 2179): Dev(2)ctrllerXYRotationRadio : 0.348233 elbowCurveLerpValue = 0.519647
10-11 16:03:36.153 D/ArmModel( 2179): Dev(2)quatCtrllerXYRot : (-0.022586,-0.519639,0.000000,0.854087)
10-11 16:03:36.153 D/ArmModel( 2179): Dev(2)quatCtrllerXYLerpRot : (-0.012189,-0.280436,0.000000,0.959795)
10-11 16:03:36.153 D/ArmModel( 2179): Dev(2)elbowOffset : (-0.074768,-0.528707,0.045186)
10-11 16:03:36.153 D/ArmModel( 2179): Dev(2)wristOffset : (-0.198747,-0.525443,0.129557)
10-11 16:03:36.153 D/ArmModel( 2179): Dev(2)ctrllerOffset : (-0.243129,-0.523514,0.152503)
10-11 16:03:36.153 D/ArmModel( 2179): Dev(2)finalCtrlPos : (-0.243129,-0.523514,-0.152503)
10-11 16:03:36.163 D/WVR_Foveated( 2179): Foveated rendering is not supported.
10-11 16:03:36.173 D/WVR_Foveated( 2179): Foveated rendering is not supported.
10-11 16:03:36.181 E/mm-camera( 836): 2232: aec_process_calc_current_hist_metered_luma: error: out of range, exit
10-11 16:03:36.186 D/WVR_Foveated( 2179): Foveated rendering is not supported.
10-11 16:03:36.193 D/ArmModel( 2179): ArmModel getArmedPose(3) 0, 1
10-11 16:03:36.199 D/WVR_Foveated( 2179): Foveated rendering is not supported.
10-11 16:03:36.208 I/[vrbledevice]Finch3DofController[0]( 2129): updatePose: timeStamp(126714487256), Euler:[-111.59338,-0.51509,177.78880] Quat:[0.00713,0.56209,-0.01848,0.82684] Acc:[0.04666,-0.01017,1.21489] Gyro:[0.13715,-0.05113,3.56248]
10-11 16:03:36.212 E/mm-camera( 836): 2232: aec_process_calc_current_hist_metered_luma: error: out of range, exit
10-11 16:03:36.212 D/WVR_Foveated( 2179): Foveated rendering is not supported.
10-11 16:03:36.226 D/WVR_Foveated( 2179): Foveated rendering is not supported.
10-11 16:03:36.238 D/WVR_Foveated( 2179): Foveated rendering is not supported.
10-11 16:03:36.247 E/mm-camera( 836): 2232: aec_process_calc_current_hist_metered_luma: error: out of range, exit
10-11 16:03:36.252 D/WVR_Foveated( 2179): Foveated rendering is not supported.
10-11 16:03:36.265 D/WVR_Foveated( 2179): Foveated rendering is not supported.
10-11 16:03:36.279 D/WVR_Foveated( 2179): Foveated rendering is not supported.
10-11 16:03:36.279 E/mm-camera( 836): 2232: aec_process_calc_current_hist_metered_luma: error: out of range, exit
10-11 16:03:36.287 I/POSE ( 2179): GetSyncPose pose_hmd_1 C INVALID (s1f0) om0 3DoF 1vw_t0o0 (0.0000) XYZ -0.2629 0.1629 0.0169 YPR 33.0893 -8.0527 13.1493 ; Wxyz 0.9522 -0.0343 0.2745 0.1293 ; RAW XYZ 0.2628 -0.1630 -0.0168 Wxyz 0.9523 0.0346 -0.2742 -0.1291 ; LVel 0.002 -0.001 -0.006 LAc -0.00 -0.00 -0.00 AngV -0.008 0.010 -0.030 AngAc -0.00 -0.00 -0.00 ; TS126790043391 15.22ms GetPoseState
10-11 16:03:36.293 D/WVR_Foveated( 2179): Foveated rendering is not supported.
10-11 16:03:36.306 D/WVR_Foveated( 2179): Foveated rendering is not supported.
10-11 16:03:36.315 E/mm-camera( 836): 2232: aec_process_calc_current_hist_metered_luma: error: out of range, exit
10-11 16:03:36.319 D/WVR_Foveated( 2179): Foveated rendering is not supported.
10-11 16:03:36.333 D/WVR_Foveated( 2179): Foveated rendering is not supported.
10-11 16:03:36.340 I/SVRI ( 2179): GetPoseState svr_hmd_1 tm1(3) Quality Pose/Camera/Sensor 0.67 1.00 1.00 ; lost 0 ; TS126842960839
10-11 16:03:36.346 D/WVR_Foveated( 2179): Foveated rendering is not supported.
10-11 16:03:36.348 E/mm-camera( 836): 2232: aec_process_calc_current_hist_metered_luma: error: out of range, exit
10-11 16:03:36.364 D/WVR_Foveated( 2179): Foveated rendering is not supported.
10-11 16:03:36.373 D/WVR_Foveated( 2179): Foveated rendering is not supported.
10-11 16:03:36.381 E/mm-camera( 836): 2232: aec_process_calc_current_hist_metered_luma: error: out of range, exit
10-11 16:03:36.386 D/WVR_Foveated( 2179): Foveated rendering is not supported.
10-11 16:03:36.399 D/WVR_Foveated( 2179): Foveated rendering is not supported.
10-11 16:03:36.412 D/WVR_Foveated( 2179): Foveated rendering is not supported.
10-11 16:03:36.415 E/mm-camera( 836): 2232: aec_process_calc_current_hist_metered_luma: error: out of range, exit
10-11 16:03:36.426 D/WVR_Foveated( 2179): Foveated rendering is not supported.
10-11 16:03:36.439 D/WVR_Foveated( 2179): Foveated rendering is not supported.
10-11 16:03:36.446 E/mm-camera( 836): 2232: aec_process_calc_current_hist_metered_luma: error: out of range, exit
10-11 16:03:36.452 D/WVR_Foveated( 2179): Foveated rendering is not supported.
10-11 16:03:36.466 D/WVR_Foveated( 2179): Foveated rendering is not supported.
10-11 16:03:36.474 W/SVRI ( 2179): GetPoseState: svrHeadPoseState poseQuality becomes LOW! Turn on Gray Mask. 1 32
10-11 16:03:36.474 I/OverlayManager( 2179): setHMDLoseTracking mIsHMDLoseTracking = 1, mDrawLoading = 0, mNotifyOverlayResumeLater = 0
10-11 16:03:36.474 D/VRCORE ( 2179): TID:2350 ./VRSystemStub.cc:620: Enter SetParameters
10-11 16:03:36.475 I/VRCORE_Server( 2113): GetCallback target device :0, type: 9
10-11 16:03:36.476 D/VRCORE ( 2113): TID:2449 ./DeviceProxy.cc:54: Leave PollNextCommand
10-11 16:03:36.476 D/VRCORE_PluginKit( 2388): got request form client 9
10-11 16:03:36.477 I/VRCORE_PluginKit( 2388): RequestObserver.java:onNext(25) dev: com.htc.vr.device.svr.SvrHmdDevice_1207d09[0] Callback type: 9
10-11 16:03:36.477 I/VRCORE_PluginKit( 2388): RequestObserver.java:onNext(156) SetParameters : [com.htc.vr.device.svr.SvrHmdDevice_1207d09] set string [setLostTracking=0].
10-11 16:03:36.477 D/SVR_HMD ( 2388): SvrHmdDevice.java:setParameters(452) Notify LOW poseQuality from DeviceService as in WVR/LINK
10-11 16:03:36.477 I/VRCORE_PluginKit( 2388): VRDeviceStub.java:DeviceSetErrorType(518) set error status: 64
10-11 16:03:36.478 I/VRCORE_PluginKit( 2388): VRDeviceStub.java:handleMessage(132) com.htc.vr.device.svr.SvrHmdDevice_1207d09[0] NativeDriverStub@c342b3c, event = 5
10-11 16:03:36.478 D/VRCORE_PluginKit( 2388): SendEventToClient at DriverStub
10-11 16:03:36.478 D/VRCORE ( 2113): TID:2449 ./DeviceProxy.cc:54: Enter PollNextCommand
10-11 16:03:36.479 D/VRCORE ( 2179): TID:2350 ./VRSystemStub.cc:620: Leave SetParameters
10-11 16:03:36.481 D/VRCORE_Server( 2113): Set other type's event
10-11 16:03:36.481 I/VRCORE_Server( 2113): SendEventToClient:devId=0, eventId =30006
10-11 16:03:36.481 I/VRCORE_Server( 2113): call onMessage event: 30006, device: 0
10-11 16:03:36.482 I/VRCORE ( 2179): OnReceiveEvent: event.eventType=30006
10-11 16:03:36.482 I/VRCORE ( 2179): OnReceiveCoreEvent: eventType = 30006, inputId = 0, device_index = 0, devType = 1, interaction_mode = 0, gaze_trigger = 0
10-11 16:03:36.482 I/VRActivityEventManager( 2179): This event sent by system key. Filter it!!!
10-11 16:03:36.482 D/VRAssistHelper( 2113): Send VREvent to VRAssist service, event Type: 30006
10-11 16:03:36.482 I/VRCORE_Server( 2113): device is not null in GetDisplayConfigure(), using DisplayConfigure of device
10-11 16:03:36.482 D/VRCORE ( 2179): byte size:17
10-11 16:03:36.482 D/VRCORE_Server( 2113): TID:2928 setupDisplayConfigure(145) has external screen: false
10-11 16:03:36.482 D/VRCORE_Server( 2113): TID:2928 setupDisplayConfigure(180) initial screenOrientation config using default
10-11 16:03:36.482 D/VRCORE_Server( 2113): model number: N/A
10-11 16:03:36.482 E/mm-camera( 836): 2232: aec_process_calc_current_hist_metered_luma: error: out of range, exit
10-11 16:03:36.484 D/VROEM EnvironmentChecker( 2071): event: 30006 device Id: 0 device type: 1 tracker type: 0
10-11 16:03:36.484 D/VRNotificationService( 2071): onEvent()
10-11 16:03:36.484 D/WVRDeviceEvent( 2071): DispatchEventToListeners devId: 0 evt: 30006 deviceType: 1 data: 64
10-11 16:03:36.484 D/MiaCDeviceEventDetector( 2071): mDevErrorListener onEventReceive...
10-11 16:03:36.484 D/MiaCDeviceEventDetector( 2071): onErrorStatusChanged(1,0,0,2,64) start...
10-11 16:03:36.484 D/VRNotificationService( 2071): Add notification:@vive.wave.vr.oem|鏃犳硶杩借釜浣嶇疆|璇疯繑鍥炶拷韪尯锛屾垨鍙栦笅澶存埓寮忚澶囦甫閲嶆柊鎴翠笂
10-11 16:03:36.484 D/WVRNotificationOverlayService( 2071): onAddNotificationItem() start..||鏃犳硶杩借釜浣嶇疆
10-11 16:03:36.484 D/WVRNotificationOverlayService( 2071): processDrawViewTask(): update notification view...
10-11 16:03:36.485 D/WVR_Foveated( 2179): Foveated rendering is not supported.
10-11 16:03:36.488 D/WVRNotificationOverlayService( 2071): drawNotification(view,3,0,thread,pos[]) start...
10-11 16:03:36.489 D/VRCustomizeOverlay( 2071): showOverlay(id=11) Begin
10-11 16:03:36.489 I/OverlayManager( 2179): drawBlockScreen mIsHMDLoseTracking changed = 1
10-11 16:03:36.489 D/VRCustomizeOverlay( 2071): showOverlay(id=11) mService.mServiceName = vive.wave.vr.oem.notification.WVRNotificationOverlayService
10-11 16:03:36.490 D/VROverlay( 2071): addOverlayView() mService.mServiceName = vive.wave.vr.oem.notification.WVRNotificationOverlayService
10-11 16:03:36.490 D/VROverlaySMD( 2179): showOverlay() Activity Statue = ACTIVITY_ONRENDERREADY
10-11 16:03:36.490 I/OverlayManager( 2179): showOverlay mCurrentFocusedController = 2
10-11 16:03:36.491 D/VROverlaySMD( 2179): showOverlay() id = 11 res = 0
10-11 16:03:36.495 D/VROverlay( 2071): onPreDraw() mServiceName = vive.wave.vr.oem.notification.WVRNotificationOverlayService
10-11 16:03:36.495 D/VROverlay( 2071): onPreDraw() vrActivityStatus = ON_RESUME
10-11 16:03:36.495 D/VROverlay( 2071): onPreDraw() overlayId = 11
10-11 16:03:36.496 D/VROverlaySMD( 2179): IVROverlayActivityCallback isActivityResumed false
10-11 16:03:36.506 D/WVR_Foveated( 2179): Foveated rendering is not supported.
10-11 16:03:36.510 I/CustomizeOverlay( 2179): CustomizeOverlay::draw widthRatio = 1.000000, heightRatio = 1.000000
10-11 16:03:36.512 E/mm-camera( 836): 2232: aec_process_calc_current_hist_metered_luma: error: out of range, exit
10-11 16:03:36.514 D/VROverlayService( 2071): getTaskCountInQueueVRActivity() taskCount = 0
10-11 16:03:36.514 I/POSE ( 2179): GetSyncPose pose_clr_2 CV(s1f0) om0 3DoF 1vw_t0o0 (0.0000) XYZ -0.2431 -0.5235 -0.1525 YPR -91.6506 177.7889 -0.5151 ; Wxyz 0.0102 0.6968 -0.0170 0.7170 ; RAW XYZ 0.0000 0.0000 0.0000 Wxyz 0.0102 0.6968 -0.0170 0.7170 ; LVel 0.000 0.000 0.000 LAc 0.05 -0.01 1.22 AngV 0.137 -0.051 3.562 AngAc 0.00 0.00 0.00 ; TS127017099370 0.00ms GetPoseState
10-11 16:03:36.515 D/VROverlaySMD( 2179): isLowMemory() false
10-11 16:03:36.516 D/VROverlaySMD( 2179): IVROverlayActivityCallback isActivityDestroyed false
10-11 16:03:36.516 D/VROverlayService( 2071): getViewBitmap(final View view) isRunAtUiTread = true
10-11 16:03:36.520 D/WVR_Foveated( 2179): Foveated rendering is not supported.
10-11 16:03:36.530 D/VROverlaySMD( 2179): IVROverlayActivityCallback isActivityDestroyed false
10-11 16:03:36.533 D/WVR_Foveated( 2179): Foveated rendering is not supported.
10-11 16:03:36.548 E/mm-camera( 836): 2232: aec_process_calc_current_hist_metered_luma: error: out of range, exit
10-11 16:03:36.551 I/CustomizeOverlay( 2179): CustomizeOverlay::draw widthRatio = 1.000000, heightRatio = 1.000000
10-11 16:03:36.553 D/VROverlay( 2071): onPreDraw() mServiceName = vive.wave.vr.oem.notification.WVRNotificationOverlayService
10-11 16:03:36.553 D/VROverlay( 2071): onPreDraw() vrActivityStatus = ON_RESUME
10-11 16:03:36.553 D/VROverlay( 2071): onPreDraw() overlayId = 11
10-11 16:03:36.554 D/VROverlaySMD( 2179): IVROverlayActivityCallback isActivityResumed false
10-11 16:03:36.567 D/WVR_Foveated( 2179): Foveated rendering is not supported.
10-11 16:03:36.571 D/VROverlayService( 2071): getTaskCountInQueueVRActivity() taskCount = 0
10-11 16:03:36.571 D/VROverlaySMD( 2179): isLowMemory() false
10-11 16:03:36.572 D/VROverlaySMD( 2179): IVROverlayActivityCallback isActivityDestroyed false
10-11 16:03:36.572 D/VROverlayService( 2071): getViewBitmap(final View view) isRunAtUiTread = true
10-11 16:03:36.577 D/WVR_Foveated( 2179): Foveated rendering is not supported.
10-11 16:03:36.584 E/mm-camera( 836): 2232: aec_process_calc_current_hist_metered_luma: error: out of range, exit
10-11 16:03:36.587 D/VROverlaySMD( 2179): IVROverlayActivityCallback isActivityDestroyed false
10-11 16:03:36.594 D/VRCustomizeOverlay( 2071): showOverlay(id=11) End
10-11 16:03:36.595 D/WVRNotificationOverlayService( 2071): setSceneShadow(true) start...
10-11 16:03:36.595 D/VROverlayService( 2071): setShowShadow
10-11 16:03:36.600 D/SVR_HMD ( 2388): SvrHmdDevice.java:onSensorChanged(273) SvrHmdDevice, onSensorChanged, sensor.getType() = 4, GYRO: AxisX = 0.01083374, AxisY = -0.0015106201, AxisZ = 0.007369995
10-11 16:03:36.601 D/WVR_Foveated( 2179): Foveated rendering is not supported.
10-11 16:03:36.603 D/SVR_HMD ( 2388): SvrHmdDevice.java:onSensorChanged(281) SvrHmdDevice, onSensorChanged, sensor.getType() = 1, ACCELER: X = 2.4117432, Y = 9.411743, Z = 1.0521545
10-11 16:03:36.605 I/CustomizeOverlay( 2179): CustomizeOverlay::draw widthRatio = 1.000000, heightRatio = 1.000000
10-11 16:03:36.608 I/WVRFoveat( 2179): FovText: eye 0 s 0 id 73 0 mode 2 1 enable 1 0 support 0
10-11 16:03:36.612 I/WVRFoveat( 2179): FovText: eye 1 s 0 id 76 0 mode 2 1 enable 1 0 support 0
10-11 16:03:36.614 D/WVR_Foveated( 2179): Foveated rendering is not supported.
10-11 16:03:36.616 E/mm-camera( 836): 2232: aec_process_calc_current_hist_metered_luma: error: out of range, exit
10-11 16:03:36.634 W/SVRI ( 2179): GetPoseState: svrHeadPoseState poseQuality is back to GOOD! Turn off Gray Mask. 1
10-11 16:03:36.635 I/OverlayManager( 2179): setHMDLoseTracking mIsHMDLoseTracking = 0, mDrawLoading = 0, mNotifyOverlayResumeLater = 0
10-11 16:03:36.635 D/VRCORE ( 2179): TID:2350 ./VRSystemStub.cc:620: Enter SetParameters
10-11 16:03:36.636 I/VRCORE_Server( 2113): GetCallback target device :0, type: 9
10-11 16:03:36.636 D/VRCORE ( 2113): TID:2449 ./DeviceProxy.cc:54: Leave PollNextCommand
10-11 16:03:36.636 D/VRCORE_PluginKit( 2388): got request form client 9
10-11 16:03:36.636 I/VRCORE_PluginKit( 2388): RequestObserver.java:onNext(25) dev: com.htc.vr.device.svr.SvrHmdDevice_1207d09[0] Callback type: 9
10-11 16:03:36.637 I/VRCORE_PluginKit( 2388): RequestObserver.java:onNext(156) SetParameters : [com.htc.vr.device.svr.SvrHmdDevice_1207d09] set string [setTrackingLostRecovery=0].
10-11 16:03:36.637 D/SVR_HMD ( 2388): SvrHmdDevice.java:setParameters(456) Notify GOOD poseQuality from DeviceService as in WVR/LINK
10-11 16:03:36.637 I/VRCORE_PluginKit( 2388): VRDeviceStub.java:DeviceSetErrorType(518) set error status: 128
10-11 16:03:36.637 I/VRCORE_PluginKit( 2388): VRDeviceStub.java:handleMessage(132) com.htc.vr.device.svr.SvrHmdDevice_1207d09[0] NativeDriverStub@c342b3c, event = 5
10-11 16:03:36.637 D/VRCORE_PluginKit( 2388): SendEventToClient at DriverStub
10-11 16:03:36.637 D/VRCORE ( 2113): TID:2449 ./DeviceProxy.cc:54: Enter PollNextCommand
10-11 16:03:36.638 D/VRCORE_Server( 2113): Set other type's event
10-11 16:03:36.638 I/VRCORE_Server( 2113): SendEventToClient:devId=0, eventId =30006
10-11 16:03:36.638 I/VRCORE_Server( 2113): call onMessage event: 30006, device: 0
10-11 16:03:36.638 D/VRCORE ( 2179): TID:2350 ./VRSystemStub.cc:620: Leave SetParameters
10-11 16:03:36.638 I/SVRI ( 2179): GetPoseState: SendEvent, device->id(0), DeviceLoadingDone(30103)
10-11 16:03:36.638 I/VRCORE ( 2179): OnReceiveEvent: event.eventType=30006
10-11 16:03:36.638 I/VRCORE ( 2179): OnReceiveCoreEvent: eventType = 30006, inputId = 0, device_index = 0, devType = 1, interaction_mode = 0, gaze_trigger = 0
10-11 16:03:36.638 I/VRActivityEventManager( 2179): This event sent by system key. Filter it!!!
10-11 16:03:36.638 D/VRAssistHelper( 2113): Send VREvent to VRAssist service, event Type: 30006
10-11 16:03:36.638 I/VRCORE_Server( 2113): device is not null in GetDisplayConfigure(), using DisplayConfigure of device
10-11 16:03:36.638 D/VRCORE_Server( 2113): TID:3023 setupDisplayConfigure(145) has external screen: false
10-11 16:03:36.638 D/VRCORE ( 2179): byte size:18
10-11 16:03:36.638 D/VRCORE_Server( 2113): TID:3023 setupDisplayConfigure(180) initial screenOrientation config using default
10-11 16:03:36.639 I/VRCORE_Server( 2113): SendEventToDriver target device :0
10-11 16:03:36.639 I/VRCORE_Server( 2113): SendEventToClient:devId=0, eventId =30103
10-11 16:03:36.639 I/VRCORE_Server( 2113): call onMessage event: 30103, device: 0
10-11 16:03:36.639 D/VRCORE_Server( 2113): model number: N/A
10-11 16:03:36.639 I/VRCORE ( 2179): OnReceiveEvent: event.eventType=30103
10-11 16:03:36.639 I/VRCORE ( 2179): OnReceiveCoreEvent: eventType = 30103, inputId = 0, device_index = 0, devType = 1, interaction_mode = 0, gaze_trigger = 0
10-11 16:03:36.639 D/VRCORE ( 2179): byte size:11
10-11 16:03:36.640 D/VROEM EnvironmentChecker( 2071): event: 30006 device Id: 0 device type: 1 tracker type: 0
10-11 16:03:36.640 D/VRNotificationService( 2071): onEvent()
10-11 16:03:36.640 D/WVRDeviceEvent( 2071): DispatchEventToListeners devId: 0 evt: 30006 deviceType: 1 data: 128
10-11 16:03:36.640 D/MiaCDeviceEventDetector( 2071): mDevErrorListener onEventReceive...
10-11 16:03:36.640 D/MiaCDeviceEventDetector( 2071): onErrorStatusChanged(1,0,0,2,128) start...
10-11 16:03:36.640 D/VRNotificationService( 2071): removeNotificationWithKey($CSK-Vr-7134L:124) start...
10-11 16:03:36.640 D/WVRNotificationOverlayService( 2071): onDelNotificationItem() start..||鏃犳硶杩借釜浣嶇疆
10-11 16:03:36.640 D/WVRNotificationOverlayService( 2071): restoreSceneShadow() start...
10-11 16:03:36.640 D/WVRNotificationOverlayService( 2071): processDrawViewTask(): update notification view...
10-11 16:03:36.640 D/WVRNotificationOverlayService( 2071): setSceneShadow(false) start...
10-11 16:03:36.640 D/VROverlayService( 2071): setShowShadow
10-11 16:03:36.645 D/VROEM VROEMService_api1( 2071): onEvent: GET RECENTER EVENT, do recenter if necessary.
10-11 16:03:36.645 D/VRProximityEventHandler( 2071): doRecenter: Already Recentered Screen. Skip recenter round
10-11 16:03:36.646 D/VRCustomizeOverlay( 2071): hideOverlay(id=11) Begin
10-11 16:03:36.646 E/mm-camera( 836): 2232: aec_process_calc_current_hist_metered_luma: error: out of range, exit
10-11 16:03:36.646 D/VROverlaySMD( 2179): hideOverlay() Activity Statue = ACTIVITY_ONRENDERREADY
10-11 16:03:36.646 D/VROverlaySMD( 2179): hideOverlay() id = 11 res = 0
10-11 16:03:36.647 D/VROverlay( 2071): removeOverlayView() mService.mServiceName = vive.wave.vr.oem.notification.WVRNotificationOverlayService
10-11 16:03:36.647 D/VRAssistHelper( 2113): Send VREvent to VRAssist service, event Type: 30103
10-11 16:03:36.647 I/VRCORE_Server( 2113): device is not null in GetDisplayConfigure(), using DisplayConfigure of device
10-11 16:03:36.647 D/VRCustomizeOverlay( 2071): hideOverlay(id=11) End
10-11 16:03:36.647 D/WVRNotificationOverlayService( 2071): processDrawViewTask(): call to hideOverlay()
10-11 16:03:36.647 D/VRCORE_Server( 2113): TID:2928 setupDisplayConfigure(145) has external screen: false
10-11 16:03:36.647 D/VRCORE_Server( 2113): TID:2928 setupDisplayConfigure(180) initial screenOrientation config using default
10-11 16:03:36.647 D/VRCORE_Server( 2113): model number: N/A
10-11 16:03:36.649 D/VROEM EnvironmentChecker( 2071): event: 30103 device Id: 0 device type: 1 tracker type: 0
10-11 16:03:36.649 D/VRNotificationService( 2071): onEvent()
10-11 16:03:36.649 D/WVRDeviceEvent( 2071): DispatchEventToListeners devId: 0 evt: 30103 deviceType: 1 data: 0
10-11 16:03:36.649 D/MiaCDeviceEventDetector( 2071): onLoadingChanged(false) start...
10-11 16:03:36.650 I/WVR_WaveVR( 2179): UpdateEachFrame() device HMD pose is valid.
10-11 16:03:36.650 D/WaveVR_PoseTrackerManager( 2179): onDeviceConnected() Dominant is connected.
10-11 16:03:36.650 D/WaveVR_ControllerInstanceManager( 2179): onDeviceConnected() device WVR_DeviceType_HMD is connected., left-handed? False
10-11 16:03:36.650 D/WaveVR_ControllerLoader( 2179): Hand: Dominant, onDeviceConnected() device WVR_DeviceType_HMD is connected.
10-11 16:03:36.650 D/WaveVR_ControllerLoader( 2179): Hand: Non_Dominant, onDeviceConnected() device WVR_DeviceType_HMD is connected.
10-11 16:03:36.656 I/OverlayManager( 2179): hasOnContextOverlay drawLastOverlay = 1
10-11 16:03:36.656 D/WVR_Foveated( 2179): Foveated rendering is not supported.
10-11 16:03:36.661 I/OverlayManager( 2179): hasOnTextureOverlay drawLastOverlay = 1
10-11 16:03:36.662 I/OverlayManager( 2179): drawBlockScreen mIsHMDLoseTracking changed = 0
10-11 16:03:36.680 D/WVR_Foveated( 2179): Foveated rendering is not supported.
10-11 16:03:36.681 E/mm-camera( 836): 2232: aec_process_calc_current_hist_metered_luma: error: out of range, exit
10-11 16:03:36.692 D/viveport( 2179): new(105.749) Ck: Update/s=72.03
10-11 16:03:36.693 D/viveport( 2179): Swipe.Upd#stat(0.021)0.014~0.072:361
10-11 16:03:36.693 D/WVR_Foveated( 2179): Foveated rendering is not supported.
10-11 16:03:36.696 D/viveport( 2179): Update#stat(4.409)3.032~17.458:361
10-11 16:03:36.699 I/ipdmonitor( 2388): ipd = 659
10-11 16:03:36.706 D/WVR_Foveated( 2179): Foveated rendering is not supported.
10-11 16:03:36.715 E/mm-camera( 836): 2232: aec_process_calc_current_hist_metered_luma: error: out of range, exit
10-11 16:03:36.720 D/WVR_Foveated( 2179): Foveated rendering is not supported.
10-11 16:03:36.733 D/WVR_Foveated( 2179): Foveated rendering is not supported.
10-11 16:03:36.741 D/ArmModel( 2179): ArmModel getArmedPose(2) 1, 1
10-11 16:03:36.741 D/ArmModel( 2179): Dev(0)LHOVHMDPos LOCKED : (-0.248709,0.151024,-0.041834)
10-11 16:03:36.741 D/ArmModel( 2179): Dev(2)ctrllerXYRotationRadio : 0.348233 elbowCurveLerpValue = 0.519647
10-11 16:03:36.741 D/ArmModel( 2179): Dev(2)quatCtrllerXYRot : (-0.022586,-0.519639,0.000000,0.854087)
10-11 16:03:36.741 D/ArmModel( 2179): Dev(2)quatCtrllerXYLerpRot : (-0.012189,-0.280436,0.000000,0.959795)
10-11 16:03:36.741 D/ArmModel( 2179): Dev(2)elbowOffset : (-0.074768,-0.528707,0.045186)
10-11 16:03:36.741 D/ArmModel( 2179): Dev(2)wristOffset : (-0.198747,-0.525443,0.129557)
10-11 16:03:36.741 D/ArmModel( 2179): Dev(2)ctrllerOffset : (-0.243129,-0.523514,0.152503)
10-11 16:03:36.741 D/ArmModel( 2179): Dev(2)finalCtrlPos : (-0.243129,-0.523514,-0.152503)
10-11 16:03:36.747 D/WVR_Foveated( 2179): Foveated rendering is not supported.
10-11 16:03:36.748 E/mm-camera( 836): 2232: aec_process_calc_current_hist_metered_luma: error: out of range, exit
10-11 16:03:36.781 E/mm-camera( 836): 2232: aec_process_calc_current_hist_metered_luma: error: out of range, exit
10-11 16:03:36.793 D/WVR_Foveated( 2179): Foveated rendering is not supported.
10-11 16:03:36.802 D/WVR_Foveated( 2179): Foveated rendering is not supported.
10-11 16:03:36.813 E/mm-camera( 836): 2232: aec_process_calc_current_hist_metered_luma: error: out of range, exit
10-11 16:03:36.814 D/WVR_Foveated( 2179): Foveated rendering is not supported.
10-11 16:03:36.821 D/ArmModel( 2179): ArmModel getArmedPose(3) 0, 1
10-11 16:03:36.827 D/WVR_Foveated( 2179): Foveated rendering is not supported.
10-11 16:03:36.840 D/WVR_Foveated( 2179): Foveated rendering is not supported.
10-11 16:03:36.847 E/mm-camera( 836): 2232: aec_process_calc_current_hist_metered_luma: error: out of range, exit
10-11 16:03:36.853 D/WVR_Foveated( 2179): Foveated rendering is not supported.
10-11 16:03:36.867 D/WVR_Foveated( 2179): Foveated rendering is not supported.
10-11 16:03:36.880 D/WaveVR_Resource( 2179): getSystemLanguage, ret language = zh
10-11 16:03:36.880 D/WaveVR_Resource( 2179): getSystemCountry, ret country = CN
10-11 16:03:36.880 D/WVR_Foveated( 2179): Foveated rendering is not supported.
10-11 16:03:36.882 E/mm-camera( 836): 2232: aec_process_calc_current_hist_metered_luma: error: out of range, exit
10-11 16:03:36.893 D/WVR_Foveated( 2179): Foveated rendering is not supported.
10-11 16:03:36.907 D/WVR_Foveated( 2179): Foveated rendering is not supported.
10-11 16:03:36.915 E/mm-camera( 836): 2232: aec_process_calc_current_hist_metered_luma: error: out of range, exit
10-11 16:03:36.920 D/WVR_Foveated( 2179): Foveated rendering is not supported.
10-11 16:03:36.928 I/ArmModel( 2179): Dev(0)LHOVHMDPos : (-0.263780,0.163205,-0.016349)
10-11 16:03:36.934 D/WVR_Foveated( 2179): Foveated rendering is not supported.
10-11 16:03:36.942 I/POSE ( 2179): GetSyncPose pose_hmd_1 CV(s1f0) om0 6DoF 1vw_t0o0 (0.0000) XYZ -0.2638 0.1632 0.0164 YPR 33.0165 -8.1287 13.0542 ; Wxyz 0.9525 -0.0353 0.2739 0.1287 ; RAW XYZ 0.2638 -0.1632 -0.0164 Wxyz 0.9525 0.0353 -0.2739 -0.1287 ; LVel -0.002 0.002 0.001 LAc -0.00 -0.00 -0.00 AngV -0.002 -0.001 0.021 AngAc -0.00 -0.00 -0.00 ; TS127444157141 15.76ms GetPoseState
10-11 16:03:36.946 E/mm-camera( 836): 2232: aec_process_calc_current_hist_metered_luma: error: out of range, exit
10-11 16:03:36.948 D/WVR_Foveated( 2179): Foveated rendering is not supported.
10-11 16:03:36.951 D/RRClientDetector( 2179): Supported : false
10-11 16:03:36.954 I/ViveportM( 2179): VRCheck.CheckInternet.101: VRGameFunction-VRCheck-CheckInternet, Have Internet
10-11 16:03:36.954 D/RRClientDetector( 2179): Supported : false
10-11 16:03:36.967 D/WVR_Foveated( 2179): Foveated rendering is not supported.
10-11 16:03:36.981 E/mm-camera( 836): 2232: aec_process_calc_current_hist_metered_luma: error: out of range, exit
10-11 16:03:36.993 D/WVR_Foveated( 2179): Foveated rendering is not supported.
10-11 16:03:37.001 D/WVR_Foveated( 2179): Foveated rendering is not supported.
10-11 16:03:37.009 I/SVRI ( 2179): GetPoseState svr_hmd_1 tm3(3) Quality Pose/Camera/Sensor 0.93 1.00 1.00 ; lost 0 ; TS127511051672
10-11 16:03:37.014 D/WVR_Foveated( 2179): Foveated rendering is not supported.
10-11 16:03:37.015 E/mm-camera( 836): 2232: aec_process_calc_current_hist_metered_luma: error: out of range, exit
10-11 16:03:37.028 D/WVR_Foveated( 2179): Foveated rendering is not supported.
10-11 16:03:37.031 I/svr ( 2179): FPS: 65.74
10-11 16:03:37.041 D/WVR_Foveated( 2179): Foveated rendering is not supported.
10-11 16:03:37.048 E/mm-camera( 836): 2232: aec_process_calc_current_hist_metered_luma: error: out of range, exit
10-11 16:03:37.054 D/WVR_Foveated( 2179): Foveated rendering is not supported.
10-11 16:03:37.067 D/WVR_Foveated( 2179): Foveated rendering is not supported.
10-11 16:03:37.081 D/WVR_Foveated( 2179): Foveated rendering is not supported.
10-11 16:03:37.081 E/mm-camera( 836): 2232: aec_process_calc_current_hist_metered_luma: error: out of range, exit
10-11 16:03:37.094 D/WVR_Foveated( 2179): Foveated rendering is not supported.
10-11 16:03:37.098 D/SVR_HMD ( 2388): SvrHmdDevice.java:onSensorChanged(273) SvrHmdDevice, onSensorChanged, sensor.getType() = 4, GYRO: AxisX = -0.018997192, AxisY = 0.007019043, AxisZ = 0.004699707
10-11 16:03:37.100 D/SVR_HMD ( 2388): SvrHmdDevice.java:onSensorChanged(281) SvrHmdDevice, onSensorChanged, sensor.getType() = 1, ACCELER: X = 2.4811249, Y = 9.428497, Z = 1.0199127
10-11 16:03:37.107 D/WVR_Foveated( 2179): Foveated rendering is not supported.
10-11 16:03:37.113 E/mm-camera( 836): 2232: aec_process_calc_current_hist_metered_luma: error: out of range, exit
10-11 16:03:37.115 I/POSE ( 2179): GetSyncPose pose_clr_2 CV(s1f0) om0 3DoF 1vw_t0o0 (0.0000) XYZ -0.2431 -0.5235 -0.1525 YPR -91.6506 177.7889 -0.5151 ; Wxyz 0.0102 0.6968 -0.0170 0.7170 ; RAW XYZ 0.0000 0.0000 0.0000 Wxyz 0.0102 0.6968 -0.0170 0.7170 ; LVel 0.000 0.000 0.000 LAc 0.05 -0.01 1.21 AngV 0.137 -0.051 3.562 AngAc 0.00 0.00 0.00 ; TS127614189898 0.00ms GetPoseState
10-11 16:03:37.121 D/WVR_Foveated( 2179): Foveated rendering is not supported.
10-11 16:03:37.134 D/WVR_Foveated( 2179): Foveated rendering is not supported.
10-11 16:03:37.148 D/WVR_Foveated( 2179): Foveated rendering is not supported.
10-11 16:03:37.148 E/mm-camera( 836): 2232: aec_process_calc_current_hist_metered_luma: error: out of range, exit
10-11 16:03:37.161 D/WVR_Foveated( 2179): Foveated rendering is not supported.
10-11 16:03:37.174 D/WVR_Foveated( 2179): Foveated rendering is not supported.
10-11 16:03:37.180 E/mm-camera( 836): 2232: aec_process_calc_current_hist_metered_luma: error: out of range, exit
10-11 16:03:37.193 D/WVR_Foveated( 2179): Foveated rendering is not supported.
10-11 16:03:37.201 D/WVR_Foveated( 2179): Foveated rendering is not supported.
10-11 16:03:37.213 I/[vrbledevice]Finch3DofController[0]( 2129): updatePose: timeStamp(127719265117), Euler:[-111.59338,-0.51509,177.78880] Quat:[0.00713,0.56209,-0.01848,0.82684] Acc:[0.04546,-0.00957,1.21489] Gyro:[0.13715,-0.05113,3.56248]
10-11 16:03:37.215 E/mm-camera( 836): 2232: aec_process_calc_current_hist_metered_luma: error: out of range, exit
10-11 16:03:37.215 D/WVR_Foveated( 2179): Foveated rendering is not supported.
10-11 16:03:37.228 D/WVR_Foveated( 2179): Foveated rendering is not supported.
10-11 16:03:37.241 D/WVR_Foveated( 2179): Foveated rendering is not supported.
10-11 16:03:37.247 E/mm-camera( 836): 2232: aec_process_calc_current_hist_metered_luma: error: out of range, exit
10-11 16:03:37.255 D/WVR_Foveated( 2179): Foveated rendering is not supported.
10-11 16:03:37.268 D/WVR_Foveated( 2179): Foveated rendering is not supported.
10-11 16:03:37.281 E/mm-camera( 836): 2232: aec_process_calc_current_hist_metered_luma: error: out of range, exit
10-11 16:03:37.281 D/WVR_Foveated( 2179): Foveated rendering is not supported.
10-11 16:03:37.295 D/WVR_Foveated( 2179): Foveated rendering is not supported.
10-11 16:03:37.308 D/WVR_Foveated( 2179): Foveated rendering is not supported.
10-11 16:03:37.314 E/mm-camera( 836): 2232: aec_process_calc_current_hist_metered_luma: error: out of range, exit
10-11 16:03:37.321 D/WVR_Foveated( 2179): Foveated rendering is not supported.
10-11 16:03:37.335 D/WVR_Foveated( 2179): Foveated rendering is not supported.
10-11 16:03:37.343 D/ArmModel( 2179): ArmModel getArmedPose(2) 1, 1
10-11 16:03:37.343 D/ArmModel( 2179): Dev(0)LHOVHMDPos LOCKED : (-0.248709,0.151024,-0.041834)
10-11 16:03:37.343 D/ArmModel( 2179): Dev(2)ctrllerXYRotationRadio : 0.348233 elbowCurveLerpValue = 0.519647
10-11 16:03:37.343 D/ArmModel( 2179): Dev(2)quatCtrllerXYRot : (-0.022586,-0.519639,0.000000,0.854087)
10-11 16:03:37.343 D/ArmModel( 2179): Dev(2)quatCtrllerXYLerpRot : (-0.012189,-0.280436,0.000000,0.959795)
10-11 16:03:37.343 D/ArmModel( 2179): Dev(2)elbowOffset : (-0.074768,-0.528707,0.045186)
10-11 16:03:37.343 D/ArmModel( 2179): Dev(2)wristOffset : (-0.198747,-0.525443,0.129557)
10-11 16:03:37.343 D/ArmModel( 2179): Dev(2)ctrllerOffset : (-0.243129,-0.523514,0.152503)
10-11 16:03:37.343 D/ArmModel( 2179): Dev(2)finalCtrlPos : (-0.243129,-0.523514,-0.152503)
10-11 16:03:37.348 E/mm-camera( 836): 2232: aec_process_calc_current_hist_metered_luma: error: out of range, exit
10-11 16:03:37.349 D/WVR_Foveated( 2179): Foveated rendering is not supported.
10-11 16:03:37.361 D/WVR_Foveated( 2179): Foveated rendering is not supported.
10-11 16:03:37.375 D/WVR_Foveated( 2179): Foveated rendering is not supported.
10-11 16:03:37.383 E/mm-camera( 836): 2232: aec_process_calc_current_hist_metered_luma: error: out of range, exit
10-11 16:03:37.394 D/WVR_Foveated( 2179): Foveated rendering is not supported.
10-11 16:03:37.399 D/ArmModel( 2179): ArmModel getArmedPose(3) 0, 1
10-11 16:03:37.404 D/WVR_Foveated( 2179): Foveated rendering is not supported.
10-11 16:03:37.415 E/mm-camera( 836): 2232: aec_process_calc_current_hist_metered_luma: error: out of range, exit
10-11 16:03:37.416 D/WVR_Foveated( 2179): Foveated rendering is not supported.
10-11 16:03:37.428 D/WVR_Foveated( 2179): Foveated rendering is not supported.
10-11 16:03:37.442 D/WVR_Foveated( 2179): Foveated rendering is not supported.
10-11 16:03:37.447 E/mm-camera( 836): 2232: aec_process_calc_current_hist_metered_luma: error: out of range, exit
10-11 16:03:37.455 D/WVR_Foveated( 2179): Foveated rendering is not supported.
10-11 16:03:37.468 D/WVR_Foveated( 2179): Foveated rendering is not supported.
10-11 16:03:37.480 E/mm-camera( 836): 2232: aec_process_calc_current_hist_metered_luma: error: out of range, exit
10-11 16:03:37.482 D/WVR_Foveated( 2179): Foveated rendering is not supported.
10-11 16:03:37.495 D/WVR_Foveated( 2179): Foveated rendering is not supported.
10-11 16:03:37.503 I/ArmModel( 2179): Dev(0)LHOVHMDPos : (-0.263792,0.163075,-0.016500)
10-11 16:03:37.503 I/POSE ( 2179): GetSyncPose pose_hmd_1 CV(s1f0) om0 6DoF 1vw_t0o0 (0.0000) XYZ -0.2638 0.1631 0.0165 YPR 32.9188 -8.2728 12.9308 ; Wxyz 0.9527 -0.0369 0.2730 0.1280 ; RAW XYZ 0.2638 -0.1631 -0.0165 Wxyz 0.9527 0.0369 -0.2730 -0.1280 ; LVel -0.003 -0.002 0.002 LAc -0.00 -0.00 -0.00 AngV -0.009 -0.021 -0.003 AngAc -0.00 -0.00 -0.00 ; TS128005375422 15.66ms GetPoseState
10-11 16:03:37.508 D/WVR_Foveated( 2179): Foveated rendering is not supported.
10-11 16:03:37.514 E/mm-camera( 836): 2232: aec_process_calc_current_hist_metered_luma: error: out of range, exit
10-11 16:03:37.522 D/WVR_Foveated( 2179): Foveated rendering is not supported.
10-11 16:03:37.535 D/WVR_Foveated( 2179): Foveated rendering is not supported.
10-11 16:03:37.549 E/mm-camera( 836): 2232: aec_process_calc_current_hist_metered_luma: error: out of range, exit
10-11 16:03:37.549 D/WVR_Foveated( 2179): Foveated rendering is not supported.
10-11 16:03:37.556 I/SVRI ( 2179): GetPoseState svr_hmd_1 tm3(3) Quality Pose/Camera/Sensor 0.80 1.00 1.00 ; lost 0 ; TS128058292870
10-11 16:03:37.562 D/WVR_Foveated( 2179): Foveated rendering is not supported.
10-11 16:03:37.575 D/WaveVR_Resource( 2179): getSystemLanguage, ret language = zh
10-11 16:03:37.575 D/WaveVR_Resource( 2179): getSystemCountry, ret country = CN
10-11 16:03:37.575 D/WVR_Foveated( 2179): Foveated rendering is not supported.
10-11 16:03:37.580 E/mm-camera( 836): 2232: aec_process_calc_current_hist_metered_luma: error: out of range, exit
10-11 16:03:37.594 D/WVR_Foveated( 2179): Foveated rendering is not supported.
10-11 16:03:37.595 D/SVR_HMD ( 2388): SvrHmdDevice.java:onSensorChanged(281) SvrHmdDevice, onSensorChanged, sensor.getType() = 1, ACCELER: X = 2.3239746, Y = 9.505157, Z = 1.1141205
10-11 16:03:37.597 D/SVR_HMD ( 2388): SvrHmdDevice.java:onSensorChanged(273) SvrHmdDevice, onSensorChanged, sensor.getType() = 4, GYRO: AxisX = -0.0067596436, AxisY = 0.009674072, AxisZ = 0.030807495
10-11 16:03:37.602 D/WVR_Foveated( 2179): Foveated rendering is not supported.
10-11 16:03:37.615 E/mm-camera( 836): 2232: aec_process_calc_current_hist_metered_luma: error: out of range, exit
10-11 16:03:37.616 D/WVR_Foveated( 2179): Foveated rendering is not supported.
10-11 16:03:37.629 D/WVR_Foveated( 2179): Foveated rendering is not supported.
10-11 16:03:37.642 D/WVR_Foveated( 2179): Foveated rendering is not supported.
10-11 16:03:37.646 E/mm-camera( 836): 2232: aec_process_calc_current_hist_metered_luma: error: out of range, exit
10-11 16:03:37.656 D/WVR_Foveated( 2179): Foveated rendering is not supported.
10-11 16:03:37.664 I/POSE ( 2179): GetSyncPose pose_clr_2 CV(s1f0) om0 3DoF 1vw_t0o0 (0.0000) XYZ -0.2431 -0.5235 -0.1525 YPR -91.6506 177.7889 -0.5151 ; Wxyz 0.0102 0.6968 -0.0170 0.7170 ; RAW XYZ 0.0000 0.0000 0.0000 Wxyz 0.0102 0.6968 -0.0170 0.7170 ; LVel 0.000 0.000 0.000 LAc 0.04 -0.01 1.23 AngV 0.137 -0.051 3.562 AngAc 0.00 0.00 0.00 ; TS128170247662 0.00ms GetPoseState
10-11 16:03:37.669 D/WVR_Foveated( 2179): Foveated rendering is not supported.
10-11 16:03:37.672 D/WVR_Foveated( 2179): LateUpdate: !isEnabled || !useValuesInInspector || Instance != this
10-11 16:03:37.677 D/WVR_Render( 2179): RenderLoop() is still running
10-11 16:03:37.677 D/WVR_WaveVR( 2179): UpdateEachFrame()
10-11 16:03:37.678 D/WVR_WaveVR( 2179): UpdateEachFrame() device HMD is connected, pose is valid, pos: {-0.2645199, 0.1637025, -0.01685011}, rot: {0.03640524, -0.2743491, 0.1295697, 0.9521654}
10-11 16:03:37.678 D/WVR_WaveVR( 2179): UpdateEachFrame() device controller right is connected, pose is valid, pos: {-0.2431288, -0.5235139, 0.1525031}, rot: {-0.6967742, 0.01697043, 0.7170169, 0.01022243}
10-11 16:03:37.678 D/WVR_WaveVR( 2179): UpdateEachFrame() device controller left is disconnected, pose is invalid, pos: {0, 0, 0}, rot: {0, 0, 0, 0}
10-11 16:03:37.678 D/WVR_WaveVR( 2179): UpdateEachFrame() after new pose.
10-11 16:03:37.678 D/WVR_TexMngr( 2179): Get texture from queue
10-11 16:03:37.678 D/WVR_TexMngr( 2179): Get texture from queue
10-11 16:03:37.678 D/WVR_Render( 2179): Render_WVR_Eye_Left
10-11 16:03:37.680 E/mm-camera( 836): 2232: aec_process_calc_current_hist_metered_luma: error: out of range, exit
10-11 16:03:37.700 I/ipdmonitor( 2388): ipd = 659
10-11 16:03:37.710 D/WVR_Render( 2179): Render_WVR_Eye_Right
10-11 16:03:37.712 D/WVR_Render( 2179): End of frame
10-11 16:03:37.713 E/mm-camera( 836): 2232: aec_process_calc_current_hist_metered_luma: error: out of range, exit
10-11 16:03:37.714 D/WaveVR_InputModuleManager( 2179): updateInteractionModeAndGazeTriggerType() OverrideSystemSettings is true.
10-11 16:03:37.714 D/WaveVR_InputModuleManager( 2179): updateInteractionModeAndGazeTriggerType() InteractionMode_System is controller.
10-11 16:03:37.714 D/WaveVR_InputModuleManager( 2179): updateInteractionModeAndGazeTriggerType() InteractionMode_User is controller.
10-11 16:03:37.714 D/WaveVR_InputModuleManager( 2179): updateInteractionModeAndGazeTriggerType() gazeTriggerType_System is timeout.
10-11 16:03:37.714 D/WaveVR_InputModuleManager( 2179): updateInteractionModeAndGazeTriggerType() gazeTriggerType_User is button.
10-11 16:03:37.714 D/WaveVR_ControllerInstanceManager( 2179): Controller instance: 1, Focus controller: WVR_DeviceType_Controller_Right, enable single beam: True
10-11 16:03:37.715 D/WaveVR_PoseTrackerManager( 2179): Update() Dominant, showTrackedObject is true.
10-11 16:03:37.715 D/WaveVR_PoseTrackerManager( 2179): Update() Dominant, Update() GameObject MIA_Ctrl is active.
10-11 16:03:37.715 D/WaveVR_PoseTrackerManager( 2179): Update() Dominant, Update() GameObject BeamR is active.
10-11 16:03:37.715 D/WaveVR_PoseTrackerManager( 2179): Update() Dominant, Update() GameObject ControllerPointerR is active.
10-11 16:03:37.715 D/WaveVR_Beam( 2179): Dominant Update() BeamR is shown, start offset: 0.015, end offset: 9.5, start width: 0.000625, end width: 0.00125, start color: RGBA(255, 255, 255, 255), end color: RGBA(255, 255, 255, 77)
10-11 16:03:37.715 D/WaveVR_ControllerPointer( 2179): Dominant ControllerPointerR is hidden, pointer color: RGBA(1.000, 1.000, 1.000, 1.000), use texture: True, pointer outer diameter: 0.258224, pointer distance: 13.4112, render queue: 5000
10-11 16:03:37.715 D/WVR_Foveated( 2179): Waiting for graphic ready to enable foveated rendering.
10-11 16:03:37.715 D/WVR_Foveated( 2179): Foveated rendering is not supported.
10-11 16:03:37.736 D/WVR_Foveated( 2179): Foveated rendering is not supported.
10-11 16:03:37.749 E/mm-camera( 836): 2232: aec_process_calc_current_hist_metered_luma: error: out of range, exit
10-11 16:03:37.750 D/WVR_Foveated( 2179): Foveated rendering is not supported.
10-11 16:03:37.762 D/WVR_Foveated( 2179): Foveated rendering is not supported.
10-11 16:03:37.770 D/WifiStateMachine( 1447): handleMessage: E msg.what=131155
10-11 16:03:37.770 D/WifiStateMachine( 1447): processMsg: ConnectedState
10-11 16:03:37.770 D/WifiStateMachine( 1447): processMsg: L2ConnectedState
10-11 16:03:37.776 D/WVR_Foveated( 2179): Foveated rendering is not supported.
10-11 16:03:37.780 E/mm-camera( 836): 2232: aec_process_calc_current_hist_metered_luma: error: out of range, exit
10-11 16:03:37.786 D/WifiStateMachine( 1447): CMD_RSSI_POLL: TxBytes = 640, RxBytes = 884
10-11 16:03:37.787 D/WifiStateMachine( 1447): handleMessage: X
10-11 16:03:37.795 D/WVR_Foveated( 2179): Foveated rendering is not supported.
10-11 16:03:37.803 D/WVR_Foveated( 2179): Foveated rendering is not supported.
10-11 16:03:37.814 E/mm-camera( 836): 2232: aec_process_calc_current_hist_metered_luma: error: out of range, exit
10-11 16:03:37.816 D/WVR_Foveated( 2179): Foveated rendering is not supported.
10-11 16:03:37.830 D/WVR_Foveated( 2179): Foveated rendering is not supported.
10-11 16:03:37.842 D/WVR_Foveated( 2179): Foveated rendering is not supported.
10-11 16:03:37.847 E/mm-camera( 836): 2232: aec_process_calc_current_hist_metered_luma: error: out of range, exit
10-11 16:03:37.857 D/WVR_Foveated( 2179): Foveated rendering is not supported.
10-11 16:03:37.869 D/WVR_Foveated( 2179): Foveated rendering is not supported.
10-11 16:03:37.881 E/mm-camera( 836): 2232: aec_process_calc_current_hist_metered_luma: error: out of range, exit
10-11 16:03:37.883 D/WVR_Foveated( 2179): Foveated rendering is not supported.
10-11 16:03:37.896 D/WVR_Foveated( 2179): Foveated rendering is not supported.
10-11 16:03:37.910 D/WVR_Foveated( 2179): Foveated rendering is not supported.
10-11 16:03:37.913 E/mm-camera( 836): 2232: aec_process_calc_current_hist_metered_luma: error: out of range, exit
10-11 16:03:37.923 D/WVR_Foveated( 2179): Foveated rendering is not supported.
10-11 16:03:37.936 D/WVR_Foveated( 2179): Foveated rendering is not supported.
10-11 16:03:37.945 D/ArmModel( 2179): ArmModel getArmedPose(2) 1, 1
10-11 16:03:37.945 D/ArmModel( 2179): Dev(0)LHOVHMDPos LOCKED : (-0.248709,0.151024,-0.041834)
10-11 16:03:37.945 D/ArmModel( 2179): Dev(2)ctrllerXYRotationRadio : 0.348233 elbowCurveLerpValue = 0.519647
10-11 16:03:37.945 D/ArmModel( 2179): Dev(2)quatCtrllerXYRot : (-0.022586,-0.519639,0.000000,0.854087)
10-11 16:03:37.945 D/ArmModel( 2179): Dev(2)quatCtrllerXYLerpRot : (-0.012189,-0.280436,0.000000,0.959795)
10-11 16:03:37.945 D/ArmModel( 2179): Dev(2)elbowOffset : (-0.074768,-0.528707,0.045186)
10-11 16:03:37.945 D/ArmModel( 2179): Dev(2)wristOffset : (-0.198747,-0.525443,0.129557)
10-11 16:03:37.945 D/ArmModel( 2179): Dev(2)ctrllerOffset : (-0.243129,-0.523514,0.152503)
10-11 16:03:37.945 D/ArmModel( 2179): Dev(2)finalCtrlPos : (-0.243129,-0.523514,-0.152503)
10-11 16:03:37.949 E/mm-camera( 836): 2232: aec_process_calc_current_hist_metered_luma: error: out of range, exit
10-11 16:03:37.951 D/WVR_Foveated( 2179): Foveated rendering is not supported.
10-11 16:03:37.963 D/WVR_Foveated( 2179): Foveated rendering is not supported.
10-11 16:03:37.976 D/WVR_Foveated( 2179): Foveated rendering is not supported.
10-11 16:03:37.981 E/mm-camera( 836): 2232: aec_process_calc_current_hist_metered_luma: error: out of range, exit
10-11 16:03:37.990 D/WVR_Foveated( 2179): Foveated rendering is not supported.
10-11 16:03:37.998 D/ArmModel( 2179): ArmModel getArmedPose(3) 0, 1
10-11 16:03:38.010 D/WVR_Foveated( 2179): Foveated rendering is not supported.
10-11 16:03:38.013 E/mm-camera( 836): 2232: aec_process_calc_current_hist_metered_luma: error: out of range, exit
10-11 16:03:38.020 D/WVR_Foveated( 2179): Foveated rendering is not supported.
10-11 16:03:38.031 D/WVR_Foveated( 2179): Foveated rendering is not supported.
10-11 16:03:38.043 D/WVR_Foveated( 2179): Foveated rendering is not supported.
10-11 16:03:38.046 I/svr ( 2179): FPS: 71.92
10-11 16:03:38.047 E/mm-camera( 836): 2232: aec_process_calc_current_hist_metered_luma: error: out of range, exit
10-11 16:03:38.057 D/WVR_Foveated( 2179): Foveated rendering is not supported.
10-11 16:03:38.070 D/WVR_Foveated( 2179): Foveated rendering is not supported.
10-11 16:03:38.082 E/mm-camera( 836): 2232: aec_process_calc_current_hist_metered_luma: error: out of range, exit
10-11 16:03:38.083 D/WVR_Foveated( 2179): Foveated rendering is not supported.
10-11 16:03:38.091 I/POSE ( 2179): GetSyncPose pose_hmd_1 CV(s1f0) om0 6DoF 1vw_t0o0 (0.0000) XYZ -0.2643 0.1639 0.0157 YPR 33.1635 -8.3569 13.1959 ; Wxyz 0.9519 -0.0367 0.2747 0.1305 ; RAW XYZ 0.2643 -0.1639 -0.0157 Wxyz 0.9519 0.0367 -0.2747 -0.1305 ; LVel -0.007 0.001 0.001 LAc -0.00 -0.00 -0.00 AngV -0.010 -0.026 0.015 AngAc -0.00 -0.00 -0.00 ; TS128593601724 15.73ms GetPoseState
10-11 16:03:38.094 D/SVR_HMD ( 2388): SvrHmdDevice.java:onSensorChanged(281) SvrHmdDevice, onSensorChanged, sensor.getType() = 1, ACCELER: X = 2.4213104, Y = 9.380936, Z = 1.0351105
10-11 16:03:38.095 D/SVR_HMD ( 2388): SvrHmdDevice.java:onSensorChanged(273) SvrHmdDevice, onSensorChanged, sensor.getType() = 4, GYRO: AxisX = -8.8500977E-4, AxisY = -0.003112793, AxisZ = 0.01802063
10-11 16:03:38.096 D/WVR_Foveated( 2179): Foveated rendering is not supported.
10-11 16:03:38.105 I/ArmModel( 2179): Dev(0)LHOVHMDPos : (-0.264349,0.163896,-0.015619)
10-11 16:03:38.111 D/WVR_Foveated( 2179): Foveated rendering is not supported.
10-11 16:03:38.114 E/mm-camera( 836): 2232: aec_process_calc_current_hist_metered_luma: error: out of range, exit
10-11 16:03:38.123 D/WVR_Foveated( 2179): Foveated rendering is not supported.
10-11 16:03:38.136 D/WVR_Foveated( 2179): Foveated rendering is not supported.
10-11 16:03:38.145 I/SVRI ( 2179): GetPoseState svr_hmd_1 tm3(3) Quality Pose/Camera/Sensor 0.71 1.00 1.00 ; lost 0 ; TS128647495787
10-11 16:03:38.149 E/mm-camera( 836): 2232: aec_process_calc_current_hist_metered_luma: error: out of range, exit
10-11 16:03:38.151 D/WVR_Foveated( 2179): Foveated rendering is not supported.
10-11 16:03:38.163 D/WVR_Foveated( 2179): Foveated rendering is not supported.
10-11 16:03:38.177 D/WVR_Foveated( 2179): Foveated rendering is not supported.
10-11 16:03:38.182 E/mm-camera( 836): 2232: aec_process_calc_current_hist_metered_luma: error: out of range, exit
10-11 16:03:38.190 D/WVR_Foveated( 2179): Foveated rendering is not supported.
10-11 16:03:38.203 D/WVR_Foveated( 2179): Foveated rendering is not supported.
10-11 16:03:38.211 I/[vrbledevice]Finch3DofController[0]( 2129): updatePose: timeStamp(128716653029), Euler:[-111.59338,-0.51509,177.78880] Quat:[0.00713,0.56209,-0.01848,0.82684] Acc:[0.04846,-0.01495,1.21429] Gyro:[0.13715,-0.05113,3.56248]
10-11 16:03:38.215 E/mm-camera( 836): 2232: aec_process_calc_current_hist_metered_luma: error: out of range, exit
10-11 16:03:38.223 D/WVR_Foveated( 2179): Foveated rendering is not supported.
10-11 16:03:38.232 D/WVR_Foveated( 2179): Foveated rendering is not supported.
10-11 16:03:38.244 D/WVR_Foveated( 2179): Foveated rendering is not supported.
10-11 16:03:38.249 E/mm-camera( 836): 2232: aec_process_calc_current_hist_metered_luma: error: out of range, exit
