10-11 16:03:53.737 D/WVR_Foveated( 2179): Foveated rendering is not supported.
10-11 16:03:53.749 D/WVR_Foveated( 2179): Foveated rendering is not supported.
10-11 16:03:53.757 E/mm-camera( 836): 2232: aec_process_calc_current_hist_metered_luma: error: out of range, exit
10-11 16:03:53.763 D/WVR_Foveated( 2179): Foveated rendering is not supported.
10-11 16:03:53.776 D/WVR_Foveated( 2179): Foveated rendering is not supported.
10-11 16:03:53.789 D/WVR_Foveated( 2179): Foveated rendering is not supported.
10-11 16:03:53.791 E/mm-camera( 836): 2232: aec_process_calc_current_hist_metered_luma: error: out of range, exit
10-11 16:03:53.803 D/WVR_Foveated( 2179): Foveated rendering is not supported.
10-11 16:03:53.816 D/WVR_Foveated( 2179): Foveated rendering is not supported.
10-11 16:03:53.823 E/mm-camera( 836): 2232: aec_process_calc_current_hist_metered_luma: error: out of range, exit
10-11 16:03:53.830 D/WVR_Foveated( 2179): Foveated rendering is not supported.
10-11 16:03:53.842 D/WVR_Foveated( 2179): Foveated rendering is not supported.
10-11 16:03:53.856 D/WVR_Foveated( 2179): Foveated rendering is not supported.
10-11 16:03:53.858 E/mm-camera( 836): 2232: aec_process_calc_current_hist_metered_luma: error: out of range, exit
10-11 16:03:53.870 D/WVR_Foveated( 2179): Foveated rendering is not supported.
10-11 16:03:53.878 I/POSE ( 2179): GetSyncPose pose_hmd_1 CV(s1f0) om0 6DoF 1vw_t0o0 (0.0000) XYZ -0.2649 0.1632 0.0241 YPR 30.7984 -7.4709 11.5818 ; Wxyz 0.9589 -0.0358 0.2573 0.1143 ; RAW XYZ 0.2649 -0.1632 -0.0241 Wxyz 0.9589 0.0358 -0.2573 -0.1143 ; LVel 0.009 -0.009 -0.003 LAc -0.00 -0.00 -0.00 AngV -0.021 0.002 -0.123 AngAc -0.00 -0.00 -0.00 ; TS144380009172 15.67ms GetPoseState
10-11 16:03:53.883 D/WVR_Foveated( 2179): Foveated rendering is not supported.
10-11 16:03:53.891 E/mm-camera( 836): 2232: aec_process_calc_current_hist_metered_luma: error: out of range, exit
10-11 16:03:53.897 D/WVR_Foveated( 2179): Foveated rendering is not supported.
10-11 16:03:53.911 D/WVR_Foveated( 2179): Foveated rendering is not supported.
10-11 16:03:53.918 I/SVRI ( 2179): GetPoseState svr_hmd_1 tm3(3) Quality Pose/Camera/Sensor 1.00 1.00 1.00 ; lost 0 ; TS144419956724
10-11 16:03:53.924 E/mm-camera( 836): 2232: aec_process_calc_current_hist_metered_luma: error: out of range, exit
10-11 16:03:53.928 D/WVR_Foveated( 2179): Foveated rendering is not supported.
10-11 16:03:53.937 D/WVR_Foveated( 2179): Foveated rendering is not supported.
10-11 16:03:53.944 I/POSE ( 2179): GetSyncPose pose_clr_2 CV(s1f0) om0 3DoF 1vw_t0o0 (0.0000) XYZ -0.2757 -0.5124 -0.1850 YPR -90.3755 177.8259 -1.2840 ; Wxyz 0.0054 0.7048 -0.0214 0.7091 ; RAW XYZ 0.0000 0.0000 0.0000 Wxyz 0.0054 0.7048 -0.0214 0.7091 ; LVel 0.000 0.000 0.000 LAc 0.05 -0.03 1.21 AngV 0.009 -0.004 -0.010 AngAc 0.00 0.00 0.00 ; TS144445545689 0.00ms GetPoseState
10-11 16:03:53.950 D/WVR_Foveated( 2179): Foveated rendering is not supported.
10-11 16:03:53.957 E/mm-camera( 836): 2232: aec_process_calc_current_hist_metered_luma: error: out of range, exit
10-11 16:03:53.963 D/WVR_Foveated( 2179): Foveated rendering is not supported.
10-11 16:03:53.976 D/WVR_Foveated( 2179): Foveated rendering is not supported.
10-11 16:03:53.990 D/WVR_Foveated( 2179): Foveated rendering is not supported.
10-11 16:03:53.991 E/mm-camera( 836): 2232: aec_process_calc_current_hist_metered_luma: error: out of range, exit
10-11 16:03:54.004 D/WVR_Foveated( 2179): Foveated rendering is not supported.
10-11 16:03:54.009 D/SVR_HMD ( 2388): SvrHmdDevice.java:onSensorChanged(273) SvrHmdDevice, onSensorChanged, sensor.getType() = 4, GYRO: AxisX = -0.006225586, AxisY = 0.22805786, AxisZ = -0.3633423
10-11 16:03:54.009 D/SVR_HMD ( 2388): SvrHmdDevice.java:onSensorChanged(281) SvrHmdDevice, onSensorChanged, sensor.getType() = 1, ACCELER: X = 2.3960114, Y = 10.206787, Z = 1.7563934
10-11 16:03:54.012 D/ArmModel( 2179): ArmModel getArmedPose(2) 1, 1
10-11 16:03:54.012 D/ArmModel( 2179): Dev(0)LHOVHMDPos LOCKED : (-0.269550,0.162642,-0.019637)
10-11 16:03:54.012 D/ArmModel( 2179): Dev(2)ctrllerXYRotationRadio : 0.326999 elbowCurveLerpValue = 0.515400
10-11 16:03:54.012 D/ArmModel( 2179): Dev(2)quatCtrllerXYRot : (-0.021774,-0.490875,0.000000,0.870958)
10-11 16:03:54.012 D/ArmModel( 2179): Dev(2)quatCtrllerXYLerpRot : (-0.011602,-0.261568,0.000000,0.965115)
10-11 16:03:54.012 D/ArmModel( 2179): Dev(2)elbowOffset : (-0.103978,-0.517433,0.082590)
10-11 16:03:54.012 D/ArmModel( 2179): Dev(2)wristOffset : (-0.232951,-0.514261,0.159114)
10-11 16:03:54.012 D/ArmModel( 2179): Dev(2)ctrllerOffset : (-0.275704,-0.512365,0.184971)
10-11 16:03:54.012 D/ArmModel( 2179): Dev(2)finalCtrlPos : (-0.275704,-0.512365,-0.184971)
10-11 16:03:54.017 D/WVR_Foveated( 2179): Foveated rendering is not supported.
10-11 16:03:54.024 E/mm-camera( 836): 2232: aec_process_calc_current_hist_metered_luma: error: out of range, exit
10-11 16:03:54.031 D/WVR_Foveated( 2179): Foveated rendering is not supported.
10-11 16:03:54.043 D/WVR_Foveated( 2179): Foveated rendering is not supported.
10-11 16:03:54.056 E/mm-camera( 836): 2232: aec_process_calc_current_hist_metered_luma: error: out of range, exit
10-11 16:03:54.057 D/WVR_Foveated( 2179): Foveated rendering is not supported.
10-11 16:03:54.070 D/WVR_Foveated( 2179): Foveated rendering is not supported.
10-11 16:03:54.078 D/ArmModel( 2179): ArmModel getArmedPose(3) 0, 1
10-11 16:03:54.083 D/WVR_Foveated( 2179): Foveated rendering is not supported.
10-11 16:03:54.089 E/mm-camera( 836): 2232: aec_process_calc_current_hist_metered_luma: error: out of range, exit
10-11 16:03:54.098 D/WVR_Foveated( 2179): Foveated rendering is not supported.
10-11 16:03:54.110 D/WVR_Foveated( 2179): Foveated rendering is not supported.
10-11 16:03:54.113 I/svr ( 2179): FPS: 74.78
10-11 16:03:54.124 E/mm-camera( 836): 2232: aec_process_calc_current_hist_metered_luma: error: out of range, exit
10-11 16:03:54.129 D/WVR_Foveated( 2179): Foveated rendering is not supported.
10-11 16:03:54.139 D/WVR_Foveated( 2179): Foveated rendering is not supported.
10-11 16:03:54.150 D/WVR_Foveated( 2179): Foveated rendering is not supported.
10-11 16:03:54.157 E/mm-camera( 836): 2232: aec_process_calc_current_hist_metered_luma: error: out of range, exit
10-11 16:03:54.189 E/mm-camera( 836): 2232: aec_process_calc_current_hist_metered_luma: error: out of range, exit
10-11 16:03:54.197 D/WVR_Foveated( 2179): Foveated rendering is not supported.
10-11 16:03:54.217 D/WVR_Foveated( 2179): Foveated rendering is not supported.
10-11 16:03:54.223 E/mm-camera( 836): 2232: aec_process_calc_current_hist_metered_luma: error: out of range, exit
10-11 16:03:54.224 I/[vrbledevice]Finch3DofController[0]( 2129): updatePose: timeStamp(144729598374), Euler:[-110.31831,-1.28396,177.82582] Quat:[0.00164,0.57133,-0.02197,0.82042] Acc:[0.04786,-0.02991,1.20951] Gyro:[0.00866,-0.00367,-0.00982]
10-11 16:03:54.232 D/WVR_Foveated( 2179): Foveated rendering is not supported.
10-11 16:03:54.246 D/WVR_Foveated( 2179): Foveated rendering is not supported.
10-11 16:03:54.257 D/WVR_Foveated( 2179): Foveated rendering is not supported.
10-11 16:03:54.258 E/mm-camera( 836): 2232: aec_process_calc_current_hist_metered_luma: error: out of range, exit
10-11 16:03:54.271 D/WVR_Foveated( 2179): Foveated rendering is not supported.
10-11 16:03:54.284 D/WVR_Foveated( 2179): Foveated rendering is not supported.
10-11 16:03:54.291 E/mm-camera( 836): 2232: aec_process_calc_current_hist_metered_luma: error: out of range, exit
10-11 16:03:54.292 I/ArmModel( 2179): Dev(0)LHOVHMDPos : (-0.253045,0.156245,-0.036372)
10-11 16:03:54.298 D/WVR_Foveated( 2179): Foveated rendering is not supported.
10-11 16:03:54.311 D/WVR_Foveated( 2179): Foveated rendering is not supported.
10-11 16:03:54.324 E/mm-camera( 836): 2232: aec_process_calc_current_hist_metered_luma: error: out of range, exit
10-11 16:03:54.330 D/WVR_Foveated( 2179): Foveated rendering is not supported.
10-11 16:03:54.339 D/WVR_Foveated( 2179): Foveated rendering is not supported.
10-11 16:03:54.351 D/WVR_Foveated( 2179): Foveated rendering is not supported.
10-11 16:03:54.357 E/mm-camera( 836): 2232: aec_process_calc_current_hist_metered_luma: error: out of range, exit
10-11 16:03:54.364 D/WVR_Foveated( 2179): Foveated rendering is not supported.
10-11 16:03:54.377 D/WVR_Foveated( 2179): Foveated rendering is not supported.
10-11 16:03:54.391 E/mm-camera( 836): 2232: aec_process_calc_current_hist_metered_luma: error: out of range, exit
10-11 16:03:54.391 D/WVR_Foveated( 2179): Foveated rendering is not supported.
10-11 16:03:54.404 D/WVR_Foveated( 2179): Foveated rendering is not supported.
10-11 16:03:54.418 D/WVR_Foveated( 2179): Foveated rendering is not supported.
10-11 16:03:54.424 E/mm-camera( 836): 2232: aec_process_calc_current_hist_metered_luma: error: out of range, exit
10-11 16:03:54.431 D/WVR_Foveated( 2179): Foveated rendering is not supported.
10-11 16:03:54.445 D/WVR_Foveated( 2179): Foveated rendering is not supported.
10-11 16:03:54.456 E/mm-camera( 836): 2232: aec_process_calc_current_hist_metered_luma: error: out of range, exit
10-11 16:03:54.458 D/WaveVR_Resource( 2179): getSystemLanguage, ret language = zh
10-11 16:03:54.458 D/WaveVR_Resource( 2179): getSystemCountry, ret country = CN
10-11 16:03:54.458 D/WVR_Foveated( 2179): Foveated rendering is not supported.
10-11 16:03:54.466 I/POSE ( 2179): GetSyncPose pose_hmd_1 CV(s1f0) om0 6DoF 1vw_t0o0 (0.0000) XYZ -0.2487 0.1560 0.0430 YPR 31.1865 -10.1684 5.3643 ; Wxyz 0.9595 -0.0727 0.2635 0.0687 ; RAW XYZ 0.2487 -0.1560 -0.0430 Wxyz 0.9595 0.0727 -0.2635 -0.0687 ; LVel -0.011 0.003 0.035 LAc -0.00 -0.00 -0.00 AngV 0.164 -0.049 0.035 AngAc -0.00 -0.00 -0.00 ; TS144967197922 15.77ms GetPoseState
10-11 16:03:54.471 D/WVR_Foveated( 2179): Foveated rendering is not supported.
10-11 16:03:54.484 D/WVR_Foveated( 2179): Foveated rendering is not supported.
10-11 16:03:54.490 E/mm-camera( 836): 2232: aec_process_calc_current_hist_metered_luma: error: out of range, exit
10-11 16:03:54.498 D/WVR_Foveated( 2179): Foveated rendering is not supported.
10-11 16:03:54.506 I/SVRI ( 2179): GetPoseState svr_hmd_1 tm3(3) Quality Pose/Camera/Sensor 1.00 1.00 1.00 ; lost 0 ; TS145008152506
10-11 16:03:54.506 D/SVR_HMD ( 2388): SvrHmdDevice.java:onSensorChanged(273) SvrHmdDevice, onSensorChanged, sensor.getType() = 4, GYRO: AxisX = 0.11149597, AxisY = -0.10751343, AxisZ = -0.10183716
10-11 16:03:54.507 D/SVR_HMD ( 2388): SvrHmdDevice.java:onSensorChanged(281) SvrHmdDevice, onSensorChanged, sensor.getType() = 1, ACCELER: X = 1.4746094, Y = 9.455307, Z = 1.4386749
10-11 16:03:54.511 D/WVR_Foveated( 2179): Foveated rendering is not supported.
10-11 16:03:54.523 E/mm-camera( 836): 2232: aec_process_calc_current_hist_metered_luma: error: out of range, exit
10-11 16:03:54.530 D/WVR_Foveated( 2179): Foveated rendering is not supported.
10-11 16:03:54.534 I/POSE ( 2179): GetSyncPose pose_clr_2 CV(s1f0) om0 3DoF 1vw_t0o0 (0.0000) XYZ -0.2757 -0.5124 -0.1850 YPR -90.3755 177.8259 -1.2840 ; Wxyz 0.0054 0.7048 -0.0214 0.7091 ; RAW XYZ 0.0000 0.0000 0.0000 Wxyz 0.0054 0.7048 -0.0214 0.7091 ; LVel 0.000 0.000 0.000 LAc 0.04 -0.02 1.22 AngV 0.009 -0.004 -0.010 AngAc 0.00 0.00 0.00 ; TS145037339029 0.00ms GetPoseState
10-11 16:03:54.539 D/WVR_Foveated( 2179): Foveated rendering is not supported.
10-11 16:03:54.551 D/WVR_Foveated( 2179): Foveated rendering is not supported.
10-11 16:03:54.556 E/mm-camera( 836): 2232: aec_process_calc_current_hist_metered_luma: error: out of range, exit
10-11 16:03:54.566 D/WVR_Foveated( 2179): Foveated rendering is not supported.
10-11 16:03:54.578 D/WVR_Foveated( 2179): Foveated rendering is not supported.
10-11 16:03:54.580 W/SensorService( 1447): D/Accel(x, y, z, t) = ( 1.0, 9.6, 1.1, 145086ms), sys_time = 145087ms
10-11 16:03:54.591 E/mm-camera( 836): 2232: aec_process_calc_current_hist_metered_luma: error: out of range, exit
10-11 16:03:54.592 D/WVR_Foveated( 2179): Foveated rendering is not supported.
10-11 16:03:54.605 D/WVR_Foveated( 2179): Foveated rendering is not supported.
10-11 16:03:54.613 D/ArmModel( 2179): ArmModel getArmedPose(2) 1, 1
10-11 16:03:54.613 D/ArmModel( 2179): Dev(0)LHOVHMDPos LOCKED : (-0.269550,0.162642,-0.019637)
10-11 16:03:54.613 D/ArmModel( 2179): Dev(2)ctrllerXYRotationRadio : 0.326999 elbowCurveLerpValue = 0.515400
10-11 16:03:54.613 D/ArmModel( 2179): Dev(2)quatCtrllerXYRot : (-0.021774,-0.490875,0.000000,0.870958)
10-11 16:03:54.613 D/ArmModel( 2179): Dev(2)quatCtrllerXYLerpRot : (-0.011602,-0.261568,0.000000,0.965115)
10-11 16:03:54.613 D/ArmModel( 2179): Dev(2)elbowOffset : (-0.103978,-0.517433,0.082590)
10-11 16:03:54.613 D/ArmModel( 2179): Dev(2)wristOffset : (-0.232951,-0.514261,0.159114)
10-11 16:03:54.613 D/ArmModel( 2179): Dev(2)ctrllerOffset : (-0.275704,-0.512365,0.184971)
10-11 16:03:54.613 D/ArmModel( 2179): Dev(2)finalCtrlPos : (-0.275704,-0.512365,-0.184971)
10-11 16:03:54.618 D/WVR_Foveated( 2179): Foveated rendering is not supported.
10-11 16:03:54.623 E/mm-camera( 836): 2232: aec_process_calc_current_hist_metered_luma: error: out of range, exit
10-11 16:03:54.632 D/WVR_Foveated( 2179): Foveated rendering is not supported.
10-11 16:03:54.645 D/WVR_Foveated( 2179): Foveated rendering is not supported.
10-11 16:03:54.654 I/WVRFoveat( 2179): FovText: eye 0 s 0 id 73 0 mode 2 1 enable 1 0 support 0
10-11 16:03:54.657 I/WVRFoveat( 2179): FovText: eye 1 s 0 id 76 0 mode 2 1 enable 1 0 support 0
10-11 16:03:54.657 E/mm-camera( 836): 2232: aec_process_calc_current_hist_metered_luma: error: out of range, exit
10-11 16:03:54.658 D/WVR_Foveated( 2179): Foveated rendering is not supported.
10-11 16:03:54.672 D/WVR_Foveated( 2179): Foveated rendering is not supported.
10-11 16:03:54.680 D/ArmModel( 2179): ArmModel getArmedPose(3) 0, 1
10-11 16:03:54.685 D/WVR_Foveated( 2179): Foveated rendering is not supported.
10-11 16:03:54.690 E/mm-camera( 836): 2232: aec_process_calc_current_hist_metered_luma: error: out of range, exit
10-11 16:03:54.698 D/WVR_Foveated( 2179): Foveated rendering is not supported.
10-11 16:03:54.712 D/WVR_Foveated( 2179): Foveated rendering is not supported.
10-11 16:03:54.722 E/mm-camera( 836): 2232: aec_process_calc_current_hist_metered_luma: error: out of range, exit
10-11 16:03:54.724 I/ipdmonitor( 2388): ipd = 659
10-11 16:03:54.731 D/WVR_Foveated( 2179): Foveated rendering is not supported.
10-11 16:03:54.740 D/WVR_Foveated( 2179): Foveated rendering is not supported.
10-11 16:03:54.752 D/WVR_Foveated( 2179): Foveated rendering is not supported.
10-11 16:03:54.758 E/mm-camera( 836): 2232: aec_process_calc_current_hist_metered_luma: error: out of range, exit
10-11 16:03:54.766 D/WVR_Foveated( 2179): Foveated rendering is not supported.
10-11 16:03:54.778 D/WVR_Foveated( 2179): Foveated rendering is not supported.
10-11 16:03:54.791 E/mm-camera( 836): 2232: aec_process_calc_current_hist_metered_luma: error: out of range, exit
10-11 16:03:54.792 D/WVR_Foveated( 2179): Foveated rendering is not supported.
10-11 16:03:54.806 D/WVR_Foveated( 2179): Foveated rendering is not supported.
10-11 16:03:54.819 D/WVR_Foveated( 2179): Foveated rendering is not supported.
10-11 16:03:54.823 E/mm-camera( 836): 2232: aec_process_calc_current_hist_metered_luma: error: out of range, exit
10-11 16:03:54.832 D/WVR_Foveated( 2179): Foveated rendering is not supported.
10-11 16:03:54.846 D/WVR_Foveated( 2179): Foveated rendering is not supported.
10-11 16:03:54.854 I/ArmModel( 2179): Dev(0)LHOVHMDPos : (-0.236856,0.152194,-0.074594)
10-11 16:03:54.857 E/mm-camera( 836): 2232: aec_process_calc_current_hist_metered_luma: error: out of range, exit
10-11 16:03:54.859 D/WVR_Foveated( 2179): Foveated rendering is not supported.
10-11 16:03:54.873 D/WVR_Foveated( 2179): Foveated rendering is not supported.
10-11 16:03:54.886 D/WVR_Foveated( 2179): Foveated rendering is not supported.
10-11 16:03:54.890 E/mm-camera( 836): 2232: aec_process_calc_current_hist_metered_luma: error: out of range, exit
10-11 16:03:54.899 D/WVR_Foveated( 2179): Foveated rendering is not supported.
10-11 16:03:54.912 D/WVR_Foveated( 2179): Foveated rendering is not supported.
10-11 16:03:54.925 E/mm-camera( 836): 2232: aec_process_calc_current_hist_metered_luma: error: out of range, exit
10-11 16:03:54.931 D/WVR_Foveated( 2179): Foveated rendering is not supported.
10-11 16:03:54.935 I/SVRI ( 2179): checkSteady 2 moves at 460
10-11 16:03:54.941 D/WVR_Foveated( 2179): Foveated rendering is not supported.
10-11 16:03:54.954 D/WVR_Foveated( 2179): Foveated rendering is not supported.
10-11 16:03:54.956 D/RRClientDetector( 2179): Supported : false
10-11 16:03:54.958 E/mm-camera( 836): 2232: aec_process_calc_current_hist_metered_luma: error: out of range, exit
10-11 16:03:54.962 I/ViveportM( 2179): VRCheck.CheckInternet.101: VRGameFunction-VRCheck-CheckInternet, Have Internet
10-11 16:03:54.962 D/RRClientDetector( 2179): Supported : false
10-11 16:03:54.976 D/WVR_Foveated( 2179): Foveated rendering is not supported.
10-11 16:03:54.989 E/mm-camera( 836): 2232: aec_process_calc_current_hist_metered_luma: error: out of range, exit
10-11 16:03:54.993 D/WVR_Foveated( 2179): Foveated rendering is not supported.
10-11 16:03:55.004 D/SVR_HMD ( 2388): SvrHmdDevice.java:onSensorChanged(281) SvrHmdDevice, onSensorChanged, sensor.getType() = 1, ACCELER: X = 1.4109192, Y = 9.619171, Z = 1.1896515
10-11 16:03:55.005 D/SVR_HMD ( 2388): SvrHmdDevice.java:onSensorChanged(273) SvrHmdDevice, onSensorChanged, sensor.getType() = 4, GYRO: AxisX = 0.0044403076, AxisY = -0.021759033, AxisZ = 0.032928467
10-11 16:03:55.007 D/WVR_Foveated( 2179): Foveated rendering is not supported.
10-11 16:03:55.020 D/WVR_Foveated( 2179): Foveated rendering is not supported.
10-11 16:03:55.025 E/mm-camera( 836): 2232: aec_process_calc_current_hist_metered_luma: error: out of range, exit
10-11 16:03:55.028 I/POSE ( 2179): GetSyncPose pose_hmd_1 CV(s1f0) om0 6DoF 1vw_t0o0 (0.0000) XYZ -0.2344 0.1528 0.0837 YPR 29.6059 -9.7437 6.1986 ; Wxyz 0.9631 -0.0682 0.2498 0.0738 ; RAW XYZ 0.2344 -0.1528 -0.0837 Wxyz 0.9631 0.0682 -0.2498 -0.0738 ; LVel 0.018 -0.007 0.060 LAc -0.00 -0.00 -0.00 AngV 0.030 -0.049 -0.002 AngAc -0.00 -0.00 -0.00 ; TS145529423235 15.32ms GetPoseState
10-11 16:03:55.033 D/WVR_Foveated( 2179): Foveated rendering is not supported.
10-11 16:03:55.047 D/WVR_Foveated( 2179): Foveated rendering is not supported.
10-11 16:03:55.059 E/mm-camera( 836): 2232: aec_process_calc_current_hist_metered_luma: error: out of range, exit
10-11 16:03:55.064 D/WVR_Foveated( 2179): Foveated rendering is not supported.
10-11 16:03:55.081 I/SVRI ( 2179): GetPoseState svr_hmd_1 tm3(3) Quality Pose/Camera/Sensor 0.94 1.00 1.00 ; lost 0 ; TS145583347818
10-11 16:03:55.088 D/WVR_Foveated( 2179): Foveated rendering is not supported.
10-11 16:03:55.092 E/mm-camera( 836): 2232: aec_process_calc_current_hist_metered_luma: error: out of range, exit
10-11 16:03:55.100 D/WVR_Foveated( 2179): Foveated rendering is not supported.
10-11 16:03:55.108 I/POSE ( 2179): GetSyncPose pose_clr_2 CV(s1f0) om0 3DoF 1vw_t0o0 (0.0000) XYZ -0.2346 -0.5222 -0.1135 YPR -90.3757 177.8399 -1.2517 ; Wxyz 0.0055 0.7048 -0.0211 0.7091 ; RAW XYZ 0.0000 0.0000 0.0000 Wxyz 0.0055 0.7048 -0.0211 0.7091 ; LVel 0.000 0.000 0.000 LAc 0.05 -0.03 1.20 AngV -0.027 -0.015 -0.004 AngAc 0.00 0.00 0.00 ; TS145599528617 0.00ms GetPoseState
10-11 16:03:55.114 D/WVR_Foveated( 2179): Foveated rendering is not supported.
10-11 16:03:55.116 I/svr ( 2179): FPS: 69.79
10-11 16:03:55.125 E/mm-camera( 836): 2232: aec_process_calc_current_hist_metered_luma: error: out of range, exit
10-11 16:03:55.132 D/WVR_Foveated( 2179): Foveated rendering is not supported.
10-11 16:03:55.142 D/WVR_Foveated( 2179): Foveated rendering is not supported.
10-11 16:03:55.153 D/WVR_Foveated( 2179): Foveated rendering is not supported.
10-11 16:03:55.157 E/mm-camera( 836): 2232: aec_process_calc_current_hist_metered_luma: error: out of range, exit
10-11 16:03:55.166 D/WaveVR_Resource( 2179): getSystemLanguage, ret language = zh
10-11 16:03:55.166 D/WaveVR_Resource( 2179): getSystemCountry, ret country = CN
10-11 16:03:55.167 D/WVR_Foveated( 2179): Foveated rendering is not supported.
10-11 16:03:55.179 D/WVR_Foveated( 2179): Foveated rendering is not supported.
10-11 16:03:55.190 E/mm-camera( 836): 2232: aec_process_calc_current_hist_metered_luma: error: out of range, exit
10-11 16:03:55.193 D/WVR_Foveated( 2179): Foveated rendering is not supported.
10-11 16:03:55.201 D/ArmModel( 2179): ArmModel getArmedPose(2) 1, 1
10-11 16:03:55.201 D/ArmModel( 2179): Dev(2)ctrllerXYRotationRadio : 0.348199 elbowCurveLerpValue = 0.519640
10-11 16:03:55.201 D/ArmModel( 2179): Dev(2)quatCtrllerXYRot : (-0.021669,-0.519633,0.000000,0.854115)
10-11 16:03:55.201 D/ArmModel( 2179): Dev(2)quatCtrllerXYLerpRot : (-0.011694,-0.280427,0.000000,0.959804)
10-11 16:03:55.201 D/ArmModel( 2179): Dev(2)elbowOffset : (-0.061243,-0.526958,0.006816)
10-11 16:03:55.201 D/ArmModel( 2179): Dev(2)wristOffset : (-0.187121,-0.523826,0.088332)
10-11 16:03:55.201 D/ArmModel( 2179): Dev(2)ctrllerOffset : (-0.231504,-0.521975,0.111283)
10-11 16:03:55.201 D/ArmModel( 2179): Dev(2)finalCtrlPos : (-0.231504,-0.521975,-0.111283)
10-11 16:03:55.206 D/WVR_Foveated( 2179): Foveated rendering is not supported.
10-11 16:03:55.220 D/WVR_Foveated( 2179): Foveated rendering is not supported.
10-11 16:03:55.224 E/mm-camera( 836): 2232: aec_process_calc_current_hist_metered_luma: error: out of range, exit
10-11 16:03:55.233 D/WVR_Foveated( 2179): Foveated rendering is not supported.
10-11 16:03:55.237 I/[vrbledevice]Finch3DofController[0]( 2129): updatePose: timeStamp(145742805610), Euler:[-110.30989,-1.27088,177.85973] Quat:[0.00157,0.57139,-0.02166,0.82039] Acc:[0.04487,-0.02632,1.21429] Gyro:[0.00726,-0.01441,0.00347]
10-11 16:03:55.247 D/WVR_Foveated( 2179): Foveated rendering is not supported.
10-11 16:03:55.258 E/mm-camera( 836): 2232: aec_process_calc_current_hist_metered_luma: error: out of range, exit
10-11 16:03:55.260 D/WVR_Foveated( 2179): Foveated rendering is not supported.
10-11 16:03:55.268 D/ArmModel( 2179): ArmModel getArmedPose(3) 0, 1
10-11 16:03:55.273 D/WVR_Foveated( 2179): Foveated rendering is not supported.
10-11 16:03:55.287 D/WVR_Foveated( 2179): Foveated rendering is not supported.
10-11 16:03:55.292 E/mm-camera( 836): 2232: aec_process_calc_current_hist_metered_luma: error: out of range, exit
10-11 16:03:55.300 D/WVR_Foveated( 2179): Foveated rendering is not supported.
10-11 16:03:55.313 D/WVR_Foveated( 2179): Foveated rendering is not supported.
10-11 16:03:55.326 E/mm-camera( 836): 2232: aec_process_calc_current_hist_metered_luma: error: out of range, exit
10-11 16:03:55.333 D/WVR_Foveated( 2179): Foveated rendering is not supported.
10-11 16:03:55.342 D/WVR_Foveated( 2179): Foveated rendering is not supported.
10-11 16:03:55.354 D/WVR_Foveated( 2179): Foveated rendering is not supported.
10-11 16:03:55.359 E/mm-camera( 836): 2232: aec_process_calc_current_hist_metered_luma: error: out of range, exit
10-11 16:03:55.367 D/WVR_Foveated( 2179): Foveated rendering is not supported.
10-11 16:03:55.380 D/WVR_Foveated( 2179): Foveated rendering is not supported.
10-11 16:03:55.392 E/mm-camera( 836): 2232: aec_process_calc_current_hist_metered_luma: error: out of range, exit
10-11 16:03:55.394 D/WVR_Foveated( 2179): Foveated rendering is not supported.
10-11 16:03:55.407 D/WVR_Foveated( 2179): Foveated rendering is not supported.
10-11 16:03:55.420 D/WVR_Foveated( 2179): Foveated rendering is not supported.
10-11 16:03:55.425 E/mm-camera( 836): 2232: aec_process_calc_current_hist_metered_luma: error: out of range, exit
10-11 16:03:55.434 D/WVR_Foveated( 2179): Foveated rendering is not supported.
10-11 16:03:55.442 I/ArmModel( 2179): Dev(0)LHOVHMDPos : (-0.240812,0.149314,-0.082095)
10-11 16:03:55.447 D/WVR_Foveated( 2179): Foveated rendering is not supported.
10-11 16:03:55.457 E/mm-camera( 836): 2232: aec_process_calc_current_hist_metered_luma: error: out of range, exit
10-11 16:03:55.460 D/WVR_Foveated( 2179): Foveated rendering is not supported.
10-11 16:03:55.473 D/WVR_Foveated( 2179): Foveated rendering is not supported.
10-11 16:03:55.487 D/WVR_Foveated( 2179): Foveated rendering is not supported.
10-11 16:03:55.490 E/mm-camera( 836): 2232: aec_process_calc_current_hist_metered_luma: error: out of range, exit
10-11 16:03:55.500 D/WVR_Foveated( 2179): Foveated rendering is not supported.
10-11 16:03:55.500 D/SVR_HMD ( 2388): SvrHmdDevice.java:onSensorChanged(273) SvrHmdDevice, onSensorChanged, sensor.getType() = 4, GYRO: AxisX = 0.10510254, AxisY = -0.022827148, AxisZ = -0.011291504
10-11 16:03:55.502 D/SVR_HMD ( 2388): SvrHmdDevice.java:onSensorChanged(281) SvrHmdDevice, onSensorChanged, sensor.getType() = 1, ACCELER: X = 1.4968567, Y = 10.371841, Z = 1.522934
10-11 16:03:55.514 D/WVR_Foveated( 2179): Foveated rendering is not supported.
10-11 16:03:55.525 E/mm-camera( 836): 2232: aec_process_calc_current_hist_metered_luma: error: out of range, exit
10-11 16:03:55.533 D/WVR_Foveated( 2179): Foveated rendering is not supported.
10-11 16:03:55.542 D/WVR_Foveated( 2179): Foveated rendering is not supported.
10-11 16:03:55.554 D/WVR_Foveated( 2179): Foveated rendering is not supported.
10-11 16:03:55.559 E/mm-camera( 836): 2232: aec_process_calc_current_hist_metered_luma: error: out of range, exit
10-11 16:03:55.567 D/WVR_Foveated( 2179): Foveated rendering is not supported.
10-11 16:03:55.580 D/WVR_Foveated( 2179): Foveated rendering is not supported.
10-11 16:03:55.589 I/POSE ( 2179): GetSyncPose pose_hmd_1 CV(s1f0) om0 6DoF 1vw_t0o0 (0.0000) XYZ -0.2404 0.1486 0.0855 YPR 23.0711 -8.8145 7.6080 ; Wxyz 0.9758 -0.0619 0.1939 0.0801 ; RAW XYZ 0.2404 -0.1486 -0.0855 Wxyz 0.9758 0.0619 -0.1939 -0.0801 ; LVel 0.000 0.014 -0.008 LAc -0.00 -0.00 -0.00 AngV 0.282 0.112 0.205 AngAc -0.00 -0.00 -0.00 ; TS146090672037 15.75ms GetPoseState
10-11 16:03:55.592 E/mm-camera( 836): 2232: aec_process_calc_current_hist_metered_luma: error: out of range, exit
10-11 16:03:55.594 D/WVR_Foveated( 2179): Foveated rendering is not supported.
10-11 16:03:55.607 D/WVR_Foveated( 2179): Foveated rendering is not supported.
10-11 16:03:55.620 D/WVR_Foveated( 2179): Foveated rendering is not supported.
10-11 16:03:55.625 E/mm-camera( 836): 2232: aec_process_calc_current_hist_metered_luma: error: out of range, exit
10-11 16:03:55.629 I/SVRI ( 2179): GetPoseState svr_hmd_1 tm3(3) Quality Pose/Camera/Sensor 0.95 1.00 1.00 ; lost 0 ; TS146130619537
10-11 16:03:55.635 D/WVR_Foveated( 2179): Foveated rendering is not supported.
10-11 16:03:55.648 D/WVR_Foveated( 2179): Foveated rendering is not supported.
10-11 16:03:55.655 I/POSE ( 2179): GetSyncPose pose_clr_2 CV(s1f0) om0 3DoF 1vw_t0o0 (0.0000) XYZ -0.2281 -0.5244 -0.0971 YPR -90.3755 177.8329 -1.2352 ; Wxyz 0.0057 0.7048 -0.0210 0.7091 ; RAW XYZ 0.0000 0.0000 0.0000 Wxyz 0.0057 0.7048 -0.0210 0.7091 ; LVel 0.000 0.000 0.000 LAc 0.05 -0.02 1.22 AngV 0.038 -0.004 -0.001 AngAc 0.00 0.00 0.00 ; TS146146637525 0.00ms GetPoseState
10-11 16:03:55.657 E/mm-camera( 836): 2232: aec_process_calc_current_hist_metered_luma: error: out of range, exit
10-11 16:03:55.661 D/WVR_Foveated( 2179): Foveated rendering is not supported.
10-11 16:03:55.674 D/WVR_Foveated( 2179): Foveated rendering is not supported.
10-11 16:03:55.688 D/WVR_Foveated( 2179): Foveated rendering is not supported.
10-11 16:03:55.691 E/mm-camera( 836): 2232: aec_process_calc_current_hist_metered_luma: error: out of range, exit
10-11 16:03:55.700 D/WVR_Foveated( 2179): Foveated rendering is not supported.
10-11 16:03:55.703 D/WVR_Foveated( 2179): LateUpdate: !isEnabled || !useValuesInInspector || Instance != this
10-11 16:03:55.708 D/WVR_Render( 2179): RenderLoop() is still running
10-11 16:03:55.708 D/WVR_WaveVR( 2179): UpdateEachFrame()
10-11 16:03:55.709 D/WVR_WaveVR( 2179): UpdateEachFrame() device HMD is connected, pose is valid, pos: {-0.2392995, 0.1512748, -0.08638685}, rot: {0.05771194, -0.1931318, 0.08837654, 0.9754789}
10-11 16:03:55.709 D/WVR_WaveVR( 2179): UpdateEachFrame() device controller right is connected, pose is valid, pos: {-0.2272052, -0.523413, 0.0955298}, rot: {-0.704739, 0.02144898, 0.7091206, 0.005563903}
10-11 16:03:55.709 D/WVR_WaveVR( 2179): UpdateEachFrame() device controller left is disconnected, pose is invalid, pos: {0, 0, 0}, rot: {0, 0, 0, 0}
10-11 16:03:55.709 D/WVR_WaveVR( 2179): UpdateEachFrame() after new pose.
10-11 16:03:55.709 D/WVR_TexMngr( 2179): Get texture from queue
10-11 16:03:55.709 D/WVR_TexMngr( 2179): Get texture from queue
10-11 16:03:55.709 D/WVR_Render( 2179): Render_WVR_Eye_Left
10-11 16:03:55.711 D/WVR_Render( 2179): Render_WVR_Eye_Right
10-11 16:03:55.712 D/WVR_Render( 2179): End of frame
10-11 16:03:55.714 D/WaveVR_InputModuleManager( 2179): updateInteractionModeAndGazeTriggerType() OverrideSystemSettings is true.
10-11 16:03:55.714 D/WaveVR_InputModuleManager( 2179): updateInteractionModeAndGazeTriggerType() InteractionMode_System is controller.
10-11 16:03:55.714 D/WaveVR_InputModuleManager( 2179): updateInteractionModeAndGazeTriggerType() InteractionMode_User is controller.
10-11 16:03:55.714 D/WaveVR_InputModuleManager( 2179): updateInteractionModeAndGazeTriggerType() gazeTriggerType_System is timeout.
10-11 16:03:55.714 D/WaveVR_InputModuleManager( 2179): updateInteractionModeAndGazeTriggerType() gazeTriggerType_User is button.
10-11 16:03:55.715 D/WaveVR_ControllerInstanceManager( 2179): Controller instance: 1, Focus controller: WVR_DeviceType_Controller_Right, enable single beam: True
10-11 16:03:55.715 D/WaveVR_PoseTrackerManager( 2179): Update() Dominant, showTrackedObject is true.
10-11 16:03:55.715 D/WaveVR_PoseTrackerManager( 2179): Update() Dominant, Update() GameObject MIA_Ctrl is active.
10-11 16:03:55.715 D/WaveVR_PoseTrackerManager( 2179): Update() Dominant, Update() GameObject BeamR is active.
10-11 16:03:55.715 D/WaveVR_PoseTrackerManager( 2179): Update() Dominant, Update() GameObject ControllerPointerR is active.
10-11 16:03:55.715 D/WaveVR_Beam( 2179): Dominant Update() BeamR is shown, start offset: 0.015, end offset: 9.5, start width: 0.000625, end width: 0.00125, start color: RGBA(255, 255, 255, 255), end color: RGBA(255, 255, 255, 77)
10-11 16:03:55.715 D/WaveVR_ControllerPointer( 2179): Dominant ControllerPointerR is hidden, pointer color: RGBA(1.000, 1.000, 1.000, 1.000), use texture: True, pointer outer diameter: 0.258224, pointer distance: 13.4112, render queue: 5000
10-11 16:03:55.715 D/WVR_Foveated( 2179): Waiting for graphic ready to enable foveated rendering.
10-11 16:03:55.715 D/WVR_Foveated( 2179): Foveated rendering is not supported.
10-11 16:03:55.724 E/mm-camera( 836): 2232: aec_process_calc_current_hist_metered_luma: error: out of range, exit
10-11 16:03:55.725 I/ipdmonitor( 2388): ipd = 659
10-11 16:03:55.733 D/WVR_Foveated( 2179): Foveated rendering is not supported.
10-11 16:03:55.742 D/WVR_Foveated( 2179): Foveated rendering is not supported.
10-11 16:03:55.754 D/WVR_Foveated( 2179): Foveated rendering is not supported.
10-11 16:03:55.758 E/mm-camera( 836): 2232: aec_process_calc_current_hist_metered_luma: error: out of range, exit
10-11 16:03:55.762 D/ArmModel( 2179): ArmModel getArmedPose(2) 1, 1
10-11 16:03:55.762 D/ArmModel( 2179): Dev(2)ctrllerXYRotationRadio : 0.377855 elbowCurveLerpValue = 0.525571
10-11 16:03:55.762 D/ArmModel( 2179): Dev(2)quatCtrllerXYRot : (-0.022466,-0.558842,0.000000,0.828970)
10-11 16:03:55.762 D/ArmModel( 2179): Dev(2)quatCtrllerXYLerpRot : (-0.012345,-0.307099,0.000000,0.951597)
10-11 16:03:55.762 D/ArmModel( 2179): Dev(2)elbowOffset : (-0.058564,-0.529100,-0.012362)
10-11 16:03:55.762 D/ArmModel( 2179): Dev(2)wristOffset : (-0.179692,-0.525888,0.076055)
10-11 16:03:55.762 D/ArmModel( 2179): Dev(2)ctrllerOffset : (-0.226019,-0.524026,0.094774)
10-11 16:03:55.762 D/ArmModel( 2179): Dev(2)finalCtrlPos : (-0.226019,-0.524026,-0.094774)
10-11 16:03:55.768 D/WVR_Foveated( 2179): Foveated rendering is not supported.
10-11 16:03:55.781 D/WVR_Foveated( 2179): Foveated rendering is not supported.
10-11 16:03:55.792 E/mm-camera( 836): 2232: aec_process_calc_current_hist_metered_luma: error: out of range, exit
10-11 16:03:55.798 D/WVR_Foveated( 2179): Foveated rendering is not supported.
10-11 16:03:55.808 D/WVR_Foveated( 2179): Foveated rendering is not supported.
10-11 16:03:55.821 D/WVR_Foveated( 2179): Foveated rendering is not supported.
10-11 16:03:55.826 E/mm-camera( 836): 2232: aec_process_calc_current_hist_metered_luma: error: out of range, exit
10-11 16:03:55.829 D/ArmModel( 2179): ArmModel getArmedPose(3) 0, 1
10-11 16:03:55.835 D/WVR_Foveated( 2179): Foveated rendering is not supported.
10-11 16:03:55.848 D/WaveVR_Resource( 2179): getSystemLanguage, ret language = zh
10-11 16:03:55.848 D/WaveVR_Resource( 2179): getSystemCountry, ret country = CN
10-11 16:03:55.848 D/WVR_Foveated( 2179): Foveated rendering is not supported.
10-11 16:03:55.859 E/mm-camera( 836): 2232: aec_process_calc_current_hist_metered_luma: error: out of range, exit
10-11 16:03:55.861 D/WVR_Foveated( 2179): Foveated rendering is not supported.
10-11 16:03:55.875 D/WVR_Foveated( 2179): Foveated rendering is not supported.
10-11 16:03:55.880 D/WifiStateMachine( 1447): handleMessage: E msg.what=131155
10-11 16:03:55.880 D/WifiStateMachine( 1447): processMsg: ConnectedState
10-11 16:03:55.880 D/WifiStateMachine( 1447): processMsg: L2ConnectedState
10-11 16:03:55.888 D/WVR_Foveated( 2179): Foveated rendering is not supported.
10-11 16:03:55.892 E/mm-camera( 836): 2232: aec_process_calc_current_hist_metered_luma: error: out of range, exit
10-11 16:03:55.900 D/WifiStateMachine( 1447): CMD_RSSI_POLL: TxBytes = 641, RxBytes = 906
10-11 16:03:55.901 D/WVR_Foveated( 2179): Foveated rendering is not supported.
10-11 16:03:55.901 D/WifiStateMachine( 1447): handleMessage: X
10-11 16:03:55.916 D/WVR_Foveated( 2179): Foveated rendering is not supported.
10-11 16:03:55.925 E/mm-camera( 836): 2232: aec_process_calc_current_hist_metered_luma: error: out of range, exit
10-11 16:03:55.933 D/WVR_Foveated( 2179): Foveated rendering is not supported.
10-11 16:03:55.942 D/WVR_Foveated( 2179): Foveated rendering is not supported.
10-11 16:03:55.956 D/WVR_Foveated( 2179): Foveated rendering is not supported.
10-11 16:03:55.958 E/mm-camera( 836): 2232: aec_process_calc_current_hist_metered_luma: error: out of range, exit
10-11 16:03:55.969 D/WVR_Foveated( 2179): Foveated rendering is not supported.
10-11 16:03:55.982 D/WVR_Foveated( 2179): Foveated rendering is not supported.
10-11 16:03:55.992 E/mm-camera( 836): 2232: aec_process_calc_current_hist_metered_luma: error: out of range, exit
10-11 16:03:55.995 D/WVR_Foveated( 2179): Foveated rendering is not supported.
10-11 16:03:55.998 D/SVR_HMD ( 2388): SvrHmdDevice.java:onSensorChanged(273) SvrHmdDevice, onSensorChanged, sensor.getType() = 4, GYRO: AxisX = -0.013153076, AxisY = 0.038970947, AxisZ = 0.01322937
10-11 16:03:56.000 D/SVR_HMD ( 2388): SvrHmdDevice.java:onSensorChanged(281) SvrHmdDevice, onSensorChanged, sensor.getType() = 1, ACCELER: X = 1.3843842, Y = 9.658585, Z = 0.9707489
10-11 16:03:56.003 I/ArmModel( 2179): Dev(0)LHOVHMDPos : (-0.238623,0.150664,-0.083888)
10-11 16:03:56.008 D/WVR_Foveated( 2179): Foveated rendering is not supported.
10-11 16:03:56.022 D/WVR_Foveated( 2179): Foveated rendering is not supported.
10-11 16:03:56.026 E/mm-camera( 836): 2232: aec_process_calc_current_hist_metered_luma: error: out of range, exit
10-11 16:03:56.035 D/WVR_Foveated( 2179): Foveated rendering is not supported.
10-11 16:03:56.048 D/WVR_Foveated( 2179): Foveated rendering is not supported.
10-11 16:03:56.058 E/mm-camera( 836): 2232: aec_process_calc_current_hist_metered_luma: error: out of range, exit
10-11 16:03:56.062 D/WVR_Foveated( 2179): Foveated rendering is not supported.
10-11 16:03:56.075 D/WVR_Foveated( 2179): Foveated rendering is not supported.
10-11 16:03:56.088 D/WVR_Foveated( 2179): Foveated rendering is not supported.
10-11 16:03:56.090 E/mm-camera( 836): 2232: aec_process_calc_current_hist_metered_luma: error: out of range, exit
10-11 16:03:56.102 D/WVR_Foveated( 2179): Foveated rendering is not supported.
10-11 16:03:56.116 D/WVR_Foveated( 2179): Foveated rendering is not supported.
10-11 16:03:56.118 I/svr ( 2179): FPS: 74.85
10-11 16:03:56.125 E/mm-camera( 836): 2232: aec_process_calc_current_hist_metered_luma: error: out of range, exit
10-11 16:03:56.134 D/WVR_Foveated( 2179): Foveated rendering is not supported.
10-11 16:03:56.138 I/POSE ( 2179): GetSyncPose pose_hmd_1 CV(s1f0) om0 6DoF 1vw_t0o0 (0.0000) XYZ -0.2408 0.1503 0.0823 YPR 24.3720 -8.5801 8.5364 ; Wxyz 0.9732 -0.0573 0.2045 0.0883 ; RAW XYZ 0.2408 -0.1503 -0.0823 Wxyz 0.9732 0.0573 -0.2045 -0.0883 ; LVel -0.001 -0.005 0.003 LAc -0.00 -0.00 -0.00 AngV -0.008 0.078 0.032 AngAc -0.00 -0.00 -0.00 ; TS146639927402 14.59ms GetPoseState
10-11 16:03:56.143 D/WVR_Foveated( 2179): Foveated rendering is not supported.
10-11 16:03:56.156 D/WVR_Foveated( 2179): Foveated rendering is not supported.
10-11 16:03:56.159 E/mm-camera( 836): 2232: aec_process_calc_current_hist_metered_luma: error: out of range, exit
10-11 16:03:56.170 D/WVR_Foveated( 2179): Foveated rendering is not supported.
10-11 16:03:56.177 I/SVRI ( 2179): GetPoseState svr_hmd_1 tm3(3) Quality Pose/Camera/Sensor 0.97 1.00 1.00 ; lost 0 ; TS146679874902
10-11 16:03:56.182 D/WVR_Foveated( 2179): Foveated rendering is not supported.
10-11 16:03:56.192 E/mm-camera( 836): 2232: aec_process_calc_current_hist_metered_luma: error: out of range, exit
10-11 16:03:56.196 D/WVR_Foveated( 2179): Foveated rendering is not supported.
10-11 16:03:56.204 I/POSE ( 2179): GetSyncPose pose_clr_2 CV(s1f0) om0 3DoF 1vw_t0o0 (0.0000) XYZ -0.2319 -0.5253 -0.1037 YPR -90.3762 177.8679 -1.2525 ; Wxyz 0.0054 0.7048 -0.0209 0.7091 ; RAW XYZ 0.0000 0.0000 0.0000 Wxyz 0.0054 0.7048 -0.0209 0.7091 ; LVel 0.000 0.000 0.000 LAc 0.04 -0.03 1.21 AngV 0.058 0.035 -0.003 AngAc 0.00 0.00 0.00 ; TS146701901435 0.00ms GetPoseState
10-11 16:03:56.210 D/WVR_Foveated( 2179): Foveated rendering is not supported.
10-11 16:03:56.223 D/WVR_Foveated( 2179): Foveated rendering is not supported.
10-11 16:03:56.225 E/mm-camera( 836): 2232: aec_process_calc_current_hist_metered_luma: error: out of range, exit
10-11 16:03:56.227 I/[vrbledevice]Finch3DofController[0]( 2129): updatePose: timeStamp(146732823782), Euler:[-110.31896,-1.21910,177.87125] Quat:[0.00188,0.57133,-0.02132,0.82044] Acc:[0.04367,-0.02452,1.21609] Gyro:[0.05750,0.01478,-0.01151]
10-11 16:03:56.236 D/WVR_Foveated( 2179): Foveated rendering is not supported.
10-11 16:03:56.249 D/WVR_Foveated( 2179): Foveated rendering is not supported.
10-11 16:03:56.259 E/mm-camera( 836): 2232: aec_process_calc_current_hist_metered_luma: error: out of range, exit
10-11 16:03:56.262 D/WVR_Foveated( 2179): Foveated rendering is not supported.
10-11 16:03:56.276 D/WVR_Foveated( 2179): Foveated rendering is not supported.
10-11 16:03:56.290 D/WVR_Foveated( 2179): Foveated rendering is not supported.
10-11 16:03:56.292 E/mm-camera( 836): 2232: aec_process_calc_current_hist_metered_luma: error: out of range, exit
10-11 16:03:56.302 D/WVR_Foveated( 2179): Foveated rendering is not supported.
10-11 16:03:56.316 D/WVR_Foveated( 2179): Foveated rendering is not supported.
10-11 16:03:56.324 D/ArmModel( 2179): ArmModel getArmedPose(2) 1, 1
10-11 16:03:56.324 D/ArmModel( 2179): Dev(2)ctrllerXYRotationRadio : 0.370823 elbowCurveLerpValue = 0.524164
10-11 16:03:56.324 D/ArmModel( 2179): Dev(2)quatCtrllerXYRot : (-0.022023,-0.549661,0.000000,0.835097)
10-11 16:03:56.324 D/ArmModel( 2179): Dev(2)quatCtrllerXYLerpRot : (-0.012050,-0.300748,0.000000,0.953628)
10-11 16:03:56.324 D/ArmModel( 2179): Dev(2)elbowOffset : (-0.064737,-0.530463,-0.002360)
10-11 16:03:56.325 D/ArmModel( 2179): Dev(2)wristOffset : (-0.187029,-0.527306,0.084442)
10-11 16:03:56.325 D/ArmModel( 2179): Dev(2)ctrllerOffset : (-0.232931,-0.525467,0.104181)
10-11 16:03:56.325 D/ArmModel( 2179): Dev(2)finalCtrlPos : (-0.232931,-0.525467,-0.104181)
10-11 16:03:56.325 E/mm-camera( 836): 2232: aec_process_calc_current_hist_metered_luma: error: out of range, exit
10-11 16:03:56.335 D/WVR_Foveated( 2179): Foveated rendering is not supported.
10-11 16:03:56.345 D/WVR_Foveated( 2179): Foveated rendering is not supported.
10-11 16:03:56.356 D/WVR_Foveated( 2179): Foveated rendering is not supported.
10-11 16:03:56.359 E/mm-camera( 836): 2232: aec_process_calc_current_hist_metered_luma: error: out of range, exit
10-11 16:03:56.369 D/WVR_Foveated( 2179): Foveated rendering is not supported.
10-11 16:03:56.382 D/WVR_Foveated( 2179): Foveated rendering is not supported.
10-11 16:03:56.391 D/ArmModel( 2179): ArmModel getArmedPose(3) 0, 1
10-11 16:03:56.392 E/mm-camera( 836): 2232: aec_process_calc_current_hist_metered_luma: error: out of range, exit
10-11 16:03:56.397 D/WVR_Foveated( 2179): Foveated rendering is not supported.
10-11 16:03:56.409 D/WVR_Foveated( 2179): Foveated rendering is not supported.
10-11 16:03:56.423 E/mm-camera( 836): 2232: aec_process_calc_current_hist_metered_luma: error: out of range, exit
10-11 16:03:56.423 D/WVR_Foveated( 2179): Foveated rendering is not supported.
10-11 16:03:56.437 D/WVR_Foveated( 2179): Foveated rendering is not supported.
10-11 16:03:56.450 D/WVR_Foveated( 2179): Foveated rendering is not supported.
10-11 16:03:56.459 E/mm-camera( 836): 2232: aec_process_calc_current_hist_metered_luma: error: out of range, exit
10-11 16:03:56.463 D/WVR_Foveated( 2179): Foveated rendering is not supported.
10-11 16:03:56.476 D/WVR_Foveated( 2179): Foveated rendering is not supported.
10-11 16:03:56.489 D/WVR_Foveated( 2179): Foveated rendering is not supported.
10-11 16:03:56.492 E/mm-camera( 836): 2232: aec_process_calc_current_hist_metered_luma: error: out of range, exit
10-11 16:03:56.495 D/SVR_HMD ( 2388): SvrHmdDevice.java:onSensorChanged(273) SvrHmdDevice, onSensorChanged, sensor.getType() = 4, GYRO: AxisX = -0.007827759, AxisY = -0.0015106201, AxisZ = -0.022994995
10-11 16:03:56.496 D/SVR_HMD ( 2388): SvrHmdDevice.java:onSensorChanged(281) SvrHmdDevice, onSensorChanged, sensor.getType() = 1, ACCELER: X = 1.8639221, Y = 9.544067, Z = 1.0014954
10-11 16:03:56.525 E/mm-camera( 836): 2232: aec_process_calc_current_hist_metered_luma: error: out of range, exit
10-11 16:03:56.538 D/WVR_Foveated( 2179): Foveated rendering is not supported.
10-11 16:03:56.556 E/mm-camera( 836): 2232: aec_process_calc_current_hist_metered_luma: error: out of range, exit
10-11 16:03:56.562 D/WVR_Foveated( 2179): Foveated rendering is not supported.
10-11 16:03:56.572 D/WaveVR_Resource( 2179): getSystemLanguage, ret language = zh
10-11 16:03:56.572 D/WaveVR_Resource( 2179): getSystemCountry, ret country = CN
10-11 16:03:56.572 D/WVR_Foveated( 2179): Foveated rendering is not supported.
10-11 16:03:56.583 D/WVR_Foveated( 2179): Foveated rendering is not supported.
10-11 16:03:56.592 E/mm-camera( 836): 2232: aec_process_calc_current_hist_metered_luma: error: out of range, exit
10-11 16:03:56.596 D/WVR_Foveated( 2179): Foveated rendering is not supported.
10-11 16:03:56.604 I/ArmModel( 2179): Dev(0)LHOVHMDPos : (-0.244243,0.148041,-0.076500)
10-11 16:03:56.610 D/WVR_Foveated( 2179): Foveated rendering is not supported.
10-11 16:03:56.623 D/WVR_Foveated( 2179): Foveated rendering is not supported.
10-11 16:03:56.623 E/mm-camera( 836): 2232: aec_process_calc_current_hist_metered_luma: error: out of range, exit
10-11 16:03:56.637 D/WVR_Foveated( 2179): Foveated rendering is not supported.
10-11 16:03:56.650 D/WVR_Foveated( 2179): Foveated rendering is not supported.
10-11 16:03:56.659 E/mm-camera( 836): 2232: aec_process_calc_current_hist_metered_luma: error: out of range, exit
10-11 16:03:56.664 D/WVR_Foveated( 2179): Foveated rendering is not supported.
10-11 16:03:56.677 D/WVR_Foveated( 2179): Foveated rendering is not supported.
10-11 16:03:56.691 D/WVR_Foveated( 2179): Foveated rendering is not supported.
10-11 16:03:56.692 E/mm-camera( 836): 2232: aec_process_calc_current_hist_metered_luma: error: out of range, exit
10-11 16:03:56.703 D/WVR_Foveated( 2179): Foveated rendering is not supported.
10-11 16:03:56.717 D/WVR_Foveated( 2179): Foveated rendering is not supported.
10-11 16:03:56.725 I/POSE ( 2179): GetSyncPose pose_hmd_1 CV(s1f0) om0 6DoF 1vw_t0o0 (0.0000) XYZ -0.2438 0.1483 0.0760 YPR 25.0169 -8.4036 8.6104 ; Wxyz 0.9721 -0.0551 0.2100 0.0889 ; RAW XYZ 0.2438 -0.1483 -0.0760 Wxyz 0.9721 0.0551 -0.2100 -0.0889 ; LVel 0.003 0.014 -0.007 LAc -0.00 -0.00 -0.00 AngV 0.135 0.037 0.025 AngAc -0.00 -0.00 -0.00 ; TS147227116152 15.13ms GetPoseState
10-11 16:03:56.725 E/mm-camera( 836): 2232: aec_process_calc_current_hist_metered_luma: error: out of range, exit
10-11 16:03:56.727 I/ipdmonitor( 2388): ipd = 659
10-11 16:03:56.732 D/WVR_Foveated( 2179): Foveated rendering is not supported.
10-11 16:03:56.742 D/viveport( 2179): new(125.800) Ck: Update/s=72.41
10-11 16:03:56.744 D/viveport( 2179): Swipe.Upd#stat(0.022)0.014~0.066:363
10-11 16:03:56.744 D/WVR_Foveated( 2179): Foveated rendering is not supported.
10-11 16:03:56.747 D/viveport( 2179): Update#stat(4.544)3.170~16.354:363
10-11 16:03:56.760 E/mm-camera( 836): 2232: aec_process_calc_current_hist_metered_luma: error: out of range, exit
10-11 16:03:56.762 D/WVR_Foveated( 2179): Foveated rendering is not supported.
10-11 16:03:56.766 I/SVRI ( 2179): checkSteady 2 stops
10-11 16:03:56.766 W/ArmModel( 2179): setHandSteady LOCKED
10-11 16:03:56.766 I/SVRI ( 2179): GetPoseState svr_hmd_1 tm3(3) Quality Pose/Camera/Sensor 0.98 1.00 1.00 ; lost 0 ; TS147269077818
10-11 16:03:56.772 D/WVR_Foveated( 2179): Foveated rendering is not supported.
10-11 16:03:56.784 D/WVR_Foveated( 2179): Foveated rendering is not supported.
10-11 16:03:56.792 I/POSE ( 2179): GetSyncPose pose_clr_2 CV(s1f0) om0 3DoF 1vw_t0o0 (0.0000) XYZ -0.2355 -0.5266 -0.1113 YPR -90.3762 177.8668 -1.2636 ; Wxyz 0.0053 0.7048 -0.0210 0.7091 ; RAW XYZ 0.0000 0.0000 0.0000 Wxyz 0.0053 0.7048 -0.0210 0.7091 ; LVel 0.000 0.000 0.000 LAc 0.04 -0.03 1.21 AngV -0.004 -0.035 0.001 AngAc 0.00 0.00 0.00 ; TS147295672171 0.00ms GetPoseState
10-11 16:03:56.792 E/mm-camera( 836): 2232: aec_process_calc_current_hist_metered_luma: error: out of range, exit
10-11 16:03:56.798 D/WVR_Foveated( 2179): Foveated rendering is not supported.
10-11 16:03:56.810 D/WVR_Foveated( 2179): Foveated rendering is not supported.
10-11 16:03:56.823 E/mm-camera( 836): 2232: aec_process_calc_current_hist_metered_luma: error: out of range, exit
10-11 16:03:56.824 D/WVR_Foveated( 2179): Foveated rendering is not supported.
10-11 16:03:56.837 D/WVR_Foveated( 2179): Foveated rendering is not supported.
10-11 16:03:56.851 D/WVR_Foveated( 2179): Foveated rendering is not supported.
10-11 16:03:56.859 E/mm-camera( 836): 2232: aec_process_calc_current_hist_metered_luma: error: out of range, exit
10-11 16:03:56.865 D/WVR_Foveated( 2179): Foveated rendering is not supported.
10-11 16:03:56.877 D/WVR_Foveated( 2179): Foveated rendering is not supported.
10-11 16:03:56.891 D/WVR_Foveated( 2179): Foveated rendering is not supported.
10-11 16:03:56.892 E/mm-camera( 836): 2232: aec_process_calc_current_hist_metered_luma: error: out of range, exit
10-11 16:03:56.904 D/WVR_Foveated( 2179): Foveated rendering is not supported.
10-11 16:03:56.917 D/WVR_Foveated( 2179): Foveated rendering is not supported.
10-11 16:03:56.925 D/ArmModel( 2179): ArmModel getArmedPose(2) 1, 1
10-11 16:03:56.925 D/ArmModel( 2179): Dev(0)LHOVHMDPos LOCKED : (-0.243806,0.148794,-0.076037)
10-11 16:03:56.925 D/ArmModel( 2179): Dev(2)ctrllerXYRotationRadio : 0.365965 elbowCurveLerpValue = 0.523193
10-11 16:03:56.925 D/ArmModel( 2179): Dev(2)quatCtrllerXYRot : (-0.022171,-0.543262,0.000000,0.839270)
10-11 16:03:56.925 D/ArmModel( 2179): Dev(2)quatCtrllerXYLerpRot : (-0.012095,-0.296362,0.000000,0.954999)
10-11 16:03:56.925 D/ArmModel( 2179): Dev(2)elbowOffset : (-0.066861,-0.531656,0.005168)
10-11 16:03:56.925 D/ArmModel( 2179): Dev(2)wristOffset : (-0.189945,-0.528473,0.090843)
10-11 16:03:56.925 D/ArmModel( 2179): Dev(2)ctrllerOffset : (-0.235539,-0.526612,0.111281)
10-11 16:03:56.925 D/ArmModel( 2179): Dev(2)finalCtrlPos : (-0.235539,-0.526612,-0.111281)
10-11 16:03:56.927 E/mm-camera( 836): 2232: aec_process_calc_current_hist_metered_luma: error: out of range, exit
10-11 16:03:56.931 D/WVR_Foveated( 2179): Foveated rendering is not supported.
10-11 16:03:56.943 D/WVR_Foveated( 2179): Foveated rendering is not supported.
10-11 16:03:56.957 E/mm-camera( 836): 2232: aec_process_calc_current_hist_metered_luma: error: out of range, exit
10-11 16:03:56.964 D/WVR_Foveated( 2179): Foveated rendering is not supported.
10-11 16:03:56.974 D/WVR_Foveated( 2179): Foveated rendering is not supported.
10-11 16:03:56.985 D/WVR_Foveated( 2179): Foveated rendering is not supported.
10-11 16:03:56.990 E/mm-camera( 836): 2232: aec_process_calc_current_hist_metered_luma: error: out of range, exit
10-11 16:03:56.992 D/ArmModel( 2179): ArmModel getArmedPose(3) 0, 1
10-11 16:03:56.993 D/SVR_HMD ( 2388): SvrHmdDevice.java:onSensorChanged(273) SvrHmdDevice, onSensorChanged, sensor.getType() = 4, GYRO: AxisX = 0.106170654, AxisY = -0.0036468506, AxisZ = -0.06880188
10-11 16:03:56.994 D/SVR_HMD ( 2388): SvrHmdDevice.java:onSensorChanged(281) SvrHmdDevice, onSensorChanged, sensor.getType() = 1, ACCELER: X = 2.6507416, Y = 9.549194, Z = 0.947052
10-11 16:03:56.998 D/WVR_Foveated( 2179): Foveated rendering is not supported.
10-11 16:03:57.011 D/WVR_Foveated( 2179): Foveated rendering is not supported.
10-11 16:03:57.023 E/mm-camera( 836): 2232: aec_process_calc_current_hist_metered_luma: error: out of range, exit
10-11 16:03:57.025 D/WVR_Foveated( 2179): Foveated rendering is not supported.
10-11 16:03:57.037 D/WVR_Foveated( 2179): Foveated rendering is not supported.
10-11 16:03:57.051 D/WVR_Foveated( 2179): Foveated rendering is not supported.
