10-11 16:04:09.171 D/VRCORE_PluginKit( 2388): got request form client 10
10-11 16:04:09.171 I/VRCORE_PluginKit( 2388): RequestObserver.java:onNext(25) dev: com.htc.vr.device.svr.SvrHmdDevice_1207d09[0] Callback type: 10
10-11 16:04:09.172 D/SVR_HMD ( 2388): SvrHmdDevice.java:getParameters(567) SvrHmdDevice, getParameters, IMU mPose: w = 0.6078673691408871, x = -0.010642901112546677, y = 0.7854092615456635, z = 0.11625942636584508, yaw = -105.23726824024956
10-11 16:04:09.172 D/SVR_HMD ( 2388): SvrHmdDevice.java:getFinalHmdPose(622) SvrHmdDevice, getFinalHmdPose, diffYawDegree = 1.0363032588904701, finalHmdYawDegree = -22.07399717580582, FinalHmdPose = 0.0f,0.0f,0.0f,0.9815037644219559,0.0,-0.19144283853288957,0.0
10-11 16:04:09.172 I/VRCORE_PluginKit( 2388): RequestObserver.java:onNext(151) GetParameters: [com.htc.vr.device.svr.SvrHmdDevice_1207d09] set string [LastValidHeadPose] and get string [0.0f,0.0f,0.0f,0.9815037644219559,0.0,-0.19144283853288957,0.0].
10-11 16:04:09.173 D/VRCORE ( 2113): TID:2449 ./DeviceProxy.cc:54: Enter PollNextCommand
10-11 16:04:09.177 D/VRCORE ( 3043): TID:3077 ./VRSystemStub.cc:753: Leave GetParameters
10-11 16:04:09.177 I/SVRI ( 3043): CompensateHeadPose, GetParameters, strHeadPose=0.0f,0.0f,0.0f,0.9815037644219559,0.0,-0.19144283853288957,0.0
10-11 16:04:09.177 I/SVRI ( 3043): CompensateHeadPose, compensatedHeadPoseYaw = -0.385264 (-22.074003 deg), svrHeadPoseYaw = 0.019168 (1.098274 deg), Quat(0.992729 0.104382 0.003292 -0.059863)
10-11 16:04:09.177 I/SVRI ( 3043): CompensateHeadPose, finalHmdPoseYaw = -0.404432 (-23.172277 deg), Quat(0.979624 0.000000 -0.200841 0.000000)
10-11 16:04:09.177 I/svr ( 3043): svrSetRecenterData Be(w=1.00000, 0.00000, 0.00000, 0.00000)
10-11 16:04:09.177 I/svr ( 3043): svrSetRecenterData End(0.97962, 0.00000, -0.20084, 0.00000)
10-11 16:04:09.177 D/SVRI ( 3043): SendHMDRecenterData 0.000000 -0.200841 0.000000 0.979624; 0.000000 0.000000 0.000000 SVR Recenter Data
10-11 16:04:09.177 D/SVRI ( 3043): HMDRecenterData=0.000000 -0.200841 0.000000 0.979624 0.000000 0.000000 0.000000;
10-11 16:04:09.177 D/VRCORE ( 3043): TID:3077 ./VRSystemStub.cc:738: Enter SetParameters
10-11 16:04:09.178 I/VRCORE_Server( 2113): GetCallback target device :1, type: 9
10-11 16:04:09.178 D/VRCORE ( 2113): TID:2454 ./DeviceProxy.cc:54: Leave PollNextCommand
10-11 16:04:09.179 D/VRCORE_PluginKit( 2129): got request form client 9
10-11 16:04:09.181 I/VRCORE_PluginKit( 2129): ControllerDeviceRequestObserver.java:onNext(23) Device [com.htc.vr.bledevice.BleControllerDevice_3cae0c5] Callback type: 9
10-11 16:04:09.181 I/VRCORE_PluginKit( 2129): RequestObserver.java:onNext(25) dev: com.htc.vr.bledevice.BleControllerDevice_3cae0c5[1] Callback type: 9
10-11 16:04:09.181 I/VRCORE_PluginKit( 2129): RequestObserver.java:onNext(156) SetParameters : [com.htc.vr.bledevice.BleControllerDevice_3cae0c5] set string [HMDRecenterData=0.000000 -0.200841 0.000000 0.979624 0.000000 0.000000 0.000000;].
10-11 16:04:09.181 D/VRCORE ( 2113): TID:2454 ./DeviceProxy.cc:54: Enter PollNextCommand
10-11 16:04:09.182 D/VRCORE ( 3043): TID:3077 ./VRSystemStub.cc:738: Leave SetParameters
10-11 16:04:09.182 D/VRCORE ( 3043): TID:3077 ./VRSystemStub.cc:738: Enter SetParameters
10-11 16:04:09.183 I/VRCORE_Server( 2113): GetCallback target device :0, type: 9
10-11 16:04:09.183 D/VRCORE ( 2113): TID:2449 ./DeviceProxy.cc:54: Leave PollNextCommand
10-11 16:04:09.184 D/VRCORE_PluginKit( 2388): got request form client 9
10-11 16:04:09.185 I/VRCORE_PluginKit( 2388): RequestObserver.java:onNext(25) dev: com.htc.vr.device.svr.SvrHmdDevice_1207d09[0] Callback type: 9
10-11 16:04:09.185 I/VRCORE_PluginKit( 2388): RequestObserver.java:onNext(156) SetParameters : [com.htc.vr.device.svr.SvrHmdDevice_1207d09] set string [HMDRecenterData=0.000000 -0.200841 0.000000 0.979624 0.000000 0.000000 0.000000;].
10-11 16:04:09.185 D/VRCORE ( 2113): TID:2449 ./DeviceProxy.cc:54: Enter PollNextCommand
10-11 16:04:09.186 D/VRCORE ( 3043): TID:3077 ./VRSystemStub.cc:738: Leave SetParameters
10-11 16:04:09.186 I/SVRI ( 3043): GetPoseState svr_hmd_1 tm1(3) Quality Pose/Camera/Sensor 1.00 1.00 1.00 ; lost 1 ; TS159670908637
10-11 16:04:09.196 I/SVRI ( 3043): GetPoseState: mIsGoResetGray_Toast for restore
10-11 16:04:09.196 I/OverlayManager( 3043): setHMDLoseTracking mIsHMDLoseTracking = 0, mDrawLoading = 1, mNotifyOverlayResumeLater = 0
10-11 16:04:09.196 I/VRActivityEventManager( 3043): notifyOnHMDLostTracking call onHMDLostTrackingMethod
10-11 16:04:09.196 D/VRPlatform( 3043): onHMDLostTracking()
10-11 16:04:09.196 D/VROverlaySMD( 3043): onHMDLostTracking() tracking = false
10-11 16:04:09.196 D/VROverlaySMD( 3043): onHMDLostTracking() switch to gaze
10-11 16:04:09.196 I/OverlayManager( 3043): notifyOnVROverlayResume in SVR
10-11 16:04:09.196 I/VRActivityEventManager( 3043): notifyOnVROverlayResume call onVROverlayResumeMethod
10-11 16:04:09.196 D/VRPlatform( 3043): onVROverlayResume()
10-11 16:04:09.196 D/VROverlaySMD( 3043): onVROverlayResume() Begin
10-11 16:04:09.196 D/VROverlaySMD( 3043): onVROverlayResume() ActivityStatus = ACTIVITY_ONRENDERREADY
10-11 16:04:09.196 D/VROverlaySMD( 3043): onVROverlayResume() registerCallback()
10-11 16:04:09.196 D/VROverlaySMD( 3043): onVROverlayResume() attribute = null !?
10-11 16:04:09.196 D/VROverlaySMD( 3043): onVROverlayResume() onVROverlayResume()
10-11 16:04:09.196 D/VROverlaySMD( 3043): onVROverlayResume() triggerClientReady()
10-11 16:04:09.196 D/VROverlaySMD( 3043): triggerClientReady() End
10-11 16:04:09.196 D/VRCORE ( 3043): TID:3077 ./VRSystemStub.cc:738: Enter SetParameters
10-11 16:04:09.196 D/VROverlayServiceManager( 2113): onVROverlayResume()
10-11 16:04:09.197 D/VROverlayServiceManager( 2113): triggerClientReady()
10-11 16:04:09.197 I/VRCORE_Server( 2113): GetCallback target device :0, type: 9
10-11 16:04:09.197 D/VRCORE ( 2113): TID:2449 ./DeviceProxy.cc:54: Leave PollNextCommand
10-11 16:04:09.198 D/VRCORE_PluginKit( 2388): got request form client 9
10-11 16:04:09.198 D/VROverlayService( 2527): onVROverlayResume()
10-11 16:04:09.198 D/IMEService( 2527): onVROverlayResume() start...
10-11 16:04:09.198 D/VROverlayService( 2527): onVROverlayResume() mServiceName = com.htc.svr.inputmethod.InputDemoService
10-11 16:04:09.198 D/VRSystemDialogOverlay( 2527): onVROverlayResume() mService.mServiceName = com.htc.svr.inputmethod.InputDemoService
10-11 16:04:09.198 D/VROverlay( 2527): addOverlayView() mService.mServiceName = com.htc.svr.inputmethod.InputDemoService
10-11 16:04:09.198 D/VROverlayService( 2527): getVROverlay() mServiceName = com.htc.svr.inputmethod.InputDemoService
10-11 16:04:09.198 I/VRCORE_PluginKit( 2388): RequestObserver.java:onNext(25) dev: com.htc.vr.device.svr.SvrHmdDevice_1207d09[0] Callback type: 9
10-11 16:04:09.198 I/VRCORE_PluginKit( 2388): RequestObserver.java:onNext(156) SetParameters : [com.htc.vr.device.svr.SvrHmdDevice_1207d09] set string [setTrackingLostRecovery=0].
10-11 16:04:09.198 D/VROverlayServiceManager( 2113): genOverlayWithName() callback = com.htc.vr.sdk.overlay.IVROverlayActivityCallback$Stub$Proxy@aec9b3b
10-11 16:04:09.198 D/SVR_HMD ( 2388): SvrHmdDevice.java:setParameters(456) Notify GOOD poseQuality from DeviceService as in WVR/LINK
10-11 16:04:09.198 I/VRCORE_PluginKit( 2388): VRDeviceStub.java:DeviceSetErrorType(518) set error status: 128
10-11 16:04:09.199 I/VRCORE_PluginKit( 2388): VRDeviceStub.java:handleMessage(132) com.htc.vr.device.svr.SvrHmdDevice_1207d09[0] NativeDriverStub@c342b3c, event = 5
10-11 16:04:09.199 D/VRCORE_PluginKit( 2388): SendEventToClient at DriverStub
10-11 16:04:09.199 D/VROverlayService( 2179): onVROverlayResume()
10-11 16:04:09.199 D/VRCORE ( 2113): TID:2449 ./DeviceProxy.cc:54: Enter PollNextCommand
10-11 16:04:09.200 D/VRCORE ( 3043): TID:3077 ./VRSystemStub.cc:738: Leave SetParameters
10-11 16:04:09.200 D/VRCORE_Server( 2113): Set other type's event
10-11 16:04:09.200 I/VRCORE_Server( 2113): SendEventToClient:devId=0, eventId =30006
10-11 16:04:09.200 I/VRCORE_Server( 2113): call onMessage event: 30006, device: 0
10-11 16:04:09.200 D/VROverlayService( 2426): onVROverlayResume()
10-11 16:04:09.200 I/[[vrscanner]]ScannerService( 2426): onVROverlayResume()
10-11 16:04:09.200 D/VROverlayServiceManager( 2113): genOverlayWithName() mClientVersion = 4.1.1-u3 major = 4 med = 1 minor = 1
10-11 16:04:09.200 D/VRAssistHelper( 2113): Send VREvent to VRAssist service, event Type: 30006
10-11 16:04:09.200 D/VROverlayService( 2426): onVROverlayResume() mServiceName = com.htc.miac.controllerutility.controllerscanner.ScannerService
10-11 16:04:09.200 I/VRCORE_Server( 2113): device is not null in GetDisplayConfigure(), using DisplayConfigure of device
10-11 16:04:09.200 D/VRCustomizeOverlay( 2426): onVROverlayResume() mService.mServiceName = com.htc.miac.controllerutility.controllerscanner.ScannerService
10-11 16:04:09.200 D/VROverlay( 2426): addOverlayView() mService.mServiceName = com.htc.miac.controllerutility.controllerscanner.ScannerService
10-11 16:04:09.200 D/VRCORE_Server( 2113): TID:3121 setupDisplayConfigure(145) has external screen: false
10-11 16:04:09.200 D/VRCORE_Server( 2113): TID:3121 setupDisplayConfigure(180) initial screenOrientation config using default
10-11 16:04:09.200 D/VROverlayService( 2426): getVROverlay() mServiceName = com.htc.miac.controllerutility.controllerscanner.ScannerService
10-11 16:04:09.201 D/VROverlaySMD( 3043): regenOverlay() Activity Statue = ACTIVITY_ONRENDERREADY
10-11 16:04:09.201 D/VRCORE_Server( 2113): model number: N/A
10-11 16:04:09.201 D/VRSystemDialogOverlay( 2071): dispatchGenericMotionEvent() action = ACTION_HOVER_EXIT x = -1.0 y = -1.0 vg = android.widget.RelativeLayout{4cb3800 V.E...... ........ 0,0-1200,684 #7f0c0097 app:id/power_button_panel}
10-11 16:04:09.201 D/MTPService( 2071): create view ray hovered out of mStorageButton area
10-11 16:04:09.201 D/MTPService( 2071): setOpacity()
10-11 16:04:09.201 D/VROverlayService( 2071): onVROverlayResume()
10-11 16:04:09.201 D/VROverlayService( 2071): onVROverlayResume() mServiceName = vive.wave.vr.oem.mtp.VRMTPService
10-11 16:04:09.201 D/VRSystemDialogOverlay( 2071): onVROverlayResume() mService.mServiceName = vive.wave.vr.oem.mtp.VRMTPService
10-11 16:04:09.201 D/VROverlay( 2071): addOverlayView() mService.mServiceName = vive.wave.vr.oem.mtp.VRMTPService
10-11 16:04:09.202 D/MTPService( 2071): onVROverlayResume()
10-11 16:04:09.202 D/VROverlayService( 2071): getVROverlay() mServiceName = vive.wave.vr.oem.mtp.VRMTPService
10-11 16:04:09.202 I/VRCORE_Server( 2113): SendEventToDriver target device :-1
10-11 16:04:09.202 D/VRCORE_Server( 2113): BroadcastEvent to device event: 30024
10-11 16:04:09.202 D/VROverlay( 2071): onPreDraw() mServiceName = vive.wave.vr.oem.mtp.VRMTPService
10-11 16:04:09.202 D/VROverlay( 2071): onPreDraw() vrActivityStatus = ON_RESUME
10-11 16:04:09.202 D/VROverlay( 2071): onPreDraw() overlayId = -1
10-11 16:04:09.202 I/SVRI ( 3043): GetPoseState: Switch Scene to 6DoF and broadcast to ALL DS
10-11 16:04:09.202 W/SVRI ( 3043): GetPoseState: svrHeadPoseState poseQuality is back to GOOD! Turn off Gray Mask. 0
10-11 16:04:09.202 I/OverlayManager( 3043): setHMDLoseTracking mIsHMDLoseTracking = 0, mDrawLoading = 0, mNotifyOverlayResumeLater = 0
10-11 16:04:09.203 D/VRCORE ( 3043): TID:3077 ./VRSystemStub.cc:738: Enter SetParameters
10-11 16:04:09.203 D/VROverlayService( 2071): onVROverlayResume()
10-11 16:04:09.203 D/WVRNotificationOverlayService( 2071): onVROverlayResume() start...
10-11 16:04:09.203 D/VRCORE_PluginKit( 2129): event_thread_entry(53) com.htc.vr.bledevice.BleControllerDevice_3cae0c5[1] receive event [30024]
10-11 16:04:09.203 D/VRCORE_PluginKit( 2388): event_thread_entry(53) com.htc.vr.device.svr.SvrHmdDevice_1207d09[0] receive event [30024]
10-11 16:04:09.203 D/VROverlayService( 2071): onVROverlayResume() mServiceName = vive.wave.vr.oem.notification.WVRNotificationOverlayService
10-11 16:04:09.203 D/VRCORE PluginKit JNI( 2129): OnReceiveEvent(46)
10-11 16:04:09.203 D/VRCustomizeOverlay( 2071): onVROverlayResume() mService.mServiceName = vive.wave.vr.oem.notification.WVRNotificationOverlayService
10-11 16:04:09.203 D/VROverlay( 2071): addOverlayView() mService.mServiceName = vive.wave.vr.oem.notification.WVRNotificationOverlayService
10-11 16:04:09.203 D/VROverlayService( 2071): getVROverlay() mServiceName = vive.wave.vr.oem.notification.WVRNotificationOverlayService
10-11 16:04:09.203 D/VRCORE PluginKit JNI( 2388): OnReceiveEvent(46)
10-11 16:04:09.203 I/VRCORE_Server( 2113): GetCallback target device :0, type: 9
10-11 16:04:09.203 I/VRCORE ( 3043): OnReceiveEvent: event.eventType=30006
10-11 16:04:09.203 D/VRCORE ( 2113): TID:2449 ./DeviceProxy.cc:54: Leave PollNextCommand
10-11 16:04:09.204 I/VRCORE ( 3043): OnReceiveCoreEvent: eventType = 30006, inputId = 0, device_index = 0, devType = 1, interaction_mode = 0, gaze_trigger = 0
10-11 16:04:09.204 I/VRCORE_PluginKit( 2388): TrackedDeviceEventObserver.java:onNext(50) now scene is 6DoF
10-11 16:04:09.204 I/VRCORE_PluginKit( 2129): TrackedDeviceEventObserver.java:onNext(50) now scene is 6DoF
10-11 16:04:09.203 I/OverlayManager( 3043): recreateOverlay overlayId = 10
10-11 16:04:09.204 D/SVR_HMD ( 2388): SvrHmdDevice.java:on6DofScene(427) Notify DeviceService that the scene of app is 6Dof.
10-11 16:04:09.204 D/VROverlaySMD( 3043): regenOverlay() id = 10
10-11 16:04:09.204 I/VRCORE ( 2179): OnReceiveEvent: event.eventType=30006
10-11 16:04:09.204 I/VRActivityEventManager( 3043): This event sent by system key. Filter it!!!
10-11 16:04:09.204 I/VRCORE ( 2179): OnReceiveCoreEvent: eventType = 30006, inputId = 0, device_index = 0, devType = 1, interaction_mode = 0, gaze_trigger = 0
10-11 16:04:09.204 D/VRCORE_PluginKit( 2388): got request form client 9
10-11 16:04:09.204 D/VRCORE ( 3043): byte size:18
10-11 16:04:09.204 D/VROverlayServiceManager( 2113): regenOverlay() error = None
10-11 16:04:09.204 D/VROverlayServiceManager( 2113): regenOverlay() id = 10
10-11 16:04:09.204 D/VROverlayServiceManager( 2113): setServiceDeathRecipientId() serviceName = com.htc.svr.inputmethod.InputDemoService overlayId = 10
10-11 16:04:09.204 D/ServiceDeathRecipient( 2113): dump() mServiceName = com.htc.svr.inputmethod.InputDemoService
10-11 16:04:09.204 D/ServiceDeathRecipient( 2113): dump() mOverlayId = 10
10-11 16:04:09.204 D/ServiceDeathRecipient( 2113): dump() mCb = com.htc.vr.sdk.overlay.IVROverlayEventCallback$Stub$Proxy@ce5ba79
10-11 16:04:09.204 D/VROverlayServiceManager( 2113): genOverlayWithName() serviceName = com.htc.svr.inputmethod.InputDemoService id = 10
10-11 16:04:09.204 D/VROverlayServiceManager( 2113): genOverlayWithName() callback = com.htc.vr.sdk.overlay.IVROverlayActivityCallback$Stub$Proxy@aec9b3b
10-11 16:04:09.204 D/VROverlaySMD( 3043): IVROverlayActivityCallback isActivityResumed true
10-11 16:04:09.204 D/VROverlayService( 2179): onVROverlayResume() mServiceName = com.htc.mobilevr.quickmenu.QuickMenuService
10-11 16:04:09.204 D/VROverlay( 2527): genOverlay() overlayId = 10
10-11 16:04:09.204 D/VROverlayService( 2527): getVROverlay() genOverlay = 10
10-11 16:04:09.204 D/VROverlayService( 2527): getVROverlay() vrOverlay = com.htc.vr.sdk.overlay.VRSystemDialogOverlay@5970839
10-11 16:04:09.205 D/VROverlayServiceManager( 2113): genOverlayWithName() mClientVersion = 4.1.1-u3 major = 4 med = 1 minor = 1
10-11 16:04:09.205 D/VROverlaySMD( 3043): regenOverlay() Activity Statue = ACTIVITY_ONRENDERREADY
10-11 16:04:09.205 D/VRCORE ( 2179): byte size:18
10-11 16:04:09.205 I/OverlayManager( 3043): recreateOverlay overlayId = 12
10-11 16:04:09.205 D/VROEM EnvironmentChecker( 2071): event: 30006 device Id: 0 device type: 1 tracker type: 0
10-11 16:04:09.205 D/VROverlaySMD( 3043): regenOverlay() id = 12
10-11 16:04:09.205 D/VRNotificationService( 2071): onEvent()
10-11 16:04:09.205 D/WVRDeviceEvent( 2071): DispatchEventToListeners devId: 0 evt: 30006 deviceType: 1 data: 128
10-11 16:04:09.205 D/VROverlayServiceManager( 2113): regenOverlay() error = None
10-11 16:04:09.205 D/VROverlayServiceManager( 2113): regenOverlay() id = 12
10-11 16:04:09.205 D/VROverlayServiceManager( 2113): setServiceDeathRecipientId() serviceName = com.htc.miac.controllerutility.controllerscanner.ScannerService overlayId = 12
10-11 16:04:09.205 D/ServiceDeathRecipient( 2113): dump() mServiceName = com.htc.miac.controllerutility.controllerscanner.ScannerService
10-11 16:04:09.205 D/ServiceDeathRecipient( 2113): dump() mOverlayId = 12
10-11 16:04:09.205 D/MiaCDeviceEventDetector( 2071): mDevErrorListener onEventReceive...
10-11 16:04:09.205 D/ServiceDeathRecipient( 2113): dump() mCb = com.htc.vr.sdk.overlay.IVROverlayEventCallback$Stub$Proxy@2d45c1f
10-11 16:04:09.205 D/VROverlayServiceManager( 2113): genOverlayWithName() serviceName = com.htc.miac.controllerutility.controllerscanner.ScannerService id = 12
10-11 16:04:09.205 D/MiaCDeviceEventDetector( 2071): onErrorStatusChanged(1,0,0,2,128) start...
10-11 16:04:09.205 D/VROEM VROEMService_api1( 2071): onEvent: GET RECENTER EVENT, do recenter if necessary.
10-11 16:04:09.205 D/VROverlayServiceManager( 2113): genOverlayWithName() callback = com.htc.vr.sdk.overlay.IVROverlayActivityCallback$Stub$Proxy@aec9b3b
10-11 16:04:09.205 D/VRProximityEventHandler( 2071): doRecenter: Already Recentered Screen. Skip recenter round
10-11 16:04:09.205 D/VROverlay( 2426): genOverlay() overlayId = 12
10-11 16:04:09.205 D/VROverlayService( 2426): getVROverlay() genOverlay = 12
10-11 16:04:09.205 D/VROverlayService( 2426): getVROverlay() vrOverlay = com.htc.vr.sdk.overlay.VRCustomizeOverlay@921637d
10-11 16:04:09.206 D/VROverlayServiceManager( 2113): genOverlayWithName() mClientVersion = 4.1.1-u3 major = 4 med = 1 minor = 1
10-11 16:04:09.207 I/VRCORE_PluginKit( 2388): RequestObserver.java:onNext(25) dev: com.htc.vr.device.svr.SvrHmdDevice_1207d09[0] Callback type: 9
10-11 16:04:09.207 I/VRCORE_PluginKit( 2388): RequestObserver.java:onNext(156) SetParameters : [com.htc.vr.device.svr.SvrHmdDevice_1207d09] set string [setTrackingLostRecovery=0].
10-11 16:04:09.207 D/SVR_HMD ( 2388): SvrHmdDevice.java:setParameters(456) Notify GOOD poseQuality from DeviceService as in WVR/LINK
10-11 16:04:09.207 I/VRCORE_PluginKit( 2388): VRDeviceStub.java:DeviceSetErrorType(518) set error status: 128
10-11 16:04:09.207 D/VROverlaySMD( 3043): regenOverlay() Activity Statue = ACTIVITY_ONRENDERREADY
10-11 16:04:09.207 I/OverlayManager( 3043): recreateOverlay overlayId = 14
10-11 16:04:09.207 D/VROverlaySMD( 3043): regenOverlay() id = 14
10-11 16:04:09.207 D/VRCORE ( 2113): TID:2449 ./DeviceProxy.cc:54: Enter PollNextCommand
10-11 16:04:09.208 D/VRCORE ( 3043): TID:3077 ./VRSystemStub.cc:738: Leave SetParameters
10-11 16:04:09.208 I/SVRI ( 3043): GetPoseState: SendEvent, device->id(0), DeviceLoadingDone(30103)
10-11 16:04:09.208 I/VRCORE_PluginKit( 2388): VRDeviceStub.java:handleMessage(132) com.htc.vr.device.svr.SvrHmdDevice_1207d09[0] NativeDriverStub@c342b3c, event = 5
10-11 16:04:09.209 D/VRCORE_PluginKit( 2388): SendEventToClient at DriverStub
10-11 16:04:09.209 I/VRCORE_Server( 2113): SendEventToDriver target device :0
10-11 16:04:09.209 I/VRCORE_Server( 2113): SendEventToClient:devId=0, eventId =30103
10-11 16:04:09.209 I/VRCORE_Server( 2113): call onMessage event: 30103, device: 0
10-11 16:04:09.210 D/VROverlayServiceManager( 2113): regenOverlay() error = None
10-11 16:04:09.210 D/VROverlayServiceManager( 2113): regenOverlay() id = 14
10-11 16:04:09.210 D/VROverlayServiceManager( 2113): setServiceDeathRecipientId() serviceName = vive.wave.vr.oem.mtp.VRMTPService overlayId = 14
10-11 16:04:09.210 D/ServiceDeathRecipient( 2113): dump() mServiceName = vive.wave.vr.oem.mtp.VRMTPService
10-11 16:04:09.210 D/ServiceDeathRecipient( 2113): dump() mOverlayId = 14
10-11 16:04:09.210 I/VRCORE ( 3043): OnReceiveEvent: event.eventType=30103
10-11 16:04:09.210 D/ServiceDeathRecipient( 2113): dump() mCb = com.htc.vr.sdk.overlay.IVROverlayEventCallback$Stub$Proxy@5fe8535
10-11 16:04:09.210 D/VROverlayServiceManager( 2113): genOverlayWithName() serviceName = vive.wave.vr.oem.mtp.VRMTPService id = 14
10-11 16:04:09.210 I/VRCORE ( 3043): OnReceiveCoreEvent: eventType = 30103, inputId = 0, device_index = 0, devType = 1, interaction_mode = 0, gaze_trigger = 0
10-11 16:04:09.210 D/VRAssistHelper( 2113): Send VREvent to VRAssist service, event Type: 30103
10-11 16:04:09.210 I/VRCORE_Server( 2113): device is not null in GetDisplayConfigure(), using DisplayConfigure of device
10-11 16:04:09.210 D/VRCORE_Server( 2113): TID:2928 setupDisplayConfigure(145) has external screen: false
10-11 16:04:09.210 D/VROverlay( 2071): genOverlay() overlayId = 14
10-11 16:04:09.210 D/VRCORE_Server( 2113): TID:2928 setupDisplayConfigure(180) initial screenOrientation config using default
10-11 16:04:09.210 D/VROverlayService( 2071): getVROverlay() genOverlay = 14
10-11 16:04:09.210 D/VRCORE ( 3043): byte size:11
10-11 16:04:09.210 D/VROverlayService( 2071): getVROverlay() vrOverlay = com.htc.vr.sdk.overlay.VRSystemDialogOverlay@9864694
10-11 16:04:09.210 D/VRCORE_Server( 2113): model number: N/A
10-11 16:04:09.210 D/VROverlayService( 2071): getTaskCountInQueueVRActivity() taskCount = 0
10-11 16:04:09.211 D/VROverlaySMD( 3043): isLowMemory() false
10-11 16:04:09.211 D/VRCORE_Server( 2113): Set other type's event
10-11 16:04:09.211 I/VRCORE_Server( 2113): SendEventToClient:devId=0, eventId =30006
10-11 16:04:09.211 I/VRCORE_Server( 2113): call onMessage event: 30006, device: 0
10-11 16:04:09.211 D/VROEM EnvironmentChecker( 2071): event: 30103 device Id: 0 device type: 1 tracker type: 0
10-11 16:04:09.211 D/VRNotificationService( 2071): onEvent()
10-11 16:04:09.211 D/WVRDeviceEvent( 2071): DispatchEventToListeners devId: 0 evt: 30103 deviceType: 1 data: 0
10-11 16:04:09.211 D/MiaCDeviceEventDetector( 2071): onLoadingChanged(false) start...
10-11 16:04:09.211 D/VRNotificationService( 2071): removeNotificationWithKey($CSK-Vr-7134L:152) start...
10-11 16:04:09.212 D/VRAssistHelper( 2113): Send VREvent to VRAssist service, event Type: 30006
10-11 16:04:09.212 I/VRCORE_Server( 2113): device is not null in GetDisplayConfigure(), using DisplayConfigure of device
10-11 16:04:09.212 D/VRCORE_Server( 2113): TID:3121 setupDisplayConfigure(145) has external screen: false
10-11 16:04:09.212 D/VRCORE_Server( 2113): TID:3121 setupDisplayConfigure(180) initial screenOrientation config using default
10-11 16:04:09.212 I/SVRI ( 3043): [CheckPoint_T][SVR] HMD tracking ready
10-11 16:04:09.212 I/VRCORE ( 3043): OnReceiveEvent: event.eventType=30006
10-11 16:04:09.212 I/SVRI ( 3043): GetPoseState svr_hmd_1 tm3(3) Quality Pose/Camera/Sensor 1.00 1.00 1.00 ; lost 0 ; TS159697886189
10-11 16:04:09.212 D/VRCORE_Server( 2113): model number: N/A
10-11 16:04:09.212 I/VRCORE ( 3043): OnReceiveCoreEvent: eventType = 30006, inputId = 0, device_index = 0, devType = 1, interaction_mode = 0, gaze_trigger = 0
10-11 16:04:09.212 I/VRActivityEventManager( 3043): This event sent by system key. Filter it!!!
10-11 16:04:09.213 D/VRCORE ( 3043): byte size:18
10-11 16:04:09.213 D/VROverlayServiceManager( 2113): genOverlayWithName() callback = com.htc.vr.sdk.overlay.IVROverlayActivityCallback$Stub$Proxy@aec9b3b
10-11 16:04:09.213 D/VROEM EnvironmentChecker( 2071): event: 30006 device Id: 0 device type: 1 tracker type: 0
10-11 16:04:09.213 D/VRNotificationService( 2071): onEvent()
10-11 16:04:09.213 D/WVRDeviceEvent( 2071): DispatchEventToListeners devId: 0 evt: 30006 deviceType: 1 data: 128
10-11 16:04:09.213 D/MiaCDeviceEventDetector( 2071): mDevErrorListener onEventReceive...
10-11 16:04:09.213 D/MiaCDeviceEventDetector( 2071): onErrorStatusChanged(1,0,0,2,128) start...
10-11 16:04:09.213 D/VROEM VROEMService_api1( 2071): onEvent: GET RECENTER EVENT, do recenter if necessary.
10-11 16:04:09.213 D/VRProximityEventHandler( 2071): doRecenter: Already Recentered Screen. Skip recenter round
10-11 16:04:09.214 D/VROverlayServiceManager( 2113): genOverlayWithName() mClientVersion = 4.1.1-u3 major = 4 med = 1 minor = 1
10-11 16:04:09.214 D/VROverlaySMD( 3043): regenOverlay() Activity Statue = ACTIVITY_ONRENDERREADY
10-11 16:04:09.214 I/OverlayManager( 3043): recreateOverlay overlayId = 11
10-11 16:04:09.214 D/VROverlaySMD( 3043): regenOverlay() id = 11
10-11 16:04:09.214 D/VROverlaySMD( 3043): IVROverlayActivityCallback isActivityDestroyed false
10-11 16:04:09.215 D/VROverlayService( 2071): getViewBitmap(final View view) isRunAtUiTread = true
10-11 16:04:09.215 D/VROverlayServiceManager( 2113): regenOverlay() error = None
10-11 16:04:09.215 D/VROverlayServiceManager( 2113): regenOverlay() id = 11
10-11 16:04:09.215 D/VROverlayServiceManager( 2113): setServiceDeathRecipientId() serviceName = vive.wave.vr.oem.notification.WVRNotificationOverlayService overlayId = 11
10-11 16:04:09.215 D/ServiceDeathRecipient( 2113): dump() mServiceName = vive.wave.vr.oem.notification.WVRNotificationOverlayService
10-11 16:04:09.215 D/ServiceDeathRecipient( 2113): dump() mOverlayId = 11
10-11 16:04:09.215 D/ServiceDeathRecipient( 2113): dump() mCb = com.htc.vr.sdk.overlay.IVROverlayEventCallback$Stub$Proxy@f3773be
10-11 16:04:09.215 D/VROverlayServiceManager( 2113): genOverlayWithName() serviceName = vive.wave.vr.oem.notification.WVRNotificationOverlayService id = 11
10-11 16:04:09.215 D/VROverlay( 2071): genOverlay() overlayId = 11
10-11 16:04:09.215 I/VRCORE ( 2179): OnReceiveEvent: event.eventType=30103
10-11 16:04:09.215 D/VROverlayService( 2071): getVROverlay() genOverlay = 11
10-11 16:04:09.215 I/VRCORE ( 2179): OnReceiveCoreEvent: eventType = 30103, inputId = 0, device_index = 0, devType = 1, interaction_mode = 0, gaze_trigger = 0
10-11 16:04:09.215 D/VROverlayService( 2071): getVROverlay() vrOverlay = com.htc.vr.sdk.overlay.VRCustomizeOverlay@1021ecd
10-11 16:04:09.216 D/VRCORE ( 2179): byte size:11
10-11 16:04:09.217 I/VRCORE ( 2179): OnReceiveEvent: event.eventType=30006
10-11 16:04:09.217 I/VRCORE ( 2179): OnReceiveCoreEvent: eventType = 30006, inputId = 0, device_index = 0, devType = 1, interaction_mode = 0, gaze_trigger = 0
10-11 16:04:09.217 D/VRCORE ( 2179): byte size:18
10-11 16:04:09.217 D/WVRNotificationOverlayService( 2071): getCurrentIntFilter() ret = 1
10-11 16:04:09.219 D/VROverlaySMD( 3043): getInteractionMode
10-11 16:04:09.219 D/VROverlaySMD( 3043): getGazeTriggerType
10-11 16:04:09.219 I/VROverlayService( 2179): getClientInfo() mServiceName = com.htc.mobilevr.quickmenu.QuickMenuService mClientVersion = 0 mInteractionMode = 3 mSingleton.mGazeTriggerType = 1
10-11 16:04:09.220 D/VROverlayService( 2179): getServerInfo() mTrackingMode = 0
10-11 16:04:09.220 I/art ( 2179): Starting a blocking GC Explicit
10-11 16:04:09.222 D/WVRNotificationOverlayService( 2071): restoreSceneShadow() start...
10-11 16:04:09.223 I/ArmModel( 3043): Dev(0)LHOVHMDPos : (-0.007993,0.020767,0.005500)
10-11 16:04:09.223 D/ArmModel( 3043): ArmModel getArmedPose(2) 1, 1
10-11 16:04:09.223 D/ArmModel( 3043): Dev(2)ctrllerXYRotationRadio : 0.246755 elbowCurveLerpValue = 0.499351
10-11 16:04:09.223 D/ArmModel( 3043): Dev(2)quatCtrllerXYRot : (-0.020161,-0.377431,0.000000,0.925818)
10-11 16:04:09.223 D/ArmModel( 3043): Dev(2)quatCtrllerXYLerpRot : (-0.010259,-0.192066,0.000000,0.981328)
10-11 16:04:09.223 D/ArmModel( 3043): Dev(2)elbowOffset : (0.171350,-0.659622,0.081219)
10-11 16:04:09.223 D/ArmModel( 3043): Dev(2)wristOffset : (0.066687,-0.656594,0.188627)
10-11 16:04:09.223 D/ArmModel( 3043): Dev(2)ctrllerOffset : (0.031744,-0.654727,0.224341)
10-11 16:04:09.223 D/ArmModel( 3043): Dev(2)finalCtrlPos : (0.031744,-0.654727,-0.224341)
10-11 16:04:09.225 I/SVRI ( 3043): [Arena] GetArenaRange Rectangle(2.00, 2.00)
10-11 16:04:09.225 I/OverlayManager( 3043): hasOnTextureOverlay drawLastOverlay = 1
10-11 16:04:09.225 I/OverlayManager( 3043): drawBlockScreen mIsHMDLoseTracking changed = 0
10-11 16:04:09.225 I/OverlayManager( 3043): drawBlockScreen showLoading changed = 0
10-11 16:04:09.227 W/SystemReader( 1447): Cannot find sku_id, use default value instead
10-11 16:04:09.227 D/SettingsProvider:HtcCustomReader( 1447): getCustomerAcc(): HTCCN_CHS
10-11 16:04:09.227 D/VROverlaySMD( 3043): IVROverlayActivityCallback isActivityDestroyed false
10-11 16:04:09.228 W/SystemReader( 1447): Cannot find sku_id, use default value instead
10-11 16:04:09.228 D/SettingsProvider:HtcCustomReader( 1447): getCustomerAcc(): HTCCN_CHS
10-11 16:04:09.228 W/SystemReader( 1447): Cannot find sku_id, use default value instead
10-11 16:04:09.228 D/SettingsProvider:HtcCustomReader( 1447): getCustomerAcc(): HTCCN_CHS
10-11 16:04:09.228 W/SystemReader( 1447): Cannot find sku_id, use default value instead
10-11 16:04:09.228 D/SettingsProvider:HtcCustomReader( 1447): getCustomerAcc(): HTCCN_CHS
10-11 16:04:09.229 W/SystemReader( 1447): Cannot find sku_id, use default value instead
10-11 16:04:09.229 D/SettingsProvider:HtcCustomReader( 1447): getCustomerAcc(): HTCCN_CHS
10-11 16:04:09.230 W/SystemReader( 1447): Cannot find sku_id, use default value instead
10-11 16:04:09.230 D/SettingsProvider:HtcCustomReader( 1447): getCustomerAcc(): HTCCN_CHS
10-11 16:04:09.230 V/AudioService( 1447): setRingerModeInt 2 to 0
10-11 16:04:09.230 D/AudioService( 1447): mute state = true
10-11 16:04:09.230 D/AudioService( 1447): mAudioHandler sendMsg msg = 10 time = 159737 delay = 0 lastMsgTime = 0
10-11 16:04:09.230 D/AudioService( 1447): applyAllVols stream: 7, device: speaker, index: 0
10-11 16:04:09.230 D/AudioService( 1447): mute state = true
10-11 16:04:09.233 D/AudioService( 1447): mAudioHandler sendMsg msg = 10 time = 159739 delay = 0 lastMsgTime = 0
10-11 16:04:09.233 D/AudioService( 1447): applyAllVols stream: 5, device: speaker, index: 0
10-11 16:04:09.234 D/AudioService( 1447): mute state = true
10-11 16:04:09.234 D/AudioService( 1447): mAudioHandler sendMsg msg = 10 time = 159741 delay = 0 lastMsgTime = 0
10-11 16:04:09.235 D/AudioService( 1447): applyAllVols stream: 2, device: speaker, index: 0
10-11 16:04:09.235 E/svr ( 3043): Compiling shader 101 (Mask = 0x00000031)...
10-11 16:04:09.236 D/AudioService( 1447): applyAllVols stream: 7, device: speaker, index: 0
10-11 16:04:09.236 I/svr ( 3043): Loaded Shader (149): Vert: 0x00000031 <=> Frag: 0x00000031
10-11 16:04:09.236 D/AudioService( 1447): applyAllVols stream: 5, device: speaker, index: 0
10-11 16:04:09.237 D/AudioService( 1447): applyAllVols stream: 1, device: speaker, index: 5
10-11 16:04:09.237 D/AudioService( 1447): mute state = true
10-11 16:04:09.237 D/VROverlayService( 2071): overlayPreDrawListener() mServiceName = vive.wave.vr.oem.mtp.VRMTPService, onPreDrawError() error =UnknownOverlay
10-11 16:04:09.238 D/AudioService( 1447): mAudioHandler sendMsg msg = 10 time = 159744 delay = 0 lastMsgTime = 0
10-11 16:04:09.238 I/SVRI ( 3043): [Arena] GetArenaRange Rectangle(2.00, 2.00)
10-11 16:04:09.238 D/AudioService( 1447): applyAllVols stream: 1, device: speaker, index: 0
10-11 16:04:09.238 D/AudioService( 1447): mRingerModeExtremedStreams: 0
10-11 16:04:09.239 D/AudioService( 1447): mRingerModeMutedStreams: 10100110
10-11 16:04:09.239 D/AudioService( 1447): mAudioHandler sendMsg msg = 3 time = 160245 delay = 500 lastMsgTime = 0
10-11 16:04:09.239 W/SystemReader( 1447): Cannot find sku_id, use default value instead
10-11 16:04:09.240 D/SettingsProvider:HtcCustomReader( 1447): getCustomerAcc(): HTCCN_CHS
10-11 16:04:09.242 I/vol.Events( 1657): writeEvent internal_ringer_mode_changed silent
10-11 16:04:09.244 I/vol.Events( 1657): writeEvent mute_changed STREAM_RING true
10-11 16:04:09.245 I/vol.Events( 1657): writeEvent mute_changed STREAM_SYSTEM true
10-11 16:04:09.246 I/vol.Events( 1657): writeEvent external_ringer_mode_changed silent
10-11 16:04:09.247 I/[vrbledevice]Finch3DofController[0]( 2129): updatePose: timeStamp(159753318256), Euler:[-133.37874,3.71951,177.85611] Quat:[0.03720,0.39488,-0.00433,0.91797] Acc:[0.04666,0.07776,1.21310] Gyro:[0.17874,0.20072,2.76357]
10-11 16:04:09.252 I/vol.Events( 1657): writeEvent zen_mode_changed alarms
10-11 16:04:09.253 I/OverlayManager( 3043): isPassThroughShowing show = 0
10-11 16:04:09.254 I/SVRI ( 3043): [Arena] GetArenaRange Rectangle(2.00, 2.00)
10-11 16:04:09.259 V/NetworkPolicy( 1447): updateRuleForRestrictBackgroundUL(10054): isForeground=true, isBlacklisted=false, isWhitelisted=false, oldRule=0 (NONE), newRule=0 (NONE), newUidRules=0 (NONE), oldUidRules=0 (NONE)
10-11 16:04:09.259 V/NetworkPolicy( 1447): updateRulesForPowerRestrictionsUL(10054), isIdle: false, mRestrictPower: false, mDeviceIdleMode: false, isForeground=true, isWhitelisted=false, oldRule=0 (NONE), newRule=0 (NONE), newUidRules=0 (NONE), oldUidRules=0 (NONE)
10-11 16:04:09.265 I/SVRI ( 3043): [Arena] GetArenaRange Rectangle(2.00, 2.00)
10-11 16:04:09.265 I/art ( 2179): Explicit concurrent mark sweep GC freed 74041(2MB) AllocSpace objects, 6(232KB) LOS objects, 15% free, 42MB/50MB, paused 845us total 45.528ms
10-11 16:04:09.270 I/PhoneStatusBar( 1657): updateEmptyShade(true,true)
10-11 16:04:09.270 I/StackScroller( 1657): setBlockTouch:false
10-11 16:04:09.278 I/SVRI ( 3043): [Arena] GetArenaRange Rectangle(2.00, 2.00)
10-11 16:04:09.283 D/SignalBarView( 1657): onMeasure() mLeft != null width =52 height =52
10-11 16:04:09.283 D/SignalBarView( 1657): onMeasure() mLeft != null width =52 height =52
10-11 16:04:09.284 I/art ( 2179): Starting a blocking GC Explicit
10-11 16:04:09.284 D/SignalBarView( 1657): onMeasure() mLeft != null width =52 height =52
10-11 16:04:09.291 I/SVRI ( 3043): [Arena] GetArenaRange Rectangle(2.00, 2.00)
10-11 16:04:09.304 I/SVRI ( 3043): [Arena] GetArenaRange Rectangle(2.00, 2.00)
10-11 16:04:09.314 I/art ( 2179): Explicit concurrent mark sweep GC freed 1326(43KB) AllocSpace objects, 0(0B) LOS objects, 15% free, 42MB/50MB, paused 638us total 29.705ms
10-11 16:04:09.314 D/VROverlay( 2179): onVROverlayResume() mService.mServiceName = com.htc.mobilevr.quickmenu.QuickMenuService
10-11 16:04:09.314 D/QuickMenuService( 2179): onVROverlayResume()
10-11 16:04:09.314 D/QuickMenuService( 2179): initOverlay
10-11 16:04:09.314 D/VROverlayService( 2179): getVROverlay() mServiceName = com.htc.mobilevr.quickmenu.QuickMenuService
10-11 16:04:09.315 D/VROverlayServiceManager( 2113): genOverlayWithName() callback = com.htc.vr.sdk.overlay.IVROverlayActivityCallback$Stub$Proxy@aec9b3b
10-11 16:04:09.315 D/VROverlayServiceManager( 2113): genOverlayWithName() mClientVersion = 4.1.1-u3 major = 4 med = 1 minor = 1
10-11 16:04:09.316 D/VROverlaySMD( 3043): regenOverlay() Activity Statue = ACTIVITY_ONRENDERREADY
10-11 16:04:09.316 I/OverlayManager( 3043): recreateOverlay overlayId = 13
10-11 16:04:09.316 D/VROverlaySMD( 3043): regenOverlay() id = 13
10-11 16:04:09.316 D/VROverlayServiceManager( 2113): regenOverlay() error = None
10-11 16:04:09.316 D/VROverlayServiceManager( 2113): regenOverlay() id = 13
10-11 16:04:09.316 D/VROverlayServiceManager( 2113): setServiceDeathRecipientId() serviceName = com.htc.mobilevr.quickmenu.QuickMenuService overlayId = 13
10-11 16:04:09.316 D/ServiceDeathRecipient( 2113): dump() mServiceName = com.htc.mobilevr.quickmenu.QuickMenuService
10-11 16:04:09.316 D/ServiceDeathRecipient( 2113): dump() mOverlayId = 13
10-11 16:04:09.316 D/ServiceDeathRecipient( 2113): dump() mCb = com.htc.vr.sdk.overlay.IVROverlayEventCallback$Stub$Proxy@776db6c
10-11 16:04:09.316 D/VROverlayServiceManager( 2113): genOverlayWithName() serviceName = com.htc.mobilevr.quickmenu.QuickMenuService id = 13
10-11 16:04:09.317 D/VROverlay( 2179): genOverlay() overlayId = 13
10-11 16:04:09.317 D/VROverlayService( 2179): getVROverlay() genOverlay = 13
10-11 16:04:09.318 D/VROverlaySMD( 3043): setParameter() action = 0 flags = 1126400
10-11 16:04:09.319 D/VROverlayService( 2179): getVROverlay() vrOverlay = com.htc.vr.sdk.overlay.VRSystemDialogOverlay@b18f5a7
10-11 16:04:09.320 E/ForegroundAppUtil( 2179): Failed to grant permission
10-11 16:04:09.320 W/QuickMenuService( 2179): Failed to get foreground app info
10-11 16:04:09.331 I/SVRI ( 3043): [Arena] GetArenaRange Rectangle(2.00, 2.00)
10-11 16:04:09.345 I/SVRI ( 3043): [Arena] GetArenaRange Rectangle(2.00, 2.00)
10-11 16:04:09.358 I/SVRI ( 3043): [Arena] GetArenaRange Rectangle(2.00, 2.00)
10-11 16:04:09.371 I/SVRI ( 3043): [Arena] GetArenaRange Rectangle(2.00, 2.00)
10-11 16:04:09.384 I/SVRI ( 3043): [Arena] GetArenaRange Rectangle(2.00, 2.00)
10-11 16:04:09.398 I/SVRI ( 3043): [Arena] GetArenaRange Rectangle(2.00, 2.00)
10-11 16:04:09.411 I/SVRI ( 3043): [Arena] GetArenaRange Rectangle(2.00, 2.00)
10-11 16:04:09.412 I/svr ( 3043): FPS: 70.86
10-11 16:04:09.420 D/AlarmManager( 1447): sending alarm to uid=1000, package=android, listener=android.app.AlarmManager$ListenerWrapper@c7847f0, listenerTag=*job.delay*, t=2, cnt=1, w=154927, Int=0, ws=WorkSource{10023}
10-11 16:04:09.421 D/PMS ( 1447): acquireWL(8c1f169): PARTIAL_WAKE_LOCK *alarm* 0x1 1447 1000 WorkSource{10023}
10-11 16:04:09.421 D/PMS ( 1447): releaseWL(8c1f169): PARTIAL_WAKE_LOCK *alarm* 0x1 WorkSource{10023} 0x0
10-11 16:04:09.423 I/WVRFoveat( 3043): FovText: eye 0 s 0 id 36 1 mode 2 1 enable 1 0 support 0
10-11 16:04:09.424 D/DeviceIdleController( 1447): handleMessage(7)
10-11 16:04:09.425 I/SVRI ( 3043): [Arena] GetArenaRange Rectangle(2.00, 2.00)
10-11 16:04:09.426 D/PMS ( 1447): acquireWL(87f3b25): PARTIAL_WAKE_LOCK *job*/com.htc.mobilevr.launcher/com.htc.vr.bilog.core.BiJobService 0x1 1447 1000 WorkSource{10023}
10-11 16:04:09.430 D/PMS ( 1447): releaseWL(87f3b25): PARTIAL_WAKE_LOCK *job*/com.htc.mobilevr.launcher/com.htc.vr.bilog.core.BiJobService 0x1 WorkSource{10023} 0x0
10-11 16:04:09.431 D/DeviceIdleController( 1447): handleMessage(7)
10-11 16:04:09.438 I/SVRI ( 3043): [Arena] GetArenaRange Rectangle(2.00, 2.00)
10-11 16:04:09.451 I/SVRI ( 3043): [Arena] GetArenaRange Rectangle(2.00, 2.00)
10-11 16:04:09.464 I/SVRI ( 3043): [Arena] GetArenaRange Rectangle(2.00, 2.00)
10-11 16:04:09.478 I/SVRI ( 3043): [Arena] GetArenaRange Rectangle(2.00, 2.00)
10-11 16:04:09.492 I/SVRI ( 3043): [Arena] GetArenaRange Rectangle(2.00, 2.00)
10-11 16:04:09.505 I/SVRI ( 3043): [Arena] GetArenaRange Rectangle(2.00, 2.00)
10-11 16:04:09.518 I/SVRI ( 3043): [Arena] GetArenaRange Rectangle(2.00, 2.00)
10-11 16:04:09.532 I/SVRI ( 3043): [Arena] GetArenaRange Rectangle(2.00, 2.00)
10-11 16:04:09.545 I/SVRI ( 3043): [Arena] GetArenaRange Rectangle(2.00, 2.00)
10-11 16:04:09.558 I/SVRI ( 3043): [Arena] GetArenaRange Rectangle(2.00, 2.00)
10-11 16:04:09.572 I/SVRI ( 3043): [Arena] GetArenaRange Rectangle(2.00, 2.00)
10-11 16:04:09.585 I/SVRI ( 3043): [Arena] GetArenaRange Rectangle(2.00, 2.00)
10-11 16:04:09.598 I/SVRI ( 3043): [Arena] GetArenaRange Rectangle(2.00, 2.00)
10-11 16:04:09.612 I/SVRI ( 3043): [Arena] GetArenaRange Rectangle(2.00, 2.00)
10-11 16:04:09.621 D/SVR_HMD ( 2388): SvrHmdDevice.java:onSensorChanged(273) SvrHmdDevice, onSensorChanged, sensor.getType() = 4, GYRO: AxisX = -0.014205933, AxisY = -0.011108398, AxisZ = 0.016952515
10-11 16:04:09.622 D/SVR_HMD ( 2388): SvrHmdDevice.java:onSensorChanged(281) SvrHmdDevice, onSensorChanged, sensor.getType() = 1, ACCELER: X = 1.270752, Y = 9.378281, Z = 2.0087128
10-11 16:04:09.625 I/SVRI ( 3043): [Arena] GetArenaRange Rectangle(2.00, 2.00)
10-11 16:04:09.638 I/SVRI ( 3043): [Arena] GetArenaRange Rectangle(2.00, 2.00)
10-11 16:04:09.652 I/SVRI ( 3043): [Arena] GetArenaRange Rectangle(2.00, 2.00)
10-11 16:04:09.665 I/OverlayManager( 3043): isPassThroughShowing show = 0
10-11 16:04:09.665 I/SVRI ( 3043): [Arena] GetArenaRange Rectangle(2.00, 2.00)
10-11 16:04:09.678 I/SVRI ( 3043): [Arena] GetArenaRange Rectangle(2.00, 2.00)
10-11 16:04:09.692 I/SVRI ( 3043): [Arena] GetArenaRange Rectangle(2.00, 2.00)
10-11 16:04:09.705 I/SVRI ( 3043): [Arena] GetArenaRange Rectangle(2.00, 2.00)
10-11 16:04:09.719 I/SVRI ( 3043): [Arena] GetArenaRange Rectangle(2.00, 2.00)
10-11 16:04:09.731 I/POSE ( 3043): GetSyncPose pose_hmd_1 VALID(oemValid(1),isFocus(0)) Origin(0) 6DoF; Arena[1]_Trig(0)_Out(0)_OutLevel(0.0000); XYZ(-0.0095, 0.0207, -0.0085), EulerYPR(23.73, -12.44, 7.14), Wxyz(0.9724, -0.0931, 0.1974, 0.0828); LVel(-0.0018, -0.0042, -0.0005), AngV(0.0253, 0.0412, 0.0350); PoseTime=160233194991, predict time=15.688ms(p0,r0), pose latency(I)=0.000
10-11 16:04:09.731 I/POSE ( 3043): GetSyncPose pose_clr_2 VALID(oemValid(1),isFocus(0)) Origin(0) 3DoF; Arena[1]_Trig(0)_Out(0)_OutLevel(0.0000); XYZ(0.0302, -0.6551, -0.2277), EulerYPR(-113.45, 177.89, 3.65), Wxyz(0.0367, 0.5478, 0.0020, 0.8358); LVel(0.0000, 0.0000, 0.0000), AngV(0.0242, -0.0764, 0.0042); PoseTime=160231980751, predict time=0.000ms(p0,r0), pose latency(I)=0.000
10-11 16:04:09.732 I/SVRI ( 3043): [Arena] GetArenaRange Rectangle(2.00, 2.00)
10-11 16:04:09.739 W/SystemReader( 1447): Cannot find sku_id, use default value instead
10-11 16:04:09.739 D/SettingsProvider:HtcCustomReader( 1447): getCustomerAcc(): HTCCN_CHS
10-11 16:04:09.739 W/SystemReader( 1447): Cannot find sku_id, use default value instead
10-11 16:04:09.739 D/SettingsProvider:HtcCustomReader( 1447): getCustomerAcc(): HTCCN_CHS
10-11 16:04:09.745 I/SVRI ( 3043): [Arena] GetArenaRange Rectangle(2.00, 2.00)
10-11 16:04:09.746 I/ipdmonitor( 2388): ipd = 659
10-11 16:04:09.759 I/SVRI ( 3043): [Arena] GetArenaRange Rectangle(2.00, 2.00)
10-11 16:04:09.772 I/SVRI ( 3043): [Arena] GetArenaRange Rectangle(2.00, 2.00)
10-11 16:04:09.784 I/SVRI ( 3043): GetPoseState svr_hmd_1 tm3(3) Quality Pose/Camera/Sensor 1.00 1.00 1.00 ; lost 0 ; TS160286081970
10-11 16:04:09.786 I/SVRI ( 3043): [Arena] GetArenaRange Rectangle(2.00, 2.00)
10-11 16:04:09.797 I/SVRI ( 3043): GetPoseState svr_hmd_1 tm3(3) Quality Pose/Camera/Sensor 1.00 1.00 1.00 ; lost 0 ; TS160300059002
10-11 16:04:09.797 I/ArmModel( 3043): Dev(0)LHOVHMDPos : (-0.009382,0.020660,0.009028)
10-11 16:04:09.797 D/ArmModel( 3043): ArmModel getArmedPose(2) 1, 1
10-11 16:04:09.797 D/ArmModel( 3043): Dev(2)ctrllerXYRotationRadio : 0.245759 elbowCurveLerpValue = 0.499152
10-11 16:04:09.797 D/ArmModel( 3043): Dev(2)quatCtrllerXYRot : (-0.019951,-0.375991,0.000000,0.926408)
10-11 16:04:09.797 D/ArmModel( 3043): Dev(2)quatCtrllerXYLerpRot : (-0.010147,-0.191228,0.000000,0.981493)
10-11 16:04:09.797 D/ArmModel( 3043): Dev(2)elbowOffset : (0.169794,-0.659921,0.085275)
10-11 16:04:09.797 D/ArmModel( 3043): Dev(2)wristOffset : (0.064961,-0.656923,0.192518)
10-11 16:04:09.797 D/ArmModel( 3043): Dev(2)ctrllerOffset : (0.030129,-0.655075,0.228342)
10-11 16:04:09.797 D/ArmModel( 3043): Dev(2)finalCtrlPos : (0.030129,-0.655075,-0.228342)
10-11 16:04:09.799 I/SVRI ( 3043): [Arena] GetArenaRange Rectangle(2.00, 2.00)
10-11 16:04:09.812 I/SVRI ( 3043): [Arena] GetArenaRange Rectangle(2.00, 2.00)
10-11 16:04:09.825 I/SVRI ( 3043): [Arena] GetArenaRange Rectangle(2.00, 2.00)
10-11 16:04:09.839 I/SVRI ( 3043): [Arena] GetArenaRange Rectangle(2.00, 2.00)
10-11 16:04:09.852 I/SVRI ( 3043): [Arena] GetArenaRange Rectangle(2.00, 2.00)
10-11 16:04:09.865 I/SVRI ( 3043): [Arena] GetArenaRange Rectangle(2.00, 2.00)
10-11 16:04:09.879 I/SVRI ( 3043): [Arena] GetArenaRange Rectangle(2.00, 2.00)
10-11 16:04:09.892 I/SVRI ( 3043): [Arena] GetArenaRange Rectangle(2.00, 2.00)
10-11 16:04:09.905 I/SVRI ( 3043): [Arena] GetArenaRange Rectangle(2.00, 2.00)
10-11 16:04:09.919 I/SVRI ( 3043): [Arena] GetArenaRange Rectangle(2.00, 2.00)
10-11 16:04:09.932 I/SVRI ( 3043): [Arena] GetArenaRange Rectangle(2.00, 2.00)
10-11 16:04:09.946 I/SVRI ( 3043): [Arena] GetArenaRange Rectangle(2.00, 2.00)
10-11 16:04:09.959 I/SVRI ( 3043): [Arena] GetArenaRange Rectangle(2.00, 2.00)
10-11 16:04:09.972 I/SVRI ( 3043): [Arena] GetArenaRange Rectangle(2.00, 2.00)
10-11 16:04:09.986 I/SVRI ( 3043): [Arena] GetArenaRange Rectangle(2.00, 2.00)
10-11 16:04:09.999 I/SVRI ( 3043): [Arena] GetArenaRange Rectangle(2.00, 2.00)
10-11 16:04:10.005 W/AudFlgTr( 813): track uid 10065 buf is zero
10-11 16:04:10.012 I/SVRI ( 3043): [Arena] GetArenaRange Rectangle(2.00, 2.00)
10-11 16:04:10.026 I/SVRI ( 3043): [Arena] GetArenaRange Rectangle(2.00, 2.00)
10-11 16:04:10.039 I/SVRI ( 3043): [Arena] GetArenaRange Rectangle(2.00, 2.00)
10-11 16:04:10.053 I/SVRI ( 3043): [Arena] GetArenaRange Rectangle(2.00, 2.00)
10-11 16:04:10.066 I/OverlayManager( 3043): isPassThroughShowing show = 0
10-11 16:04:10.066 I/SVRI ( 3043): [Arena] GetArenaRange Rectangle(2.00, 2.00)
10-11 16:04:10.079 I/SVRI ( 3043): [Arena] GetArenaRange Rectangle(2.00, 2.00)
10-11 16:04:10.093 I/SVRI ( 3043): [Arena] GetArenaRange Rectangle(2.00, 2.00)
10-11 16:04:10.106 I/SVRI ( 3043): [Arena] GetArenaRange Rectangle(2.00, 2.00)
10-11 16:04:10.118 D/SVR_HMD ( 2388): SvrHmdDevice.java:onSensorChanged(281) SvrHmdDevice, onSensorChanged, sensor.getType() = 1, ACCELER: X = 1.2655334, Y = 9.591095, Z = 1.871994
10-11 16:04:10.118 D/SVR_HMD ( 2388): SvrHmdDevice.java:onSensorChanged(273) SvrHmdDevice, onSensorChanged, sensor.getType() = 4, GYRO: AxisX = 0.0028381348, AxisY = 0.0016937256, AxisZ = -0.0075531006
10-11 16:04:10.119 I/SVRI ( 3043): [Arena] GetArenaRange Rectangle(2.00, 2.00)
10-11 16:04:10.133 I/SVRI ( 3043): [Arena] GetArenaRange Rectangle(2.00, 2.00)
10-11 16:04:10.146 I/SVRI ( 3043): [Arena] GetArenaRange Rectangle(2.00, 2.00)
10-11 16:04:10.159 I/SVRI ( 3043): [Arena] GetArenaRange Rectangle(2.00, 2.00)
10-11 16:04:10.173 I/SVRI ( 3043): [Arena] GetArenaRange Rectangle(2.00, 2.00)
10-11 16:04:10.186 I/SVRI ( 3043): [Arena] GetArenaRange Rectangle(2.00, 2.00)
10-11 16:04:10.199 I/SVRI ( 3043): [Arena] GetArenaRange Rectangle(2.00, 2.00)
10-11 16:04:10.213 I/SVRI ( 3043): [Arena] GetArenaRange Rectangle(2.00, 2.00)
10-11 16:04:10.226 I/SVRI ( 3043): [Arena] GetArenaRange Rectangle(2.00, 2.00)
10-11 16:04:10.239 I/SVRI ( 3043): [Arena] GetArenaRange Rectangle(2.00, 2.00)
10-11 16:04:10.250 I/[vrbledevice]Finch3DofController[0]( 2129): updatePose: timeStamp(160756303772), Euler:[-133.40274,3.65886,177.85498] Quat:[0.03672,0.39470,-0.00456,0.91806] Acc:[0.04427,0.07656,1.21130] Gyro:[0.01001,0.01221,-0.00252]
10-11 16:04:10.253 I/SVRI ( 3043): [Arena] GetArenaRange Rectangle(2.00, 2.00)
10-11 16:04:10.266 I/SVRI ( 3043): [Arena] GetArenaRange Rectangle(2.00, 2.00)
10-11 16:04:10.278 I/POSE ( 3043): GetSyncPose pose_hmd_1 VALID(oemValid(1),isFocus(0)) Origin(0) 6DoF; Arena[1]_Trig(0)_Out(0)_OutLevel(0.0000); XYZ(-0.0079, 0.0213, -0.0107), EulerYPR(23.80, -12.33, 6.97), Wxyz(0.9724, -0.0924, 0.1982, 0.0812); LVel(0.0043, 0.0034, -0.0026), AngV(0.0087, -0.0040, -0.0094); PoseTime=160780375199, predict time=16.227ms(p0,r0), pose latency(I)=0.000
10-11 16:04:10.278 I/POSE ( 3043): GetSyncPose pose_clr_2 VALID(oemValid(1),isFocus(0)) Origin(0) 3DoF; Arena[1]_Trig(0)_Out(0)_OutLevel(0.0000); XYZ(0.0314, -0.6537, -0.2302), EulerYPR(-113.45, 177.82, 3.62), Wxyz(0.0368, 0.5478, 0.0014, 0.8358); LVel(0.0000, 0.0000, 0.0000), AngV(-0.0162, -0.2174, 0.0107); PoseTime=160784340442, predict time=0.000ms(p0,r0), pose latency(I)=0.000
10-11 16:04:10.280 I/SVRI ( 3043): [Arena] GetArenaRange Rectangle(2.00, 2.00)
10-11 16:04:10.291 I/SVRI ( 3043): checkSteady 2 stops
10-11 16:04:10.292 W/ArmModel( 3043): setHandSteady LOCKED
10-11 16:04:10.293 I/SVRI ( 3043): [Arena] GetArenaRange Rectangle(2.00, 2.00)
10-11 16:04:10.306 I/SVRI ( 3043): [Arena] GetArenaRange Rectangle(2.00, 2.00)
10-11 16:04:10.320 I/SVRI ( 3043): [Arena] GetArenaRange Rectangle(2.00, 2.00)
10-11 16:04:10.333 I/SVRI ( 3043): [Arena] GetArenaRange Rectangle(2.00, 2.00)
10-11 16:04:10.345 I/SVRI ( 3043): GetPoseState svr_hmd_1 tm3(3) Quality Pose/Camera/Sensor 1.00 1.00 1.00 ; lost 0 ; TS160847361293
10-11 16:04:10.347 I/SVRI ( 3043): [Arena] GetArenaRange Rectangle(2.00, 2.00)
10-11 16:04:10.358 I/SVRI ( 3043): checkSteady 2 moves at 35
10-11 16:04:10.358 I/SVRI ( 3043): GetPoseState svr_hmd_1 tm3(3) Quality Pose/Camera/Sensor 1.00 1.00 1.00 ; lost 0 ; TS160861307804
10-11 16:04:10.358 I/ArmModel( 3043): Dev(0)LHOVHMDPos : (-0.007475,0.021658,0.010654)
10-11 16:04:10.358 D/ArmModel( 3043): ArmModel getArmedPose(2) 1, 1
10-11 16:04:10.358 D/ArmModel( 3043): Dev(2)ctrllerXYRotationRadio : 0.245481 elbowCurveLerpValue = 0.499096
10-11 16:04:10.358 D/ArmModel( 3043): Dev(2)quatCtrllerXYRot : (-0.019638,-0.375603,0.000000,0.926573)
10-11 16:04:10.358 D/ArmModel( 3043): Dev(2)quatCtrllerXYLerpRot : (-0.009986,-0.191001,0.000000,0.981539)
10-11 16:04:10.358 D/ArmModel( 3043): Dev(2)elbowOffset : (0.171739,-0.659224,0.087020)
10-11 16:04:10.358 D/ArmModel( 3043): Dev(2)wristOffset : (0.066869,-0.656273,0.194228)
10-11 16:04:10.358 D/ArmModel( 3043): Dev(2)ctrllerOffset : (0.032066,-0.654453,0.230082)
10-11 16:04:10.359 D/ArmModel( 3043): Dev(2)finalCtrlPos : (0.032066,-0.654453,-0.230082)
10-11 16:04:10.360 I/SVRI ( 3043): [Arena] GetArenaRange Rectangle(2.00, 2.00)
10-11 16:04:10.373 I/SVRI ( 3043): [Arena] GetArenaRange Rectangle(2.00, 2.00)
10-11 16:04:10.387 I/SVRI ( 3043): [Arena] GetArenaRange Rectangle(2.00, 2.00)
10-11 16:04:10.400 I/SVRI ( 3043): [Arena] GetArenaRange Rectangle(2.00, 2.00)
10-11 16:04:10.413 I/SVRI ( 3043): [Arena] GetArenaRange Rectangle(2.00, 2.00)
10-11 16:04:10.414 I/svr ( 3043): FPS: 74.93
10-11 16:04:10.427 I/SVRI ( 3043): [Arena] GetArenaRange Rectangle(2.00, 2.00)
10-11 16:04:10.440 I/SVRI ( 3043): [Arena] GetArenaRange Rectangle(2.00, 2.00)
10-11 16:04:10.453 I/SVRI ( 3043): [Arena] GetArenaRange Rectangle(2.00, 2.00)
10-11 16:04:10.467 I/OverlayManager( 3043): isPassThroughShowing show = 0
10-11 16:04:10.467 I/SVRI ( 3043): [Arena] GetArenaRange Rectangle(2.00, 2.00)
10-11 16:04:10.480 I/SVRI ( 3043): [Arena] GetArenaRange Rectangle(2.00, 2.00)
10-11 16:04:10.494 I/SVRI ( 3043): [Arena] GetArenaRange Rectangle(2.00, 2.00)
10-11 16:04:10.507 I/SVRI ( 3043): [Arena] GetArenaRange Rectangle(2.00, 2.00)
10-11 16:04:10.521 I/SVRI ( 3043): [Arena] GetArenaRange Rectangle(2.00, 2.00)
10-11 16:04:10.534 I/SVRI ( 3043): [Arena] GetArenaRange Rectangle(2.00, 2.00)
10-11 16:04:10.548 I/SVRI ( 3043): [Arena] GetArenaRange Rectangle(2.00, 2.00)
10-11 16:04:10.561 I/SVRI ( 3043): [Arena] GetArenaRange Rectangle(2.00, 2.00)
