10-11 16:01:50.334 E/spcomlib( 764): skp dev-node doesn't exist.
10-11 16:01:50.344 E/spcomlib( 764): skp dev-node doesn't exist.
10-11 16:01:50.354 E/spcomlib( 764): skp dev-node doesn't exist.
10-11 16:01:50.364 E/spcomlib( 764): skp dev-node doesn't exist.
10-11 16:01:50.375 E/spcomlib( 764): skp dev-node doesn't exist.
10-11 16:01:50.385 E/spcomlib( 764): skp dev-node doesn't exist.
10-11 16:01:50.395 E/spcomlib( 764): skp dev-node doesn't exist.
10-11 16:01:50.405 E/spcomlib( 764): skp dev-node doesn't exist.
10-11 16:01:50.416 E/spcomlib( 764): skp dev-node doesn't exist.
10-11 16:01:50.426 E/spcomlib( 764): skp dev-node doesn't exist.
10-11 16:01:50.436 E/spcomlib( 764): skp dev-node doesn't exist.
10-11 16:01:50.446 E/spcomlib( 764): skp dev-node doesn't exist.
10-11 16:01:50.456 E/spcomlib( 764): skp dev-node doesn't exist.
10-11 16:01:50.467 E/spcomlib( 764): skp dev-node doesn't exist.
10-11 16:01:50.477 E/spcomlib( 764): skp dev-node doesn't exist.
10-11 16:01:50.487 E/spcomlib( 764): skp dev-node doesn't exist.
10-11 16:01:50.498 E/spcomlib( 764): skp dev-node doesn't exist.
10-11 16:01:50.508 E/spcomlib( 764): skp dev-node doesn't exist.
10-11 16:01:50.518 E/spcomlib( 764): skp dev-node doesn't exist.
10-11 16:01:50.529 E/spcomlib( 764): skp dev-node doesn't exist.
10-11 16:01:50.539 E/spcomlib( 764): skp dev-node doesn't exist.
10-11 16:01:50.549 E/spcomlib( 764): skp dev-node doesn't exist.
10-11 16:01:50.560 E/spcomlib( 764): skp dev-node doesn't exist.
10-11 16:01:50.570 E/spcomlib( 764): skp dev-node doesn't exist.
10-11 16:01:50.580 E/spcomlib( 764): skp dev-node doesn't exist.
10-11 16:01:50.590 E/spcomlib( 764): skp dev-node doesn't exist.
10-11 16:01:50.600 E/spcomlib( 764): skp dev-node doesn't exist.
10-11 16:01:50.610 E/spcomlib( 764): skp dev-node doesn't exist.
10-11 16:01:50.621 E/spcomlib( 764): skp dev-node doesn't exist.
10-11 16:01:50.631 E/spcomlib( 764): skp dev-node doesn't exist.
10-11 16:01:50.642 E/spcomlib( 764): skp dev-node doesn't exist.
10-11 16:01:50.652 E/spcomlib( 764): skp dev-node doesn't exist.
10-11 16:01:50.663 E/spcomlib( 764): skp dev-node doesn't exist.
10-11 16:01:50.674 E/spcomlib( 764): skp dev-node doesn't exist.
10-11 16:01:50.684 E/spcomlib( 764): skp dev-node doesn't exist.
10-11 16:01:50.694 E/spcomlib( 764): skp dev-node doesn't exist.
10-11 16:01:50.705 E/spcomlib( 764): skp dev-node doesn't exist.
10-11 16:01:50.715 E/spcomlib( 764): skp dev-node doesn't exist.
10-11 16:01:50.726 E/spcomlib( 764): skp dev-node doesn't exist.
10-11 16:01:50.736 E/spcomlib( 764): skp dev-node doesn't exist.
10-11 16:01:50.747 E/spcomlib( 764): skp dev-node doesn't exist.
10-11 16:01:50.757 E/spcomlib( 764): skp dev-node doesn't exist.
10-11 16:01:50.768 E/spcomlib( 764): skp dev-node doesn't exist.
10-11 16:01:50.778 E/spcomlib( 764): skp dev-node doesn't exist.
10-11 16:01:50.788 E/spcomlib( 764): skp dev-node doesn't exist.
10-11 16:01:50.800 E/spcomlib( 764): skp dev-node doesn't exist.
10-11 16:01:50.811 E/spcomlib( 764): skp dev-node doesn't exist.
10-11 16:01:50.821 E/spcomlib( 764): skp dev-node doesn't exist.
10-11 16:01:50.832 E/spcomlib( 764): skp dev-node doesn't exist.
10-11 16:01:50.842 E/spcomlib( 764): skp dev-node doesn't exist.
10-11 16:01:50.852 E/spcomlib( 764): skp dev-node doesn't exist.
10-11 16:01:50.862 E/spcomlib( 764): skp dev-node doesn't exist.
10-11 16:01:50.874 E/spcomlib( 764): skp dev-node doesn't exist.
10-11 16:01:50.884 E/spcomlib( 764): skp dev-node doesn't exist.
10-11 16:01:50.895 E/spcomlib( 764): skp dev-node doesn't exist.
10-11 16:01:50.905 E/spcomlib( 764): skp dev-node doesn't exist.
10-11 16:01:50.915 E/spcomlib( 764): skp dev-node doesn't exist.
10-11 16:01:50.925 E/spcomlib( 764): skp dev-node doesn't exist.
10-11 16:01:50.936 E/spcomlib( 764): skp dev-node doesn't exist.
10-11 16:01:50.946 E/spcomlib( 764): skp dev-node doesn't exist.
10-11 16:01:50.957 E/spcomlib( 764): skp dev-node doesn't exist.
10-11 16:01:50.967 E/spcomlib( 764): skp dev-node doesn't exist.
10-11 16:01:50.977 E/spcomlib( 764): skp dev-node doesn't exist.
10-11 16:01:50.987 E/spcomlib( 764): skp dev-node doesn't exist.
10-11 16:01:50.997 E/spcomlib( 764): skp dev-node doesn't exist.
10-11 16:01:51.008 E/spcomlib( 764): skp dev-node doesn't exist.
10-11 16:01:51.018 E/spcomlib( 764): skp dev-node doesn't exist.
10-11 16:01:51.028 E/spcomlib( 764): skp dev-node doesn't exist.
10-11 16:01:51.038 E/spcomlib( 764): skp dev-node doesn't exist.
10-11 16:01:51.048 E/spcomlib( 764): skp dev-node doesn't exist.
10-11 16:01:51.058 E/spcomlib( 764): skp dev-node doesn't exist.
10-11 16:01:51.068 E/spcomlib( 764): skp dev-node doesn't exist.
10-11 16:01:51.079 E/spcomlib( 764): skp dev-node doesn't exist.
10-11 16:01:51.089 E/spcomlib( 764): skp dev-node doesn't exist.
10-11 16:01:51.099 E/spcomlib( 764): skp dev-node doesn't exist.
10-11 16:01:51.109 E/spcomlib( 764): skp dev-node doesn't exist.
10-11 16:01:51.119 E/spcomlib( 764): skp dev-node doesn't exist.
10-11 16:01:51.130 E/spcomlib( 764): skp dev-node doesn't exist.
10-11 16:01:51.140 E/spcomlib( 764): skp dev-node doesn't exist.
10-11 16:01:51.150 E/spcomlib( 764): skp dev-node doesn't exist.
10-11 16:01:51.160 E/spcomlib( 764): skp dev-node doesn't exist.
10-11 16:01:51.170 E/spcomlib( 764): skp dev-node doesn't exist.
10-11 16:01:51.181 E/spcomlib( 764): skp dev-node doesn't exist.
10-11 16:01:51.191 E/spcomlib( 764): skp dev-node doesn't exist.
10-11 16:01:51.201 E/spcomlib( 764): skp dev-node doesn't exist.
10-11 16:01:51.211 E/spcomlib( 764): skp dev-node doesn't exist.
10-11 16:01:51.222 E/spcomlib( 764): skp dev-node doesn't exist.
10-11 16:01:51.232 E/spcomlib( 764): skp dev-node doesn't exist.
10-11 16:01:51.234 I/ActivityManager( 1447): Start proc 2881:com.htc.mobilevr.setup/u0a24 for broadcast com.htc.mobilevr.setup/.fakeoobeBroadcastReceiver
10-11 16:01:51.242 E/spcomlib( 764): skp dev-node doesn't exist.
10-11 16:01:51.253 E/spcomlib( 764): skp dev-node doesn't exist.
10-11 16:01:51.263 E/spcomlib( 764): skp dev-node doesn't exist.
10-11 16:01:51.273 E/spcomlib( 764): skp dev-node doesn't exist.
10-11 16:01:51.283 E/spcomlib( 764): skp dev-node doesn't exist.
10-11 16:01:51.294 E/spcomlib( 764): skp dev-node doesn't exist.
10-11 16:01:51.304 E/spcomlib( 764): skp dev-node doesn't exist.
10-11 16:01:51.314 E/spcomlib( 764): skp dev-node doesn't exist.
10-11 16:01:51.324 E/spcomlib( 764): skp dev-node doesn't exist.
10-11 16:01:51.334 E/spcomlib( 764): skp dev-node doesn't exist.
10-11 16:01:51.344 E/spcomlib( 764): skp dev-node doesn't exist.
10-11 16:01:51.355 E/spcomlib( 764): skp dev-node doesn't exist.
10-11 16:01:51.365 E/spcomlib( 764): skp dev-node doesn't exist.
10-11 16:01:51.375 E/spcomlib( 764): skp dev-node doesn't exist.
10-11 16:01:51.385 E/spcomlib( 764): skp dev-node doesn't exist.
10-11 16:01:51.395 E/spcomlib( 764): skp dev-node doesn't exist.
10-11 16:01:51.405 E/spcomlib( 764): skp dev-node doesn't exist.
10-11 16:01:51.417 E/spcomlib( 764): skp dev-node doesn't exist.
10-11 16:01:51.427 E/spcomlib( 764): skp dev-node doesn't exist.
10-11 16:01:51.437 E/spcomlib( 764): skp dev-node doesn't exist.
10-11 16:01:51.447 E/spcomlib( 764): skp dev-node doesn't exist.
10-11 16:01:51.458 E/spcomlib( 764): skp dev-node doesn't exist.
10-11 16:01:51.468 E/spcomlib( 764): skp dev-node doesn't exist.
10-11 16:01:51.478 E/spcomlib( 764): skp dev-node doesn't exist.
10-11 16:01:51.488 E/spcomlib( 764): skp dev-node doesn't exist.
10-11 16:01:51.498 E/spcomlib( 764): skp dev-node doesn't exist.
10-11 16:01:51.508 E/spcomlib( 764): skp dev-node doesn't exist.
10-11 16:01:51.518 E/spcomlib( 764): skp dev-node doesn't exist.
10-11 16:01:51.529 E/spcomlib( 764): skp dev-node doesn't exist.
10-11 16:01:51.539 E/spcomlib( 764): skp dev-node doesn't exist.
10-11 16:01:51.549 E/spcomlib( 764): skp dev-node doesn't exist.
10-11 16:01:51.559 E/spcomlib( 764): skp dev-node doesn't exist.
10-11 16:01:51.569 E/spcomlib( 764): skp dev-node doesn't exist.
10-11 16:01:51.580 E/spcomlib( 764): skp dev-node doesn't exist.
10-11 16:01:51.590 E/spcomlib( 764): skp dev-node doesn't exist.
10-11 16:01:51.600 E/spcomlib( 764): skp dev-node doesn't exist.
10-11 16:01:51.610 E/spcomlib( 764): skp dev-node doesn't exist.
10-11 16:01:51.621 E/spcomlib( 764): skp dev-node doesn't exist.
10-11 16:01:51.631 E/spcomlib( 764): skp dev-node doesn't exist.
10-11 16:01:51.641 E/spcomlib( 764): skp dev-node doesn't exist.
10-11 16:01:51.651 E/spcomlib( 764): skp dev-node doesn't exist.
10-11 16:01:51.661 E/spcomlib( 764): skp dev-node doesn't exist.
10-11 16:01:51.671 E/spcomlib( 764): skp dev-node doesn't exist.
10-11 16:01:51.682 E/spcomlib( 764): skp dev-node doesn't exist.
10-11 16:01:51.692 E/spcomlib( 764): skp dev-node doesn't exist.
10-11 16:01:51.702 E/spcomlib( 764): skp dev-node doesn't exist.
10-11 16:01:51.712 E/spcomlib( 764): skp dev-node doesn't exist.
10-11 16:01:51.722 E/spcomlib( 764): skp dev-node doesn't exist.
10-11 16:01:51.733 E/spcomlib( 764): skp dev-node doesn't exist.
10-11 16:01:51.743 E/spcomlib( 764): skp dev-node doesn't exist.
10-11 16:01:51.753 E/spcomlib( 764): skp dev-node doesn't exist.
10-11 16:01:51.763 E/spcomlib( 764): skp dev-node doesn't exist.
10-11 16:01:51.773 E/spcomlib( 764): skp dev-node doesn't exist.
10-11 16:01:51.783 E/spcomlib( 764): skp dev-node doesn't exist.
10-11 16:01:51.794 E/spcomlib( 764): skp dev-node doesn't exist.
10-11 16:01:51.804 E/spcomlib( 764): skp dev-node doesn't exist.
10-11 16:01:51.814 E/spcomlib( 764): skp dev-node doesn't exist.
10-11 16:01:51.824 E/spcomlib( 764): skp dev-node doesn't exist.
10-11 16:01:51.834 E/spcomlib( 764): skp dev-node doesn't exist.
10-11 16:01:51.845 E/spcomlib( 764): skp dev-node doesn't exist.
10-11 16:01:51.855 E/spcomlib( 764): skp dev-node doesn't exist.
10-11 16:01:51.865 E/spcomlib( 764): skp dev-node doesn't exist.
10-11 16:01:51.875 E/spcomlib( 764): skp dev-node doesn't exist.
10-11 16:01:51.885 E/spcomlib( 764): skp dev-node doesn't exist.
10-11 16:01:51.895 E/spcomlib( 764): skp dev-node doesn't exist.
10-11 16:01:51.906 E/spcomlib( 764): skp dev-node doesn't exist.
10-11 16:01:51.916 E/spcomlib( 764): skp dev-node doesn't exist.
10-11 16:01:51.926 E/spcomlib( 764): skp dev-node doesn't exist.
10-11 16:01:51.936 E/spcomlib( 764): skp dev-node doesn't exist.
10-11 16:01:51.946 E/spcomlib( 764): skp dev-node doesn't exist.
10-11 16:01:51.956 E/spcomlib( 764): skp dev-node doesn't exist.
10-11 16:01:51.967 E/spcomlib( 764): skp dev-node doesn't exist.
10-11 16:01:51.977 E/spcomlib( 764): skp dev-node doesn't exist.
10-11 16:01:51.987 E/spcomlib( 764): skp dev-node doesn't exist.
10-11 16:01:51.997 E/spcomlib( 764): skp dev-node doesn't exist.
10-11 16:01:52.007 E/spcomlib( 764): skp dev-node doesn't exist.
10-11 16:01:52.019 E/spcomlib( 764): skp dev-node doesn't exist.
10-11 16:01:52.029 E/spcomlib( 764): skp dev-node doesn't exist.
10-11 16:01:52.039 E/spcomlib( 764): skp dev-node doesn't exist.
10-11 16:01:52.049 E/spcomlib( 764): skp dev-node doesn't exist.
10-11 16:01:52.059 E/spcomlib( 764): skp dev-node doesn't exist.
10-11 16:01:52.069 E/spcomlib( 764): skp dev-node doesn't exist.
10-11 16:01:52.080 E/spcomlib( 764): skp dev-node doesn't exist.
10-11 16:01:52.090 E/spcomlib( 764): skp dev-node doesn't exist.
10-11 16:01:52.100 E/spcomlib( 764): skp dev-node doesn't exist.
10-11 16:01:52.110 E/spcomlib( 764): skp dev-node doesn't exist.
10-11 16:01:52.121 E/spcomlib( 764): skp dev-node doesn't exist.
10-11 16:01:52.132 E/spcomlib( 764): skp dev-node doesn't exist.
10-11 16:01:52.142 E/spcomlib( 764): skp dev-node doesn't exist.
10-11 16:01:52.152 E/spcomlib( 764): skp dev-node doesn't exist.
10-11 16:01:52.162 E/spcomlib( 764): skp dev-node doesn't exist.
10-11 16:01:52.172 E/spcomlib( 764): skp dev-node doesn't exist.
10-11 16:01:52.183 E/spcomlib( 764): skp dev-node doesn't exist.
10-11 16:01:52.193 E/spcomlib( 764): skp dev-node doesn't exist.
10-11 16:01:52.203 E/spcomlib( 764): skp dev-node doesn't exist.
10-11 16:01:52.213 E/spcomlib( 764): skp dev-node doesn't exist.
10-11 16:01:52.223 E/spcomlib( 764): skp dev-node doesn't exist.
10-11 16:01:52.234 E/spcomlib( 764): skp dev-node doesn't exist.
10-11 16:01:52.244 E/spcomlib( 764): skp dev-node doesn't exist.
10-11 16:01:52.254 E/spcomlib( 764): skp dev-node doesn't exist.
10-11 16:01:52.264 E/spcomlib( 764): skp dev-node doesn't exist.
10-11 16:01:52.274 E/spcomlib( 764): skp dev-node doesn't exist.
10-11 16:01:52.285 E/spcomlib( 764): skp dev-node doesn't exist.
10-11 16:01:52.295 E/spcomlib( 764): skp dev-node doesn't exist.
10-11 16:01:52.305 E/spcomlib( 764): skp dev-node doesn't exist.
10-11 16:01:52.315 E/spcomlib( 764): skp dev-node doesn't exist.
10-11 16:01:52.325 E/spcomlib( 764): skp dev-node doesn't exist.
10-11 16:01:52.336 E/spcomlib( 764): skp dev-node doesn't exist.
10-11 16:01:52.346 E/spcomlib( 764): skp dev-node doesn't exist.
10-11 16:01:52.356 E/spcomlib( 764): skp dev-node doesn't exist.
10-11 16:01:52.366 E/spcomlib( 764): skp dev-node doesn't exist.
10-11 16:01:52.377 E/spcomlib( 764): skp dev-node doesn't exist.
10-11 16:01:52.387 E/spcomlib( 764): skp dev-node doesn't exist.
10-11 16:01:52.397 E/spcomlib( 764): skp dev-node doesn't exist.
10-11 16:01:52.407 E/spcomlib( 764): skp dev-node doesn't exist.
10-11 16:01:52.418 E/spcomlib( 764): skp dev-node doesn't exist.
10-11 16:01:52.428 E/spcomlib( 764): skp dev-node doesn't exist.
10-11 16:01:52.438 E/spcomlib( 764): skp dev-node doesn't exist.
10-11 16:01:52.448 E/spcomlib( 764): skp dev-node doesn't exist.
10-11 16:01:52.458 E/spcomlib( 764): skp dev-node doesn't exist.
10-11 16:01:52.468 E/spcomlib( 764): skp dev-node doesn't exist.
10-11 16:01:52.479 E/spcomlib( 764): skp dev-node doesn't exist.
10-11 16:01:52.489 E/spcomlib( 764): skp dev-node doesn't exist.
10-11 16:01:52.499 E/spcomlib( 764): skp dev-node doesn't exist.
10-11 16:01:52.509 E/spcomlib( 764): skp dev-node doesn't exist.
10-11 16:01:52.520 E/spcomlib( 764): skp dev-node doesn't exist.
10-11 16:01:52.530 E/spcomlib( 764): skp dev-node doesn't exist.
10-11 16:01:52.540 E/spcomlib( 764): skp dev-node doesn't exist.
10-11 16:01:52.550 E/spcomlib( 764): skp dev-node doesn't exist.
10-11 16:01:52.560 E/spcomlib( 764): skp dev-node doesn't exist.
10-11 16:01:52.571 E/spcomlib( 764): skp dev-node doesn't exist.
10-11 16:01:52.581 E/spcomlib( 764): skp dev-node doesn't exist.
10-11 16:01:52.591 E/spcomlib( 764): skp dev-node doesn't exist.
10-11 16:01:52.601 E/spcomlib( 764): skp dev-node doesn't exist.
10-11 16:01:52.611 E/spcomlib( 764): skp dev-node doesn't exist.
10-11 16:01:52.622 E/spcomlib( 764): skp dev-node doesn't exist.
10-11 16:01:52.632 E/spcomlib( 764): skp dev-node doesn't exist.
10-11 16:01:52.642 E/spcomlib( 764): skp dev-node doesn't exist.
10-11 16:01:52.652 E/spcomlib( 764): skp dev-node doesn't exist.
10-11 16:01:52.662 E/spcomlib( 764): skp dev-node doesn't exist.
10-11 16:01:52.674 E/spcomlib( 764): skp dev-node doesn't exist.
10-11 16:01:52.684 E/spcomlib( 764): skp dev-node doesn't exist.
10-11 16:01:52.694 E/spcomlib( 764): skp dev-node doesn't exist.
10-11 16:01:52.704 E/spcomlib( 764): skp dev-node doesn't exist.
10-11 16:01:52.714 E/spcomlib( 764): skp dev-node doesn't exist.
10-11 16:01:52.725 E/spcomlib( 764): skp dev-node doesn't exist.
10-11 16:01:52.735 E/spcomlib( 764): skp dev-node doesn't exist.
10-11 16:01:52.745 E/spcomlib( 764): skp dev-node doesn't exist.
10-11 16:01:52.756 E/spcomlib( 764): skp dev-node doesn't exist.
10-11 16:01:52.766 E/spcomlib( 764): skp dev-node doesn't exist.
10-11 16:01:52.777 E/spcomlib( 764): skp dev-node doesn't exist.
10-11 16:01:52.787 E/spcomlib( 764): skp dev-node doesn't exist.
10-11 16:01:52.797 E/spcomlib( 764): skp dev-node doesn't exist.
10-11 16:01:52.807 E/spcomlib( 764): skp dev-node doesn't exist.
10-11 16:01:52.818 E/spcomlib( 764): skp dev-node doesn't exist.
10-11 16:01:52.828 E/spcomlib( 764): skp dev-node doesn't exist.
10-11 16:01:52.838 E/spcomlib( 764): skp dev-node doesn't exist.
10-11 16:01:52.848 E/spcomlib( 764): skp dev-node doesn't exist.
10-11 16:01:52.849 D/AlarmManager( 1447): Calling setTime(AlarmManagerService) from PID=1447, UID=1000
10-11 16:01:52.849 D/AlarmManager( 1447): Ignore time set to 1633939312437 in setTime(); too close to current time 1633939312849
10-11 16:01:52.850 D/AlarmManager( 1447): sending alarm to uid=1000, package=android, listener=android.app.AlarmManager$ListenerWrapper@b51da20, listenerTag=*job.delay*, t=2, cnt=1, w=21984, Int=0, ws=WorkSource{10023}
10-11 16:01:52.850 D/PMS ( 1447): acquireWL(70fcfd9): PARTIAL_WAKE_LOCK *alarm* 0x1 1447 1000 WorkSource{10023}
10-11 16:01:52.851 D/PMS ( 1447): releaseWL(f5e93ec): PARTIAL_WAKE_LOCK NetworkTimeUpdateService 0x1 null 0x0
10-11 16:01:52.851 D/PMS ( 1447): releaseWL(70fcfd9): PARTIAL_WAKE_LOCK *alarm* 0x1 WorkSource{10023} 0x0
10-11 16:01:52.855 D/DeviceIdleController( 1447): handleMessage(7)
10-11 16:01:52.860 E/spcomlib( 764): skp dev-node doesn't exist.
10-11 16:01:52.861 D/PMS ( 1447): acquireWL(95d25aa): PARTIAL_WAKE_LOCK *job*/com.htc.mobilevr.launcher/com.htc.vr.bilog.core.BiJobService 0x1 1447 1000 WorkSource{10023}
10-11 16:01:52.865 D/PMS ( 1447): releaseWL(95d25aa): PARTIAL_WAKE_LOCK *job*/com.htc.mobilevr.launcher/com.htc.vr.bilog.core.BiJobService 0x1 WorkSource{10023} 0x0
10-11 16:01:52.866 D/DeviceIdleController( 1447): handleMessage(7)
10-11 16:01:52.870 E/spcomlib( 764): skp dev-node doesn't exist.
10-11 16:01:52.880 E/spcomlib( 764): skp dev-node doesn't exist.
10-11 16:01:52.890 E/spcomlib( 764): skp dev-node doesn't exist.
10-11 16:01:52.901 E/spcomlib( 764): skp dev-node doesn't exist.
10-11 16:01:52.911 E/spcomlib( 764): skp dev-node doesn't exist.
10-11 16:01:52.921 E/spcomlib( 764): skp dev-node doesn't exist.
10-11 16:01:52.932 E/spcomlib( 764): skp dev-node doesn't exist.
10-11 16:01:52.942 E/spcomlib( 764): skp dev-node doesn't exist.
10-11 16:01:52.952 E/spcomlib( 764): skp dev-node doesn't exist.
10-11 16:01:52.962 E/spcomlib( 764): skp dev-node doesn't exist.
10-11 16:01:52.973 E/spcomlib( 764): skp dev-node doesn't exist.
10-11 16:01:52.983 E/spcomlib( 764): skp dev-node doesn't exist.
10-11 16:01:52.993 E/spcomlib( 764): skp dev-node doesn't exist.
10-11 16:01:53.003 E/spcomlib( 764): skp dev-node doesn't exist.
10-11 16:01:53.014 E/spcomlib( 764): skp dev-node doesn't exist.
10-11 16:01:53.024 E/spcomlib( 764): skp dev-node doesn't exist.
10-11 16:01:53.035 E/spcomlib( 764): skp dev-node doesn't exist.
10-11 16:01:53.045 E/spcomlib( 764): skp dev-node doesn't exist.
10-11 16:01:53.055 E/spcomlib( 764): skp dev-node doesn't exist.
10-11 16:01:53.065 E/spcomlib( 764): skp dev-node doesn't exist.
10-11 16:01:53.075 E/spcomlib( 764): skp dev-node doesn't exist.
10-11 16:01:53.086 E/spcomlib( 764): skp dev-node doesn't exist.
10-11 16:01:53.096 E/spcomlib( 764): skp dev-node doesn't exist.
10-11 16:01:53.106 E/spcomlib( 764): skp dev-node doesn't exist.
10-11 16:01:53.116 E/spcomlib( 764): skp dev-node doesn't exist.
10-11 16:01:53.127 E/spcomlib( 764): skp dev-node doesn't exist.
10-11 16:01:53.137 E/spcomlib( 764): skp dev-node doesn't exist.
10-11 16:01:53.147 E/spcomlib( 764): skp dev-node doesn't exist.
10-11 16:01:53.157 E/spcomlib( 764): skp dev-node doesn't exist.
10-11 16:01:53.167 E/spcomlib( 764): skp dev-node doesn't exist.
10-11 16:01:53.177 E/spcomlib( 764): skp dev-node doesn't exist.
10-11 16:01:53.188 E/spcomlib( 764): skp dev-node doesn't exist.
10-11 16:01:53.198 E/spcomlib( 764): skp dev-node doesn't exist.
10-11 16:01:53.208 E/spcomlib( 764): skp dev-node doesn't exist.
10-11 16:01:53.218 E/spcomlib( 764): skp dev-node doesn't exist.
10-11 16:01:53.229 E/spcomlib( 764): skp dev-node doesn't exist.
10-11 16:01:53.239 E/spcomlib( 764): skp dev-node doesn't exist.
10-11 16:01:53.249 E/spcomlib( 764): skp dev-node doesn't exist.
10-11 16:01:53.259 E/spcomlib( 764): skp dev-node doesn't exist.
10-11 16:01:53.269 E/spcomlib( 764): skp dev-node doesn't exist.
10-11 16:01:53.280 E/spcomlib( 764): skp dev-node doesn't exist.
10-11 16:01:53.290 E/spcomlib( 764): skp dev-node doesn't exist.
10-11 16:01:53.300 E/spcomlib( 764): skp dev-node doesn't exist.
10-11 16:01:53.310 E/spcomlib( 764): skp dev-node doesn't exist.
10-11 16:01:53.320 E/spcomlib( 764): skp dev-node doesn't exist.
10-11 16:01:53.331 E/spcomlib( 764): skp dev-node doesn't exist.
10-11 16:01:53.341 E/spcomlib( 764): skp dev-node doesn't exist.
10-11 16:01:53.351 E/spcomlib( 764): skp dev-node doesn't exist.
10-11 16:01:53.361 E/spcomlib( 764): skp dev-node doesn't exist.
10-11 16:01:53.371 E/spcomlib( 764): skp dev-node doesn't exist.
10-11 16:01:53.382 E/spcomlib( 764): skp dev-node doesn't exist.
10-11 16:01:53.392 E/spcomlib( 764): skp dev-node doesn't exist.
10-11 16:01:53.402 E/spcomlib( 764): skp dev-node doesn't exist.
10-11 16:01:53.412 E/spcomlib( 764): skp dev-node doesn't exist.
10-11 16:01:53.422 E/spcomlib( 764): skp dev-node doesn't exist.
10-11 16:01:53.433 E/spcomlib( 764): skp dev-node doesn't exist.
10-11 16:01:53.443 E/spcomlib( 764): skp dev-node doesn't exist.
10-11 16:01:53.453 E/spcomlib( 764): skp dev-node doesn't exist.
10-11 16:01:53.463 E/spcomlib( 764): skp dev-node doesn't exist.
10-11 16:01:53.467 D/StatusBarManagerService( 1447): setSystemUiVisibility(0x160e)
10-11 16:01:53.467 D/StatusBarManagerService( 1447): hiding MENU key
10-11 16:01:53.468 D/StatusBarManagerService( 1447): setSystemUiVisibility(0x160e)
10-11 16:01:53.468 D/StatusBarManagerService( 1447): hiding MENU key
10-11 16:01:53.473 E/spcomlib( 764): skp dev-node doesn't exist.
10-11 16:01:53.480 D/StatusBarManagerService( 1447): setSystemUiVisibility(0x160e)
10-11 16:01:53.480 D/StatusBarManagerService( 1447): hiding MENU key
10-11 16:01:53.483 E/spcomlib( 764): skp dev-node doesn't exist.
10-11 16:01:53.494 E/spcomlib( 764): skp dev-node doesn't exist.
10-11 16:01:53.504 E/spcomlib( 764): skp dev-node doesn't exist.
10-11 16:01:53.516 E/spcomlib( 764): skp dev-node doesn't exist.
10-11 16:01:53.526 E/spcomlib( 764): skp dev-node doesn't exist.
10-11 16:01:53.536 E/spcomlib( 764): skp dev-node doesn't exist.
10-11 16:01:53.538 D/StatusBarManagerService( 1447): setSystemUiVisibility(0x160e)
10-11 16:01:53.538 D/StatusBarManagerService( 1447): hiding MENU key
10-11 16:01:53.546 E/spcomlib( 764): skp dev-node doesn't exist.
10-11 16:01:53.557 E/spcomlib( 764): skp dev-node doesn't exist.
10-11 16:01:53.567 E/spcomlib( 764): skp dev-node doesn't exist.
10-11 16:01:53.577 E/spcomlib( 764): skp dev-node doesn't exist.
10-11 16:01:53.587 E/spcomlib( 764): skp dev-node doesn't exist.
10-11 16:01:53.598 E/spcomlib( 764): skp dev-node doesn't exist.
10-11 16:01:53.608 E/spcomlib( 764): skp dev-node doesn't exist.
10-11 16:01:53.618 E/spcomlib( 764): skp dev-node doesn't exist.
10-11 16:01:53.628 E/spcomlib( 764): skp dev-node doesn't exist.
10-11 16:01:53.639 E/spcomlib( 764): skp dev-node doesn't exist.
10-11 16:01:53.649 E/spcomlib( 764): skp dev-node doesn't exist.
10-11 16:01:53.651 D/StatusBarManagerService( 1447): setSystemUiVisibility(0x160e)
10-11 16:01:53.651 D/StatusBarManagerService( 1447): hiding MENU key
10-11 16:01:53.660 E/spcomlib( 764): skp dev-node doesn't exist.
10-11 16:01:53.664 D/StatusBarManagerService( 1447): setSystemUiVisibility(0x160e)
10-11 16:01:53.664 D/StatusBarManagerService( 1447): hiding MENU key
10-11 16:01:53.670 E/spcomlib( 764): skp dev-node doesn't exist.
10-11 16:01:53.680 E/spcomlib( 764): skp dev-node doesn't exist.
10-11 16:01:53.691 E/spcomlib( 764): skp dev-node doesn't exist.
10-11 16:01:53.701 E/spcomlib( 764): skp dev-node doesn't exist.
10-11 16:01:53.711 E/spcomlib( 764): skp dev-node doesn't exist.
10-11 16:01:53.723 E/spcomlib( 764): skp dev-node doesn't exist.
10-11 16:01:53.733 E/spcomlib( 764): skp dev-node doesn't exist.
10-11 16:01:53.744 E/spcomlib( 764): skp dev-node doesn't exist.
10-11 16:01:53.754 E/spcomlib( 764): skp dev-node doesn't exist.
10-11 16:01:53.764 E/spcomlib( 764): skp dev-node doesn't exist.
10-11 16:01:53.774 E/spcomlib( 764): skp dev-node doesn't exist.
10-11 16:01:53.785 E/spcomlib( 764): skp dev-node doesn't exist.
10-11 16:01:53.795 E/spcomlib( 764): skp dev-node doesn't exist.
10-11 16:01:53.805 E/spcomlib( 764): skp dev-node doesn't exist.
10-11 16:01:53.808 D/StatusBarManagerService( 1447): setSystemUiVisibility(0x160e)
10-11 16:01:53.808 D/StatusBarManagerService( 1447): hiding MENU key
10-11 16:01:53.816 E/spcomlib( 764): skp dev-node doesn't exist.
10-11 16:01:53.824 D/StatusBarManagerService( 1447): setSystemUiVisibility(0x160e)
10-11 16:01:53.824 D/StatusBarManagerService( 1447): hiding MENU key
10-11 16:01:53.826 E/spcomlib( 764): skp dev-node doesn't exist.
10-11 16:01:53.836 E/spcomlib( 764): skp dev-node doesn't exist.
10-11 16:01:53.846 E/spcomlib( 764): skp dev-node doesn't exist.
10-11 16:01:53.857 E/spcomlib( 764): skp dev-node doesn't exist.
10-11 16:01:53.867 E/spcomlib( 764): skp dev-node doesn't exist.
10-11 16:01:53.877 E/spcomlib( 764): skp dev-node doesn't exist.
10-11 16:01:53.887 E/spcomlib( 764): skp dev-node doesn't exist.
10-11 16:01:53.898 E/spcomlib( 764): skp dev-node doesn't exist.
10-11 16:01:53.908 E/spcomlib( 764): skp dev-node doesn't exist.
10-11 16:01:53.918 E/spcomlib( 764): skp dev-node doesn't exist.
10-11 16:01:53.928 E/spcomlib( 764): skp dev-node doesn't exist.
10-11 16:01:53.938 E/spcomlib( 764): skp dev-node doesn't exist.
10-11 16:01:53.948 E/spcomlib( 764): skp dev-node doesn't exist.
10-11 16:01:53.959 E/spcomlib( 764): skp dev-node doesn't exist.
10-11 16:01:53.969 E/spcomlib( 764): skp dev-node doesn't exist.
10-11 16:01:53.979 E/spcomlib( 764): skp dev-node doesn't exist.
10-11 16:01:53.990 E/spcomlib( 764): skp dev-node doesn't exist.
10-11 16:01:54.000 E/spcomlib( 764): skp dev-node doesn't exist.
10-11 16:01:54.010 E/spcomlib( 764): skp dev-node doesn't exist.
10-11 16:01:54.020 E/spcomlib( 764): skp dev-node doesn't exist.
10-11 16:01:54.031 E/spcomlib( 764): skp dev-node doesn't exist.
10-11 16:01:54.041 E/spcomlib( 764): skp dev-node doesn't exist.
10-11 16:01:54.051 E/spcomlib( 764): skp dev-node doesn't exist.
10-11 16:01:54.062 E/spcomlib( 764): skp dev-node doesn't exist.
10-11 16:01:54.072 E/spcomlib( 764): skp dev-node doesn't exist.
10-11 16:01:54.082 E/spcomlib( 764): skp dev-node doesn't exist.
10-11 16:01:54.092 E/spcomlib( 764): skp dev-node doesn't exist.
10-11 16:01:54.103 E/spcomlib( 764): skp dev-node doesn't exist.
10-11 16:01:54.115 E/spcomlib( 764): skp dev-node doesn't exist.
10-11 16:01:54.125 E/spcomlib( 764): skp dev-node doesn't exist.
10-11 16:01:54.135 E/spcomlib( 764): skp dev-node doesn't exist.
10-11 16:01:54.145 E/spcomlib( 764): skp dev-node doesn't exist.
10-11 16:01:54.156 E/spcomlib( 764): skp dev-node doesn't exist.
10-11 16:01:54.166 E/spcomlib( 764): skp dev-node doesn't exist.
10-11 16:01:54.176 E/spcomlib( 764): skp dev-node doesn't exist.
10-11 16:01:54.187 E/spcomlib( 764): skp dev-node doesn't exist.
10-11 16:01:54.197 E/spcomlib( 764): skp dev-node doesn't exist.
10-11 16:01:54.207 E/spcomlib( 764): skp dev-node doesn't exist.
10-11 16:01:54.217 E/spcomlib( 764): skp dev-node doesn't exist.
10-11 16:01:54.227 E/spcomlib( 764): skp dev-node doesn't exist.
10-11 16:01:54.238 E/spcomlib( 764): skp dev-node doesn't exist.
10-11 16:01:54.248 E/spcomlib( 764): skp dev-node doesn't exist.
10-11 16:01:54.258 E/spcomlib( 764): skp dev-node doesn't exist.
10-11 16:01:54.268 E/spcomlib( 764): skp dev-node doesn't exist.
10-11 16:01:54.279 E/spcomlib( 764): skp dev-node doesn't exist.
10-11 16:01:54.289 E/spcomlib( 764): skp dev-node doesn't exist.
10-11 16:01:54.299 E/spcomlib( 764): skp dev-node doesn't exist.
10-11 16:01:54.306 D/ConnectivityService( 1447): handlePromptUnvalidated 100
10-11 16:01:54.309 E/spcomlib( 764): skp dev-node doesn't exist.
10-11 16:01:54.320 E/spcomlib( 764): skp dev-node doesn't exist.
10-11 16:01:54.330 E/spcomlib( 764): skp dev-node doesn't exist.
10-11 16:01:54.340 E/spcomlib( 764): skp dev-node doesn't exist.
10-11 16:01:54.345 D/StatusBarManagerService( 1447): setSystemUiVisibility(0x160e)
10-11 16:01:54.345 D/StatusBarManagerService( 1447): hiding MENU key
10-11 16:01:54.350 E/spcomlib( 764): skp dev-node doesn't exist.
10-11 16:01:54.360 E/spcomlib( 764): skp dev-node doesn't exist.
10-11 16:01:54.371 E/spcomlib( 764): skp dev-node doesn't exist.
10-11 16:01:54.381 E/spcomlib( 764): skp dev-node doesn't exist.
10-11 16:01:54.391 E/spcomlib( 764): skp dev-node doesn't exist.
10-11 16:01:54.401 E/spcomlib( 764): skp dev-node doesn't exist.
10-11 16:01:54.412 E/spcomlib( 764): skp dev-node doesn't exist.
10-11 16:01:54.422 E/spcomlib( 764): skp dev-node doesn't exist.
10-11 16:01:54.432 E/spcomlib( 764): skp dev-node doesn't exist.
10-11 16:01:54.442 E/spcomlib( 764): skp dev-node doesn't exist.
10-11 16:01:54.453 E/spcomlib( 764): skp dev-node doesn't exist.
10-11 16:01:54.464 E/spcomlib( 764): skp dev-node doesn't exist.
10-11 16:01:54.474 E/spcomlib( 764): skp dev-node doesn't exist.
10-11 16:01:54.484 E/spcomlib( 764): skp dev-node doesn't exist.
10-11 16:01:54.494 E/spcomlib( 764): skp dev-node doesn't exist.
10-11 16:01:54.505 E/spcomlib( 764): skp dev-node doesn't exist.
10-11 16:01:54.515 E/spcomlib( 764): skp dev-node doesn't exist.
10-11 16:01:54.525 E/spcomlib( 764): skp dev-node doesn't exist.
10-11 16:01:54.535 E/spcomlib( 764): skp dev-node doesn't exist.
10-11 16:01:54.546 E/spcomlib( 764): skp dev-node doesn't exist.
10-11 16:01:54.556 E/spcomlib( 764): skp dev-node doesn't exist.
10-11 16:01:54.566 E/spcomlib( 764): skp dev-node doesn't exist.
10-11 16:01:54.576 E/spcomlib( 764): skp dev-node doesn't exist.
10-11 16:01:54.588 E/spcomlib( 764): skp dev-node doesn't exist.
10-11 16:01:54.598 E/spcomlib( 764): skp dev-node doesn't exist.
10-11 16:01:54.609 E/spcomlib( 764): skp dev-node doesn't exist.
10-11 16:01:54.619 E/spcomlib( 764): skp dev-node doesn't exist.
10-11 16:01:54.629 E/spcomlib( 764): skp dev-node doesn't exist.
10-11 16:01:54.640 E/spcomlib( 764): skp dev-node doesn't exist.
10-11 16:01:54.650 E/spcomlib( 764): skp dev-node doesn't exist.
10-11 16:01:54.660 E/spcomlib( 764): skp dev-node doesn't exist.
10-11 16:01:54.670 E/spcomlib( 764): skp dev-node doesn't exist.
10-11 16:01:54.680 E/spcomlib( 764): skp dev-node doesn't exist.
10-11 16:01:54.691 E/spcomlib( 764): skp dev-node doesn't exist.
10-11 16:01:54.701 E/spcomlib( 764): skp dev-node doesn't exist.
10-11 16:01:54.711 E/spcomlib( 764): skp dev-node doesn't exist.
10-11 16:01:54.721 E/spcomlib( 764): skp dev-node doesn't exist.
10-11 16:01:54.732 E/spcomlib( 764): skp dev-node doesn't exist.
10-11 16:01:54.743 E/spcomlib( 764): skp dev-node doesn't exist.
10-11 16:01:54.753 E/spcomlib( 764): skp dev-node doesn't exist.
10-11 16:01:54.763 E/spcomlib( 764): skp dev-node doesn't exist.
10-11 16:01:54.773 E/spcomlib( 764): skp dev-node doesn't exist.
10-11 16:01:54.783 E/spcomlib( 764): skp dev-node doesn't exist.
10-11 16:01:54.794 E/spcomlib( 764): skp dev-node doesn't exist.
10-11 16:01:54.804 E/spcomlib( 764): skp dev-node doesn't exist.
10-11 16:01:54.814 E/spcomlib( 764): skp dev-node doesn't exist.
10-11 16:01:54.824 E/spcomlib( 764): skp dev-node doesn't exist.
10-11 16:01:54.835 E/spcomlib( 764): skp dev-node doesn't exist.
10-11 16:01:54.845 E/spcomlib( 764): skp dev-node doesn't exist.
10-11 16:01:54.855 E/spcomlib( 764): skp dev-node doesn't exist.
10-11 16:01:54.865 E/spcomlib( 764): skp dev-node doesn't exist.
10-11 16:01:54.875 E/spcomlib( 764): skp dev-node doesn't exist.
10-11 16:01:54.886 E/spcomlib( 764): skp dev-node doesn't exist.
10-11 16:01:54.896 E/spcomlib( 764): skp dev-node doesn't exist.
10-11 16:01:54.906 E/spcomlib( 764): skp dev-node doesn't exist.
10-11 16:01:54.916 E/spcomlib( 764): skp dev-node doesn't exist.
10-11 16:01:54.926 E/spcomlib( 764): skp dev-node doesn't exist.
10-11 16:01:54.937 E/spcomlib( 764): skp dev-node doesn't exist.
10-11 16:01:54.947 E/spcomlib( 764): skp dev-node doesn't exist.
10-11 16:01:54.957 E/spcomlib( 764): skp dev-node doesn't exist.
10-11 16:01:54.967 E/spcomlib( 764): skp dev-node doesn't exist.
10-11 16:01:54.977 E/spcomlib( 764): skp dev-node doesn't exist.
10-11 16:01:54.990 E/spcomlib( 764): skp dev-node doesn't exist.
10-11 16:01:55.000 E/spcomlib( 764): skp dev-node doesn't exist.
10-11 16:01:55.010 E/spcomlib( 764): skp dev-node doesn't exist.
10-11 16:01:55.020 E/spcomlib( 764): skp dev-node doesn't exist.
10-11 16:01:55.030 E/spcomlib( 764): skp dev-node doesn't exist.
10-11 16:01:55.041 E/spcomlib( 764): skp dev-node doesn't exist.
10-11 16:01:55.051 E/spcomlib( 764): skp dev-node doesn't exist.
10-11 16:01:55.061 E/spcomlib( 764): skp dev-node doesn't exist.
10-11 16:01:55.071 E/spcomlib( 764): skp dev-node doesn't exist.
10-11 16:01:55.081 E/spcomlib( 764): skp dev-node doesn't exist.
10-11 16:01:55.092 E/spcomlib( 764): skp dev-node doesn't exist.
10-11 16:01:55.102 E/spcomlib( 764): skp dev-node doesn't exist.
10-11 16:01:55.112 E/spcomlib( 764): skp dev-node doesn't exist.
10-11 16:01:55.123 E/spcomlib( 764): skp dev-node doesn't exist.
10-11 16:01:55.133 E/spcomlib( 764): skp dev-node doesn't exist.
10-11 16:01:55.143 E/spcomlib( 764): skp dev-node doesn't exist.
10-11 16:01:55.153 E/spcomlib( 764): skp dev-node doesn't exist.
10-11 16:01:55.164 E/spcomlib( 764): skp dev-node doesn't exist.
10-11 16:01:55.174 E/spcomlib( 764): skp dev-node doesn't exist.
10-11 16:01:55.184 E/spcomlib( 764): skp dev-node doesn't exist.
10-11 16:01:55.194 E/spcomlib( 764): skp dev-node doesn't exist.
10-11 16:01:55.204 E/spcomlib( 764): skp dev-node doesn't exist.
10-11 16:01:55.214 E/spcomlib( 764): skp dev-node doesn't exist.
10-11 16:01:55.225 E/spcomlib( 764): skp dev-node doesn't exist.
10-11 16:01:55.235 E/spcomlib( 764): skp dev-node doesn't exist.
10-11 16:01:55.245 E/spcomlib( 764): skp dev-node doesn't exist.
10-11 16:01:55.256 E/spcomlib( 764): skp dev-node doesn't exist.
10-11 16:01:55.266 E/spcomlib( 764): skp dev-node doesn't exist.
10-11 16:01:55.276 E/spcomlib( 764): skp dev-node doesn't exist.
10-11 16:01:55.287 E/spcomlib( 764): skp dev-node doesn't exist.
10-11 16:01:55.297 E/spcomlib( 764): skp dev-node doesn't exist.
10-11 16:01:55.307 E/spcomlib( 764): skp dev-node doesn't exist.
10-11 16:01:55.317 E/spcomlib( 764): skp dev-node doesn't exist.
10-11 16:01:55.328 E/spcomlib( 764): skp dev-node doesn't exist.
10-11 16:01:55.338 E/spcomlib( 764): skp dev-node doesn't exist.
10-11 16:01:55.348 E/spcomlib( 764): skp dev-node doesn't exist.
10-11 16:01:55.358 E/spcomlib( 764): skp dev-node doesn't exist.
10-11 16:01:55.368 E/spcomlib( 764): skp dev-node doesn't exist.
10-11 16:01:55.379 E/spcomlib( 764): skp dev-node doesn't exist.
10-11 16:01:55.389 E/spcomlib( 764): skp dev-node doesn't exist.
10-11 16:01:55.399 E/spcomlib( 764): skp dev-node doesn't exist.
10-11 16:01:55.409 E/spcomlib( 764): skp dev-node doesn't exist.
10-11 16:01:55.421 E/spcomlib( 764): skp dev-node doesn't exist.
10-11 16:01:55.431 E/spcomlib( 764): skp dev-node doesn't exist.
10-11 16:01:55.441 E/spcomlib( 764): skp dev-node doesn't exist.
10-11 16:01:55.452 E/spcomlib( 764): skp dev-node doesn't exist.
10-11 16:01:55.462 E/spcomlib( 764): skp dev-node doesn't exist.
10-11 16:01:55.472 E/spcomlib( 764): skp dev-node doesn't exist.
10-11 16:01:55.483 E/spcomlib( 764): skp dev-node doesn't exist.
10-11 16:01:55.493 E/spcomlib( 764): skp dev-node doesn't exist.
10-11 16:01:55.503 E/spcomlib( 764): skp dev-node doesn't exist.
10-11 16:01:55.513 E/spcomlib( 764): skp dev-node doesn't exist.
10-11 16:01:55.524 E/spcomlib( 764): skp dev-node doesn't exist.
10-11 16:01:55.534 E/spcomlib( 764): skp dev-node doesn't exist.
10-11 16:01:55.544 E/spcomlib( 764): skp dev-node doesn't exist.
10-11 16:01:55.554 E/spcomlib( 764): skp dev-node doesn't exist.
10-11 16:01:55.564 E/spcomlib( 764): skp dev-node doesn't exist.
10-11 16:01:55.575 E/spcomlib( 764): skp dev-node doesn't exist.
10-11 16:01:55.585 E/spcomlib( 764): skp dev-node doesn't exist.
10-11 16:01:55.595 E/spcomlib( 764): skp dev-node doesn't exist.
10-11 16:01:55.606 E/spcomlib( 764): skp dev-node doesn't exist.
10-11 16:01:55.616 E/spcomlib( 764): skp dev-node doesn't exist.
10-11 16:01:55.626 E/spcomlib( 764): skp dev-node doesn't exist.
10-11 16:01:55.636 E/spcomlib( 764): skp dev-node doesn't exist.
10-11 16:01:55.646 E/spcomlib( 764): skp dev-node doesn't exist.
10-11 16:01:55.657 E/spcomlib( 764): skp dev-node doesn't exist.
10-11 16:01:55.667 E/spcomlib( 764): skp dev-node doesn't exist.
10-11 16:01:55.677 E/spcomlib( 764): skp dev-node doesn't exist.
10-11 16:01:55.688 E/spcomlib( 764): skp dev-node doesn't exist.
10-11 16:01:55.698 E/spcomlib( 764): skp dev-node doesn't exist.
10-11 16:01:55.708 E/spcomlib( 764): skp dev-node doesn't exist.
10-11 16:01:55.718 E/spcomlib( 764): skp dev-node doesn't exist.
10-11 16:01:55.729 E/spcomlib( 764): skp dev-node doesn't exist.
10-11 16:01:55.739 E/spcomlib( 764): skp dev-node doesn't exist.
10-11 16:01:55.749 E/spcomlib( 764): skp dev-node doesn't exist.
10-11 16:01:55.759 E/spcomlib( 764): skp dev-node doesn't exist.
10-11 16:01:55.769 E/spcomlib( 764): skp dev-node doesn't exist.
10-11 16:01:55.780 E/spcomlib( 764): skp dev-node doesn't exist.
10-11 16:01:55.790 E/spcomlib( 764): skp dev-node doesn't exist.
10-11 16:01:55.802 E/spcomlib( 764): skp dev-node doesn't exist.
10-11 16:01:55.812 E/spcomlib( 764): skp dev-node doesn't exist.
10-11 16:01:55.822 E/spcomlib( 764): skp dev-node doesn't exist.
10-11 16:01:55.833 E/spcomlib( 764): skp dev-node doesn't exist.
10-11 16:01:55.843 E/spcomlib( 764): skp dev-node doesn't exist.
10-11 16:01:55.853 E/spcomlib( 764): skp dev-node doesn't exist.
10-11 16:01:55.863 E/spcomlib( 764): skp dev-node doesn't exist.
10-11 16:01:55.873 E/spcomlib( 764): skp dev-node doesn't exist.
10-11 16:01:55.884 E/spcomlib( 764): skp dev-node doesn't exist.
10-11 16:01:55.894 E/spcomlib( 764): skp dev-node doesn't exist.
10-11 16:01:55.904 E/spcomlib( 764): skp dev-node doesn't exist.
10-11 16:01:55.914 E/spcomlib( 764): skp dev-node doesn't exist.
10-11 16:01:55.925 E/spcomlib( 764): skp dev-node doesn't exist.
10-11 16:01:55.935 E/spcomlib( 764): skp dev-node doesn't exist.
10-11 16:01:55.945 E/spcomlib( 764): skp dev-node doesn't exist.
10-11 16:01:55.955 E/spcomlib( 764): skp dev-node doesn't exist.
10-11 16:01:55.965 E/spcomlib( 764): skp dev-node doesn't exist.
10-11 16:01:55.976 E/spcomlib( 764): skp dev-node doesn't exist.
10-11 16:01:55.986 E/spcomlib( 764): skp dev-node doesn't exist.
10-11 16:01:55.996 E/spcomlib( 764): skp dev-node doesn't exist.
10-11 16:01:56.007 E/spcomlib( 764): skp dev-node doesn't exist.
10-11 16:01:56.017 E/spcomlib( 764): skp dev-node doesn't exist.
10-11 16:01:56.027 E/spcomlib( 764): skp dev-node doesn't exist.
10-11 16:01:56.037 E/spcomlib( 764): skp dev-node doesn't exist.
10-11 16:01:56.047 E/spcomlib( 764): skp dev-node doesn't exist.
10-11 16:01:56.057 E/spcomlib( 764): skp dev-node doesn't exist.
10-11 16:01:56.068 E/spcomlib( 764): skp dev-node doesn't exist.
10-11 16:01:56.078 E/spcomlib( 764): skp dev-node doesn't exist.
10-11 16:01:56.088 E/spcomlib( 764): skp dev-node doesn't exist.
10-11 16:01:56.099 E/spcomlib( 764): skp dev-node doesn't exist.
10-11 16:01:56.109 E/spcomlib( 764): skp dev-node doesn't exist.
10-11 16:01:56.119 E/spcomlib( 764): skp dev-node doesn't exist.
10-11 16:01:56.129 E/spcomlib( 764): skp dev-node doesn't exist.
10-11 16:01:56.140 E/spcomlib( 764): skp dev-node doesn't exist.
10-11 16:01:56.150 E/spcomlib( 764): skp dev-node doesn't exist.
10-11 16:01:56.160 E/spcomlib( 764): skp dev-node doesn't exist.
10-11 16:01:56.170 E/spcomlib( 764): skp dev-node doesn't exist.
10-11 16:01:56.180 E/spcomlib( 764): skp dev-node doesn't exist.
10-11 16:01:56.191 E/spcomlib( 764): skp dev-node doesn't exist.
10-11 16:01:56.201 E/spcomlib( 764): skp dev-node doesn't exist.
10-11 16:01:56.211 E/spcomlib( 764): skp dev-node doesn't exist.
10-11 16:01:56.220 D/StatusBarManagerService( 1447): setSystemUiVisibility(0x160e)
10-11 16:01:56.221 D/StatusBarManagerService( 1447): hiding MENU key
10-11 16:01:56.222 E/spcomlib( 764): skp dev-node doesn't exist.
10-11 16:01:56.232 E/spcomlib( 764): skp dev-node doesn't exist.
10-11 16:01:56.243 E/spcomlib( 764): skp dev-node doesn't exist.
10-11 16:01:56.253 E/spcomlib( 764): skp dev-node doesn't exist.
10-11 16:01:56.263 E/spcomlib( 764): skp dev-node doesn't exist.
10-11 16:01:56.273 E/spcomlib( 764): skp dev-node doesn't exist.
10-11 16:01:56.284 E/spcomlib( 764): skp dev-node doesn't exist.
10-11 16:01:56.294 E/spcomlib( 764): skp dev-node doesn't exist.
10-11 16:01:56.304 E/spcomlib( 764): skp dev-node doesn't exist.
10-11 16:01:56.314 E/spcomlib( 764): skp dev-node doesn't exist.
10-11 16:01:56.319 D/PMS ( 1447): releaseWL(24577b9): SCREEN_BRIGHT_WAKE_LOCK ON_AFTER_RELEASE MiaCProximityEventHandlerTAG 0x2000000a null 0x0
10-11 16:01:56.325 E/spcomlib( 764): skp dev-node doesn't exist.
10-11 16:01:56.334 D/StatusBarManagerService( 1447): setSystemUiVisibility(0x160e)
10-11 16:01:56.334 D/StatusBarManagerService( 1447): hiding MENU key
10-11 16:01:56.335 E/spcomlib( 764): skp dev-node doesn't exist.
10-11 16:01:56.345 E/spcomlib( 764): skp dev-node doesn't exist.
10-11 16:01:56.350 D/StatusBarManagerService( 1447): setSystemUiVisibility(0x160e)
10-11 16:01:56.351 D/StatusBarManagerService( 1447): hiding MENU key
10-11 16:01:56.357 E/spcomlib( 764): skp dev-node doesn't exist.
10-11 16:01:56.367 E/spcomlib( 764): skp dev-node doesn't exist.
10-11 16:01:56.377 E/spcomlib( 764): skp dev-node doesn't exist.
10-11 16:01:56.387 E/spcomlib( 764): skp dev-node doesn't exist.
10-11 16:01:56.398 E/spcomlib( 764): skp dev-node doesn't exist.
10-11 16:01:56.408 E/spcomlib( 764): skp dev-node doesn't exist.
10-11 16:01:56.418 E/spcomlib( 764): skp dev-node doesn't exist.
10-11 16:01:56.428 E/spcomlib( 764): skp dev-node doesn't exist.
10-11 16:01:56.439 E/spcomlib( 764): skp dev-node doesn't exist.
10-11 16:01:56.449 E/spcomlib( 764): skp dev-node doesn't exist.
10-11 16:01:56.460 E/spcomlib( 764): skp dev-node doesn't exist.
10-11 16:01:56.470 E/spcomlib( 764): skp dev-node doesn't exist.
10-11 16:01:56.480 E/spcomlib( 764): skp dev-node doesn't exist.
10-11 16:01:56.488 D/StatusBarManagerService( 1447): setSystemUiVisibility(0x160e)
10-11 16:01:56.488 D/StatusBarManagerService( 1447): hiding MENU key
10-11 16:01:56.491 E/spcomlib( 764): skp dev-node doesn't exist.
10-11 16:01:56.497 D/StatusBarManagerService( 1447): setSystemUiVisibility(0x160e)
10-11 16:01:56.497 D/StatusBarManagerService( 1447): hiding MENU key
10-11 16:01:56.501 E/spcomlib( 764): skp dev-node doesn't exist.
10-11 16:01:56.511 E/spcomlib( 764): skp dev-node doesn't exist.
10-11 16:01:56.521 E/spcomlib( 764): skp dev-node doesn't exist.
10-11 16:01:56.532 E/spcomlib( 764): skp dev-node doesn't exist.
10-11 16:01:56.542 E/spcomlib( 764): skp dev-node doesn't exist.
10-11 16:01:56.552 E/spcomlib( 764): skp dev-node doesn't exist.
10-11 16:01:56.562 E/spcomlib( 764): skp dev-node doesn't exist.
10-11 16:01:56.573 E/spcomlib( 764): skp dev-node doesn't exist.
10-11 16:01:56.583 E/spcomlib( 764): skp dev-node doesn't exist.
10-11 16:01:56.593 E/spcomlib( 764): skp dev-node doesn't exist.
10-11 16:01:56.603 E/spcomlib( 764): skp dev-node doesn't exist.
10-11 16:01:56.614 E/spcomlib( 764): skp dev-node doesn't exist.
10-11 16:01:56.624 E/spcomlib( 764): skp dev-node doesn't exist.
10-11 16:01:56.634 E/spcomlib( 764): skp dev-node doesn't exist.
10-11 16:01:56.644 E/spcomlib( 764): skp dev-node doesn't exist.
10-11 16:01:56.655 E/spcomlib( 764): skp dev-node doesn't exist.
10-11 16:01:56.665 E/spcomlib( 764): skp dev-node doesn't exist.
10-11 16:01:56.675 E/spcomlib( 764): skp dev-node doesn't exist.
10-11 16:01:56.685 E/spcomlib( 764): skp dev-node doesn't exist.
10-11 16:01:56.695 E/spcomlib( 764): skp dev-node doesn't exist.
10-11 16:01:56.706 E/spcomlib( 764): skp dev-node doesn't exist.
10-11 16:01:56.716 E/spcomlib( 764): skp dev-node doesn't exist.
10-11 16:01:56.726 E/spcomlib( 764): skp dev-node doesn't exist.
10-11 16:01:56.736 E/spcomlib( 764): skp dev-node doesn't exist.
10-11 16:01:56.747 E/spcomlib( 764): skp dev-node doesn't exist.
10-11 16:01:56.757 E/spcomlib( 764): skp dev-node doesn't exist.
10-11 16:01:56.767 E/spcomlib( 764): skp dev-node doesn't exist.
10-11 16:01:56.777 E/spcomlib( 764): skp dev-node doesn't exist.
10-11 16:01:56.788 E/spcomlib( 764): skp dev-node doesn't exist.
10-11 16:01:56.798 E/spcomlib( 764): skp dev-node doesn't exist.
10-11 16:01:56.808 E/spcomlib( 764): skp dev-node doesn't exist.
10-11 16:01:56.818 E/spcomlib( 764): skp dev-node doesn't exist.
10-11 16:01:56.828 E/spcomlib( 764): skp dev-node doesn't exist.
10-11 16:01:56.839 E/spcomlib( 764): skp dev-node doesn't exist.
10-11 16:01:56.849 E/spcomlib( 764): skp dev-node doesn't exist.
10-11 16:01:56.859 E/spcomlib( 764): skp dev-node doesn't exist.
10-11 16:01:56.869 E/spcomlib( 764): skp dev-node doesn't exist.
10-11 16:01:56.879 E/spcomlib( 764): skp dev-node doesn't exist.
10-11 16:01:56.890 E/spcomlib( 764): skp dev-node doesn't exist.
10-11 16:01:56.900 E/spcomlib( 764): skp dev-node doesn't exist.
10-11 16:01:56.910 E/spcomlib( 764): skp dev-node doesn't exist.
10-11 16:01:56.921 E/spcomlib( 764): skp dev-node doesn't exist.
10-11 16:01:56.931 E/spcomlib( 764): skp dev-node doesn't exist.
10-11 16:01:56.941 E/spcomlib( 764): skp dev-node doesn't exist.
10-11 16:01:56.952 E/spcomlib( 764): skp dev-node doesn't exist.
10-11 16:01:56.960 D/StatusBarManagerService( 1447): setSystemUiVisibility(0x160e)
10-11 16:01:56.960 D/StatusBarManagerService( 1447): hiding MENU key
10-11 16:01:56.962 E/spcomlib( 764): skp dev-node doesn't exist.
10-11 16:01:56.964 D/StatusBarManagerService( 1447): setSystemUiVisibility(0x160e)
10-11 16:01:56.964 D/StatusBarManagerService( 1447): hiding MENU key
10-11 16:01:56.966 D/StatusBarManagerService( 1447): setSystemUiVisibility(0x160e)
10-11 16:01:56.966 D/StatusBarManagerService( 1447): hiding MENU key
10-11 16:01:56.972 E/spcomlib( 764): skp dev-node doesn't exist.
10-11 16:01:56.982 E/spcomlib( 764): skp dev-node doesn't exist.
10-11 16:01:56.993 E/spcomlib( 764): skp dev-node doesn't exist.
10-11 16:01:57.003 E/spcomlib( 764): skp dev-node doesn't exist.
10-11 16:01:57.013 E/spcomlib( 764): skp dev-node doesn't exist.
10-11 16:01:57.024 E/spcomlib( 764): skp dev-node doesn't exist.
10-11 16:01:57.034 E/spcomlib( 764): skp dev-node doesn't exist.
10-11 16:01:57.044 E/spcomlib( 764): skp dev-node doesn't exist.
10-11 16:01:57.054 E/spcomlib( 764): skp dev-node doesn't exist.
10-11 16:01:57.065 E/spcomlib( 764): skp dev-node doesn't exist.
10-11 16:01:57.075 E/spcomlib( 764): skp dev-node doesn't exist.
10-11 16:01:57.085 E/spcomlib( 764): skp dev-node doesn't exist.
10-11 16:01:57.095 E/spcomlib( 764): skp dev-node doesn't exist.
10-11 16:01:57.105 E/spcomlib( 764): skp dev-node doesn't exist.
10-11 16:01:57.116 E/spcomlib( 764): skp dev-node doesn't exist.
10-11 16:01:57.126 E/spcomlib( 764): skp dev-node doesn't exist.
10-11 16:01:57.136 E/spcomlib( 764): skp dev-node doesn't exist.
10-11 16:01:57.146 E/spcomlib( 764): skp dev-node doesn't exist.
10-11 16:01:57.156 E/spcomlib( 764): skp dev-node doesn't exist.
10-11 16:01:57.166 E/spcomlib( 764): skp dev-node doesn't exist.
10-11 16:01:57.177 E/spcomlib( 764): skp dev-node doesn't exist.
10-11 16:01:57.187 E/spcomlib( 764): skp dev-node doesn't exist.
10-11 16:01:57.197 E/spcomlib( 764): skp dev-node doesn't exist.
10-11 16:01:57.207 E/spcomlib( 764): skp dev-node doesn't exist.
10-11 16:01:57.217 E/spcomlib( 764): skp dev-node doesn't exist.
10-11 16:01:57.228 E/spcomlib( 764): skp dev-node doesn't exist.
10-11 16:01:57.238 E/spcomlib( 764): skp dev-node doesn't exist.
10-11 16:01:57.248 E/spcomlib( 764): skp dev-node doesn't exist.
10-11 16:01:57.259 E/spcomlib( 764): skp dev-node doesn't exist.
10-11 16:01:57.269 E/spcomlib( 764): skp dev-node doesn't exist.
10-11 16:01:57.279 E/spcomlib( 764): skp dev-node doesn't exist.
10-11 16:01:57.289 E/spcomlib( 764): skp dev-node doesn't exist.
10-11 16:01:57.299 E/spcomlib( 764): skp dev-node doesn't exist.
10-11 16:01:57.310 E/spcomlib( 764): skp dev-node doesn't exist.
10-11 16:01:57.320 E/spcomlib( 764): skp dev-node doesn't exist.
10-11 16:01:57.330 E/spcomlib( 764): skp dev-node doesn't exist.
10-11 16:01:57.340 E/spcomlib( 764): skp dev-node doesn't exist.
10-11 16:01:57.350 E/spcomlib( 764): skp dev-node doesn't exist.
10-11 16:01:57.360 E/spcomlib( 764): skp dev-node doesn't exist.
10-11 16:01:57.371 E/spcomlib( 764): skp dev-node doesn't exist.
10-11 16:01:57.381 E/spcomlib( 764): skp dev-node doesn't exist.
10-11 16:01:57.391 E/spcomlib( 764): skp dev-node doesn't exist.
10-11 16:01:57.401 E/spcomlib( 764): skp dev-node doesn't exist.
10-11 16:01:57.411 E/spcomlib( 764): skp dev-node doesn't exist.
10-11 16:01:57.422 E/spcomlib( 764): skp dev-node doesn't exist.
10-11 16:01:57.432 E/spcomlib( 764): skp dev-node doesn't exist.
10-11 16:01:57.442 E/spcomlib( 764): skp dev-node doesn't exist.
10-11 16:01:57.453 E/spcomlib( 764): skp dev-node doesn't exist.
10-11 16:01:57.463 E/spcomlib( 764): skp dev-node doesn't exist.
10-11 16:01:57.473 E/spcomlib( 764): skp dev-node doesn't exist.
10-11 16:01:57.483 E/spcomlib( 764): skp dev-node doesn't exist.
10-11 16:01:57.486 D/StatusBarManagerService( 1447): setSystemUiVisibility(0x160e)
10-11 16:01:57.486 D/StatusBarManagerService( 1447): hiding MENU key
10-11 16:01:57.494 E/spcomlib( 764): skp dev-node doesn't exist.
10-11 16:01:57.499 D/StatusBarManagerService( 1447): setSystemUiVisibility(0x160e)
10-11 16:01:57.500 D/StatusBarManagerService( 1447): hiding MENU key
10-11 16:01:57.504 E/spcomlib( 764): skp dev-node doesn't exist.
