10-11 16:04:10.574 I/SVRI ( 3043): [Arena] GetArenaRange Rectangle(2.00, 2.00)
10-11 16:04:10.588 I/SVRI ( 3043): [Arena] GetArenaRange Rectangle(2.00, 2.00)
10-11 16:04:10.600 I/SVRI ( 3043): [Arena] GetArenaRange Rectangle(2.00, 2.00)
10-11 16:04:10.615 D/SVR_HMD ( 2388): SvrHmdDevice.java:onSensorChanged(281) SvrHmdDevice, onSensorChanged, sensor.getType() = 1, ACCELER: X = 1.254425, Y = 9.502975, Z = 1.870285
10-11 16:04:10.615 D/SVR_HMD ( 2388): SvrHmdDevice.java:onSensorChanged(273) SvrHmdDevice, onSensorChanged, sensor.getType() = 4, GYRO: AxisX = 0.0049743652, AxisY = -0.009506226, AxisZ = -0.02619934
10-11 16:04:10.747 I/ipdmonitor( 2388): ipd = 659
10-11 16:04:10.965 D/WifiStateMachine( 1447): handleMessage: E msg.what=131155
10-11 16:04:10.965 D/WifiStateMachine( 1447): processMsg: ConnectedState
10-11 16:04:10.965 D/WifiStateMachine( 1447): processMsg: L2ConnectedState
10-11 16:04:10.978 D/WifiStateMachine( 1447): CMD_RSSI_POLL: TxBytes = 652, RxBytes = 931
10-11 16:04:10.979 D/WifiStateMachine( 1447): handleMessage: X
10-11 16:04:11.114 D/SVR_HMD ( 2388): SvrHmdDevice.java:onSensorChanged(281) SvrHmdDevice, onSensorChanged, sensor.getType() = 1, ACCELER: X = 1.2746277, Y = 9.531189, Z = 1.8575745
10-11 16:04:11.115 D/SVR_HMD ( 2388): SvrHmdDevice.java:onSensorChanged(273) SvrHmdDevice, onSensorChanged, sensor.getType() = 4, GYRO: AxisX = 0.011886597, AxisY = -0.005783081, AxisZ = -6.2561035E-4
10-11 16:04:11.129 W/AudFlgTr( 813): track uid 10065 buf is zero
10-11 16:04:11.183 W/SensorService( 1447): D/mConnectionLock_st = 16662
10-11 16:04:11.183 W/SensorService( 1447): D/disable: connection.get() = 0x7f7c1674a0
10-11 16:04:11.183 W/SensorService( 1447): D/disable: get sensor name = BMG160 Gyroscope Uncalibrated, mLock_st = 4
10-11 16:04:11.183 W/SensorService( 1447): D/disable: got mLock_st = 19, pkg_name =
10-11 16:04:11.183 W/SensorService( 1447): D/pid=3043, uid=10065
10-11 16:04:11.183 W/SensorService( 1447): D/Active sensors: size = 4
10-11 16:04:11.183 W/SensorService( 1447): BMA255 Accelerometer/Temperature/Double-tap (handle=0x00000000, connections=2)
10-11 16:04:11.183 W/SensorService( 1447): BMG160 Gyroscope (handle=0x00000002, connections=1)
10-11 16:04:11.183 W/SensorService( 1447): EPL8805x Proximity (handle=0x00000035, connections=2)
10-11 16:04:11.183 W/SensorService( 1447): Game Rotation Vector (handle=0x00000037, connections=1)
10-11 16:04:11.183 W/SensorService( 1447): D/disable--: mLock_st = 20
10-11 16:04:11.186 W/SensorService( 1447): D/mConnectionLock_st = 16662
10-11 16:04:11.186 W/SensorService( 1447): D/disable: connection.get() = 0x7f7c1674a0
10-11 16:04:11.186 W/SensorService( 1447): D/disable: get sensor name = BMM150 Magnetometer Uncalibrated, mLock_st = 4
10-11 16:04:11.186 W/SensorService( 1447): D/disable: got mLock_st = 19, pkg_name =
10-11 16:04:11.186 W/SensorService( 1447): D/pid=3043, uid=10065
10-11 16:04:11.186 W/SensorService( 1447): D/Active sensors: size = 4
10-11 16:04:11.186 W/SensorService( 1447): BMA255 Accelerometer/Temperature/Double-tap (handle=0x00000000, connections=2)
10-11 16:04:11.186 W/SensorService( 1447): BMG160 Gyroscope (handle=0x00000002, connections=1)
10-11 16:04:11.186 W/SensorService( 1447): EPL8805x Proximity (handle=0x00000035, connections=2)
10-11 16:04:11.186 W/SensorService( 1447): Game Rotation Vector (handle=0x00000037, connections=1)
10-11 16:04:11.186 W/SensorService( 1447): D/disable--: mLock_st = 20
10-11 16:04:11.192 W/SensorService( 1447): D/mConnectionLock_st = 16662
10-11 16:04:11.192 W/SensorService( 1447): D/disable: connection.get() = 0x7f7c1674a0
10-11 16:04:11.192 W/SensorService( 1447): D/disable: get sensor name = AMD, mLock_st = 4
10-11 16:04:11.192 W/SensorService( 1447): D/disable: got mLock_st = 19, pkg_name =
10-11 16:04:11.192 W/SensorService( 1447): D/pid=3043, uid=10065
10-11 16:04:11.192 W/SensorService( 1447): D/Active sensors: size = 4
10-11 16:04:11.192 W/SensorService( 1447): BMA255 Accelerometer/Temperature/Double-tap (handle=0x00000000, connections=2)
10-11 16:04:11.192 W/SensorService( 1447): BMG160 Gyroscope (handle=0x00000002, connections=1)
10-11 16:04:11.192 W/SensorService( 1447): EPL8805x Proximity (handle=0x00000035, connections=2)
10-11 16:04:11.192 W/SensorService( 1447): Game Rotation Vector (handle=0x00000037, connections=1)
10-11 16:04:11.192 W/SensorService( 1447): D/disable--: mLock_st = 20
10-11 16:04:11.193 W/SensorService( 1447): D/mConnectionLock_st = 16662
10-11 16:04:11.193 W/SensorService( 1447): D/disable: connection.get() = 0x7f7c1674a0
10-11 16:04:11.193 W/SensorService( 1447): D/disable: get sensor name = RMD, mLock_st = 4
10-11 16:04:11.193 W/SensorService( 1447): D/disable: got mLock_st = 19, pkg_name =
10-11 16:04:11.193 W/SensorService( 1447): D/pid=3043, uid=10065
10-11 16:04:11.193 W/SensorService( 1447): D/Active sensors: size = 4
10-11 16:04:11.193 W/SensorService( 1447): BMA255 Accelerometer/Temperature/Double-tap (handle=0x00000000, connections=2)
10-11 16:04:11.193 W/SensorService( 1447): BMG160 Gyroscope (handle=0x00000002, connections=1)
10-11 16:04:11.193 W/SensorService( 1447): EPL8805x Proximity (handle=0x00000035, connections=2)
10-11 16:04:11.193 W/SensorService( 1447): Game Rotation Vector (handle=0x00000037, connections=1)
10-11 16:04:11.193 W/SensorService( 1447): D/disable--: mLock_st = 20
10-11 16:04:11.200 W/SensorService( 1447): D/mConnectionLock_st = 23
10-11 16:04:11.200 W/SensorService( 1447): D/disable: connection.get() = 0x7f7c1674a0
10-11 16:04:11.200 W/SensorService( 1447): D/disable: get sensor name = Basic Gestures, mLock_st = 4
10-11 16:04:11.200 W/SensorService( 1447): D/disable: got mLock_st = 19, pkg_name =
10-11 16:04:11.200 W/SensorService( 1447): D/pid=3043, uid=10065
10-11 16:04:11.200 W/SensorService( 1447): D/Active sensors: size = 4
10-11 16:04:11.200 W/SensorService( 1447): BMA255 Accelerometer/Temperature/Double-tap (handle=0x00000000, connections=2)
10-11 16:04:11.200 W/SensorService( 1447): BMG160 Gyroscope (handle=0x00000002, connections=1)
10-11 16:04:11.200 W/SensorService( 1447): EPL8805x Proximity (handle=0x00000035, connections=2)
10-11 16:04:11.200 W/SensorService( 1447): Game Rotation Vector (handle=0x00000037, connections=1)
10-11 16:04:11.200 W/SensorService( 1447): D/disable--: mLock_st = 20
10-11 16:04:11.201 W/SensorService( 1447): D/mConnectionLock_st = 16662
10-11 16:04:11.201 W/SensorService( 1447): D/disable: connection.get() = 0x7f7c1674a0
10-11 16:04:11.201 W/SensorService( 1447): D/disable: get sensor name = Facing, mLock_st = 4
10-11 16:04:11.201 W/SensorService( 1447): D/disable: got mLock_st = 19, pkg_name =
10-11 16:04:11.201 W/SensorService( 1447): D/pid=3043, uid=10065
10-11 16:04:11.201 W/SensorService( 1447): D/Active sensors: size = 4
10-11 16:04:11.201 W/SensorService( 1447): BMA255 Accelerometer/Temperature/Double-tap (handle=0x00000000, connections=2)
10-11 16:04:11.201 W/SensorService( 1447): BMG160 Gyroscope (handle=0x00000002, connections=1)
10-11 16:04:11.201 W/SensorService( 1447): EPL8805x Proximity (handle=0x00000035, connections=2)
10-11 16:04:11.201 W/SensorService( 1447): Game Rotation Vector (handle=0x00000037, connections=1)
10-11 16:04:11.201 W/SensorService( 1447): D/disable--: mLock_st = 20
10-11 16:04:11.201 W/SensorService( 1447): D/mConnectionLock_st = 16662
10-11 16:04:11.201 W/SensorService( 1447): D/disable: connection.get() = 0x7f7c1674a0
10-11 16:04:11.201 W/SensorService( 1447): D/disable: get sensor name = Pedometer, mLock_st = 20
10-11 16:04:11.201 W/SensorService( 1447): D/disable: got mLock_st = 19, pkg_name =
10-11 16:04:11.201 W/SensorService( 1447): D/pid=3043, uid=10065
10-11 16:04:11.201 W/SensorService( 1447): D/Active sensors: size = 4
10-11 16:04:11.201 W/SensorService( 1447): BMA255 Accelerometer/Temperature/Double-tap (handle=0x00000000, connections=2)
10-11 16:04:11.201 W/SensorService( 1447): BMG160 Gyroscope (handle=0x00000002, connections=1)
10-11 16:04:11.201 W/SensorService( 1447): EPL8805x Proximity (handle=0x00000035, connections=2)
10-11 16:04:11.201 W/SensorService( 1447): Game Rotation Vector (handle=0x00000037, connections=1)
10-11 16:04:11.201 W/SensorService( 1447): D/disable--: mLock_st = 20
10-11 16:04:11.202 W/SensorService( 1447): D/mConnectionLock_st = 16662
10-11 16:04:11.202 W/SensorService( 1447): D/disable: connection.get() = 0x7f7c1674a0
10-11 16:04:11.202 W/SensorService( 1447): D/disable: get sensor name = Step Detector, mLock_st = 20
10-11 16:04:11.202 W/SensorService( 1447): D/disable: got mLock_st = 19, pkg_name =
10-11 16:04:11.202 W/SensorService( 1447): D/pid=3043, uid=10065
10-11 16:04:11.202 W/SensorService( 1447): D/Active sensors: size = 4
10-11 16:04:11.202 W/SensorService( 1447): BMA255 Accelerometer/Temperature/Double-tap (handle=0x00000000, connections=2)
10-11 16:04:11.202 W/SensorService( 1447): BMG160 Gyroscope (handle=0x00000002, connections=1)
10-11 16:04:11.202 W/SensorService( 1447): EPL8805x Proximity (handle=0x00000035, connections=2)
10-11 16:04:11.202 W/SensorService( 1447): Game Rotation Vector (handle=0x00000037, connections=1)
10-11 16:04:11.202 W/SensorService( 1447): D/disable--: mLock_st = 20
10-11 16:04:11.204 W/SensorService( 1447): D/mConnectionLock_st = 16662
10-11 16:04:11.204 W/SensorService( 1447): D/disable: connection.get() = 0x7f7c1674a0
10-11 16:04:11.204 W/SensorService( 1447): D/disable: get sensor name = Motion Accel, mLock_st = 4
10-11 16:04:11.204 W/SensorService( 1447): D/disable: got mLock_st = 19, pkg_name =
10-11 16:04:11.204 W/SensorService( 1447): D/pid=3043, uid=10065
10-11 16:04:11.204 W/SensorService( 1447): D/Active sensors: size = 4
10-11 16:04:11.204 W/SensorService( 1447): BMA255 Accelerometer/Temperature/Double-tap (handle=0x00000000, connections=2)
10-11 16:04:11.204 W/SensorService( 1447): BMG160 Gyroscope (handle=0x00000002, connections=1)
10-11 16:04:11.204 W/SensorService( 1447): EPL8805x Proximity (handle=0x00000035, connections=2)
10-11 16:04:11.204 W/SensorService( 1447): Game Rotation Vector (handle=0x00000037, connections=1)
10-11 16:04:11.204 W/SensorService( 1447): D/disable--: mLock_st = 20
10-11 16:04:11.204 W/SensorService( 1447): D/mConnectionLock_st = 16662
10-11 16:04:11.204 W/SensorService( 1447): D/disable: connection.get() = 0x7f7c1674a0
10-11 16:04:11.204 W/SensorService( 1447): D/disable: get sensor name = Significant Motion Detector, mLock_st = 20
10-11 16:04:11.204 W/SensorService( 1447): D/disable: got mLock_st = 19, pkg_name =
10-11 16:04:11.204 W/SensorService( 1447): D/pid=3043, uid=10065
10-11 16:04:11.204 W/SensorService( 1447): D/Active sensors: size = 4
10-11 16:04:11.204 W/SensorService( 1447): BMA255 Accelerometer/Temperature/Double-tap (handle=0x00000000, connections=2)
10-11 16:04:11.204 W/SensorService( 1447): BMG160 Gyroscope (handle=0x00000002, connections=1)
10-11 16:04:11.204 W/SensorService( 1447): EPL8805x Proximity (handle=0x00000035, connections=2)
10-11 16:04:11.204 W/SensorService( 1447): Game Rotation Vector (handle=0x00000037, connections=1)
10-11 16:04:11.204 W/SensorService( 1447): D/disable--: mLock_st = 20
10-11 16:04:11.206 W/SensorService( 1447): D/mConnectionLock_st = 16662
10-11 16:04:11.206 W/SensorService( 1447): D/disable: connection.get() = 0x7f7c1674a0
10-11 16:04:11.206 W/SensorService( 1447): D/disable: get sensor name = Orientation, mLock_st = 4
10-11 16:04:11.206 W/SensorService( 1447): D/disable: got mLock_st = 19, pkg_name =
10-11 16:04:11.206 W/SensorService( 1447): D/pid=3043, uid=10065
10-11 16:04:11.206 W/SensorService( 1447): D/Active sensors: size = 4
10-11 16:04:11.206 W/SensorService( 1447): BMA255 Accelerometer/Temperature/Double-tap (handle=0x00000000, connections=2)
10-11 16:04:11.206 W/SensorService( 1447): BMG160 Gyroscope (handle=0x00000002, connections=1)
10-11 16:04:11.206 W/SensorService( 1447): EPL8805x Proximity (handle=0x00000035, connections=2)
10-11 16:04:11.206 W/SensorService( 1447): Game Rotation Vector (handle=0x00000037, connections=1)
10-11 16:04:11.206 W/SensorService( 1447): D/disable--: mLock_st = 20
10-11 16:04:11.206 W/SensorService( 1447): D/mConnectionLock_st = 16662
10-11 16:04:11.206 W/SensorService( 1447): D/disable: connection.get() = 0x7f7c1674a0
10-11 16:04:11.206 W/SensorService( 1447): D/disable: get sensor name = Game Rotation Vector, mLock_st = 20
10-11 16:04:11.206 W/SensorService( 1447): D/disable: got mLock_st = 19, pkg_name =
10-11 16:04:11.206 W/SensorService( 1447): D/pid=3043, uid=10065
10-11 16:04:11.206 W/SensorService( 1447): D/Active sensors: size = 4
10-11 16:04:11.206 W/SensorService( 1447): BMA255 Accelerometer/Temperature/Double-tap (handle=0x00000000, connections=2)
10-11 16:04:11.206 W/SensorService( 1447): BMG160 Gyroscope (handle=0x00000002, connections=1)
10-11 16:04:11.206 W/SensorService( 1447): EPL8805x Proximity (handle=0x00000035, connections=2)
10-11 16:04:11.206 W/SensorService( 1447): Game Rotation Vector (handle=0x00000037, connections=1)
10-11 16:04:11.206 W/SensorService( 1447): D/disable--: mLock_st = 20
10-11 16:04:11.206 W/SensorService( 1447): D/mConnectionLock_st = 16662
10-11 16:04:11.206 W/SensorService( 1447): D/disable: connection.get() = 0x7f7c1674a0
10-11 16:04:11.206 W/SensorService( 1447): D/disable: get sensor name = GeoMagnetic Rotation Vector, mLock_st = 4
10-11 16:04:11.206 W/SensorService( 1447): D/disable: got mLock_st = 19, pkg_name =
10-11 16:04:11.206 W/SensorService( 1447): D/pid=3043, uid=10065
10-11 16:04:11.206 W/SensorService( 1447): D/Active sensors: size = 4
10-11 16:04:11.206 W/SensorService( 1447): BMA255 Accelerometer/Temperature/Double-tap (handle=0x00000000, connections=2)
10-11 16:04:11.206 W/SensorService( 1447): BMG160 Gyroscope (handle=0x00000002, connections=1)
10-11 16:04:11.206 W/SensorService( 1447): EPL8805x Proximity (handle=0x00000035, connections=2)
10-11 16:04:11.206 W/SensorService( 1447): Game Rotation Vector (handle=0x00000037, connections=1)
10-11 16:04:11.206 W/SensorService( 1447): D/disable--: mLock_st = 20
10-11 16:04:11.207 W/SensorService( 1447): D/mConnectionLock_st = 16662
10-11 16:04:11.207 W/SensorService( 1447): D/disable: connection.get() = 0x7f7c1674a0
10-11 16:04:11.207 W/SensorService( 1447): D/disable: get sensor name = Coarse Motion Classifier, mLock_st = 4
10-11 16:04:11.207 W/SensorService( 1447): D/disable: got mLock_st = 19, pkg_name =
10-11 16:04:11.207 W/SensorService( 1447): D/pid=3043, uid=10065
10-11 16:04:11.207 W/SensorService( 1447): D/Active sensors: size = 4
10-11 16:04:11.207 W/SensorService( 1447): BMA255 Accelerometer/Temperature/Double-tap (handle=0x00000000, connections=2)
10-11 16:04:11.207 W/SensorService( 1447): BMG160 Gyroscope (handle=0x00000002, connections=1)
10-11 16:04:11.207 W/SensorService( 1447): EPL8805x Proximity (handle=0x00000035, connections=2)
10-11 16:04:11.207 W/SensorService( 1447): Game Rotation Vector (handle=0x00000037, connections=1)
10-11 16:04:11.207 W/SensorService( 1447): D/disable--: mLock_st = 20
10-11 16:04:11.207 W/SensorService( 1447): D/mConnectionLock_st = 16662
10-11 16:04:11.207 W/SensorService( 1447): D/disable: connection.get() = 0x7f7c1674a0
10-11 16:04:11.207 W/SensorService( 1447): D/disable: get sensor name = Tilt Detector, mLock_st = 20
10-11 16:04:11.207 W/SensorService( 1447): D/disable: got mLock_st = 19, pkg_name =
10-11 16:04:11.207 W/SensorService( 1447): D/pid=3043, uid=10065
10-11 16:04:11.207 W/SensorService( 1447): D/Active sensors: size = 4
10-11 16:04:11.207 W/SensorService( 1447): BMA255 Accelerometer/Temperature/Double-tap (handle=0x00000000, connections=2)
10-11 16:04:11.207 W/SensorService( 1447): BMG160 Gyroscope (handle=0x00000002, connections=1)
10-11 16:04:11.207 W/SensorService( 1447): EPL8805x Proximity (handle=0x00000035, connections=2)
10-11 16:04:11.207 W/SensorService( 1447): Game Rotation Vector (handle=0x00000037, connections=1)
10-11 16:04:11.207 W/SensorService( 1447): D/disable--: mLock_st = 20
10-11 16:04:11.207 W/SensorService( 1447): D/mConnectionLock_st = 16662
10-11 16:04:11.207 W/SensorService( 1447): D/disable: connection.get() = 0x7f7c1674a0
10-11 16:04:11.207 W/SensorService( 1447): D/disable: get sensor name = DPC, mLock_st = 20
10-11 16:04:11.207 W/SensorService( 1447): D/disable: got mLock_st = 19, pkg_name =
10-11 16:04:11.207 W/SensorService( 1447): D/pid=3043, uid=10065
10-11 16:04:11.207 W/SensorService( 1447): D/Active sensors: size = 4
10-11 16:04:11.207 W/SensorService( 1447): BMA255 Accelerometer/Temperature/Double-tap (handle=0x00000000, connections=2)
10-11 16:04:11.207 W/SensorService( 1447): BMG160 Gyroscope (handle=0x00000002, connections=1)
10-11 16:04:11.207 W/SensorService( 1447): EPL8805x Proximity (handle=0x00000035, connections=2)
10-11 16:04:11.207 W/SensorService( 1447): Game Rotation Vector (handle=0x00000037, connections=1)
10-11 16:04:11.207 W/SensorService( 1447): D/disable--: mLock_st = 20
10-11 16:04:11.207 W/SensorService( 1447): D/mConnectionLock_st = 16662
10-11 16:04:11.207 W/SensorService( 1447): D/disable: connection.get() = 0x7f7c1674a0
10-11 16:04:11.207 W/SensorService( 1447): D/disable: get sensor name = MultiShake, mLock_st = 20
10-11 16:04:11.207 W/SensorService( 1447): D/disable: got mLock_st = 19, pkg_name =
10-11 16:04:11.207 W/SensorService( 1447): D/pid=3043, uid=10065
10-11 16:04:11.207 W/SensorService( 1447): D/Active sensors: size = 4
10-11 16:04:11.207 W/SensorService( 1447): BMA255 Accelerometer/Temperature/Double-tap (handle=0x00000000, connections=2)
10-11 16:04:11.207 W/SensorService( 1447): BMG160 Gyroscope (handle=0x00000002, connections=1)
10-11 16:04:11.207 W/SensorService( 1447): EPL8805x Proximity (handle=0x00000035, connections=2)
10-11 16:04:11.207 W/SensorService( 1447): Game Rotation Vector (handle=0x00000037, connections=1)
10-11 16:04:11.207 W/SensorService( 1447): D/disable--: mLock_st = 20
10-11 16:04:11.208 W/SensorService( 1447): D/mConnectionLock_st = 16662
10-11 16:04:11.208 W/SensorService( 1447): D/disable: connection.get() = 0x7f7c1674a0
10-11 16:04:11.208 W/SensorService( 1447): D/disable: get sensor name = DeviceOrientation, mLock_st = 20
10-11 16:04:11.208 W/SensorService( 1447): D/disable: got mLock_st = 19, pkg_name =
10-11 16:04:11.208 W/SensorService( 1447): D/pid=3043, uid=10065
10-11 16:04:11.208 W/SensorService( 1447): D/Active sensors: size = 4
10-11 16:04:11.208 W/SensorService( 1447): BMA255 Accelerometer/Temperature/Double-tap (handle=0x00000000, connections=2)
10-11 16:04:11.208 W/SensorService( 1447): BMG160 Gyroscope (handle=0x00000002, connections=1)
10-11 16:04:11.208 W/SensorService( 1447): EPL8805x Proximity (handle=0x00000035, connections=2)
10-11 16:04:11.208 W/SensorService( 1447): Game Rotation Vector (handle=0x00000037, connections=1)
10-11 16:04:11.208 W/SensorService( 1447): D/disable--: mLock_st = 20
10-11 16:04:11.208 W/SensorService( 1447): D/mConnectionLock_st = 16662
10-11 16:04:11.208 W/SensorService( 1447): D/disable: connection.get() = 0x7f7c1674a0
10-11 16:04:11.208 W/SensorService( 1447): D/disable: get sensor name = Persistent Motion Detector, mLock_st = 20
10-11 16:04:11.208 W/SensorService( 1447): D/disable: got mLock_st = 19, pkg_name =
10-11 16:04:11.208 W/SensorService( 1447): D/pid=3043, uid=10065
10-11 16:04:11.208 W/SensorService( 1447): D/Active sensors: size = 4
10-11 16:04:11.208 W/SensorService( 1447): BMA255 Accelerometer/Temperature/Double-tap (handle=0x00000000, connections=2)
10-11 16:04:11.208 W/SensorService( 1447): BMG160 Gyroscope (handle=0x00000002, connections=1)
10-11 16:04:11.208 W/SensorService( 1447): EPL8805x Proximity (handle=0x00000035, connections=2)
10-11 16:04:11.208 W/SensorService( 1447): Game Rotation Vector (handle=0x00000037, connections=1)
10-11 16:04:11.208 W/SensorService( 1447): D/disable--: mLock_st = 20
10-11 16:04:11.208 W/SensorService( 1447): D/mConnectionLock_st = 16662
10-11 16:04:11.208 W/SensorService( 1447): D/disable: connection.get() = 0x7f7c1674a0
10-11 16:04:11.208 W/SensorService( 1447): D/disable: get sensor name = Android Stationary Detector, mLock_st = 4
10-11 16:04:11.208 W/SensorService( 1447): D/disable: got mLock_st = 19, pkg_name =
10-11 16:04:11.208 W/SensorService( 1447): D/pid=3043, uid=10065
10-11 16:04:11.208 W/SensorService( 1447): D/Active sensors: size = 4
10-11 16:04:11.208 W/SensorService( 1447): BMA255 Accelerometer/Temperature/Double-tap (handle=0x00000000, connections=2)
10-11 16:04:11.208 W/SensorService( 1447): BMG160 Gyroscope (handle=0x00000002, connections=1)
10-11 16:04:11.208 W/SensorService( 1447): EPL8805x Proximity (handle=0x00000035, connections=2)
10-11 16:04:11.208 W/SensorService( 1447): Game Rotation Vector (handle=0x00000037, connections=1)
10-11 16:04:11.208 W/SensorService( 1447): D/disable--: mLock_st = 20
10-11 16:04:11.209 W/SensorService( 1447): D/mConnectionLock_st = 16662
10-11 16:04:11.209 W/SensorService( 1447): D/disable: connection.get() = 0x7f7c1674a0
10-11 16:04:11.209 W/SensorService( 1447): D/disable: get sensor name = Android Motion Detector, mLock_st = 20
10-11 16:04:11.209 W/SensorService( 1447): D/disable: got mLock_st = 19, pkg_name =
10-11 16:04:11.209 W/SensorService( 1447): D/pid=3043, uid=10065
10-11 16:04:11.209 W/SensorService( 1447): D/Active sensors: size = 4
10-11 16:04:11.209 W/SensorService( 1447): BMA255 Accelerometer/Temperature/Double-tap (handle=0x00000000, connections=2)
10-11 16:04:11.209 W/SensorService( 1447): BMG160 Gyroscope (handle=0x00000002, connections=1)
10-11 16:04:11.209 W/SensorService( 1447): EPL8805x Proximity (handle=0x00000035, connections=2)
10-11 16:04:11.209 W/SensorService( 1447): Game Rotation Vector (handle=0x00000037, connections=1)
10-11 16:04:11.209 W/SensorService( 1447): D/disable--: mLock_st = 20
10-11 16:04:11.240 I/[vrbledevice]Finch3DofController[0]( 2129): updatePose: timeStamp(161746247933), Euler:[-133.40039,3.57416,177.86258] Quat:[0.03601,0.39475,-0.00479,0.91807] Acc:[0.04606,0.07776,1.21369] Gyro:[-0.61359,-0.10808,-0.00273]
10-11 16:04:11.350 E/Unity ( 3043): Unable to find webrtc
10-11 16:04:11.396 E/Unity ( 3043): DllNotFoundException: webrtc
10-11 16:04:11.396 E/Unity ( 3043): at (wrapper managed-to-native) Unity.WebRTC.NativeMethods.RegisterDebugLog(Unity.WebRTC.DelegateDebugLog)
10-11 16:04:11.396 E/Unity ( 3043): at Unity.WebRTC.WebRTC.Initialize (Unity.WebRTC.EncoderType type, System.Boolean limitTextureSize) [0x0006c] in <19cf66b593384931a548ee1ff315924e>:0
10-11 16:04:11.396 E/Unity ( 3043): at Unity.RenderStreaming.RenderStreamingInternal..ctor (Unity.RenderStreaming.RenderStreamingDependencies& dependencies) [0x0004e] in <9e538d6ff74f4cccac8817b75c8fe60d>:0
10-11 16:04:11.396 E/Unity ( 3043): at Unity.RenderStreaming.RenderStreaming.Run (System.Nullable`1[T] conf, System.Nullable`1[T] hardwareEncoder, Unity.RenderStreaming.Signaling.ISignaling signaling, Unity.RenderStreaming.SignalingHandlerBase[] handlers) [0x000d3] in <9e538d6ff74f4cccac8817b75c8fe60d>:0
10-11 16:04:11.396 E/Unity ( 3043): at Unity.RenderStreaming.RenderStreaming.Awake () [0x00063] in <9e538d6ff74f4cccac8817b75c8fe60d>:0
10-11 16:04:11.396 E/Unity ( 3043):
10-11 16:04:11.396 E/Unity ( 3043): (Filename: <19cf66b593384931a548ee1ff315924e> Line: 0)
10-11 16:04:11.396 E/Unity ( 3043):
10-11 16:04:11.543 E/Unity ( 3043): NullReferenceException: Object reference not set to an instance of an object
10-11 16:04:11.543 E/Unity ( 3043): at Unity.RenderStreaming.SignalingHandlerBase.CreateConnection (System.String connectionId) [0x00000] in <9e538d6ff74f4cccac8817b75c8fe60d>:0
10-11 16:04:11.543 E/Unity ( 3043): at Unity.RenderStreaming.SingleConnection.CreateConnection (System.String connectionId) [0x00007] in <9e538d6ff74f4cccac8817b75c8fe60d>:0
10-11 16:04:11.543 E/Unity ( 3043): at VideoClient.Start () [0x0000c] in <9264fda855ce416f88c6acb58e765e6c>:0
10-11 16:04:11.543 E/Unity ( 3043):
10-11 16:04:11.543 E/Unity ( 3043): (Filename: <9e538d6ff74f4cccac8817b75c8fe60d> Line: 0)
10-11 16:04:11.543 E/Unity ( 3043):
10-11 16:04:11.561 D/InputProvider( 3043): HandleEvent() eventType 1363496514, deviceId 1, size 1
10-11 16:04:11.565 D/InputProvider( 3043): HandleEvent() eventType 1363496514, deviceId 2, size 1
10-11 16:04:11.575 I/SVRI ( 3043): [Arena] GetArenaRange Rectangle(2.00, 2.00)
10-11 16:04:11.575 I/svr ( 3043): FPS: 12.92
10-11 16:04:11.582 D/libc ( 3043): [NET] android_getaddrinfo_proxy get netid:0
10-11 16:04:11.583 D/libc ( 826): [NET] _dns_getaddrinfo+, netid:100, mark:917604
10-11 16:04:11.584 D/libc ( 3043): [NET] android_getaddrinfo_proxy get netid:0
10-11 16:04:11.585 D/libc ( 826): [NET] _dns_getaddrinfo+, netid:100, mark:917604
10-11 16:04:11.590 I/SVRI ( 3043): [Arena] GetArenaRange Rectangle(2.00, 2.00)
10-11 16:04:11.601 D/libc ( 826): [NET] _dns_getaddrinfo-, (NS_SUCCESS)
10-11 16:04:11.601 D/libc ( 826): [NET] _dns_getaddrinfo-, (NS_SUCCESS)
10-11 16:04:11.602 D/libc ( 3043): [NET] android_getaddrinfo_proxy-, success
10-11 16:04:11.603 D/libc ( 3043): [NET] android_getaddrinfo_proxy-, success
10-11 16:04:11.603 I/SVRI ( 3043): [Arena] GetArenaRange Rectangle(2.00, 2.00)
10-11 16:04:11.610 D/SVR_HMD ( 2388): SvrHmdDevice.java:onSensorChanged(281) SvrHmdDevice, onSensorChanged, sensor.getType() = 1, ACCELER: X = 1.2447357, Y = 9.490723, Z = 1.8421173
10-11 16:04:11.611 D/SVR_HMD ( 2388): SvrHmdDevice.java:onSensorChanged(273) SvrHmdDevice, onSensorChanged, sensor.getType() = 4, GYRO: AxisX = -0.007293701, AxisY = -0.0025787354, AxisZ = 4.4250488E-4
10-11 16:04:11.616 I/SVRI ( 3043): [Arena] GetArenaRange Rectangle(2.00, 2.00)
10-11 16:04:11.630 I/SVRI ( 3043): [Arena] GetArenaRange Rectangle(2.00, 2.00)
10-11 16:04:11.643 I/SVRI ( 3043): [Arena] GetArenaRange Rectangle(2.00, 2.00)
10-11 16:04:11.657 I/SVRI ( 3043): [Arena] GetArenaRange Rectangle(2.00, 2.00)
10-11 16:04:11.670 I/SVRI ( 3043): [Arena] GetArenaRange Rectangle(2.00, 2.00)
10-11 16:04:11.683 I/SVRI ( 3043): [Arena] GetArenaRange Rectangle(2.00, 2.00)
10-11 16:04:11.698 I/SVRI ( 3043): [Arena] GetArenaRange Rectangle(2.00, 2.00)
10-11 16:04:11.710 I/SVRI ( 3043): [Arena] GetArenaRange Rectangle(2.00, 2.00)
10-11 16:04:11.723 I/SVRI ( 3043): [Arena] GetArenaRange Rectangle(2.00, 2.00)
10-11 16:04:11.737 I/SVRI ( 3043): [Arena] GetArenaRange Rectangle(2.00, 2.00)
10-11 16:04:11.748 I/ipdmonitor( 2388): ipd = 659
10-11 16:04:11.751 I/SVRI ( 3043): [Arena] GetArenaRange Rectangle(2.00, 2.00)
10-11 16:04:11.764 I/SVRI ( 3043): [Arena] GetArenaRange Rectangle(2.00, 2.00)
10-11 16:04:11.777 I/SVRI ( 3043): [Arena] GetArenaRange Rectangle(2.00, 2.00)
10-11 16:04:11.789 I/POSE ( 3043): GetSyncPose pose_hmd_1 VALID(oemValid(1),isFocus(0)) Origin(0) 6DoF; Arena[1]_Trig(0)_Out(0)_OutLevel(0.0000); XYZ(-0.0084, 0.0228, -0.0128), EulerYPR(23.15, -11.68, 6.88), Wxyz(0.9740, -0.0875, 0.1933, 0.0789); LVel(-0.0042, 0.0001, 0.0001), AngV(0.0069, -0.0134, 0.0073); PoseTime=162291361502, predict time=15.931ms(p0,r0), pose latency(I)=0.000
10-11 16:04:11.789 I/POSE ( 3043): GetSyncPose pose_clr_2 VALID(oemValid(1),isFocus(0)) Origin(0) 3DoF; Arena[1]_Trig(0)_Out(0)_OutLevel(0.0000); XYZ(0.0319, -0.6528, -0.2308), EulerYPR(-113.46, 177.86, 3.57), Wxyz(0.0363, 0.5478, 0.0015, 0.8358); LVel(0.0000, 0.0000, 0.0000), AngV(-0.6136, -0.1081, -0.0027); PoseTime=162287332467, predict time=0.000ms(p0,r0), pose latency(I)=0.000
10-11 16:04:11.791 I/SVRI ( 3043): [Arena] GetArenaRange Rectangle(2.00, 2.00)
10-11 16:04:11.804 I/SVRI ( 3043): [Arena] GetArenaRange Rectangle(2.00, 2.00)
10-11 16:04:11.817 I/SVRI ( 3043): [Arena] GetArenaRange Rectangle(2.00, 2.00)
10-11 16:04:11.831 I/OverlayManager( 3043): isPassThroughShowing show = 0
10-11 16:04:11.831 I/SVRI ( 3043): [Arena] GetArenaRange Rectangle(2.00, 2.00)
10-11 16:04:11.844 I/SVRI ( 3043): [Arena] GetArenaRange Rectangle(2.00, 2.00)
10-11 16:04:11.857 I/SVRI ( 3043): [Arena] GetArenaRange Rectangle(2.00, 2.00)
10-11 16:04:11.869 I/SVRI ( 3043): checkSteady 2 stops
10-11 16:04:11.869 W/ArmModel( 3043): setHandSteady LOCKED
10-11 16:04:11.869 I/SVRI ( 3043): GetPoseState svr_hmd_1 tm3(3) Quality Pose/Camera/Sensor 1.00 1.00 1.00 ; lost 0 ; TS162372233116
10-11 16:04:11.871 I/SVRI ( 3043): [Arena] GetArenaRange Rectangle(2.00, 2.00)
10-11 16:04:11.882 I/SVRI ( 3043): GetPoseState svr_hmd_1 tm3(3) Quality Pose/Camera/Sensor 1.00 1.00 1.00 ; lost 0 ; TS162385264106
10-11 16:04:11.882 I/ArmModel( 3043): Dev(0)LHOVHMDPos : (-0.008501,0.022841,0.012874)
10-11 16:04:11.882 D/ArmModel( 3043): ArmModel getArmedPose(2) 1, 1
10-11 16:04:11.882 D/ArmModel( 3043): Dev(0)LHOVHMDPos LOCKED : (-0.008513,0.022908,0.012892)
10-11 16:04:11.882 D/ArmModel( 3043): Dev(2)ctrllerXYRotationRadio : 0.248305 elbowCurveLerpValue = 0.499661
10-11 16:04:11.882 D/ArmModel( 3043): Dev(2)quatCtrllerXYRot : (-0.020123,-0.379690,0.000000,0.924895)
10-11 16:04:11.882 D/ArmModel( 3043): Dev(2)quatCtrllerXYLerpRot : (-0.010249,-0.193382,0.000000,0.981070)
10-11 16:04:11.882 D/ArmModel( 3043): Dev(2)elbowOffset : (0.171236,-0.657537,0.087683)
10-11 16:04:11.882 D/ArmModel( 3043): Dev(2)wristOffset : (0.066891,-0.654517,0.195400)
10-11 16:04:11.883 D/ArmModel( 3043): Dev(2)ctrllerOffset : (0.031774,-0.652656,0.230943)
10-11 16:04:11.883 D/ArmModel( 3043): Dev(2)finalCtrlPos : (0.031774,-0.652656,-0.230943)
10-11 16:04:11.884 I/SVRI ( 3043): [Arena] GetArenaRange Rectangle(2.00, 2.00)
10-11 16:04:11.897 I/SVRI ( 3043): [Arena] GetArenaRange Rectangle(2.00, 2.00)
10-11 16:04:11.911 I/SVRI ( 3043): [Arena] GetArenaRange Rectangle(2.00, 2.00)
10-11 16:04:11.924 I/SVRI ( 3043): [Arena] GetArenaRange Rectangle(2.00, 2.00)
10-11 16:04:11.937 I/SVRI ( 3043): [Arena] GetArenaRange Rectangle(2.00, 2.00)
10-11 16:04:11.951 I/SVRI ( 3043): [Arena] GetArenaRange Rectangle(2.00, 2.00)
10-11 16:04:11.964 I/SVRI ( 3043): [Arena] GetArenaRange Rectangle(2.00, 2.00)
10-11 16:04:11.978 I/SVRI ( 3043): [Arena] GetArenaRange Rectangle(2.00, 2.00)
10-11 16:04:11.991 I/SVRI ( 3043): [Arena] GetArenaRange Rectangle(2.00, 2.00)
10-11 16:04:12.004 I/SVRI ( 3043): [Arena] GetArenaRange Rectangle(2.00, 2.00)
10-11 16:04:12.018 I/SVRI ( 3043): [Arena] GetArenaRange Rectangle(2.00, 2.00)
10-11 16:04:12.031 I/SVRI ( 3043): [Arena] GetArenaRange Rectangle(2.00, 2.00)
10-11 16:04:12.045 I/SVRI ( 3043): [Arena] GetArenaRange Rectangle(2.00, 2.00)
10-11 16:04:12.058 I/SVRI ( 3043): [Arena] GetArenaRange Rectangle(2.00, 2.00)
10-11 16:04:12.071 I/SVRI ( 3043): [Arena] GetArenaRange Rectangle(2.00, 2.00)
10-11 16:04:12.085 I/SVRI ( 3043): [Arena] GetArenaRange Rectangle(2.00, 2.00)
10-11 16:04:12.098 I/SVRI ( 3043): [Arena] GetArenaRange Rectangle(2.00, 2.00)
10-11 16:04:12.105 D/SVR_HMD ( 2388): SvrHmdDevice.java:onSensorChanged(273) SvrHmdDevice, onSensorChanged, sensor.getType() = 4, GYRO: AxisX = -0.041366577, AxisY = -0.08354187, AxisZ = 0.019622803
10-11 16:04:12.107 D/SVR_HMD ( 2388): SvrHmdDevice.java:onSensorChanged(281) SvrHmdDevice, onSensorChanged, sensor.getType() = 1, ACCELER: X = 1.4597931, Y = 9.490112, Z = 1.9460907
10-11 16:04:12.112 I/SVRI ( 3043): [Arena] GetArenaRange Rectangle(2.00, 2.00)
10-11 16:04:12.125 I/SVRI ( 3043): [Arena] GetArenaRange Rectangle(2.00, 2.00)
10-11 16:04:12.138 I/SVRI ( 3043): [Arena] GetArenaRange Rectangle(2.00, 2.00)
10-11 16:04:12.152 I/SVRI ( 3043): [Arena] GetArenaRange Rectangle(2.00, 2.00)
10-11 16:04:12.165 I/SVRI ( 3043): [Arena] GetArenaRange Rectangle(2.00, 2.00)
10-11 16:04:12.179 I/SVRI ( 3043): [Arena] GetArenaRange Rectangle(2.00, 2.00)
10-11 16:04:12.192 I/SVRI ( 3043): [Arena] GetArenaRange Rectangle(2.00, 2.00)
10-11 16:04:12.205 I/SVRI ( 3043): [Arena] GetArenaRange Rectangle(2.00, 2.00)
10-11 16:04:12.209 D/libc ( 3043): [NET] android_getaddrinfo_proxy get netid:0
10-11 16:04:12.210 D/libc ( 826): [NET] _dns_getaddrinfo+, netid:100, mark:917604
10-11 16:04:12.218 D/libc ( 826): [NET] _dns_getaddrinfo-, (NS_SUCCESS)
10-11 16:04:12.218 I/SVRI ( 3043): [Arena] GetArenaRange Rectangle(2.00, 2.00)
10-11 16:04:12.219 D/libc ( 3043): [NET] android_getaddrinfo_proxy-, success
10-11 16:04:12.232 I/OverlayManager( 3043): isPassThroughShowing show = 0
10-11 16:04:12.232 I/SVRI ( 3043): [Arena] GetArenaRange Rectangle(2.00, 2.00)
10-11 16:04:12.245 I/SVRI ( 3043): [Arena] GetArenaRange Rectangle(2.00, 2.00)
10-11 16:04:12.246 I/[vrbledevice]Finch3DofController[0]( 2129): updatePose: timeStamp(162751998502), Euler:[-133.40039,3.57416,177.86258] Quat:[0.03601,0.39475,-0.00479,0.91807] Acc:[0.04547,0.07776,1.21190] Gyro:[-0.61359,-0.10808,-0.00273]
10-11 16:04:12.257 W/AudFlgTr( 813): track uid 10065 buf is zero
10-11 16:04:12.258 I/SVRI ( 3043): [Arena] GetArenaRange Rectangle(2.00, 2.00)
10-11 16:04:12.272 I/SVRI ( 3043): [Arena] GetArenaRange Rectangle(2.00, 2.00)
10-11 16:04:12.285 I/SVRI ( 3043): [Arena] GetArenaRange Rectangle(2.00, 2.00)
10-11 16:04:12.298 I/SVRI ( 3043): [Arena] GetArenaRange Rectangle(2.00, 2.00)
10-11 16:04:12.312 I/SVRI ( 3043): [Arena] GetArenaRange Rectangle(2.00, 2.00)
10-11 16:04:12.325 I/SVRI ( 3043): [Arena] GetArenaRange Rectangle(2.00, 2.00)
10-11 16:04:12.337 I/POSE ( 3043): GetSyncPose pose_hmd_1 VALID(oemValid(1),isFocus(0)) Origin(0) 6DoF; Arena[1]_Trig(0)_Out(0)_OutLevel(0.0000); XYZ(-0.0050, 0.0221, -0.0102), EulerYPR(14.04, -12.45, 9.59), Wxyz(0.9843, -0.0971, 0.1121, 0.0957); LVel(0.0131, -0.0029, 0.0003), AngV(-0.1769, -1.0220, 0.1349); PoseTime=162838633220, predict time=16.038ms(p0,r0), pose latency(I)=0.000
10-11 16:04:12.337 I/POSE ( 3043): GetSyncPose pose_clr_2 VALID(oemValid(1),isFocus(0)) Origin(0) 3DoF; Arena[1]_Trig(0)_Out(0)_OutLevel(0.0000); XYZ(0.0318, -0.6527, -0.2309), EulerYPR(-113.46, 177.86, 3.57), Wxyz(0.0363, 0.5478, 0.0015, 0.8358); LVel(0.0000, 0.0000, 0.0000), AngV(-0.6136, -0.1081, -0.0027); PoseTime=162841811845, predict time=0.000ms(p0,r0), pose latency(I)=0.000
10-11 16:04:12.338 I/SVRI ( 3043): [Arena] GetArenaRange Rectangle(2.00, 2.00)
10-11 16:04:12.352 I/SVRI ( 3043): [Arena] GetArenaRange Rectangle(2.00, 2.00)
10-11 16:04:12.365 I/SVRI ( 3043): [Arena] GetArenaRange Rectangle(2.00, 2.00)
10-11 16:04:12.379 I/SVRI ( 3043): [Arena] GetArenaRange Rectangle(2.00, 2.00)
10-11 16:04:12.392 I/SVRI ( 3043): [Arena] GetArenaRange Rectangle(2.00, 2.00)
10-11 16:04:12.405 I/SVRI ( 3043): [Arena] GetArenaRange Rectangle(2.00, 2.00)
10-11 16:04:12.418 I/SVRI ( 3043): [Arena] GetArenaRange Rectangle(2.00, 2.00)
10-11 16:04:12.430 I/WVRFoveat( 3043): FovText: eye 0 s 0 id 36 1 mode 2 1 enable 1 0 support 0
10-11 16:04:12.431 I/SVRI ( 3043): GetPoseState svr_hmd_1 tm3(3) Quality Pose/Camera/Sensor 1.00 1.00 1.00 ; lost 0 ; TS162933481866
10-11 16:04:12.432 I/SVRI ( 3043): [Arena] GetArenaRange Rectangle(2.00, 2.00)
10-11 16:04:12.444 I/SVRI ( 3043): GetPoseState svr_hmd_1 tm3(3) Quality Pose/Camera/Sensor 1.00 1.00 1.00 ; lost 0 ; TS162946482387
10-11 16:04:12.444 I/ArmModel( 3043): Dev(0)LHOVHMDPos : (0.000745,0.021420,0.010145)
10-11 16:04:12.444 D/ArmModel( 3043): ArmModel getArmedPose(2) 1, 1
10-11 16:04:12.444 D/ArmModel( 3043): Dev(0)LHOVHMDPos LOCKED : (-0.008513,0.022908,0.012892)
10-11 16:04:12.444 D/ArmModel( 3043): Dev(2)ctrllerXYRotationRadio : 0.248119 elbowCurveLerpValue = 0.499624
10-11 16:04:12.444 D/ArmModel( 3043): Dev(2)quatCtrllerXYRot : (-0.020178,-0.379416,0.000000,0.925006)
10-11 16:04:12.444 D/ArmModel( 3043): Dev(2)quatCtrllerXYLerpRot : (-0.010276,-0.193223,0.000000,0.981101)
10-11 16:04:12.444 D/ArmModel( 3043): Dev(2)elbowOffset : (0.171219,-0.657482,0.087685)
10-11 16:04:12.444 D/ArmModel( 3043): Dev(2)wristOffset : (0.066903,-0.654453,0.195430)
10-11 16:04:12.444 D/ArmModel( 3043): Dev(2)ctrllerOffset : (0.031807,-0.652587,0.230993)
10-11 16:04:12.444 D/ArmModel( 3043): Dev(2)finalCtrlPos : (0.031807,-0.652587,-0.230993)
10-11 16:04:12.445 I/SVRI ( 3043): [Arena] GetArenaRange Rectangle(2.00, 2.00)
10-11 16:04:12.459 I/SVRI ( 3043): [Arena] GetArenaRange Rectangle(2.00, 2.00)
10-11 16:04:12.460 D/WIFI_ICON( 1657): WifiActivity: 3
10-11 16:04:12.461 D/StatusBar.NetworkController( 1657): dumpIcon[(gone) stat_sys_5signal_null|null stat_sys_wifi_signal_inandout_4 (gone) F]
10-11 16:04:12.464 D/SignalBarView( 1657): onMeasure() mLeft != null width =52 height =52
10-11 16:04:12.465 D/SignalBarView( 1657): onMeasure() mLeft != null width =52 height =52
10-11 16:04:12.465 D/SignalBarView( 1657): onMeasure() mLeft != null width =52 height =52
10-11 16:04:12.472 I/SVRI ( 3043): [Arena] GetArenaRange Rectangle(2.00, 2.00)
10-11 16:04:12.485 I/SVRI ( 3043): [Arena] GetArenaRange Rectangle(2.00, 2.00)
10-11 16:04:12.499 I/SVRI ( 3043): [Arena] GetArenaRange Rectangle(2.00, 2.00)
10-11 16:04:12.512 I/SVRI ( 3043): [Arena] GetArenaRange Rectangle(2.00, 2.00)
10-11 16:04:12.525 I/SVRI ( 3043): [Arena] GetArenaRange Rectangle(2.00, 2.00)
10-11 16:04:12.539 I/SVRI ( 3043): [Arena] GetArenaRange Rectangle(2.00, 2.00)
10-11 16:04:12.552 I/SVRI ( 3043): [Arena] GetArenaRange Rectangle(2.00, 2.00)
10-11 16:04:12.565 I/SVRI ( 3043): [Arena] GetArenaRange Rectangle(2.00, 2.00)
10-11 16:04:12.579 I/SVRI ( 3043): [Arena] GetArenaRange Rectangle(2.00, 2.00)
10-11 16:04:12.579 I/svr ( 3043): FPS: 74.63
10-11 16:04:12.592 I/SVRI ( 3043): [Arena] GetArenaRange Rectangle(2.00, 2.00)
10-11 16:04:12.603 D/SVR_HMD ( 2388): SvrHmdDevice.java:onSensorChanged(281) SvrHmdDevice, onSensorChanged, sensor.getType() = 1, ACCELER: X = 2.0894623, Y = 9.405899, Z = 1.7652283
10-11 16:04:12.605 D/SVR_HMD ( 2388): SvrHmdDevice.java:onSensorChanged(273) SvrHmdDevice, onSensorChanged, sensor.getType() = 4, GYRO: AxisX = -0.06640625, AxisY = -0.9772949, AxisZ = -0.15242004
10-11 16:04:12.606 I/SVRI ( 3043): [Arena] GetArenaRange Rectangle(2.00, 2.00)
10-11 16:04:12.619 I/SVRI ( 3043): [Arena] GetArenaRange Rectangle(2.00, 2.00)
10-11 16:04:12.632 I/OverlayManager( 3043): isPassThroughShowing show = 0
10-11 16:04:12.632 I/SVRI ( 3043): [Arena] GetArenaRange Rectangle(2.00, 2.00)
10-11 16:04:12.646 I/SVRI ( 3043): [Arena] GetArenaRange Rectangle(2.00, 2.00)
10-11 16:04:12.659 I/SVRI ( 3043): [Arena] GetArenaRange Rectangle(2.00, 2.00)
10-11 16:04:12.673 I/SVRI ( 3043): [Arena] GetArenaRange Rectangle(2.00, 2.00)
10-11 16:04:12.686 I/SVRI ( 3043): [Arena] GetArenaRange Rectangle(2.00, 2.00)
10-11 16:04:12.699 I/SVRI ( 3043): [Arena] GetArenaRange Rectangle(2.00, 2.00)
10-11 16:04:12.713 I/SVRI ( 3043): [Arena] GetArenaRange Rectangle(2.00, 2.00)
10-11 16:04:12.726 I/SVRI ( 3043): [Arena] GetArenaRange Rectangle(2.00, 2.00)
10-11 16:04:12.739 I/SVRI ( 3043): [Arena] GetArenaRange Rectangle(2.00, 2.00)
10-11 16:04:12.749 I/ipdmonitor( 2388): ipd = 659
10-11 16:04:12.753 I/SVRI ( 3043): [Arena] GetArenaRange Rectangle(2.00, 2.00)
10-11 16:04:12.766 I/SVRI ( 3043): [Arena] GetArenaRange Rectangle(2.00, 2.00)
10-11 16:04:12.779 I/SVRI ( 3043): [Arena] GetArenaRange Rectangle(2.00, 2.00)
10-11 16:04:12.793 I/SVRI ( 3043): [Arena] GetArenaRange Rectangle(2.00, 2.00)
10-11 16:04:12.806 I/SVRI ( 3043): [Arena] GetArenaRange Rectangle(2.00, 2.00)
10-11 16:04:12.818 I/SVRI ( 3043): checkSteady 2 moves at 101
10-11 16:04:12.825 I/SVRI ( 3043): [Arena] GetArenaRange Rectangle(2.00, 2.00)
10-11 16:04:12.833 I/SVRI ( 3043): [Arena] GetArenaRange Rectangle(2.00, 2.00)
10-11 16:04:12.847 I/SVRI ( 3043): [Arena] GetArenaRange Rectangle(2.00, 2.00)
10-11 16:04:12.860 I/SVRI ( 3043): [Arena] GetArenaRange Rectangle(2.00, 2.00)
10-11 16:04:12.873 I/SVRI ( 3043): [Arena] GetArenaRange Rectangle(2.00, 2.00)
10-11 16:04:12.885 I/POSE ( 3043): GetSyncPose pose_hmd_1 VALID(oemValid(1),isFocus(0)) Origin(0) 6DoF; Arena[1]_Trig(0)_Out(0)_OutLevel(0.0000); XYZ(-0.0178, 0.0147, -0.0247), EulerYPR(-11.11, -13.35, 13.88), Wxyz(0.9799, -0.1265, -0.1095, 0.1083); LVel(-0.0887, -0.0391, -0.0579), AngV(-0.0835, -0.7276, 0.0003); PoseTime=163387888637, predict time=16.214ms(p0,r0), pose latency(I)=0.000
10-11 16:04:12.885 I/POSE ( 3043): GetSyncPose pose_clr_2 VALID(oemValid(1),isFocus(0)) Origin(0) 3DoF; Arena[1]_Trig(0)_Out(0)_OutLevel(0.0000); XYZ(0.0649, -0.6596, -0.1264), EulerYPR(-114.04, 177.78, 4.46), Wxyz(0.0432, 0.5432, 0.0049, 0.8385); LVel(0.0000, 0.0000, 0.0000), AngV(-0.0330, -0.0663, -0.0450); PoseTime=163389337003, predict time=0.000ms(p0,r0), pose latency(I)=0.000
10-11 16:04:12.887 I/SVRI ( 3043): [Arena] GetArenaRange Rectangle(2.00, 2.00)
10-11 16:04:12.900 I/SVRI ( 3043): [Arena] GetArenaRange Rectangle(2.00, 2.00)
10-11 16:04:12.913 I/SVRI ( 3043): [Arena] GetArenaRange Rectangle(2.00, 2.00)
10-11 16:04:12.915 E/mm-camera( 836): 2232: aec_process_calc_current_hist_metered_luma: error: out of range, exit
10-11 16:04:12.927 I/SVRI ( 3043): [Arena] GetArenaRange Rectangle(2.00, 2.00)
10-11 16:04:12.940 I/SVRI ( 3043): [Arena] GetArenaRange Rectangle(2.00, 2.00)
10-11 16:04:12.948 E/mm-camera( 836): 2232: aec_process_calc_current_hist_metered_luma: error: out of range, exit
10-11 16:04:12.953 I/SVRI ( 3043): [Arena] GetArenaRange Rectangle(2.00, 2.00)
10-11 16:04:12.967 I/SVRI ( 3043): [Arena] GetArenaRange Rectangle(2.00, 2.00)
10-11 16:04:12.980 I/SVRI ( 3043): [Arena] GetArenaRange Rectangle(2.00, 2.00)
10-11 16:04:12.992 I/SVRI ( 3043): GetPoseState svr_hmd_1 tm3(3) Quality Pose/Camera/Sensor 1.00 1.00 1.00 ; lost 0 ; TS163494730668
10-11 16:04:12.993 I/SVRI ( 3043): [Arena] GetArenaRange Rectangle(2.00, 2.00)
10-11 16:04:13.005 I/SVRI ( 3043): GetPoseState svr_hmd_1 tm3(3) Quality Pose/Camera/Sensor 1.00 1.00 1.00 ; lost 0 ; TS163507700616
10-11 16:04:13.005 I/ArmModel( 3043): Dev(0)LHOVHMDPos : (-0.030010,0.010787,0.027912)
10-11 16:04:13.005 D/ArmModel( 3043): ArmModel getArmedPose(2) 1, 1
10-11 16:04:13.005 D/ArmModel( 3043): Dev(2)ctrllerXYRotationRadio : 0.478615 elbowCurveLerpValue = 0.545723
10-11 16:04:13.005 D/ArmModel( 3043): Dev(2)quatCtrllerXYRot : (-0.026195,-0.682457,0.000000,0.730456)
10-11 16:04:13.005 D/ArmModel( 3043): Dev(2)quatCtrllerXYLerpRot : (-0.015359,-0.400128,0.000000,0.916330)
10-11 16:04:13.005 D/ArmModel( 3043): Dev(2)elbowOffset : (0.153224,-0.669109,-0.037437)
10-11 16:04:13.005 D/ArmModel( 3043): Dev(2)wristOffset : (0.105813,-0.665493,0.104827)
10-11 16:04:13.005 D/ArmModel( 3043): Dev(2)ctrllerOffset : (0.055963,-0.663579,0.108184)
10-11 16:04:13.005 D/ArmModel( 3043): Dev(2)finalCtrlPos : (0.055963,-0.663579,-0.108184)
10-11 16:04:13.007 I/SVRI ( 3043): [Arena] GetArenaRange Rectangle(2.00, 2.00)
10-11 16:04:13.020 I/SVRI ( 3043): [Arena] GetArenaRange Rectangle(2.00, 2.00)
10-11 16:04:13.033 I/OverlayManager( 3043): isPassThroughShowing show = 0
10-11 16:04:13.034 I/SVRI ( 3043): [Arena] GetArenaRange Rectangle(2.00, 2.00)
10-11 16:04:13.047 I/SVRI ( 3043): [Arena] GetArenaRange Rectangle(2.00, 2.00)
10-11 16:04:13.060 I/SVRI ( 3043): [Arena] GetArenaRange Rectangle(2.00, 2.00)
10-11 16:04:13.074 I/SVRI ( 3043): [Arena] GetArenaRange Rectangle(2.00, 2.00)
10-11 16:04:13.087 I/SVRI ( 3043): [Arena] GetArenaRange Rectangle(2.00, 2.00)
10-11 16:04:13.101 I/SVRI ( 3043): [Arena] GetArenaRange Rectangle(2.00, 2.00)
10-11 16:04:13.102 D/SVR_HMD ( 2388): SvrHmdDevice.java:onSensorChanged(281) SvrHmdDevice, onSensorChanged, sensor.getType() = 1, ACCELER: X = 2.791809, Y = 9.088226, Z = 1.8197937
10-11 16:04:13.102 D/SVR_HMD ( 2388): SvrHmdDevice.java:onSensorChanged(273) SvrHmdDevice, onSensorChanged, sensor.getType() = 4, GYRO: AxisX = -0.018463135, AxisY = -0.65771484, AxisZ = 0.0057678223
10-11 16:04:13.114 I/SVRI ( 3043): [Arena] GetArenaRange Rectangle(2.00, 2.00)
10-11 16:04:13.127 I/SVRI ( 3043): [Arena] GetArenaRange Rectangle(2.00, 2.00)
10-11 16:04:13.140 I/SVRI ( 3043): [Arena] GetArenaRange Rectangle(2.00, 2.00)
10-11 16:04:13.154 I/SVRI ( 3043): [Arena] GetArenaRange Rectangle(2.00, 2.00)
10-11 16:04:13.167 I/SVRI ( 3043): [Arena] GetArenaRange Rectangle(2.00, 2.00)
10-11 16:04:13.181 I/SVRI ( 3043): [Arena] GetArenaRange Rectangle(2.00, 2.00)
10-11 16:04:13.194 I/SVRI ( 3043): [Arena] GetArenaRange Rectangle(2.00, 2.00)
10-11 16:04:13.208 I/SVRI ( 3043): [Arena] GetArenaRange Rectangle(2.00, 2.00)
10-11 16:04:13.221 I/SVRI ( 3043): [Arena] GetArenaRange Rectangle(2.00, 2.00)
10-11 16:04:13.234 I/SVRI ( 3043): [Arena] GetArenaRange Rectangle(2.00, 2.00)
10-11 16:04:13.244 I/[vrbledevice]Finch3DofController[0]( 2129): updatePose: timeStamp(163750457039), Euler:[-134.67719,4.12783,177.82028] Quat:[0.04055,0.38433,-0.00367,0.92230] Acc:[0.04307,0.08554,1.21190] Gyro:[-0.42892,0.21938,0.02080]
10-11 16:04:13.248 I/SVRI ( 3043): [Arena] GetArenaRange Rectangle(2.00, 2.00)
10-11 16:04:13.261 I/SVRI ( 3043): [Arena] GetArenaRange Rectangle(2.00, 2.00)
10-11 16:04:13.274 I/SVRI ( 3043): [Arena] GetArenaRange Rectangle(2.00, 2.00)
10-11 16:04:13.288 I/SVRI ( 3043): [Arena] GetArenaRange Rectangle(2.00, 2.00)
10-11 16:04:13.301 I/SVRI ( 3043): [Arena] GetArenaRange Rectangle(2.00, 2.00)
10-11 16:04:13.315 I/SVRI ( 3043): [Arena] GetArenaRange Rectangle(2.00, 2.00)
10-11 16:04:13.328 I/SVRI ( 3043): [Arena] GetArenaRange Rectangle(2.00, 2.00)
10-11 16:04:13.342 I/SVRI ( 3043): [Arena] GetArenaRange Rectangle(2.00, 2.00)
10-11 16:04:13.355 I/SVRI ( 3043): [Arena] GetArenaRange Rectangle(2.00, 2.00)
10-11 16:04:13.368 I/SVRI ( 3043): [Arena] GetArenaRange Rectangle(2.00, 2.00)
10-11 16:04:13.381 W/AudFlgTr( 813): track uid 10065 buf is zero
10-11 16:04:13.382 I/SVRI ( 3043): [Arena] GetArenaRange Rectangle(2.00, 2.00)
10-11 16:04:13.395 I/SVRI ( 3043): [Arena] GetArenaRange Rectangle(2.00, 2.00)
10-11 16:04:13.408 I/SVRI ( 3043): [Arena] GetArenaRange Rectangle(2.00, 2.00)
10-11 16:04:13.422 I/SVRI ( 3043): [Arena] GetArenaRange Rectangle(2.00, 2.00)
10-11 16:04:13.433 I/POSE ( 3043): GetSyncPose pose_hmd_1 VALID(oemValid(1),isFocus(0)) Origin(0) 6DoF; Arena[1]_Trig(0)_Out(0)_OutLevel(0.0000); XYZ(-0.0499, 0.0033, -0.0255), EulerYPR(-29.17, -10.79, 20.20), Wxyz(0.9444, -0.1336, -0.2627, 0.1456); LVel(-0.0270, -0.0134, 0.0144), AngV(-0.0787, -0.1254, 0.1156); PoseTime=163936136918, predict time=15.765ms(p0,r0), pose latency(I)=0.000
10-11 16:04:13.434 I/POSE ( 3043): GetSyncPose pose_clr_2 VALID(oemValid(1),isFocus(0)) Origin(0) 3DoF; Arena[1]_Trig(0)_Out(0)_OutLevel(0.0000); XYZ(0.0397, -0.6708, -0.0629), EulerYPR(-114.73, 177.80, 4.08), Wxyz(0.0403, 0.5383, 0.0031, 0.8418); LVel(0.0000, 0.0000, 0.0000), AngV(0.0440, 0.0020, -0.0035); PoseTime=163936590079, predict time=0.000ms(p0,r0), pose latency(I)=0.000
10-11 16:04:13.435 I/OverlayManager( 3043): isPassThroughShowing show = 0
10-11 16:04:13.435 I/SVRI ( 3043): [Arena] GetArenaRange Rectangle(2.00, 2.00)
10-11 16:04:13.448 I/SVRI ( 3043): [Arena] GetArenaRange Rectangle(2.00, 2.00)
10-11 16:04:13.462 I/SVRI ( 3043): [Arena] GetArenaRange Rectangle(2.00, 2.00)
10-11 16:04:13.475 I/SVRI ( 3043): [Arena] GetArenaRange Rectangle(2.00, 2.00)
10-11 16:04:13.488 I/SVRI ( 3043): [Arena] GetArenaRange Rectangle(2.00, 2.00)
10-11 16:04:13.502 I/SVRI ( 3043): [Arena] GetArenaRange Rectangle(2.00, 2.00)
10-11 16:04:13.515 I/SVRI ( 3043): [Arena] GetArenaRange Rectangle(2.00, 2.00)
10-11 16:04:13.529 I/SVRI ( 3043): [Arena] GetArenaRange Rectangle(2.00, 2.00)
10-11 16:04:13.542 I/SVRI ( 3043): [Arena] GetArenaRange Rectangle(2.00, 2.00)
10-11 16:04:13.554 I/SVRI ( 3043): GetPoseState svr_hmd_1 tm3(3) Quality Pose/Camera/Sensor 1.00 1.00 1.00 ; lost 0 ; TS164055979418
10-11 16:04:13.555 I/SVRI ( 3043): [Arena] GetArenaRange Rectangle(2.00, 2.00)
10-11 16:04:13.567 I/SVRI ( 3043): GetPoseState svr_hmd_1 tm3(3) Quality Pose/Camera/Sensor 1.00 1.00 1.00 ; lost 0 ; TS164069956502
10-11 16:04:13.567 I/ArmModel( 3043): Dev(0)LHOVHMDPos : (-0.050938,0.003518,0.024568)
10-11 16:04:13.567 D/ArmModel( 3043): ArmModel getArmedPose(2) 1, 1
10-11 16:04:13.567 D/ArmModel( 3043): Dev(2)ctrllerXYRotationRadio : 0.546731 elbowCurveLerpValue = 0.559346
10-11 16:04:13.567 D/ArmModel( 3043): Dev(2)quatCtrllerXYRot : (-0.028899,-0.756509,0.000000,0.653345)
10-11 16:04:13.567 D/ArmModel( 3043): Dev(2)quatCtrllerXYLerpRot : (-0.017752,-0.464716,0.000000,0.885282)
10-11 16:04:13.567 D/ArmModel( 3043): Dev(2)elbowOffset : (0.113281,-0.676645,-0.079863)
10-11 16:04:13.567 D/ArmModel( 3043): Dev(2)wristOffset : (0.088119,-0.672741,0.067960)
10-11 16:04:13.567 D/ArmModel( 3043): Dev(2)ctrllerOffset : (0.038693,-0.670853,0.060646)
10-11 16:04:13.567 D/ArmModel( 3043): Dev(2)finalCtrlPos : (0.038693,-0.670853,-0.060646)
10-11 16:04:13.569 I/SVRI ( 3043): [Arena] GetArenaRange Rectangle(2.00, 2.00)
10-11 16:04:13.582 I/SVRI ( 3043): [Arena] GetArenaRange Rectangle(2.00, 2.00)
10-11 16:04:13.582 I/svr ( 3043): FPS: 74.78
10-11 16:04:13.595 I/SVRI ( 3043): [Arena] GetArenaRange Rectangle(2.00, 2.00)
10-11 16:04:13.599 D/SVR_HMD ( 2388): SvrHmdDevice.java:onSensorChanged(281) SvrHmdDevice, onSensorChanged, sensor.getType() = 1, ACCELER: X = 3.5033875, Y = 9.029297, Z = 1.3701935
10-11 16:04:13.600 D/SVR_HMD ( 2388): SvrHmdDevice.java:onSensorChanged(273) SvrHmdDevice, onSensorChanged, sensor.getType() = 4, GYRO: AxisX = -0.034973145, AxisY = 0.017669678, AxisZ = -0.05496216
10-11 16:04:13.608 I/SVRI ( 3043): [Arena] GetArenaRange Rectangle(2.00, 2.00)
10-11 16:04:13.622 I/SVRI ( 3043): [Arena] GetArenaRange Rectangle(2.00, 2.00)
10-11 16:04:13.635 I/SVRI ( 3043): [Arena] GetArenaRange Rectangle(2.00, 2.00)
10-11 16:04:13.649 I/SVRI ( 3043): [Arena] GetArenaRange Rectangle(2.00, 2.00)
10-11 16:04:13.662 I/SVRI ( 3043): [Arena] GetArenaRange Rectangle(2.00, 2.00)
10-11 16:04:13.675 I/SVRI ( 3043): [Arena] GetArenaRange Rectangle(2.00, 2.00)
10-11 16:04:13.689 I/SVRI ( 3043): [Arena] GetArenaRange Rectangle(2.00, 2.00)
10-11 16:04:13.702 I/SVRI ( 3043): [Arena] GetArenaRange Rectangle(2.00, 2.00)
10-11 16:04:13.715 I/SVRI ( 3043): [Arena] GetArenaRange Rectangle(2.00, 2.00)
10-11 16:04:13.729 I/SVRI ( 3043): [Arena] GetArenaRange Rectangle(2.00, 2.00)
10-11 16:04:13.742 I/SVRI ( 3043): [Arena] GetArenaRange Rectangle(2.00, 2.00)
10-11 16:04:13.750 I/ipdmonitor( 2388): ipd = 659
10-11 16:04:13.756 I/SVRI ( 3043): [Arena] GetArenaRange Rectangle(2.00, 2.00)
10-11 16:04:13.769 I/SVRI ( 3043): [Arena] GetArenaRange Rectangle(2.00, 2.00)
