10-11 16:04:03.000 D/WVR_Foveated( 2179): Foveated rendering is not supported.
10-11 16:04:03.015 D/WVR_Foveated( 2179): Foveated rendering is not supported.
10-11 16:04:03.028 D/WVR_Foveated( 2179): Foveated rendering is not supported.
10-11 16:04:03.029 E/mm-camera( 836): 2232: aec_process_calc_current_hist_metered_luma: error: out of range, exit
10-11 16:04:03.040 D/WVR_Foveated( 2179): Foveated rendering is not supported.
10-11 16:04:03.054 D/WVR_Foveated( 2179): Foveated rendering is not supported.
10-11 16:04:03.063 E/mm-camera( 836): 2232: aec_process_calc_current_hist_metered_luma: error: out of range, exit
10-11 16:04:03.072 D/WVR_Foveated( 2179): Foveated rendering is not supported.
10-11 16:04:03.082 D/WVR_Foveated( 2179): Foveated rendering is not supported.
10-11 16:04:03.095 D/WVR_Foveated( 2179): Foveated rendering is not supported.
10-11 16:04:03.096 E/mm-camera( 836): 2232: aec_process_calc_current_hist_metered_luma: error: out of range, exit
10-11 16:04:03.108 D/WVR_Foveated( 2179): Foveated rendering is not supported.
10-11 16:04:03.121 D/WVR_Foveated( 2179): Foveated rendering is not supported.
10-11 16:04:03.127 E/mm-camera( 836): 2232: aec_process_calc_current_hist_metered_luma: error: out of range, exit
10-11 16:04:03.133 D/WaveVR_ControllerInputModule( 2179): EnterExitGraphicObject() enter: Open_Install (UnityEngine.GameObject)
10-11 16:04:03.133 D/WaveVR_ControllerInputModule( 2179): EnterExitGraphicObject() enter: NormalBlock (UnityEngine.GameObject)
10-11 16:04:03.133 D/WaveVR_ControllerInputModule( 2179): EnterExitGraphicObject() enter: ButtonBlock (UnityEngine.GameObject)
10-11 16:04:03.133 D/WaveVR_ControllerInputModule( 2179): EnterExitGraphicObject() enter: HoverBlock (UnityEngine.GameObject)
10-11 16:04:03.133 D/WaveVR_ControllerInputModule( 2179): EnterExitGraphicObject() exit: BGImage (UnityEngine.GameObject)
10-11 16:04:03.133 D/WaveVR_ControllerInputModule( 2179): EnterExitGraphicObject() exit: ContentImage (UnityEngine.GameObject)
10-11 16:04:03.135 D/WVR_Foveated( 2179): Foveated rendering is not supported.
10-11 16:04:03.147 D/WVR_Foveated( 2179): Foveated rendering is not supported.
10-11 16:04:03.149 I/svr ( 2179): FPS: 73.85
10-11 16:04:03.160 D/WVR_Foveated( 2179): Foveated rendering is not supported.
10-11 16:04:03.163 E/mm-camera( 836): 2232: aec_process_calc_current_hist_metered_luma: error: out of range, exit
10-11 16:04:03.177 D/WVR_Foveated( 2179): Foveated rendering is not supported.
10-11 16:04:03.189 D/WVR_Foveated( 2179): Foveated rendering is not supported.
10-11 16:04:03.196 E/mm-camera( 836): 2232: aec_process_calc_current_hist_metered_luma: error: out of range, exit
10-11 16:04:03.201 D/WVR_Foveated( 2179): Foveated rendering is not supported.
10-11 16:04:03.216 D/WVR_Foveated( 2179): Foveated rendering is not supported.
10-11 16:04:03.228 D/WVR_Foveated( 2179): Foveated rendering is not supported.
10-11 16:04:03.229 E/mm-camera( 836): 2232: aec_process_calc_current_hist_metered_luma: error: out of range, exit
10-11 16:04:03.238 I/[vrbledevice]Finch3DofController[0]( 2129): updatePose: timeStamp(153744061668), Euler:[-18.43744,-14.13804,11.91636] Quat:[0.97224,0.12129,-0.17074,-0.10432] Acc:[0.19929,-0.33916,-1.42293] Gyro:[-0.12708,-0.02008,0.04259]
10-11 16:04:03.241 D/WVR_Foveated( 2179): Foveated rendering is not supported.
10-11 16:04:03.248 D/ArmModel( 2179): ArmModel getArmedPose(2) 1, 1
10-11 16:04:03.248 D/ArmModel( 2179): Dev(2)ctrllerXYRotationRadio : 0.148852 elbowCurveLerpValue = 0.479770
10-11 16:04:03.248 D/ArmModel( 2179): Dev(2)quatCtrllerXYRot : (-0.102795,0.207639,0.000000,0.972789)
10-11 16:04:03.248 D/ArmModel( 2179): Dev(2)quatCtrllerXYLerpRot : (-0.049656,0.100302,0.000000,0.993717)
10-11 16:04:03.248 D/ArmModel( 2179): Dev(2)elbowOffset : (-0.070369,-0.441649,-0.000860)
10-11 16:04:03.248 D/ArmModel( 2179): Dev(2)wristOffset : (-0.097183,-0.425615,0.145850)
10-11 16:04:03.248 D/ArmModel( 2179): Dev(2)ctrllerOffset : (-0.076984,-0.415615,0.190482)
10-11 16:04:03.248 D/ArmModel( 2179): Dev(2)finalCtrlPos : (-0.076984,-0.415615,-0.190482)
10-11 16:04:03.254 D/WVR_Foveated( 2179): Foveated rendering is not supported.
10-11 16:04:03.263 E/mm-camera( 836): 2232: aec_process_calc_current_hist_metered_luma: error: out of range, exit
10-11 16:04:03.274 D/WVR_Foveated( 2179): Foveated rendering is not supported.
10-11 16:04:03.286 D/WVR_Foveated( 2179): Foveated rendering is not supported.
10-11 16:04:03.296 E/mm-camera( 836): 2232: aec_process_calc_current_hist_metered_luma: error: out of range, exit
10-11 16:04:03.308 D/WVR_Foveated( 2179): Foveated rendering is not supported.
10-11 16:04:03.320 V/[vrbledevice]Finch3DofController[0]( 2129): recieveData: finch button touchpad pressed
10-11 16:04:03.320 D/WVR_Foveated( 2179): Foveated rendering is not supported.
10-11 16:04:03.321 I/VRCORE ( 2179): OnReceiveEvent: event.eventType=200
10-11 16:04:03.321 I/VRCORE ( 2179): OnReceiveCoreEvent: eventType = 200, inputId = 6, device_index = 1, devType = 2, interaction_mode = 0, gaze_trigger = 0
10-11 16:04:03.322 D/VRCORE ( 2179): byte size:18
10-11 16:04:03.323 I/VRActivityEventManager( 2179): update isFocused = 1, deviceID = 2, focusedController = 2
10-11 16:04:03.323 D/VROverlaySMD( 2179): onButtonEvent() type = 3000 id = 6
10-11 16:04:03.323 I/VRCORE ( 2179): OnReceiveEvent: event.eventType=200
10-11 16:04:03.323 I/VRCORE ( 2179): OnReceiveCoreEvent: eventType = 200, inputId = 16, device_index = 1, devType = 2, interaction_mode = 0, gaze_trigger = 0
10-11 16:04:03.324 D/VRAssistHelper( 2113): onButtonEvent() devId(1), type(200), buttonID(16), ticks(153827177978)
10-11 16:04:03.325 D/VRCORE ( 2179): byte size:18
10-11 16:04:03.325 I/VRActivityEventManager( 2179): update isFocused = 1, deviceID = 2, focusedController = 2
10-11 16:04:03.325 D/VROverlaySMD( 2179): onButtonEvent() eventType = ButtonPressed inputId = Touchpad
10-11 16:04:03.326 D/VROverlayService( 2179): onButtonDeviceEvent type = ButtonPressed inputId = Touchpad deviceIndex = 2
10-11 16:04:03.326 D/VRSystemDialogOverlay( 2071): onButtonEvent() mService.mServiceName = vive.wave.vr.oem.mtp.VRMTPService hided
10-11 16:04:03.326 V/MTPService( 2071): onButtonEvent() VREventType: ButtonPressed VRInputId:Touchpad deviceIndex:2
10-11 16:04:03.327 D/VROverlayService( 2179): onButton() Older than 2099004, go older method
10-11 16:04:03.327 D/InputDemoService( 2527): ButtonPressed...Touchpad
10-11 16:04:03.328 D/VROverlaySMD( 2179): onButtonEvent() type = 3000 id = 16
10-11 16:04:03.328 D/ArmModel( 2179): ArmModel getArmedPose(3) 0, 1
10-11 16:04:03.333 E/mm-camera( 836): 2232: aec_process_calc_current_hist_metered_luma: error: out of range, exit
10-11 16:04:03.334 D/WaveVR_Init( 2179): processVREvent() WVR_EventType_ButtonPressed: WVR_DeviceType_Controller_Right, WVR_InputId_Alias1_DPad_Down, left-handed? False
10-11 16:04:03.334 D/WaveVR_Controller( 2179): SetEventState_Press() WVR_DeviceType_Controller_Right, WVR_InputId_Alias1_DPad_Down: True
10-11 16:04:03.335 D/WVR_Foveated( 2179): Foveated rendering is not supported.
10-11 16:04:03.348 D/WaveVR_Init( 2179): processVREvent() WVR_EventType_ButtonPressed: WVR_DeviceType_Controller_Right, WVR_InputId_Alias1_Touchpad, left-handed? False
10-11 16:04:03.348 D/WaveVR_Controller( 2179): SetEventState_Press() WVR_DeviceType_Controller_Right, WVR_InputId_Alias1_Touchpad: True
10-11 16:04:03.349 D/WVR_Foveated( 2179): Foveated rendering is not supported.
10-11 16:04:03.361 D/WaveVR_ControllerInputModule( 2179): OnTriggerDown() device: Dominant send Pointer Down to Open_Install (UnityEngine.GameObject), current GameObject is Open_Install (UnityEngine.GameObject)
10-11 16:04:03.362 D/WVR_Foveated( 2179): Foveated rendering is not supported.
10-11 16:04:03.364 E/mm-camera( 836): 2232: aec_process_calc_current_hist_metered_luma: error: out of range, exit
10-11 16:04:03.374 D/WVR_Foveated( 2179): Foveated rendering is not supported.
10-11 16:04:03.387 D/WVR_Foveated( 2179): Foveated rendering is not supported.
10-11 16:04:03.396 E/mm-camera( 836): 2232: aec_process_calc_current_hist_metered_luma: error: out of range, exit
10-11 16:04:03.401 D/WVR_Foveated( 2179): Foveated rendering is not supported.
10-11 16:04:03.414 D/WVR_Foveated( 2179): Foveated rendering is not supported.
10-11 16:04:03.427 E/mm-camera( 836): 2232: aec_process_calc_current_hist_metered_luma: error: out of range, exit
10-11 16:04:03.428 D/WVR_Foveated( 2179): Foveated rendering is not supported.
10-11 16:04:03.441 D/WVR_Foveated( 2179): Foveated rendering is not supported.
10-11 16:04:03.455 D/WVR_Foveated( 2179): Foveated rendering is not supported.
10-11 16:04:03.455 V/[vrbledevice]Finch3DofController[0]( 2129): recieveData: finch button touchpad released
10-11 16:04:03.457 I/VRCORE ( 2179): OnReceiveEvent: event.eventType=201
10-11 16:04:03.457 I/VRCORE ( 2179): OnReceiveCoreEvent: eventType = 201, inputId = 6, device_index = 1, devType = 2, interaction_mode = 0, gaze_trigger = 0
10-11 16:04:03.458 I/VRActivityEventManager( 2179): update isFocused = 1, deviceID = 2, focusedController = 2
10-11 16:04:03.458 D/VRCORE ( 2179): byte size:18
10-11 16:04:03.458 D/VROverlaySMD( 2179): onButtonEvent() type = 3001 id = 6
10-11 16:04:03.458 D/VRAssistHelper( 2113): onButtonEvent() devId(1), type(201), buttonID(16), ticks(153962048564)
10-11 16:04:03.458 I/VRCORE ( 2179): OnReceiveEvent: event.eventType=201
10-11 16:04:03.458 I/VRCORE ( 2179): OnReceiveCoreEvent: eventType = 201, inputId = 16, device_index = 1, devType = 2, interaction_mode = 0, gaze_trigger = 0
10-11 16:04:03.458 D/VRCORE ( 2179): byte size:18
10-11 16:04:03.459 I/VRActivityEventManager( 2179): update isFocused = 1, deviceID = 2, focusedController = 2
10-11 16:04:03.459 D/VROverlaySMD( 2179): onButtonEvent() eventType = ButtonUnpressed inputId = Touchpad
10-11 16:04:03.459 D/SVR_HMD ( 2388): SvrHmdDevice.java:onSensorChanged(273) SvrHmdDevice, onSensorChanged, sensor.getType() = 4, GYRO: AxisX = 0.011367798, AxisY = 0.024597168, AxisZ = 0.011627197
10-11 16:04:03.459 D/VROverlayService( 2179): onButtonDeviceEvent type = ButtonUnpressed inputId = Touchpad deviceIndex = 2
10-11 16:04:03.459 D/SVR_HMD ( 2388): SvrHmdDevice.java:onSensorChanged(281) SvrHmdDevice, onSensorChanged, sensor.getType() = 1, ACCELER: X = 1.1527863, Y = 9.665451, Z = 1.4945679
10-11 16:04:03.459 D/VROverlayService( 2179): onButton() Older than 2099004, go older method
10-11 16:04:03.460 D/VRSystemDialogOverlay( 2071): onButtonEvent() mService.mServiceName = vive.wave.vr.oem.mtp.VRMTPService hided
10-11 16:04:03.460 D/InputDemoService( 2527): ButtonUnpressed...Touchpad
10-11 16:04:03.460 D/VROverlaySMD( 2179): onButtonEvent() type = 3001 id = 16
10-11 16:04:03.462 I/POSE ( 2179): GetSyncPose pose_hmd_1 CV(s1f0) om0 6DoF 1vw_t0o0 (0.0000) XYZ -0.2226 0.1526 0.0814 YPR 24.0287 -10.8859 5.1878 ; Wxyz 0.9736 -0.0833 0.2028 0.0638 ; RAW XYZ 0.2226 -0.1526 -0.0814 Wxyz 0.9736 0.0833 -0.2028 -0.0638 ; LVel -0.005 -0.002 -0.001 LAc -0.00 -0.00 -0.00 AngV 0.017 0.016 0.001 AngAc -0.00 -0.00 -0.00 ; TS153964024068 15.81ms GetPoseState
10-11 16:04:03.464 E/mm-camera( 836): 2232: aec_process_calc_current_hist_metered_luma: error: out of range, exit
10-11 16:04:03.468 D/WaveVR_Init( 2179): processVREvent() WVR_EventType_ButtonUnpressed: WVR_DeviceType_Controller_Right, WVR_InputId_Alias1_DPad_Down, left-handed? False
10-11 16:04:03.468 D/WaveVR_Controller( 2179): SetEventState_Press() WVR_DeviceType_Controller_Right, WVR_InputId_Alias1_DPad_Down: False
10-11 16:04:03.473 D/WVR_Foveated( 2179): Foveated rendering is not supported.
10-11 16:04:03.483 D/WaveVR_Init( 2179): processVREvent() WVR_EventType_ButtonUnpressed: WVR_DeviceType_Controller_Right, WVR_InputId_Alias1_Touchpad, left-handed? False
10-11 16:04:03.484 D/WaveVR_Controller( 2179): SetEventState_Press() WVR_DeviceType_Controller_Right, WVR_InputId_Alias1_Touchpad: False
10-11 16:04:03.484 D/WVR_Foveated( 2179): Foveated rendering is not supported.
10-11 16:04:03.496 E/mm-camera( 836): 2232: aec_process_calc_current_hist_metered_luma: error: out of range, exit
10-11 16:04:03.496 D/WVR_Foveated( 2179): Foveated rendering is not supported.
10-11 16:04:03.502 I/SVRI ( 2179): GetPoseState svr_hmd_1 tm3(3) Quality Pose/Camera/Sensor 1.00 1.00 1.00 ; lost 0 ; TS154003971620
10-11 16:04:03.502 I/ArmModel( 2179): Dev(0)LHOVHMDPos : (-0.222748,0.152678,-0.081487)
10-11 16:04:03.508 D/WVR_Foveated( 2179): Foveated rendering is not supported.
10-11 16:04:03.521 D/WVR_Foveated( 2179): Foveated rendering is not supported.
10-11 16:04:03.528 E/mm-camera( 836): 2232: aec_process_calc_current_hist_metered_luma: error: out of range, exit
10-11 16:04:03.529 I/POSE ( 2179): GetSyncPose pose_clr_2 CV(s1f0) om0 3DoF 1vw_t0o0 (0.0000) XYZ -0.0777 -0.4162 -0.1909 YPR 1.4427 11.8610 -14.5215 ; Wxyz 0.9868 0.1009 -0.0006 -0.1270 ; RAW XYZ 0.0000 0.0000 0.0000 Wxyz 0.9868 0.1009 -0.0006 -0.1270 ; LVel 0.000 0.000 0.000 LAc 0.24 -0.33 -1.17 AngV 0.006 0.049 -0.002 AngAc 0.00 0.00 0.00 ; TS154031091332 0.00ms GetPoseState
10-11 16:04:03.535 D/WVR_Foveated( 2179): Foveated rendering is not supported.
10-11 16:04:03.549 D/WaveVR_Resource( 2179): getSystemLanguage, ret language = zh
10-11 16:04:03.549 D/WaveVR_Resource( 2179): getSystemCountry, ret country = CN
10-11 16:04:03.549 D/WVR_Foveated( 2179): Foveated rendering is not supported.
10-11 16:04:03.563 E/mm-camera( 836): 2232: aec_process_calc_current_hist_metered_luma: error: out of range, exit
10-11 16:04:03.594 E/mm-camera( 836): 2232: aec_process_calc_current_hist_metered_luma: error: out of range, exit
10-11 16:04:03.594 D/WaveVR_ControllerInputModule( 2179): OnTriggerUpMouse() type: Dominant send Pointer Up to Open_Install (UnityEngine.GameObject)
10-11 16:04:03.595 D/WaveVR_ControllerInputModule( 2179): OnTriggerUpMouse() type: Dominant send Pointer Click to Open_Install (UnityEngine.GameObject)
10-11 16:04:03.595 I/ViveportM( 2179): LibraryLocalListItemsEntity.OpenApp.229: OpenApp
10-11 16:04:03.595 D/viveport( 2179): CServerTime.Now.300:131486=154102-22616,10/11/2021 16:04:03=10/11/2021 16:01:51+131486,now diff=00:00:00.5258070
10-11 16:04:03.596 I/ViveportM( 2179): VRRecentApp.AddRecentApp.44: VRRecentApp-AddRecentApp , RecentAppContent : com.cecececece.cecececece
10-11 16:04:03.596 I/ViveportM( 2179): VRRecentApp.SetRecentAppList.106: VRRecentApp-SetRecentAppList
10-11 16:04:03.602 I/ViveportM( 2179):
10-11 16:04:03.604 I/ViveportM( 2179): VRLocalData.Save.48:
10-11 16:04:03.605 D/viveport( 2179): LaunchApp: com.cecececece.cecececece
10-11 16:04:03.605 D/viveport( 2179): UserActivityDirector.PushActivity.405:com.cecececece.cecececece<=Play:10/11/2021 16:04:03
10-11 16:04:03.605 I/ViveportM( 2179): LibraryForm.OnActivityChanged.485: OnActivityChanged com.cecececece.cecececece
10-11 16:04:03.605 I/ViveportM( 2179): LibraryForm.UpdateFormAsync.230: Begin.MyActivity: forceUpdateServerData=False, resetPageIndex=False
10-11 16:04:03.606 I/ViveportM( 2179): AlertWaitMenuForm.Wait.136: AlertWaitMenuForm-Wait new wait:NcySpringDay.UI.LibraryForm-1989354984
10-11 16:04:03.609 W/viveport( 2179): ******** TryStartAppByRuntime return:False
10-11 16:04:03.611 I/ActivityManager( 1447): START u0 {act=android.intent.action.MAIN cat=[android.intent.category.LAUNCHER] flg=0x10000000 pkg=com.cecececece.cecececece cmp=com.cecececece.cecececece/com.htc.vr.unity.WVRUnityVRActivity} from uid 10023 pid 2179 on display 0
10-11 16:04:03.611 I/V2DPerf ( 1799): V2dService.getLaunchPolicy
10-11 16:04:03.611 D/PMS ( 1447): acquireHCC(743eac7): CPU_MIN_NUM ActivityManager-MultiCore-Num 0x8000 1447 1000 null
10-11 16:04:03.612 I/V2DService( 1799): Get launch policy=0 for intent=Intent { act=android.intent.action.MAIN cat=[android.intent.category.LAUNCHER] pkg=com.cecececece.cecececece cmp=com.cecececece.cecececece/com.htc.vr.unity.WVRUnityVRActivity }, info=ActivityInfo{718c92f com.htc.vr.unity.WVRUnityVRActivity}, vrType=1, sIsCtsRunning=false
10-11 16:04:03.612 D/PMS ( 1447): acquireHCC(65dc8f4): CPU_MIN_FREQ ActivityManager-MultiCore-Freq 0x2000 1447 1000 null
10-11 16:04:03.616 D/StatusBarManagerService( 1447): setSystemUiVisibility(0x160e)
10-11 16:04:03.616 D/StatusBarManagerService( 1447): hiding MENU key
10-11 16:04:03.616 I/PhoneStatusBar( 1657): floatingMenu(showMenu:false hideMenu:false|false|true)
10-11 16:04:03.617 D/ActivityTrigger( 1447): ActivityTrigger activityPauseTrigger
10-11 16:04:03.617 D/WVRUnityActivity( 2179): onWindowFocusChanged
10-11 16:04:03.617 D/VRCORE_VRActivity( 2179): onWindowFocusChanged false
10-11 16:04:03.617 D/Svr_VRPlatform( 2179): onWindowFocusChanged:false
10-11 16:04:03.617 I/SVRRenderBase( 2179): onWindowFocusChanged:false
10-11 16:04:03.617 I/SVRRenderBase( 2179): onWindowFocusChanged:false finish
10-11 16:04:03.617 D/WVRUnityActivity( 2179): Call UnityPlayer windowFocusChanged 0 +++
10-11 16:04:03.617 D/WVRUnityActivity( 2179): Call UnityPlayer windowFocusChanged ---
10-11 16:04:03.617 D/WVRUnityActivity( 2179): onPause
10-11 16:04:03.617 I/Java_PermissionManager( 2179): onPause
10-11 16:04:03.617 I/Java_IMEManager( 2179): onPause
10-11 16:04:03.617 I/VRCORE_VRActivity( 2179): onPause() start (com.htc.mobilevr.launcher) 3.2.0
10-11 16:04:03.617 I/VRCORE_VR( 2179): onPause() start (com.htc.mobilevr.launcher) 3.2.0
10-11 16:04:03.617 D/Svr_VRPlatform( 2179): onPause
10-11 16:04:03.617 D/PMS ( 1447): acquireWL(527dde): PARTIAL_WAKE_LOCK *launch* 0x1 1447 1000 WorkSource{10065}
10-11 16:04:03.617 I/SVRRenderBase( 2179): onPause +
10-11 16:04:03.618 I/SVRMain ( 2179): state:4
10-11 16:04:03.618 I/svr ( 2179): [MonitorHUD] PauseMonitorState++
10-11 16:04:03.618 D/StatusBarManagerService( 1447): setSystemUiVisibility(0x160e)
10-11 16:04:03.618 D/StatusBarManagerService( 1447): hiding MENU key
10-11 16:04:03.619 I/PhoneStatusBar( 1657): floatingMenu(showMenu:false hideMenu:false|false|true)
10-11 16:04:03.620 D/viveport( 2179): AndroidService LaunchApp OK
10-11 16:04:03.624 D/WVR_Foveated( 2179): Foveated rendering is not supported.
10-11 16:04:03.625 D/HtcAmsUtil( 1447): Dying proc method=1
10-11 16:04:03.625 D/HtcAmsUtil( 1447): /proc/dying_processes no record
10-11 16:04:03.631 E/mm-camera( 836): 2232: aec_process_calc_current_hist_metered_luma: error: out of range, exit
10-11 16:04:03.638 D/WaveVR_ControllerInputModule( 2179): EnterExitGraphicObject() enter: Body (UnityEngine.GameObject)
10-11 16:04:03.638 D/WaveVR_ControllerInputModule( 2179): EnterExitGraphicObject() enter: Root (UnityEngine.GameObject)
10-11 16:04:03.638 D/WaveVR_ControllerInputModule( 2179): EnterExitGraphicObject() enter: AlertWaitMenuForm(Clone) (UnityEngine.GameObject)
10-11 16:04:03.638 D/WaveVR_ControllerInputModule( 2179): EnterExitGraphicObject() enter: UI Group - GlobalAlertForm (UnityEngine.GameObject)
10-11 16:04:03.638 D/WaveVR_ControllerInputModule( 2179): EnterExitGraphicObject() exit: Open_Install (UnityEngine.GameObject)
10-11 16:04:03.638 D/WaveVR_ControllerInputModule( 2179): EnterExitGraphicObject() exit: NormalBlock (UnityEngine.GameObject)
10-11 16:04:03.638 D/WaveVR_ControllerInputModule( 2179): EnterExitGraphicObject() exit: ButtonBlock (UnityEngine.GameObject)
10-11 16:04:03.638 D/WaveVR_ControllerInputModule( 2179): EnterExitGraphicObject() exit: HoverBlock (UnityEngine.GameObject)
10-11 16:04:03.638 D/WaveVR_ControllerInputModule( 2179): EnterExitGraphicObject() exit: Content (UnityEngine.GameObject)
10-11 16:04:03.638 D/WaveVR_ControllerInputModule( 2179): EnterExitGraphicObject() exit: LibraryListItems(Clone) (UnityEngine.GameObject)
10-11 16:04:03.638 D/WaveVR_ControllerInputModule( 2179): EnterExitGraphicObject() exit: ListContainer (UnityEngine.GameObject)
10-11 16:04:03.638 D/WaveVR_ControllerInputModule( 2179): EnterExitGraphicObject() exit: CenterBlock (UnityEngine.GameObject)
10-11 16:04:03.638 D/WaveVR_ControllerInputModule( 2179): EnterExitGraphicObject() exit: Container (UnityEngine.GameObject)
10-11 16:04:03.638 D/WaveVR_ControllerInputModule( 2179): EnterExitGraphicObject() exit: Body (UnityEngine.GameObject)
10-11 16:04:03.638 D/WaveVR_ControllerInputModule( 2179): EnterExitGraphicObject() exit: Root (UnityEngine.GameObject)
10-11 16:04:03.639 D/WaveVR_ControllerInputModule( 2179): EnterExitGraphicObject() exit: LibraryForm(Clone) (UnityEngine.GameObject)
10-11 16:04:03.639 D/WaveVR_ControllerInputModule( 2179): EnterExitGraphicObject() exit: UI Group - Apps (UnityEngine.GameObject)
10-11 16:04:03.639 I/ViveportM( 2179): LibraryFormModel.UpdateAsync.91: Begin.MyActivity: forceUpdateServerData=False
10-11 16:04:03.640 I/ViveportM( 2179): AppUtility.UpdateAppListFromServer.230: No need to update
10-11 16:04:03.640 D/WVR_Foveated( 2179): Foveated rendering is not supported.
10-11 16:04:03.646 D/MonitorHUD( 2179): STATE debug prop result:
10-11 16:04:03.646 D/MonitorHUD( 2179): Check loop has not been inited.
10-11 16:04:03.646 I/svr ( 2179): [MonitorHUD] PauseMonitorState--
10-11 16:04:03.646 I/SVRMain ( 2179): handle onPause
10-11 16:04:03.646 I/SVRMain ( 2179): PauseTimer: schedule timer ++
10-11 16:04:03.646 I/SVRMain ( 2179): PauseTimer: schedule timer --
10-11 16:04:03.646 I/SVRRenderBase( 2179): onPause -
10-11 16:04:03.646 D/VRPlatform( 2179): onPause
10-11 16:04:03.647 I/OverlayManager( 2179): OverlayManagerOnPause Begin
10-11 16:04:03.647 I/OverlayManager( 2179): OverlayManagerOnPause() End
10-11 16:04:03.647 D/VRCORE ( 2179): IVRInterface::onActivityPause
10-11 16:04:03.647 I/VRCORE ( 2179): SVRInterface, SetLastValidPose(kiosk), LastValidHeadPose: LastValidHeadPose=0.223059,-0.153037,-0.081799,0.979732,0.000000,-0.200311,0.000000
10-11 16:04:03.647 D/VRCORE ( 2179): TID:2179 ./VRSystemStub.cc:620: Enter SetParameters
10-11 16:04:03.649 I/VRCORE_Server( 2113): GetCallback target device :0, type: 9
10-11 16:04:03.650 D/VRCORE ( 2113): TID:2449 ./DeviceProxy.cc:54: Leave PollNextCommand
10-11 16:04:03.650 D/VRCORE_PluginKit( 2388): got request form client 9
10-11 16:04:03.651 I/VRCORE_PluginKit( 2388): RequestObserver.java:onNext(25) dev: com.htc.vr.device.svr.SvrHmdDevice_1207d09[0] Callback type: 9
10-11 16:04:03.651 I/VRCORE_PluginKit( 2388): RequestObserver.java:onNext(156) SetParameters : [com.htc.vr.device.svr.SvrHmdDevice_1207d09] set string [LastValidHeadPose=0.223059,-0.153037,-0.081799,0.979732,0.000000,-0.200311,0.000000].
10-11 16:04:03.652 D/SVR_HMD ( 2388): SvrHmdDevice.java:setParameters(478) SvrHmdDevice, setParameters, IMU mPose: w = 0.6006672754958012, x = -0.0015011021565639604, y = 0.7935942005999034, z = 0.09697882367893018, yaw = -106.27357149914003
10-11 16:04:03.652 D/SVR_HMD ( 2388): SvrHmdDevice.java:setParameters(520) SvrHmdDevice, setParameters, lastValidHeadPose: 0.0f,0.0f,0.0f,0.979732,0.000000,-0.200311,0.000000, x = 0.0, y = 0.0, z = 0.0, q.w = 0.979732, q.x = 0.0, q.y = -0.200311, q.z = 0.0, yaw = -23.110300434696292
10-11 16:04:03.653 D/VRCORE ( 2113): TID:2449 ./DeviceProxy.cc:54: Enter PollNextCommand
10-11 16:04:03.653 D/VRCORE ( 2179): TID:2179 ./VRSystemStub.cc:620: Leave SetParameters
10-11 16:04:03.653 I/SVRI ( 2179): AP go pause ResetTrackerInfo!
10-11 16:04:03.654 I/VRCORE_Server( 2113): SendEventToDriver target device :0
10-11 16:04:03.654 I/VRCORE_Server( 2113): SendEventToClient:devId=0, eventId =30101
10-11 16:04:03.654 I/VRCORE_Server( 2113): call onMessage event: 30101, device: 0
10-11 16:04:03.655 I/VRCORE ( 2179): OnReceiveEvent: event.eventType=30101
10-11 16:04:03.655 I/ViveportM( 2179): AppUtility.UpdateLocalAppList.407: Start
10-11 16:04:03.656 I/VRCORE ( 2179): OnReceiveCoreEvent: eventType = 30101, inputId = 0, device_index = 0, devType = 1, interaction_mode = 0, gaze_trigger = 0
10-11 16:04:03.657 D/VRAssistHelper( 2113): Send VREvent to VRAssist service, event Type: 30101
10-11 16:04:03.657 I/VRCORE_Server( 2113): device is not null in GetDisplayConfigure(), using DisplayConfigure of device
10-11 16:04:03.657 D/VRCORE_Server( 2113): TID:2928 setupDisplayConfigure(145) has external screen: false
10-11 16:04:03.657 D/VRCORE_Server( 2113): TID:2928 setupDisplayConfigure(180) initial screenOrientation config using default
10-11 16:04:03.658 D/VRCORE_Server( 2113): model number: N/A
10-11 16:04:03.659 D/VROEM EnvironmentChecker( 2071): event: 30101 device Id: 0 device type: 1 tracker type: 0
10-11 16:04:03.659 D/VRNotificationService( 2071): onEvent()
10-11 16:04:03.659 D/WVRDeviceEvent( 2071): DispatchEventToListeners devId: 0 evt: 30101 deviceType: 1 data: 0
10-11 16:04:03.659 D/MiaCDeviceEventDetector( 2071): onBoundaryChanged(true) start...
10-11 16:04:03.659 D/WVR_Foveated( 2179): Foveated rendering is not supported.
10-11 16:04:03.660 D/VRCORE ( 2179): byte size:11
10-11 16:04:03.662 I/VRCORE_Server( 2113): SendEventToDriver target device :0
10-11 16:04:03.662 I/VRCORE_Server( 2113): SendEventToClient:devId=0, eventId =30103
10-11 16:04:03.662 I/VRCORE_Server( 2113): call onMessage event: 30103, device: 0
10-11 16:04:03.663 I/VRCORE ( 2179): OnReceiveEvent: event.eventType=30103
10-11 16:04:03.663 D/VRAssistHelper( 2113): Send VREvent to VRAssist service, event Type: 30103
10-11 16:04:03.663 I/VRCORE_Server( 2113): device is not null in GetDisplayConfigure(), using DisplayConfigure of device
10-11 16:04:03.663 I/VRCORE ( 2179): OnReceiveCoreEvent: eventType = 30103, inputId = 0, device_index = 0, devType = 1, interaction_mode = 0, gaze_trigger = 0
10-11 16:04:03.663 D/VRCORE_Server( 2113): TID:3027 setupDisplayConfigure(145) has external screen: false
10-11 16:04:03.663 D/VRCORE_Server( 2113): TID:3027 setupDisplayConfigure(180) initial screenOrientation config using default
10-11 16:04:03.664 D/VRCORE ( 2179): byte size:11
10-11 16:04:03.664 D/VRCORE_Server( 2113): model number: N/A
10-11 16:04:03.665 D/VROEM EnvironmentChecker( 2071): event: 30103 device Id: 0 device type: 1 tracker type: 0
10-11 16:04:03.665 D/VRNotificationService( 2071): onEvent()
10-11 16:04:03.665 D/WVRDeviceEvent( 2071): DispatchEventToListeners devId: 0 evt: 30103 deviceType: 1 data: 0
10-11 16:04:03.665 D/MiaCDeviceEventDetector( 2071): onLoadingChanged(false) start...
10-11 16:04:03.666 W/LauncherUtil( 2179): ++ getInstalledAllApps:com.htc.vrbi.mvrcrashreportlib.CrashHandleApplication@7150470, includeUserApp= true
10-11 16:04:03.666 D/VRConfigServiceConnector( 2179): onVRActivityPause
10-11 16:04:03.666 D/VRMiracastConnector( 2179): onVROverlayPause
10-11 16:04:03.670 W/VRVrModeService( 2179): Failed to set VR mode: This platform don't support android vr
10-11 16:04:03.670 W/VRSystemRecordService( 2179): Invalid OEM binder
10-11 16:04:03.670 E/mm-camera( 836): 2232: aec_process_calc_current_hist_metered_luma: error: out of range, exit
10-11 16:04:03.670 V/Svr_VRPlatform( 2179): onPause() end
10-11 16:04:03.671 I/VRCORE ( 2179): VRClientContext::SetActive: 0
10-11 16:04:03.671 I/VRClientCameraManager( 2179): onPause mBinderReady : true
10-11 16:04:03.671 I/VRClientCameraManager( 2179): getCameraDevice mCameraStarted(false), mIsResumed(false), mUserStarted(false)
10-11 16:04:03.671 W/VRClientCameraManager( 2179): getCameraDevice mCameraStarted(false), mIsResumed(false), mUserStarted(false)
10-11 16:04:03.671 D/VRCORE Decorator( 2179): VRActivityDecorator::onPause, call IVRService_api1 notifyClientFocusd
10-11 16:04:03.671 D/VRCORE VRService_api1( 2113): change focus to null
10-11 16:04:03.671 D/VRAssistHelper( 2113): notifyClientFocused
10-11 16:04:03.671 D/VRAssistHelper( 2113): before mOEMService.notifyClientFocused()
10-11 16:04:03.671 D/VROEM VROEMService_api1( 2071): (VROEMService_api1@3CAE0C5) notifyClientFocused: false
10-11 16:04:03.671 D/VROEM EnvironmentChecker( 2071): notifyClientFocused
10-11 16:04:03.671 D/VRAssistHelper( 2113): after mOEMService.notifyClientFocused()
10-11 16:04:03.671 D/VRAudioManager( 2179): onPause
10-11 16:04:03.671 I/VRCORE_VR( 2179): onPause() end
10-11 16:04:03.672 I/VRCORE_VRActivity( 2179): onPause() end
10-11 16:04:03.672 D/WVRUnityActivity( 2179): Call UnityPlayer Pause +++
10-11 16:04:03.676 W/SVRI ( 2179): GetPoseState: AP paused, return invalid pose (tm=3)
10-11 16:04:03.676 I/OverlayManager( 2179): setHMDLoseTracking mIsHMDLoseTracking = 1, mDrawLoading = 0, mNotifyOverlayResumeLater = 0
10-11 16:04:03.676 I/WVR_WaveVR( 2179): UpdateEachFrame() device HMD pose is invalid.
10-11 16:04:03.676 D/WaveVR_PoseTrackerManager( 2179): onDeviceConnected() Dominant is disconnected.
10-11 16:04:03.676 D/WaveVR_ControllerInstanceManager( 2179): onDeviceConnected() device WVR_DeviceType_HMD is disconnected., left-handed? False
10-11 16:04:03.676 D/WaveVR_ControllerLoader( 2179): Hand: Dominant, onDeviceConnected() device WVR_DeviceType_HMD is disconnected.
10-11 16:04:03.676 D/WaveVR_ControllerLoader( 2179): Hand: Non_Dominant, onDeviceConnected() device WVR_DeviceType_HMD is disconnected.
10-11 16:04:03.676 I/WVRFoveat( 2179): FovText: eye 0 s 0 id 74 0 mode 2 1 enable 1 0 support 0
10-11 16:04:03.678 W/LauncherUtil( 2179): 2 getInstalledApplications:94
10-11 16:04:03.680 I/WVRFoveat( 2179): FovText: eye 1 s 0 id 77 0 mode 2 1 enable 1 0 support 0
10-11 16:04:03.681 D/WVR_Render( 2179): Pause(True)
10-11 16:04:03.681 D/WaveVRUPN( 2179): nativeProcessEngineEvent T 1 E A00F +
10-11 16:04:03.681 D/WaveVRUPN( 2179): nativeProcessEngineEvent T 1 E A00F -
10-11 16:04:03.686 I/OverlayManager( 2179): drawBlockScreen mIsHMDLoseTracking changed = 1
10-11 16:04:03.690 D/WaveVRUPN( 2179): nativeProcessEngineEvent T 2 E A00F +
10-11 16:04:03.690 I/SVRInternal( 2179): PauseATW +
10-11 16:04:03.690 I/SVRMain ( 2179): UnityPauseVRLock ++
10-11 16:04:03.690 I/VRWatchDog( 2179): pause
10-11 16:04:03.690 I/svr ( 2179): [MonitorHUD] PauseMonitorState++
10-11 16:04:03.698 E/mm-camera( 836): 2232: aec_process_calc_current_hist_metered_luma: error: out of range, exit
10-11 16:04:03.720 D/MonitorHUD( 2179): STATE debug prop result:
10-11 16:04:03.720 D/MonitorHUD( 2179): Check loop has not been inited.
10-11 16:04:03.720 I/svr ( 2179): [MonitorHUD] PauseMonitorState--
10-11 16:04:03.720 I/SVRMain ( 2179): End other render ++
10-11 16:04:03.720 I/SVRMain ( 2179): End overlay render ++
10-11 16:04:03.725 I/VROverlayRenderer( 2179): ~VROverlayRenderer
10-11 16:04:03.725 I/VRActivityEventManager( 2179): notifyTriggerClientPause call triggerClientPauseMethod
10-11 16:04:03.725 D/VRPlatform( 2179): triggerClientPause()
10-11 16:04:03.725 D/VROverlaySMD( 2179): onVROverlayPause()
10-11 16:04:03.726 D/VROverlaySMD( 2179): releaseGaze()
10-11 16:04:03.726 D/LauncherUtil( 2179): writeToJson: android.app.ApplicationPackageManager@ff8bc95 / cache sz =0
10-11 16:04:03.726 D/OverlaySurfaces( 2179): remove() done mOverlaySurfaces.size() = 0
10-11 16:04:03.727 D/CustomizeHandler( 2179): quit() isMainThreadLooper = false Thread name = Overlay EGL Thread
10-11 16:04:03.728 D/CustomizeHandler( 2179): quit() This thread has EGLContext, destroy it.
10-11 16:04:03.730 E/mm-camera( 836): 2232: aec_process_calc_current_hist_metered_luma: error: out of range, exit
10-11 16:04:03.733 D/CustomizeHandler( 2179): quit() destroy done.
10-11 16:04:03.733 D/CustomizeHandler( 2179): quit() run quitSafely()
10-11 16:04:03.734 D/VROverlayServiceManager( 2113): onVROverlayPause()
10-11 16:04:03.734 I/VRPerformanceManager( 2179): processPause
10-11 16:04:03.734 I/VROverlayRenderer( 2179): ~VROverlayRenderer ReleaseOverlayManager
10-11 16:04:03.734 I/OverlayManager( 2179): ~OverlayManager() Begin
10-11 16:04:03.735 I/OverlayManager( 2179): ~OverlayManager OverlayManagerOnDestroy
10-11 16:04:03.735 I/ControllerObj( 2179): Ctrller(2): Release condition variable at ~OverlayManager().
10-11 16:04:03.735 I/ControllerObj( 2179): Ctrller(3): Release condition variable at ~OverlayManager().
10-11 16:04:03.735 I/OverlayManager( 2179): ~OverlayManager ThreadLoadModelFunc joined
10-11 16:04:03.735 I/OverlayManager( 2179): OverlayManagerOnDestroy() Begin
10-11 16:04:03.735 I/OverlayManager( 2179): OverlayManagerOnDestroy() End
10-11 16:04:03.735 D/VROverlayService( 2179): onVROverlayPause()
10-11 16:04:03.735 D/VROverlayService( 2071): onVROverlayPause()
10-11 16:04:03.735 D/VROverlayService( 2527): onVROverlayPause()
10-11 16:04:03.735 D/VROverlayService( 2426): onVROverlayPause()
10-11 16:04:03.736 I/[[vrscanner]]ScannerService( 2426): onVROverlayPause() start...
10-11 16:04:03.736 D/IMEService( 2527): onVROverlayPause() start...
10-11 16:04:03.736 D/VROverlayService( 2527): onVROverlayPause() mServiceName = com.htc.svr.inputmethod.InputDemoService
10-11 16:04:03.736 D/VROverlayService( 2071): onVROverlayPause() mServiceName = vive.wave.vr.oem.mtp.VRMTPService
10-11 16:04:03.736 D/VROverlay( 2071): onVROverlayPause set overlayId = -1
10-11 16:04:03.736 D/VRSystemDialogOverlay( 2071): onVROverlayPause() mService.mServiceName = vive.wave.vr.oem.mtp.VRMTPService
10-11 16:04:03.736 D/VROverlayServiceManager( 2113): onVROverlayPause() End
10-11 16:04:03.736 D/VROverlay( 2071): removeOverlayView() mService.mServiceName = vive.wave.vr.oem.mtp.VRMTPService
10-11 16:04:03.736 D/MTPService( 2071): onVROverlayPause()
10-11 16:04:03.737 D/VROverlay( 2527): onVROverlayPause set overlayId = -1
10-11 16:04:03.737 D/VRSystemDialogOverlay( 2527): onVROverlayPause() mService.mServiceName = com.htc.svr.inputmethod.InputDemoService
10-11 16:04:03.737 D/VROverlayService( 2071): onVROverlayPause()
10-11 16:04:03.737 D/VROverlay( 2527): removeOverlayView() mService.mServiceName = com.htc.svr.inputmethod.InputDemoService
10-11 16:04:03.737 D/WVRNotificationOverlayService( 2071): onVROverlayPause() start...
10-11 16:04:03.737 D/VROverlayService( 2071): onVROverlayPause() mServiceName = vive.wave.vr.oem.notification.WVRNotificationOverlayService
10-11 16:04:03.737 D/VROverlay( 2071): onVROverlayPause set overlayId = -1
10-11 16:04:03.737 D/VRCustomizeOverlay( 2071): onVROverlayPause() mService.mServiceName = vive.wave.vr.oem.notification.WVRNotificationOverlayService
10-11 16:04:03.737 D/VROverlay( 2071): removeOverlayView() mService.mServiceName = vive.wave.vr.oem.notification.WVRNotificationOverlayService
10-11 16:04:03.737 I/OverlayManager( 2179): ~OverlayManager mEventDispatcher Quit
10-11 16:04:03.737 D/IMEService( 2527): hideKeyboard() start..
10-11 16:04:03.737 I/ipdmonitor( 2388): ipd = 659
10-11 16:04:03.738 D/WVRNotificationOverlayService( 2071): getCurrentIntFilter() ret = 4
10-11 16:04:03.738 I/OverlayManager( 2179): ~OverlayManager mOverlayGenerator quit
10-11 16:04:03.738 I/OverlayGenerator( 2179): handleQuit removing textureId = 124
10-11 16:04:03.738 I/OverlayGenerator( 2179): handleQuit removing textureId = 131
10-11 16:04:03.740 I/OverlayGenerator( 2179): handleQuit removing textureId = 211
10-11 16:04:03.744 I/OverlayGenerator( 2179): handleQuit removing textureId = 219
10-11 16:04:03.745 I/OverlayGenerator( 2179): handleQuit removing textureId = 303
10-11 16:04:03.757 W/SystemReader( 1447): Cannot find sku_id, use default value instead
10-11 16:04:03.757 D/SettingsProvider:HtcCustomReader( 1447): getCustomerAcc(): HTCCN_CHS
10-11 16:04:03.757 W/LauncherUtil( 2179): -- getInstalledAllApps:13
10-11 16:04:03.757 W/SystemReader( 1447): Cannot find sku_id, use default value instead
10-11 16:04:03.757 D/SettingsProvider:HtcCustomReader( 1447): getCustomerAcc(): HTCCN_CHS
10-11 16:04:03.758 W/SystemReader( 1447): Cannot find sku_id, use default value instead
10-11 16:04:03.758 D/SettingsProvider:HtcCustomReader( 1447): getCustomerAcc(): HTCCN_CHS
10-11 16:04:03.758 W/SystemReader( 1447): Cannot find sku_id, use default value instead
10-11 16:04:03.758 D/SettingsProvider:HtcCustomReader( 1447): getCustomerAcc(): HTCCN_CHS
10-11 16:04:03.758 W/SystemReader( 1447): Cannot find sku_id, use default value instead
10-11 16:04:03.758 D/SettingsProvider:HtcCustomReader( 1447): getCustomerAcc(): HTCCN_CHS
10-11 16:04:03.759 W/SystemReader( 1447): Cannot find sku_id, use default value instead
10-11 16:04:03.759 D/SettingsProvider:HtcCustomReader( 1447): getCustomerAcc(): HTCCN_CHS
10-11 16:04:03.759 V/AudioService( 1447): setRingerModeInt 0 to 2
10-11 16:04:03.759 D/AudioService( 1447): mAudioHandler sendMsg msg = 1 time = 154766 delay = 500 lastMsgTime = 0
10-11 16:04:03.759 D/AudioService( 1447): mute state = false
10-11 16:04:03.760 D/AudioService( 1447): mAudioHandler sendMsg msg = 10 time = 154266 delay = 0 lastMsgTime = 0
10-11 16:04:03.760 D/AudioService( 1447): applyAllVols stream: 7, device: speaker, index: 5
10-11 16:04:03.761 D/AudioService( 1447): mAudioHandler sendMsg msg = 1 time = 154767 delay = 500 lastMsgTime = 0
10-11 16:04:03.761 D/AudioService( 1447): mute state = false
10-11 16:04:03.761 D/AudioService( 1447): mAudioHandler sendMsg msg = 10 time = 154268 delay = 0 lastMsgTime = 0
10-11 16:04:03.761 D/AudioService( 1447): mAudioHandler sendMsg msg = 1 time = 154768 delay = 500 lastMsgTime = 0
10-11 16:04:03.761 D/AudioService( 1447): mute state = false
10-11 16:04:03.761 D/AudioService( 1447): mAudioHandler sendMsg msg = 10 time = 154268 delay = 0 lastMsgTime = 0
10-11 16:04:03.762 D/AudioService( 1447): mAudioHandler sendMsg msg = 1 time = 154768 delay = 500 lastMsgTime = 0
10-11 16:04:03.762 D/AudioService( 1447): mute state = false
10-11 16:04:03.762 D/AudioService( 1447): mAudioHandler sendMsg msg = 10 time = 154268 delay = 0 lastMsgTime = 0
10-11 16:04:03.762 D/AudioService( 1447): applyAllVols stream: 5, device: speaker, index: 5
10-11 16:04:03.762 D/AudioService( 1447): mRingerModeExtremedStreams: 0
10-11 16:04:03.762 D/AudioService( 1447): mRingerModeMutedStreams: 0
10-11 16:04:03.762 D/AudioService( 1447): mAudioHandler sendMsg msg = 3 time = 154769 delay = 500 lastMsgTime = 0
10-11 16:04:03.762 D/AudioService( 1447): applyAllVols stream: 2, device: speaker, index: 5
10-11 16:04:03.764 E/mm-camera( 836): 2232: aec_process_calc_current_hist_metered_luma: error: out of range, exit
10-11 16:04:03.764 I/OverlayManager( 2179): deleteOverlay overlay = 0x9ccfc780
10-11 16:04:03.764 I/OverlayManager( 2179): deleteOverlay overlay = 0x9ccfc900
10-11 16:04:03.765 I/vol.Events( 1657): writeEvent mute_changed STREAM_RING false
10-11 16:04:03.765 I/OverlayManager( 2179): deleteOverlay overlay = 0xb5221d80
10-11 16:04:03.765 I/OverlayManager( 2179): deleteOverlay overlay = 0xb5221f00
10-11 16:04:03.765 I/OverlayManager( 2179): deleteOverlay overlay = 0xbb69f700
10-11 16:04:03.765 I/OverlayManager( 2179): deleteOverlay overlay = 0xbb69f880
10-11 16:04:03.765 I/OverlayManager( 2179): deleteOverlay overlay = 0xbe0a9200
10-11 16:04:03.765 I/OverlayManager( 2179): deleteOverlay overlay = 0xde629780
10-11 16:04:03.765 I/ControllerObj( 2179): Ctrller(2): Release gl comp at ~ControllerObj!!!
10-11 16:04:03.765 I/ObjectLoader( 2179): Release mesh[_[CM]_BeamOrigin]
10-11 16:04:03.765 I/ObjectLoader( 2179): Release mesh[_[CM]_HomeButton]
10-11 16:04:03.765 I/ObjectLoader( 2179): Release mesh[_[CM]_App]
10-11 16:04:03.765 I/ObjectLoader( 2179): Release mesh[_[CM]_TouchPad]
10-11 16:04:03.765 I/ObjectLoader( 2179): Release mesh[_[CM]_TouchPad_Touch]
10-11 16:04:03.765 I/ObjectLoader( 2179): Release mesh[_[CM]_VolumeKey]
10-11 16:04:03.765 I/ObjectLoader( 2179): Release mesh[_[CM]_Body]
10-11 16:04:03.765 I/ObjectLoader( 2179): Release mesh[_[CM]_DigitalTriggerKey]
10-11 16:04:03.765 I/ObjectLoader( 2179): Release mesh[_[CM]_Battery]
10-11 16:04:03.765 I/ObjectLoader( 2179): release resource !!!
10-11 16:04:03.765 I/ControllerObj( 2179): Ctrller(3): Release gl comp at ~ControllerObj!!!
10-11 16:04:03.765 I/ObjectLoader( 2179): release resource !!!
10-11 16:04:03.765 I/vol.Events( 1657): writeEvent mute_changed STREAM_SYSTEM false
10-11 16:04:03.766 I/vol.Events( 1657): writeEvent internal_ringer_mode_changed normal
10-11 16:04:03.766 I/OverlayManager( 2179): ~OverlayManager mNumManager quit
10-11 16:04:03.766 I/OverlayManager( 2179): ~OverlayManager() End
10-11 16:04:03.769 I/VROverlayRenderer( 2179): ~VROverlayRenderer End
10-11 16:04:03.769 I/SVRMain ( 2179): End overlay render --
10-11 16:04:03.769 I/SVRMain ( 2179): End recorder render ++
10-11 16:04:03.769 I/SVRMain ( 2179): End recorder render --
10-11 16:04:03.769 I/SVRMain ( 2179): End other render --
10-11 16:04:03.769 I/SVRMain ( 2179): stop controller ++
10-11 16:04:03.769 I/SVRMain ( 2179): stop controller --
10-11 16:04:03.769 I/VRCORE ( 2179): notify applciation state 0
10-11 16:04:03.769 I/VRCORE ( 2179): SvrVRCamera::StopCamera(550), mCameraValid(0), sRunning(false)
10-11 16:04:03.769 I/svr ( 2179): svrEndVr
10-11 16:04:03.769 I/svr ( 2179): Stopping Timewarp...
10-11 16:04:03.769 I/svr ( 2179): svrEndTimeWarp
10-11 16:04:03.769 D/AudioService( 1447): applyAllVols stream: 7, device: speaker, index: 5
10-11 16:04:03.772 D/AudioService( 1447): applyAllVols stream: 5, device: speaker, index: 5
10-11 16:04:03.772 D/AudioService( 1447): applyAllVols stream: 1, device: speaker, index: 5
10-11 16:04:03.773 D/AudioService( 1447): applyAllVols stream: 1, device: speaker, index: 5
10-11 16:04:03.775 I/svr ( 2179): Frame not displayed since not in VR mode
10-11 16:04:03.775 I/svr ( 2179): WarpThreadMain exit flag set
10-11 16:04:03.775 I/svr ( 2179): Cleaning up frame fences on WarpThread...
10-11 16:04:03.775 I/svr ( 2179): WarpThreadMain while loop exited
10-11 16:04:03.775 I/svr ( 2179): Clearing Display Buffer
10-11 16:04:03.776 I/vol.Events( 1657): writeEvent external_ringer_mode_changed normal
10-11 16:04:03.776 I/svr ( 2179): Destroying stencil assets...
10-11 16:04:03.777 I/VRScreenshot( 2179): onDestroy
10-11 16:04:03.786 I/vol.Events( 1657): writeEvent zen_mode_changed off
10-11 16:04:03.787 I/svr ( 2179): WarpThreadMain cleaned up. Exiting
10-11 16:04:03.787 I/svr ( 2179): Stopping Choreographer VSync Monitoring...
10-11 16:04:03.788 E/ThermalEngine( 804): No matching config instance is configured QVR_Rule_G
10-11 16:04:03.788 E/ThermalEngine( 804): No matching config instance is configured QVR_Rule_C
10-11 16:04:03.796 E/mm-camera( 836): 2232: aec_process_calc_current_hist_metered_luma: error: out of range, exit
10-11 16:04:03.808 I/PhoneStatusBar( 1657): updateEmptyShade(true,true)
10-11 16:04:03.808 I/StackScroller( 1657): setBlockTouch:false
10-11 16:04:03.815 D/SignalBarView( 1657): onMeasure() mLeft != null width =52 height =52
10-11 16:04:03.816 D/SignalBarView( 1657): onMeasure() mLeft != null width =52 height =52
10-11 16:04:03.817 D/SignalBarView( 1657): onMeasure() mLeft != null width =52 height =52
10-11 16:04:03.829 E/mm-camera( 836): 2232: aec_process_calc_current_hist_metered_luma: error: out of range, exit
10-11 16:04:03.862 E/mm-camera( 836): 2232: aec_process_calc_current_hist_metered_luma: error: out of range, exit
10-11 16:04:03.894 E/mm-camera( 836): 2232: aec_process_calc_current_hist_metered_luma: error: out of range, exit
10-11 16:04:03.929 E/mm-camera( 836): 2232: aec_process_calc_current_hist_metered_luma: error: out of range, exit
10-11 16:04:03.954 D/SVR_HMD ( 2388): SvrHmdDevice.java:onSensorChanged(281) SvrHmdDevice, onSensorChanged, sensor.getType() = 1, ACCELER: X = 1.1408539, Y = 9.585007, Z = 1.5804901
10-11 16:04:03.955 D/SVR_HMD ( 2388): SvrHmdDevice.java:onSensorChanged(273) SvrHmdDevice, onSensorChanged, sensor.getType() = 4, GYRO: AxisX = -0.001953125, AxisY = -0.008972168, AxisZ = -0.01927185
10-11 16:04:03.963 E/mm-camera( 836): 2232: aec_process_calc_current_hist_metered_luma: error: out of range, exit
10-11 16:04:03.995 E/mm-camera( 836): 2232: aec_process_calc_current_hist_metered_luma: error: out of range, exit
10-11 16:04:04.029 E/mm-camera( 836): 2232: aec_process_calc_current_hist_metered_luma: error: out of range, exit
10-11 16:04:04.061 E/mm-camera( 836): 2232: aec_process_calc_current_hist_metered_luma: error: out of range, exit
10-11 16:04:04.094 E/mm-camera( 836): 2232: aec_process_calc_current_hist_metered_luma: error: out of range, exit
10-11 16:04:04.119 W/ActivityManager( 1447): Activity pause timeout for ActivityRecord{d22c17a u0 com.htc.mobilevr.launcher/com.htc.vr.unity.WVRUnityVRActivity t274}
10-11 16:04:04.119 D/HtcSystemUPManager( 1447): HtcSystemUPolicy [isSecondSwitchOfUserProfilingEnabled] policy is null, turned on by default
10-11 16:04:04.128 E/mm-camera( 836): 2232: aec_process_calc_current_hist_metered_luma: error: out of range, exit
10-11 16:04:04.135 I/ActivityManager( 1447): Start proc 3043:com.cecececece.cecececece/u0a65 for activity com.cecececece.cecececece/com.htc.vr.unity.WVRUnityVRActivity
10-11 16:04:04.135 V/BoostFramework( 1447): BoostFramework() : mPerf = com.qualcomm.qti.Performance@d2d6bbf
10-11 16:04:04.137 W/HtcSystemUPManager( 1447): HtcSystemUPHandler The policy is disabled. AppId: activity_history, category: launch
10-11 16:04:04.137 V/NetworkPolicy( 1447): updateRuleForRestrictBackgroundUL(10065): isForeground=true, isBlacklisted=false, isWhitelisted=false, oldRule=0 (NONE), newRule=0 (NONE), newUidRules=0 (NONE), oldUidRules=0 (NONE)
10-11 16:04:04.137 V/NetworkPolicy( 1447): updateRulesForPowerRestrictionsUL(10065), isIdle: false, mRestrictPower: false, mDeviceIdleMode: false, isForeground=true, isWhitelisted=false, oldRule=0 (NONE), newRule=0 (NONE), newUidRules=0 (NONE), oldUidRules=0 (NONE)
10-11 16:04:04.138 I/QVRServicePerformance( 836): RTN: successfully stopped listener loop
10-11 16:04:04.138 I/svr ( 2179): Resetting CPU/GPU Performance Levels...
10-11 16:04:04.138 I/svr ( 2179): [VRPerformanceSVR] Attempting to set SetPerformanceLevels to (0, 0)
10-11 16:04:04.139 I/QVRServiceConnection( 836): SOL: hw_type = 1 ; perf_level = 0
10-11 16:04:04.139 I/QVRServiceConnection( 836): SOL: hw_type = 2 ; perf_level = 0
10-11 16:04:04.139 I/QVRService( 836): SOL: passed data to performance module with num_level=2
10-11 16:04:04.140 V/NetworkPolicy( 1447): updateRuleForRestrictBackgroundUL(10065): isForeground=false, isBlacklisted=false, isWhitelisted=false, oldRule=0 (NONE), newRule=0 (NONE), newUidRules=0 (NONE), oldUidRules=0 (NONE)
10-11 16:04:04.140 I/svr ( 2179): svrSetPerformanceLevels CPU Level : 0
10-11 16:04:04.140 I/svr ( 2179): svrSetPerformanceLevels GPU Level : 0
10-11 16:04:04.140 V/NetworkPolicy( 1447): updateRulesForPowerRestrictionsUL(10065), isIdle: false, mRestrictPower: false, mDeviceIdleMode: false, isForeground=false, isWhitelisted=false, oldRule=0 (NONE), newRule=0 (NONE), newUidRules=0 (NONE), oldUidRules=0 (NONE)
10-11 16:04:04.141 I/svr ( 2179): [VRPerformanceSVR] Set Render thread: 2600, cpu_mask: 11110000
10-11 16:04:04.141 I/svr ( 2179): Stopping eye tracking...
10-11 16:04:04.141 E/svr ( 2179): Error from QVRServiceClient_SetEyeTrackingMode (Off): QVR_API_NOT_SUPPORTED
10-11 16:04:04.141 I/svr ( 2179): Disconnecting from QVR Service...
10-11 16:04:04.141 E/QVRService( 836): VR Mode stopping
10-11 16:04:04.141 I/QVRServiceClientImpl( 2179): STATUS_STATE_CHANGED 2 3
10-11 16:04:04.146 E/QVRServiceTracker( 836): Ending Thread VRTrackerF
10-11 16:04:04.146 D//system/vendor/bin/qvrservice( 836): vendor/qcom/proprietary/adsprpc/src/fastrpc_apps_user.c:1074: Error 4b: adsp current process handle failed. domain 0
10-11 16:04:04.147 D//system/vendor/bin/qvrservice( 836): vendor/qcom/proprietary/adsprpc/src/fastrpc_apps_user.c:1074: Error 4b: adsp current process handle failed. domain 0
10-11 16:04:04.147 D//system/vendor/bin/qvrservice( 836): vendor/qcom/proprietary/adsprpc/src/fastrpc_apps_user.c:1074: Error 4b: adsp current process handle failed. domain 0
10-11 16:04:04.148 D//system/vendor/bin/qvrservice( 836): vendor/qcom/proprietary/adsprpc/src/fastrpc_apps_user.c:1074: Error 4b: adsp current process handle failed. domain 0
10-11 16:04:04.149 D//system/vendor/bin/qvrservice( 836): vendor/qcom/proprietary/adsprpc/src/fastrpc_apps_user.c:576: Error 864: remote handle invoke failed. domain 0, handle 1b10e0b0, sc b010100, pra 0xf233f6f8
10-11 16:04:04.149 D//system/vendor/bin/qvrservice( 836): vendor/qcom/proprietary/adsprpc/src/fastrpc_apps_user.c:576: Error ffffffff: remote handle invoke failed. domain 0, handle 1b10e0b0, sc b010100, pra 0xf233f6f8
10-11 16:04:04.149 E/QVRServiceTracker( 836): Error getting GetWarmStartInfo: ret=-1
10-11 16:04:04.157 E/QVRCamDeviceCtl( 836): camera controller is stopping camera 0
10-11 16:04:04.157 E/QVRServiceCameraDeviceMgr( 836): device manager is stopping camera 0
10-11 16:04:04.157 E/QVRServiceCamDevice( 836): Sending notification to client 0xf20e4800
10-11 16:04:04.165 E/mm-camera( 836): 2232: aec_process_calc_current_hist_metered_luma: error: out of range, exit
10-11 16:04:04.165 D/V2DS ( 1799): startViewerIfNeeded, mIsTop2d=false, mV2dController=null, isInteractive=true
10-11 16:04:04.165 V/NetworkPolicy( 1447): updateRuleForRestrictBackgroundUL(10065): isForeground=true, isBlacklisted=false, isWhitelisted=false, oldRule=0 (NONE), newRule=0 (NONE), newUidRules=0 (NONE), oldUidRules=0 (NONE)
10-11 16:04:04.166 V/NetworkPolicy( 1447): updateRulesForPowerRestrictionsUL(10065), isIdle: false, mRestrictPower: false, mDeviceIdleMode: false, isForeground=true, isWhitelisted=false, oldRule=0 (NONE), newRule=0 (NONE), newUidRules=0 (NONE), oldUidRules=0 (NONE)
10-11 16:04:04.172 I/TouchpadComponent( 2129): Invalid Swipe: Too many swipe points!
10-11 16:04:04.172 I/VRCORE ( 2179): OnReceiveEvent: event.eventType=203
10-11 16:04:04.172 I/VRCORE ( 2179): OnReceiveCoreEvent: eventType = 203, inputId = 16, device_index = 1, devType = 2, interaction_mode = 0, gaze_trigger = 0
10-11 16:04:04.173 D/VRCORE ( 2179): byte size:18
10-11 16:04:04.191 E/QVRServiceCamDeviceHAL3( 836): closing camera id 0
10-11 16:04:04.195 E/mm-camera( 836): 2232: aec_process_calc_current_hist_metered_luma: error: out of range, exit
10-11 16:04:04.198 E/mm-camera( 836): 712: iface_queue_buf_int: iface_queue_buf_int: queue buf to kernel failed, rc = -1
10-11 16:04:04.198 E/mm-camera( 836): 2003: iface_axi_divert_ack: iface_axi_divert_ack: isp_queue_buf error = -1
10-11 16:04:04.198 E/mm-camera( 836): 12364: iface_util_divert_ack: iface_util_divert_ack: VFE1 IFACE_AXI_ACTION_CODE_STREAM_DIVERT_ACK failed! rc = -1
