10-11 16:04:18.060 I/SVRI ( 3043): [Arena] GetArenaRange Rectangle(2.00, 2.00)
10-11 16:04:18.073 I/SVRI ( 3043): [Arena] GetArenaRange Rectangle(2.00, 2.00)
10-11 16:04:18.075 D/SVR_HMD ( 2388): SvrHmdDevice.java:onSensorChanged(273) SvrHmdDevice, onSensorChanged, sensor.getType() = 4, GYRO: AxisX = -0.013137817, AxisY = -0.010040283, AxisZ = -9.1552734E-5
10-11 16:04:18.077 D/SVR_HMD ( 2388): SvrHmdDevice.java:onSensorChanged(281) SvrHmdDevice, onSensorChanged, sensor.getType() = 1, ACCELER: X = 4.489609, Y = 8.379974, Z = 1.9888611
10-11 16:04:18.086 I/SVRI ( 3043): [Arena] GetArenaRange Rectangle(2.00, 2.00)
10-11 16:04:18.100 I/SVRI ( 3043): [Arena] GetArenaRange Rectangle(2.00, 2.00)
10-11 16:04:18.113 I/SVRI ( 3043): [Arena] GetArenaRange Rectangle(2.00, 2.00)
10-11 16:04:18.126 I/SVRI ( 3043): [Arena] GetArenaRange Rectangle(2.00, 2.00)
10-11 16:04:18.140 I/SVRI ( 3043): [Arena] GetArenaRange Rectangle(2.00, 2.00)
10-11 16:04:18.153 I/SVRI ( 3043): [Arena] GetArenaRange Rectangle(2.00, 2.00)
10-11 16:04:18.167 I/SVRI ( 3043): [Arena] GetArenaRange Rectangle(2.00, 2.00)
10-11 16:04:18.180 I/SVRI ( 3043): [Arena] GetArenaRange Rectangle(2.00, 2.00)
10-11 16:04:18.193 I/SVRI ( 3043): [Arena] GetArenaRange Rectangle(2.00, 2.00)
10-11 16:04:18.207 I/SVRI ( 3043): [Arena] GetArenaRange Rectangle(2.00, 2.00)
10-11 16:04:18.220 I/SVRI ( 3043): [Arena] GetArenaRange Rectangle(2.00, 2.00)
10-11 16:04:18.233 I/SVRI ( 3043): [Arena] GetArenaRange Rectangle(2.00, 2.00)
10-11 16:04:18.247 I/OverlayManager( 3043): isPassThroughShowing show = 0
10-11 16:04:18.247 I/SVRI ( 3043): [Arena] GetArenaRange Rectangle(2.00, 2.00)
10-11 16:04:18.254 I/[vrbledevice]Finch3DofController[0]( 2129): updatePose: timeStamp(168759088424), Euler:[-134.71481,3.81699,177.82855] Quat:[0.03802,0.38412,-0.00466,0.92249] Acc:[0.04666,0.08195,1.21130] Gyro:[-0.00026,-0.00805,-0.00752]
10-11 16:04:18.260 I/SVRI ( 3043): [Arena] GetArenaRange Rectangle(2.00, 2.00)
10-11 16:04:18.274 I/SVRI ( 3043): [Arena] GetArenaRange Rectangle(2.00, 2.00)
10-11 16:04:18.287 I/SVRI ( 3043): [Arena] GetArenaRange Rectangle(2.00, 2.00)
10-11 16:04:18.300 I/SVRI ( 3043): [Arena] GetArenaRange Rectangle(2.00, 2.00)
10-11 16:04:18.314 I/SVRI ( 3043): [Arena] GetArenaRange Rectangle(2.00, 2.00)
10-11 16:04:18.327 I/SVRI ( 3043): [Arena] GetArenaRange Rectangle(2.00, 2.00)
10-11 16:04:18.341 I/SVRI ( 3043): [Arena] GetArenaRange Rectangle(2.00, 2.00)
10-11 16:04:18.354 I/SVRI ( 3043): [Arena] GetArenaRange Rectangle(2.00, 2.00)
10-11 16:04:18.366 I/POSE ( 3043): GetSyncPose pose_hmd_1 VALID(oemValid(1),isFocus(0)) Origin(0) 6DoF; Arena[1]_Trig(0)_Out(0)_OutLevel(0.0000); XYZ(-0.0499, 0.0006, 0.0009), EulerYPR(-40.90, -15.13, 27.00), Wxyz(0.8924, -0.2008, -0.3656, 0.1721); LVel(-0.0018, 0.0015, -0.0027), AngV(0.0068, 0.0080, -0.0111); PoseTime=168868479418, predict time=15.959ms(p0,r0), pose latency(I)=0.000
10-11 16:04:18.366 I/POSE ( 3043): GetSyncPose pose_clr_2 VALID(oemValid(1),isFocus(0)) Origin(0) 3DoF; Arena[1]_Trig(0)_Out(0)_OutLevel(0.0000); XYZ(0.0386, -0.6732, 0.0130), EulerYPR(-114.77, 177.83, 3.82), Wxyz(0.0383, 0.5381, 0.0021, 0.8420); LVel(0.0000, 0.0000, 0.0000), AngV(0.0276, 0.0290, -0.0011); PoseTime=168864109215, predict time=0.000ms(p0,r0), pose latency(I)=0.000
10-11 16:04:18.368 I/SVRI ( 3043): [Arena] GetArenaRange Rectangle(2.00, 2.00)
10-11 16:04:18.381 I/SVRI ( 3043): [Arena] GetArenaRange Rectangle(2.00, 2.00)
10-11 16:04:18.394 I/SVRI ( 3043): [Arena] GetArenaRange Rectangle(2.00, 2.00)
10-11 16:04:18.408 I/SVRI ( 3043): [Arena] GetArenaRange Rectangle(2.00, 2.00)
10-11 16:04:18.421 I/SVRI ( 3043): [Arena] GetArenaRange Rectangle(2.00, 2.00)
10-11 16:04:18.434 I/SVRI ( 3043): [Arena] GetArenaRange Rectangle(2.00, 2.00)
10-11 16:04:18.446 I/WVRFoveat( 3043): FovText: eye 0 s 0 id 36 1 mode 2 1 enable 1 0 support 0
10-11 16:04:18.448 I/SVRI ( 3043): [Arena] GetArenaRange Rectangle(2.00, 2.00)
10-11 16:04:18.461 I/SVRI ( 3043): [Arena] GetArenaRange Rectangle(2.00, 2.00)
10-11 16:04:18.474 I/SVRI ( 3043): [Arena] GetArenaRange Rectangle(2.00, 2.00)
10-11 16:04:18.488 I/SVRI ( 3043): [Arena] GetArenaRange Rectangle(2.00, 2.00)
10-11 16:04:18.501 I/SVRI ( 3043): [Arena] GetArenaRange Rectangle(2.00, 2.00)
10-11 16:04:18.515 I/SVRI ( 3043): [Arena] GetArenaRange Rectangle(2.00, 2.00)
10-11 16:04:18.528 I/SVRI ( 3043): [Arena] GetArenaRange Rectangle(2.00, 2.00)
10-11 16:04:18.541 I/SVRI ( 3043): [Arena] GetArenaRange Rectangle(2.00, 2.00)
10-11 16:04:18.555 I/SVRI ( 3043): [Arena] GetArenaRange Rectangle(2.00, 2.00)
10-11 16:04:18.568 I/SVRI ( 3043): [Arena] GetArenaRange Rectangle(2.00, 2.00)
10-11 16:04:18.572 D/SVR_HMD ( 2388): SvrHmdDevice.java:onSensorChanged(281) SvrHmdDevice, onSensorChanged, sensor.getType() = 1, ACCELER: X = 4.5801086, Y = 8.505081, Z = 1.966156
10-11 16:04:18.572 D/SVR_HMD ( 2388): SvrHmdDevice.java:onSensorChanged(273) SvrHmdDevice, onSensorChanged, sensor.getType() = 4, GYRO: AxisX = 0.012435913, AxisY = -0.004180908, AxisZ = 0.014297485
10-11 16:04:18.581 I/SVRI ( 3043): [Arena] GetArenaRange Rectangle(2.00, 2.00)
10-11 16:04:18.595 I/SVRI ( 3043): [Arena] GetArenaRange Rectangle(2.00, 2.00)
10-11 16:04:18.595 I/svr ( 3043): FPS: 74.78
10-11 16:04:18.607 I/SVRI ( 3043): GetPoseState svr_hmd_1 tm3(3) Quality Pose/Camera/Sensor 1.00 1.00 1.00 ; lost 0 ; TS169109141033
10-11 16:04:18.608 I/SVRI ( 3043): [Arena] GetArenaRange Rectangle(2.00, 2.00)
10-11 16:04:18.620 I/SVRI ( 3043): GetPoseState svr_hmd_1 tm3(3) Quality Pose/Camera/Sensor 1.00 1.00 1.00 ; lost 0 ; TS169122141554
10-11 16:04:18.620 I/ArmModel( 3043): Dev(0)LHOVHMDPos : (-0.050092,0.000841,-0.001248)
10-11 16:04:18.620 D/ArmModel( 3043): ArmModel getArmedPose(2) 1, 1
10-11 16:04:18.620 D/ArmModel( 3043): Dev(2)ctrllerXYRotationRadio : 0.627363 elbowCurveLerpValue = 0.575473
10-11 16:04:18.620 D/ArmModel( 3043): Dev(2)quatCtrllerXYRot : (-0.034516,-0.832811,0.000000,0.552480)
10-11 16:04:18.620 D/ArmModel( 3043): Dev(2)quatCtrllerXYLerpRot : (-0.022471,-0.542190,0.000000,0.839955)
10-11 16:04:18.620 D/ArmModel( 3043): Dev(2)elbowOffset : (0.082599,-0.679123,-0.143535)
10-11 16:04:18.620 D/ArmModel( 3043): Dev(2)wristOffset : (0.084392,-0.674566,0.006385)
10-11 16:04:18.620 D/ArmModel( 3043): Dev(2)ctrllerOffset : (0.038381,-0.672659,-0.013092)
10-11 16:04:18.620 D/ArmModel( 3043): Dev(2)finalCtrlPos : (0.038381,-0.672659,0.013092)
10-11 16:04:18.622 I/SVRI ( 3043): [Arena] GetArenaRange Rectangle(2.00, 2.00)
10-11 16:04:18.635 I/SVRI ( 3043): [Arena] GetArenaRange Rectangle(2.00, 2.00)
10-11 16:04:18.648 I/OverlayManager( 3043): isPassThroughShowing show = 0
10-11 16:04:18.648 I/SVRI ( 3043): [Arena] GetArenaRange Rectangle(2.00, 2.00)
10-11 16:04:18.661 I/SVRI ( 3043): [Arena] GetArenaRange Rectangle(2.00, 2.00)
10-11 16:04:18.675 I/SVRI ( 3043): [Arena] GetArenaRange Rectangle(2.00, 2.00)
10-11 16:04:18.689 I/SVRI ( 3043): [Arena] GetArenaRange Rectangle(2.00, 2.00)
10-11 16:04:18.702 I/SVRI ( 3043): [Arena] GetArenaRange Rectangle(2.00, 2.00)
10-11 16:04:18.715 I/SVRI ( 3043): [Arena] GetArenaRange Rectangle(2.00, 2.00)
10-11 16:04:18.728 I/SVRI ( 3043): [Arena] GetArenaRange Rectangle(2.00, 2.00)
10-11 16:04:18.740 I/SVRI ( 3043): checkSteady 2 stops
10-11 16:04:18.740 W/ArmModel( 3043): setHandSteady LOCKED
10-11 16:04:18.742 I/SVRI ( 3043): [Arena] GetArenaRange Rectangle(2.00, 2.00)
10-11 16:04:18.755 I/ipdmonitor( 2388): ipd = 659
10-11 16:04:18.755 I/SVRI ( 3043): [Arena] GetArenaRange Rectangle(2.00, 2.00)
10-11 16:04:18.768 I/SVRI ( 3043): [Arena] GetArenaRange Rectangle(2.00, 2.00)
10-11 16:04:18.782 I/SVRI ( 3043): [Arena] GetArenaRange Rectangle(2.00, 2.00)
10-11 16:04:18.795 I/SVRI ( 3043): [Arena] GetArenaRange Rectangle(2.00, 2.00)
10-11 16:04:18.808 I/SVRI ( 3043): [Arena] GetArenaRange Rectangle(2.00, 2.00)
10-11 16:04:18.822 I/SVRI ( 3043): [Arena] GetArenaRange Rectangle(2.00, 2.00)
10-11 16:04:18.835 I/SVRI ( 3043): [Arena] GetArenaRange Rectangle(2.00, 2.00)
10-11 16:04:18.849 I/SVRI ( 3043): [Arena] GetArenaRange Rectangle(2.00, 2.00)
10-11 16:04:18.862 I/SVRI ( 3043): [Arena] GetArenaRange Rectangle(2.00, 2.00)
10-11 16:04:18.875 I/SVRI ( 3043): [Arena] GetArenaRange Rectangle(2.00, 2.00)
10-11 16:04:18.889 I/SVRI ( 3043): [Arena] GetArenaRange Rectangle(2.00, 2.00)
10-11 16:04:18.902 I/SVRI ( 3043): [Arena] GetArenaRange Rectangle(2.00, 2.00)
10-11 16:04:18.914 I/POSE ( 3043): GetSyncPose pose_hmd_1 VALID(oemValid(1),isFocus(0)) Origin(0) 6DoF; Arena[1]_Trig(0)_Out(0)_OutLevel(0.0000); XYZ(-0.0490, 0.0015, 0.0009), EulerYPR(-40.45, -15.62, 26.54), Wxyz(0.8940, -0.2027, -0.3626, 0.1676); LVel(0.0080, 0.0010, -0.0026), AngV(-0.0130, 0.0543, -0.0290); PoseTime=169416727752, predict time=16.116ms(p0,r0), pose latency(I)=0.000
10-11 16:04:18.914 I/POSE ( 3043): GetSyncPose pose_clr_2 VALID(oemValid(1),isFocus(0)) Origin(0) 3DoF; Arena[1]_Trig(0)_Out(0)_OutLevel(0.0000); XYZ(0.0388, -0.6729, 0.0128), EulerYPR(-114.77, 177.87, 3.71), Wxyz(0.0373, 0.5381, 0.0018, 0.8420); LVel(0.0000, 0.0000, 0.0000), AngV(-0.0162, 0.0662, -0.0036); PoseTime=169419365521, predict time=0.000ms(p0,r0), pose latency(I)=0.000
10-11 16:04:18.916 I/SVRI ( 3043): [Arena] GetArenaRange Rectangle(2.00, 2.00)
10-11 16:04:18.929 I/SVRI ( 3043): [Arena] GetArenaRange Rectangle(2.00, 2.00)
10-11 16:04:18.942 I/SVRI ( 3043): [Arena] GetArenaRange Rectangle(2.00, 2.00)
10-11 16:04:18.955 I/SVRI ( 3043): [Arena] GetArenaRange Rectangle(2.00, 2.00)
10-11 16:04:18.969 I/SVRI ( 3043): [Arena] GetArenaRange Rectangle(2.00, 2.00)
10-11 16:04:18.982 I/SVRI ( 3043): [Arena] GetArenaRange Rectangle(2.00, 2.00)
10-11 16:04:18.996 I/SVRI ( 3043): [Arena] GetArenaRange Rectangle(2.00, 2.00)
10-11 16:04:19.009 I/SVRI ( 3043): [Arena] GetArenaRange Rectangle(2.00, 2.00)
10-11 16:04:19.009 W/AudFlgTr( 813): track uid 10065 buf is zero
10-11 16:04:19.022 I/SVRI ( 3043): [Arena] GetArenaRange Rectangle(2.00, 2.00)
10-11 16:04:19.036 I/SVRI ( 3043): [Arena] GetArenaRange Rectangle(2.00, 2.00)
10-11 16:04:19.049 I/OverlayManager( 3043): isPassThroughShowing show = 0
10-11 16:04:19.049 I/SVRI ( 3043): [Arena] GetArenaRange Rectangle(2.00, 2.00)
10-11 16:04:19.062 I/SVRI ( 3043): [Arena] GetArenaRange Rectangle(2.00, 2.00)
10-11 16:04:19.070 D/SVR_HMD ( 2388): SvrHmdDevice.java:onSensorChanged(273) SvrHmdDevice, onSensorChanged, sensor.getType() = 4, GYRO: AxisX = -0.0040893555, AxisY = 0.30795288, AxisZ = -0.03312683
10-11 16:04:19.071 D/SVR_HMD ( 2388): SvrHmdDevice.java:onSensorChanged(281) SvrHmdDevice, onSensorChanged, sensor.getType() = 1, ACCELER: X = 4.3407745, Y = 8.393021, Z = 2.13768
10-11 16:04:19.076 I/SVRI ( 3043): [Arena] GetArenaRange Rectangle(2.00, 2.00)
10-11 16:04:19.089 I/SVRI ( 3043): [Arena] GetArenaRange Rectangle(2.00, 2.00)
10-11 16:04:19.102 I/SVRI ( 3043): [Arena] GetArenaRange Rectangle(2.00, 2.00)
10-11 16:04:19.116 I/SVRI ( 3043): [Arena] GetArenaRange Rectangle(2.00, 2.00)
10-11 16:04:19.129 I/SVRI ( 3043): [Arena] GetArenaRange Rectangle(2.00, 2.00)
10-11 16:04:19.143 I/SVRI ( 3043): [Arena] GetArenaRange Rectangle(2.00, 2.00)
10-11 16:04:19.156 I/SVRI ( 3043): [Arena] GetArenaRange Rectangle(2.00, 2.00)
10-11 16:04:19.168 I/SVRI ( 3043): GetPoseState svr_hmd_1 tm3(3) Quality Pose/Camera/Sensor 1.00 1.00 1.00 ; lost 0 ; TS169670450877
10-11 16:04:19.169 I/SVRI ( 3043): [Arena] GetArenaRange Rectangle(2.00, 2.00)
10-11 16:04:19.181 I/SVRI ( 3043): GetPoseState svr_hmd_1 tm3(3) Quality Pose/Camera/Sensor 1.00 1.00 1.00 ; lost 0 ; TS169683390304
10-11 16:04:19.181 I/ArmModel( 3043): Dev(0)LHOVHMDPos : (-0.044129,0.000428,0.004061)
10-11 16:04:19.181 D/ArmModel( 3043): ArmModel getArmedPose(2) 1, 1
10-11 16:04:19.181 D/ArmModel( 3043): Dev(0)LHOVHMDPos LOCKED : (-0.049771,0.001233,-0.001132)
10-11 16:04:19.181 D/ArmModel( 3043): Dev(2)ctrllerXYRotationRadio : 0.625844 elbowCurveLerpValue = 0.575169
10-11 16:04:19.181 D/ArmModel( 3043): Dev(2)quatCtrllerXYRot : (-0.034825,-0.831476,0.000000,0.554468)
10-11 16:04:19.181 D/ArmModel( 3043): Dev(2)quatCtrllerXYLerpRot : (-0.022647,-0.540713,0.000000,0.840902)
10-11 16:04:19.181 D/ArmModel( 3043): Dev(2)elbowOffset : (0.083132,-0.678480,-0.143129)
10-11 16:04:19.181 D/ArmModel( 3043): Dev(2)wristOffset : (0.084875,-0.673880,0.006791)
10-11 16:04:19.181 D/ArmModel( 3043): Dev(2)ctrllerOffset : (0.038773,-0.671949,-0.012466)
10-11 16:04:19.181 D/ArmModel( 3043): Dev(2)finalCtrlPos : (0.038773,-0.671949,0.012466)
10-11 16:04:19.183 I/SVRI ( 3043): [Arena] GetArenaRange Rectangle(2.00, 2.00)
10-11 16:04:19.196 I/SVRI ( 3043): [Arena] GetArenaRange Rectangle(2.00, 2.00)
10-11 16:04:19.209 I/SVRI ( 3043): [Arena] GetArenaRange Rectangle(2.00, 2.00)
10-11 16:04:19.223 I/SVRI ( 3043): [Arena] GetArenaRange Rectangle(2.00, 2.00)
10-11 16:04:19.236 I/SVRI ( 3043): [Arena] GetArenaRange Rectangle(2.00, 2.00)
10-11 16:04:19.250 I/SVRI ( 3043): [Arena] GetArenaRange Rectangle(2.00, 2.00)
10-11 16:04:19.251 I/[vrbledevice]Finch3DofController[0]( 2129): updatePose: timeStamp(169757329773), Euler:[-134.90199,3.54704,177.84558] Quat:[0.03578,0.38268,-0.00549,0.92317] Acc:[0.04487,0.07537,1.21668] Gyro:[-0.20689,-0.00777,0.06872]
10-11 16:04:19.263 I/SVRI ( 3043): [Arena] GetArenaRange Rectangle(2.00, 2.00)
10-11 16:04:19.275 I/SVRI ( 3043): checkSteady 2 moves at 70
10-11 16:04:19.276 I/SVRI ( 3043): [Arena] GetArenaRange Rectangle(2.00, 2.00)
10-11 16:04:19.289 I/SVRI ( 3043): [Arena] GetArenaRange Rectangle(2.00, 2.00)
10-11 16:04:19.302 I/SVRI ( 3043): [Arena] GetArenaRange Rectangle(2.00, 2.00)
10-11 16:04:19.316 I/SVRI ( 3043): [Arena] GetArenaRange Rectangle(2.00, 2.00)
10-11 16:04:19.329 I/SVRI ( 3043): [Arena] GetArenaRange Rectangle(2.00, 2.00)
10-11 16:04:19.343 I/SVRI ( 3043): [Arena] GetArenaRange Rectangle(2.00, 2.00)
10-11 16:04:19.356 I/SVRI ( 3043): [Arena] GetArenaRange Rectangle(2.00, 2.00)
10-11 16:04:19.369 I/SVRI ( 3043): [Arena] GetArenaRange Rectangle(2.00, 2.00)
10-11 16:04:19.383 I/SVRI ( 3043): [Arena] GetArenaRange Rectangle(2.00, 2.00)
10-11 16:04:19.396 I/SVRI ( 3043): [Arena] GetArenaRange Rectangle(2.00, 2.00)
10-11 16:04:19.410 I/SVRI ( 3043): [Arena] GetArenaRange Rectangle(2.00, 2.00)
10-11 16:04:19.423 I/SVRI ( 3043): [Arena] GetArenaRange Rectangle(2.00, 2.00)
10-11 16:04:19.436 I/SVRI ( 3043): [Arena] GetArenaRange Rectangle(2.00, 2.00)
10-11 16:04:19.449 I/OverlayManager( 3043): isPassThroughShowing show = 0
10-11 16:04:19.450 I/SVRI ( 3043): [Arena] GetArenaRange Rectangle(2.00, 2.00)
10-11 16:04:19.461 I/POSE ( 3043): GetSyncPose pose_hmd_1 VALID(oemValid(1),isFocus(0)) Origin(0) 6DoF; Arena[1]_Trig(0)_Out(0)_OutLevel(0.0000); XYZ(-0.0333, -0.0161, -0.0362), EulerYPR(-17.54, -22.44, 9.58), Wxyz(0.9636, -0.2041, -0.1651, 0.0514); LVel(0.0141, -0.0501, -0.1989), AngV(0.1355, 1.8599, -0.5461); PoseTime=169963999470, predict time=16.090ms(p0,r0), pose latency(I)=0.000
10-11 16:04:19.461 I/POSE ( 3043): GetSyncPose pose_clr_2 VALID(oemValid(1),isFocus(0)) Origin(0) 3DoF; Arena[1]_Trig(0)_Out(0)_OutLevel(0.0000); XYZ(0.0540, -0.6909, -0.1139), EulerYPR(-115.10, 177.84, 3.11), Wxyz(0.0330, 0.5358, -0.0014, 0.8437); LVel(0.0000, 0.0000, 0.0000), AngV(-0.0554, -0.0222, -0.0034); PoseTime=169959524950, predict time=0.000ms(p0,r0), pose latency(I)=0.000
10-11 16:04:19.463 I/SVRI ( 3043): [Arena] GetArenaRange Rectangle(2.00, 2.00)
10-11 16:04:19.476 I/SVRI ( 3043): [Arena] GetArenaRange Rectangle(2.00, 2.00)
10-11 16:04:19.490 I/SVRI ( 3043): [Arena] GetArenaRange Rectangle(2.00, 2.00)
10-11 16:04:19.503 I/SVRI ( 3043): [Arena] GetArenaRange Rectangle(2.00, 2.00)
10-11 16:04:19.516 I/SVRI ( 3043): [Arena] GetArenaRange Rectangle(2.00, 2.00)
10-11 16:04:19.530 I/SVRI ( 3043): [Arena] GetArenaRange Rectangle(2.00, 2.00)
10-11 16:04:19.543 I/SVRI ( 3043): [Arena] GetArenaRange Rectangle(2.00, 2.00)
10-11 16:04:19.556 I/SVRI ( 3043): [Arena] GetArenaRange Rectangle(2.00, 2.00)
10-11 16:04:19.568 D/SVR_HMD ( 2388): SvrHmdDevice.java:onSensorChanged(273) SvrHmdDevice, onSensorChanged, sensor.getType() = 4, GYRO: AxisX = 0.43800354, AxisY = 1.2757416, AxisZ = 0.12347412
10-11 16:04:19.568 D/SVR_HMD ( 2388): SvrHmdDevice.java:onSensorChanged(281) SvrHmdDevice, onSensorChanged, sensor.getType() = 1, ACCELER: X = 1.6825562, Y = 10.234436, Z = 5.9671326
10-11 16:04:19.570 I/SVRI ( 3043): [Arena] GetArenaRange Rectangle(2.00, 2.00)
10-11 16:04:19.583 I/SVRI ( 3043): [Arena] GetArenaRange Rectangle(2.00, 2.00)
10-11 16:04:19.596 I/SVRI ( 3043): [Arena] GetArenaRange Rectangle(2.00, 2.00)
10-11 16:04:19.596 I/svr ( 3043): FPS: 74.93
10-11 16:04:19.610 I/SVRI ( 3043): [Arena] GetArenaRange Rectangle(2.00, 2.00)
10-11 16:04:19.623 I/SVRI ( 3043): [Arena] GetArenaRange Rectangle(2.00, 2.00)
10-11 16:04:19.636 I/SVRI ( 3043): [Arena] GetArenaRange Rectangle(2.00, 2.00)
10-11 16:04:19.650 I/SVRI ( 3043): [Arena] GetArenaRange Rectangle(2.00, 2.00)
10-11 16:04:19.663 I/SVRI ( 3043): [Arena] GetArenaRange Rectangle(2.00, 2.00)
10-11 16:04:19.676 I/SVRI ( 3043): [Arena] GetArenaRange Rectangle(2.00, 2.00)
10-11 16:04:19.690 I/SVRI ( 3043): [Arena] GetArenaRange Rectangle(2.00, 2.00)
10-11 16:04:19.703 I/SVRI ( 3043): [Arena] GetArenaRange Rectangle(2.00, 2.00)
10-11 16:04:19.717 I/SVRI ( 3043): [Arena] GetArenaRange Rectangle(2.00, 2.00)
10-11 16:04:19.729 I/SVRI ( 3043): GetPoseState svr_hmd_1 tm3(3) Quality Pose/Camera/Sensor 1.00 1.00 1.00 ; lost 0 ; TS170230601033
10-11 16:04:19.730 I/SVRI ( 3043): [Arena] GetArenaRange Rectangle(2.00, 2.00)
10-11 16:04:19.742 I/SVRI ( 3043): checkSteady 2 stops
10-11 16:04:19.742 W/ArmModel( 3043): setHandSteady LOCKED
10-11 16:04:19.742 I/SVRI ( 3043): GetPoseState svr_hmd_1 tm3(3) Quality Pose/Camera/Sensor 1.00 1.00 1.00 ; lost 0 ; TS170244669627
10-11 16:04:19.742 I/ArmModel( 3043): Dev(0)LHOVHMDPos : (-0.067478,0.019348,0.055278)
10-11 16:04:19.742 D/ArmModel( 3043): ArmModel getArmedPose(2) 1, 1
10-11 16:04:19.742 D/ArmModel( 3043): Dev(0)LHOVHMDPos LOCKED : (-0.065698,0.015481,0.054802)
10-11 16:04:19.742 D/ArmModel( 3043): Dev(2)ctrllerXYRotationRadio : 0.349866 elbowCurveLerpValue = 0.519973
10-11 16:04:19.742 D/ArmModel( 3043): Dev(2)quatCtrllerXYRot : (-0.022005,-0.521856,0.000000,0.852750)
10-11 16:04:19.742 D/ArmModel( 3043): Dev(2)quatCtrllerXYLerpRot : (-0.011887,-0.281910,0.000000,0.959367)
10-11 16:04:19.742 D/ArmModel( 3043): Dev(2)elbowOffset : (0.128736,-0.664804,0.063856)
10-11 16:04:19.742 D/ArmModel( 3043): Dev(2)wristOffset : (0.049272,-0.661625,0.191039)
10-11 16:04:19.742 D/ArmModel( 3043): Dev(2)ctrllerOffset : (0.004770,-0.659749,0.213757)
10-11 16:04:19.742 D/ArmModel( 3043): Dev(2)finalCtrlPos : (0.004770,-0.659749,-0.213757)
10-11 16:04:19.743 I/SVRI ( 3043): [Arena] GetArenaRange Rectangle(2.00, 2.00)
10-11 16:04:19.756 I/ipdmonitor( 2388): ipd = 659
10-11 16:04:19.757 I/SVRI ( 3043): [Arena] GetArenaRange Rectangle(2.00, 2.00)
10-11 16:04:19.763 I/SensorManager( 2388): dispatchSensorEvent: Proximity = 5.000305, mListener = com.htc.vr.device.svr.SvrHmdDevice@1207d09
10-11 16:04:19.763 I/SensorManager( 1447): dispatchSensorEvent: Proximity = 5.000305, mListener = com.android.server.policy.PhoneWindowManager$24@ab5da5
10-11 16:04:19.763 D/SVR_HMD ( 2388): SvrHmdDevice.java:onSensorChanged(206) SvrHmdDevice, onSensorChanged, triggerProximity(false), uncovered!
10-11 16:04:19.763 I/VRCORE_PluginKit( 2388): VRDeviceService.java:triggerProximity(443) Trigger proximity: false
10-11 16:04:19.764 D/VRAssistHelper( 2113): triggerProximity triggered(false)
10-11 16:04:19.764 D/VROEM VROEMService_api1( 2071): notifyProximityTriggered: Triggered(false)
10-11 16:04:19.764 D/MiaCProximityEventHandler( 2071): onProximityTriggered: HMD not mounted.
10-11 16:04:19.764 D/MiaCProximityEventHandler( 2071): Release WakeLock
10-11 16:04:19.765 D/PMS ( 1447): releaseWL(1717b5f): SCREEN_BRIGHT_WAKE_LOCK ON_AFTER_RELEASE MiaCProximityEventHandlerTAG 0x2000000a null 0x0
10-11 16:04:19.765 D/MiaCProximityEventHandler( 2071): setAppWakeLock: Set Flag == 536870918Held Time == 3
10-11 16:04:19.766 D/PMS ( 1447): acquireWL(3faa9dd): SCREEN_DIM_WAKE_LOCK ON_AFTER_RELEASE MiaCProximityEventHandlerTAG 0x20000006 2071 10051 null
10-11 16:04:19.766 D/MiaCProximityEventHandler( 2071): prepareSleepProcess: Activate Idle Process In 3 Seconds.
10-11 16:04:19.766 D/VROEM VROEMService_api1( 2071): notifyProximityTriggered: Trigger shutdown timer task
10-11 16:04:19.766 D/VROEM VROEMService_api1( 2071): scheduleIdleShutdownTask
10-11 16:04:19.770 I/SVRI ( 3043): [Arena] GetArenaRange Rectangle(2.00, 2.00)
10-11 16:04:19.784 I/SVRI ( 3043): [Arena] GetArenaRange Rectangle(2.00, 2.00)
10-11 16:04:19.797 I/SVRI ( 3043): [Arena] GetArenaRange Rectangle(2.00, 2.00)
10-11 16:04:19.810 I/SVRI ( 3043): [Arena] GetArenaRange Rectangle(2.00, 2.00)
10-11 16:04:19.818 E/mm-camera( 836): 2232: aec_process_calc_current_hist_metered_luma: error: out of range, exit
10-11 16:04:19.824 I/SVRI ( 3043): [Arena] GetArenaRange Rectangle(2.00, 2.00)
10-11 16:04:19.837 I/SVRI ( 3043): [Arena] GetArenaRange Rectangle(2.00, 2.00)
10-11 16:04:19.851 I/OverlayManager( 3043): isPassThroughShowing show = 0
10-11 16:04:19.851 I/SVRI ( 3043): [Arena] GetArenaRange Rectangle(2.00, 2.00)
10-11 16:04:19.851 E/mm-camera( 836): 2232: aec_process_calc_current_hist_metered_luma: error: out of range, exit
10-11 16:04:19.864 I/SVRI ( 3043): [Arena] GetArenaRange Rectangle(2.00, 2.00)
10-11 16:04:19.877 I/SVRI ( 3043): [Arena] GetArenaRange Rectangle(2.00, 2.00)
10-11 16:04:19.885 E/mm-camera( 836): 2232: aec_process_calc_current_hist_metered_luma: error: out of range, exit
10-11 16:04:19.891 I/SVRI ( 3043): [Arena] GetArenaRange Rectangle(2.00, 2.00)
10-11 16:04:19.904 I/SVRI ( 3043): [Arena] GetArenaRange Rectangle(2.00, 2.00)
10-11 16:04:19.917 I/SVRI ( 3043): [Arena] GetArenaRange Rectangle(2.00, 2.00)
10-11 16:04:19.918 E/mm-camera( 836): 2232: aec_process_calc_current_hist_metered_luma: error: out of range, exit
10-11 16:04:19.931 I/SVRI ( 3043): [Arena] GetArenaRange Rectangle(2.00, 2.00)
10-11 16:04:19.944 I/SVRI ( 3043): [Arena] GetArenaRange Rectangle(2.00, 2.00)
10-11 16:04:19.951 E/mm-camera( 836): 2232: aec_process_calc_current_hist_metered_luma: error: out of range, exit
10-11 16:04:19.958 I/SVRI ( 3043): [Arena] GetArenaRange Rectangle(2.00, 2.00)
10-11 16:04:19.971 I/SVRI ( 3043): [Arena] GetArenaRange Rectangle(2.00, 2.00)
10-11 16:04:19.984 I/SVRI ( 3043): [Arena] GetArenaRange Rectangle(2.00, 2.00)
10-11 16:04:19.998 I/SVRI ( 3043): [Arena] GetArenaRange Rectangle(2.00, 2.00)
10-11 16:04:20.010 I/POSE ( 3043): GetSyncPose pose_hmd_1 VALID(oemValid(1),isFocus(0)) Origin(0) 6DoF; Arena[1]_Trig(0)_Out(0)_OutLevel(0.0000); XYZ(-0.1000, 0.0606, -0.0535), EulerYPR(-5.34, -34.99, -5.26), Wxyz(0.9523, -0.2980, -0.0306, -0.0577); LVel(-0.0371, -0.2330, 0.0124), AngV(-2.1339, -0.3353, -0.6478); PoseTime=170512217231, predict time=15.951ms(p0,r0), pose latency(I)=0.000
10-11 16:04:20.010 I/POSE ( 3043): GetSyncPose pose_clr_2 VALID(oemValid(1),isFocus(0)) Origin(0) 3DoF; Arena[1]_Trig(0)_Out(0)_OutLevel(0.0000); XYZ(0.0046, -0.6589, -0.2138), EulerYPR(-115.11, 177.77, 2.78), Wxyz(0.0309, 0.5358, -0.0034, 0.8438); LVel(0.0000, 0.0000, 0.0000), AngV(0.1075, -0.0139, 0.0011); PoseTime=170514201828, predict time=0.000ms(p0,r0), pose latency(I)=0.000
10-11 16:04:20.011 I/SVRI ( 3043): [Arena] GetArenaRange Rectangle(2.00, 2.00)
10-11 16:04:20.013 D/WifiStateMachine( 1447): handleMessage: E msg.what=131155
10-11 16:04:20.013 D/WifiStateMachine( 1447): processMsg: ConnectedState
10-11 16:04:20.013 D/WifiStateMachine( 1447): processMsg: L2ConnectedState
10-11 16:04:20.024 I/SVRI ( 3043): [Arena] GetArenaRange Rectangle(2.00, 2.00)
10-11 16:04:20.026 D/WifiStateMachine( 1447): CMD_RSSI_POLL: TxBytes = 720, RxBytes = 998
10-11 16:04:20.027 D/WifiStateMachine( 1447): handleMessage: X
10-11 16:04:20.038 I/SVRI ( 3043): [Arena] GetArenaRange Rectangle(2.00, 2.00)
10-11 16:04:20.051 I/SVRI ( 3043): [Arena] GetArenaRange Rectangle(2.00, 2.00)
10-11 16:04:20.065 I/SVRI ( 3043): [Arena] GetArenaRange Rectangle(2.00, 2.00)
10-11 16:04:20.065 D/SVR_HMD ( 2388): SvrHmdDevice.java:onSensorChanged(281) SvrHmdDevice, onSensorChanged, sensor.getType() = 1, ACCELER: X = 0.6145172, Y = 7.475128, Z = 5.606369
10-11 16:04:20.065 D/SVR_HMD ( 2388): SvrHmdDevice.java:onSensorChanged(273) SvrHmdDevice, onSensorChanged, sensor.getType() = 4, GYRO: AxisX = -1.958313, AxisY = -0.5506592, AxisZ = -0.5705414
10-11 16:04:20.078 I/SVRI ( 3043): [Arena] GetArenaRange Rectangle(2.00, 2.00)
10-11 16:04:20.091 I/SVRI ( 3043): [Arena] GetArenaRange Rectangle(2.00, 2.00)
10-11 16:04:20.104 I/SVRI ( 3043): [Arena] GetArenaRange Rectangle(2.00, 2.00)
10-11 16:04:20.118 I/SVRI ( 3043): [Arena] GetArenaRange Rectangle(2.00, 2.00)
10-11 16:04:20.131 I/SVRI ( 3043): [Arena] GetArenaRange Rectangle(2.00, 2.00)
10-11 16:04:20.133 W/AudFlgTr( 813): track uid 10065 buf is zero
10-11 16:04:20.145 I/SVRI ( 3043): [Arena] GetArenaRange Rectangle(2.00, 2.00)
10-11 16:04:20.158 I/SVRI ( 3043): [Arena] GetArenaRange Rectangle(2.00, 2.00)
10-11 16:04:20.171 I/SVRI ( 3043): [Arena] GetArenaRange Rectangle(2.00, 2.00)
10-11 16:04:20.185 I/SVRI ( 3043): [Arena] GetArenaRange Rectangle(2.00, 2.00)
10-11 16:04:20.198 I/SVRI ( 3043): [Arena] GetArenaRange Rectangle(2.00, 2.00)
10-11 16:04:20.212 I/SVRI ( 3043): [Arena] GetArenaRange Rectangle(2.00, 2.00)
10-11 16:04:20.225 I/SVRI ( 3043): [Arena] GetArenaRange Rectangle(2.00, 2.00)
10-11 16:04:20.238 I/SVRI ( 3043): [Arena] GetArenaRange Rectangle(2.00, 2.00)
10-11 16:04:20.248 I/[vrbledevice]Finch3DofController[0]( 2129): updatePose: timeStamp(170753947164), Euler:[-135.05305,2.63820,177.83916] Quat:[0.02847,0.38169,-0.00862,0.92381] Acc:[0.04487,0.05623,1.21429] Gyro:[-0.01616,-0.00059,-0.00006]
10-11 16:04:20.251 I/OverlayManager( 3043): isPassThroughShowing show = 0
10-11 16:04:20.252 I/SVRI ( 3043): [Arena] GetArenaRange Rectangle(2.00, 2.00)
10-11 16:04:20.265 I/SVRI ( 3043): [Arena] GetArenaRange Rectangle(2.00, 2.00)
10-11 16:04:20.278 I/SVRI ( 3043): [Arena] GetArenaRange Rectangle(2.00, 2.00)
10-11 16:04:20.290 I/SVRI ( 3043): GetPoseState svr_hmd_1 tm3(3) Quality Pose/Camera/Sensor 1.00 1.00 1.00 ; lost 0 ; TS170791849783
10-11 16:04:20.292 I/SVRI ( 3043): [Arena] GetArenaRange Rectangle(2.00, 2.00)
10-11 16:04:20.304 I/SVRI ( 3043): GetPoseState svr_hmd_1 tm3(3) Quality Pose/Camera/Sensor 1.00 1.00 1.00 ; lost 0 ; TS170805857387
10-11 16:04:20.304 I/ArmModel( 3043): Dev(0)LHOVHMDPos : (-0.133816,-0.010480,0.073805)
10-11 16:04:20.304 D/ArmModel( 3043): ArmModel getArmedPose(2) 1, 1
10-11 16:04:20.304 D/ArmModel( 3043): Dev(0)LHOVHMDPos LOCKED : (-0.065698,0.015481,0.054802)
10-11 16:04:20.304 D/ArmModel( 3043): Dev(2)ctrllerXYRotationRadio : 0.349974 elbowCurveLerpValue = 0.519995
10-11 16:04:20.304 D/ArmModel( 3043): Dev(2)quatCtrllerXYRot : (-0.021956,-0.522002,0.000000,0.852661)
10-11 16:04:20.304 D/ArmModel( 3043): Dev(2)quatCtrllerXYLerpRot : (-0.011862,-0.282008,0.000000,0.959339)
10-11 16:04:20.304 D/ArmModel( 3043): Dev(2)elbowOffset : (0.128749,-0.664849,0.063850)
10-11 16:04:20.304 D/ArmModel( 3043): Dev(2)wristOffset : (0.049266,-0.661678,0.191021)
10-11 16:04:20.304 D/ArmModel( 3043): Dev(2)ctrllerOffset : (0.004757,-0.659806,0.213725)
10-11 16:04:20.304 D/ArmModel( 3043): Dev(2)finalCtrlPos : (0.004757,-0.659806,-0.213725)
10-11 16:04:20.305 I/SVRI ( 3043): [Arena] GetArenaRange Rectangle(2.00, 2.00)
10-11 16:04:20.318 I/SVRI ( 3043): [Arena] GetArenaRange Rectangle(2.00, 2.00)
10-11 16:04:20.331 I/SVRI ( 3043): [Arena] GetArenaRange Rectangle(2.00, 2.00)
10-11 16:04:20.345 I/SVRI ( 3043): [Arena] GetArenaRange Rectangle(2.00, 2.00)
10-11 16:04:20.358 I/SVRI ( 3043): [Arena] GetArenaRange Rectangle(2.00, 2.00)
10-11 16:04:20.370 I/SVRI ( 3043): checkSteady 2 moves at 77
10-11 16:04:20.372 I/SVRI ( 3043): [Arena] GetArenaRange Rectangle(2.00, 2.00)
10-11 16:04:20.385 I/SVRI ( 3043): [Arena] GetArenaRange Rectangle(2.00, 2.00)
10-11 16:04:20.398 I/SVRI ( 3043): [Arena] GetArenaRange Rectangle(2.00, 2.00)
10-11 16:04:20.412 I/SVRI ( 3043): [Arena] GetArenaRange Rectangle(2.00, 2.00)
10-11 16:04:20.425 I/SVRI ( 3043): [Arena] GetArenaRange Rectangle(2.00, 2.00)
10-11 16:04:20.439 I/SVRI ( 3043): [Arena] GetArenaRange Rectangle(2.00, 2.00)
10-11 16:04:20.452 I/SVRI ( 3043): [Arena] GetArenaRange Rectangle(2.00, 2.00)
10-11 16:04:20.465 I/SVRI ( 3043): [Arena] GetArenaRange Rectangle(2.00, 2.00)
10-11 16:04:20.478 I/SVRI ( 3043): [Arena] GetArenaRange Rectangle(2.00, 2.00)
10-11 16:04:20.492 I/SVRI ( 3043): [Arena] GetArenaRange Rectangle(2.00, 2.00)
10-11 16:04:20.505 I/SVRI ( 3043): [Arena] GetArenaRange Rectangle(2.00, 2.00)
10-11 16:04:20.519 I/SVRI ( 3043): [Arena] GetArenaRange Rectangle(2.00, 2.00)
10-11 16:04:20.532 I/SVRI ( 3043): [Arena] GetArenaRange Rectangle(2.00, 2.00)
10-11 16:04:20.545 I/SVRI ( 3043): [Arena] GetArenaRange Rectangle(2.00, 2.00)
10-11 16:04:20.557 I/POSE ( 3043): GetSyncPose pose_hmd_1 VALID(oemValid(1),isFocus(0)) Origin(0) 6DoF; Arena[1]_Trig(0)_Out(0)_OutLevel(0.0000); XYZ(-0.1555, -0.0738, -0.1190), EulerYPR(-20.71, -109.46, -23.77), Wxyz(0.5861, -0.7645, 0.0639, -0.2606); LVel(-0.0632, -0.2926, -0.0783), AngV(-2.2744, 1.4712, -1.3915); PoseTime=171059488949, predict time=16.119ms(p0,r0), pose latency(I)=0.000
10-11 16:04:20.557 I/POSE ( 3043): GetSyncPose pose_clr_2 VALID(oemValid(1),isFocus(0)) Origin(0) 3DoF; Arena[1]_Trig(0)_Out(0)_OutLevel(0.0000); XYZ(-0.3405, -0.7487, -0.3410), EulerYPR(-115.11, 177.81, 2.37), Wxyz(0.0278, 0.5360, -0.0050, 0.8438); LVel(0.0000, 0.0000, 0.0000), AngV(-0.0254, -0.0346, 0.0013); PoseTime=171046588808, predict time=0.000ms(p0,r0), pose latency(I)=0.000
10-11 16:04:20.559 I/SVRI ( 3043): [Arena] GetArenaRange Rectangle(2.00, 2.00)
10-11 16:04:20.563 D/SVR_HMD ( 2388): SvrHmdDevice.java:onSensorChanged(273) SvrHmdDevice, onSensorChanged, sensor.getType() = 4, GYRO: AxisX = -2.4073334, AxisY = 1.5170288, AxisZ = -1.2917328
10-11 16:04:20.563 D/SVR_HMD ( 2388): SvrHmdDevice.java:onSensorChanged(281) SvrHmdDevice, onSensorChanged, sensor.getType() = 1, ACCELER: X = -3.5402527, Y = -3.5167847, Z = 7.905533
10-11 16:04:20.572 I/SVRI ( 3043): [Arena] GetArenaRange Rectangle(2.00, 2.00)
10-11 16:04:20.586 I/SVRI ( 3043): [Arena] GetArenaRange Rectangle(2.00, 2.00)
10-11 16:04:20.599 I/SVRI ( 3043): [Arena] GetArenaRange Rectangle(2.00, 2.00)
10-11 16:04:20.599 I/svr ( 3043): FPS: 74.78
10-11 16:04:20.612 I/SVRI ( 3043): [Arena] GetArenaRange Rectangle(2.00, 2.00)
10-11 16:04:20.626 I/SVRI ( 3043): [Arena] GetArenaRange Rectangle(2.00, 2.00)
10-11 16:04:20.639 I/SVRI ( 3043): [Arena] GetArenaRange Rectangle(2.00, 2.00)
10-11 16:04:20.652 I/OverlayManager( 3043): isPassThroughShowing show = 0
10-11 16:04:20.653 I/SVRI ( 3043): [Arena] GetArenaRange Rectangle(2.00, 2.00)
10-11 16:04:20.666 I/SVRI ( 3043): [Arena] GetArenaRange Rectangle(2.00, 2.00)
10-11 16:04:20.679 I/SVRI ( 3043): [Arena] GetArenaRange Rectangle(2.00, 2.00)
10-11 16:04:20.692 I/SVRI ( 3043): [Arena] GetArenaRange Rectangle(2.00, 2.00)
10-11 16:04:20.706 I/SVRI ( 3043): [Arena] GetArenaRange Rectangle(2.00, 2.00)
10-11 16:04:20.719 I/SVRI ( 3043): [Arena] GetArenaRange Rectangle(2.00, 2.00)
10-11 16:04:20.732 I/SVRI ( 3043): [Arena] GetArenaRange Rectangle(2.00, 2.00)
10-11 16:04:20.746 I/SVRI ( 3043): [Arena] GetArenaRange Rectangle(2.00, 2.00)
10-11 16:04:20.757 I/ipdmonitor( 2388): ipd = 659
10-11 16:04:20.759 I/SVRI ( 3043): [Arena] GetArenaRange Rectangle(2.00, 2.00)
10-11 16:04:20.773 I/SVRI ( 3043): [Arena] GetArenaRange Rectangle(2.00, 2.00)
10-11 16:04:20.786 I/SVRI ( 3043): [Arena] GetArenaRange Rectangle(2.00, 2.00)
10-11 16:04:20.799 I/SVRI ( 3043): [Arena] GetArenaRange Rectangle(2.00, 2.00)
10-11 16:04:20.813 I/SVRI ( 3043): [Arena] GetArenaRange Rectangle(2.00, 2.00)
10-11 16:04:20.826 I/SVRI ( 3043): [Arena] GetArenaRange Rectangle(2.00, 2.00)
10-11 16:04:20.839 I/SVRI ( 3043): [Arena] GetArenaRange Rectangle(2.00, 2.00)
10-11 16:04:20.851 I/SVRI ( 3043): GetPoseState svr_hmd_1 tm3(3) Quality Pose/Camera/Sensor 0.71 1.00 1.00 ; lost 0 ; TS171354105668
10-11 16:04:20.853 I/SVRI ( 3043): [Arena] GetArenaRange Rectangle(2.00, 2.00)
10-11 16:04:20.865 I/SVRI ( 3043): GetPoseState svr_hmd_1 tm1(3) Quality Pose/Camera/Sensor 0.67 0.00 1.00 ; lost 0 ; TS171367075616
10-11 16:04:20.865 D/ArmModel( 3043): ArmModel getArmedPose(2) 1, 1
10-11 16:04:20.865 D/ArmModel( 3043): Dev(2)ctrllerXYRotationRadio : 0.327910 elbowCurveLerpValue = 0.515582
10-11 16:04:20.865 D/ArmModel( 3043): Dev(2)quatCtrllerXYRot : (-0.022229,0.492102,0.000000,0.870254)
10-11 16:04:20.865 D/ArmModel( 3043): Dev(2)quatCtrllerXYLerpRot : (-0.011851,0.262363,0.000000,0.964896)
10-11 16:04:20.865 D/ArmModel( 3043): Dev(2)elbowOffset : (-0.310822,-0.833659,0.315102)
10-11 16:04:20.865 D/ArmModel( 3043): Dev(2)wristOffset : (-0.460150,-0.830422,0.301286)
10-11 16:04:20.865 D/ArmModel( 3043): Dev(2)ctrllerOffset : (-0.417324,-0.828487,0.327020)
10-11 16:04:20.865 D/ArmModel( 3043): Dev(2)finalCtrlPos : (-0.417324,-0.828487,-0.327020)
10-11 16:04:20.866 I/SVRI ( 3043): [Arena] GetArenaRange Rectangle(2.00, 2.00)
10-11 16:04:20.879 I/SVRI ( 3043): [Arena] GetArenaRange Rectangle(2.00, 2.00)
10-11 16:04:20.893 I/SVRI ( 3043): [Arena] GetArenaRange Rectangle(2.00, 2.00)
10-11 16:04:20.906 I/SVRI ( 3043): [Arena] GetArenaRange Rectangle(2.00, 2.00)
10-11 16:04:20.920 I/SVRI ( 3043): [Arena] GetArenaRange Rectangle(2.00, 2.00)
10-11 16:04:20.933 I/SVRI ( 3043): [Arena] GetArenaRange Rectangle(2.00, 2.00)
10-11 16:04:20.946 I/SVRI ( 3043): [Arena] GetArenaRange Rectangle(2.00, 2.00)
10-11 16:04:20.960 I/SVRI ( 3043): [Arena] GetArenaRange Rectangle(2.00, 2.00)
10-11 16:04:20.973 I/SVRI ( 3043): [Arena] GetArenaRange Rectangle(2.00, 2.00)
10-11 16:04:20.987 I/SVRI ( 3043): [Arena] GetArenaRange Rectangle(2.00, 2.00)
10-11 16:04:21.000 I/SVRI ( 3043): [Arena] GetArenaRange Rectangle(2.00, 2.00)
10-11 16:04:21.012 I/SVRI ( 3043): checkSteady 2 stops
10-11 16:04:21.012 W/ArmModel( 3043): setHandSteady LOCKED
10-11 16:04:21.013 I/SVRI ( 3043): [Arena] GetArenaRange Rectangle(2.00, 2.00)
10-11 16:04:21.026 I/SVRI ( 3043): [Arena] GetArenaRange Rectangle(2.00, 2.00)
10-11 16:04:21.040 I/SVRI ( 3043): [Arena] GetArenaRange Rectangle(2.00, 2.00)
10-11 16:04:21.052 I/SVRI ( 3043): checkSteady 2 moves at 33
10-11 16:04:21.053 I/OverlayManager( 3043): isPassThroughShowing show = 0
10-11 16:04:21.053 I/SVRI ( 3043): [Arena] GetArenaRange Rectangle(2.00, 2.00)
10-11 16:04:21.058 D/SVR_HMD ( 2388): SvrHmdDevice.java:onSensorChanged(281) SvrHmdDevice, onSensorChanged, sensor.getType() = 1, ACCELER: X = -4.249237, Y = -12.535782, Z = 1.3870697
10-11 16:04:21.059 D/SVR_HMD ( 2388): SvrHmdDevice.java:onSensorChanged(273) SvrHmdDevice, onSensorChanged, sensor.getType() = 4, GYRO: AxisX = 0.24838257, AxisY = -0.5602417, AxisZ = -1.6624451
10-11 16:04:21.067 I/SVRI ( 3043): [Arena] GetArenaRange Rectangle(2.00, 2.00)
10-11 16:04:21.078 W/SVRI ( 3043): M2P SVRWRA invalid_pose 0/s, under6dof_pose 0/s
10-11 16:04:21.080 I/SVRI ( 3043): [Arena] GetArenaRange Rectangle(2.00, 2.00)
10-11 16:04:21.093 I/SVRI ( 3043): [Arena] GetArenaRange Rectangle(2.00, 2.00)
10-11 16:04:21.105 I/POSE ( 3043): GetSyncPose pose_hmd_1 INVALID (oemValid(1),isFocus(0)) Origin(0) 3DoF; Arena[1]_Trig(0)_Out(0)_OutLevel(0.0000); XYZ(-0.2001, -0.1540, -0.1552), EulerYPR(-50.78, -171.78, -40.76), Wxyz(-0.2096, 0.8340, -0.2850, 0.4234); LVel(-0.0650, 0.0308, -0.2698), AngV(0.4620, -1.0528, -0.9721); PoseTime=171607798272, predict time=16.226ms(p0,r0), pose latency(I)=0.000
10-11 16:04:21.105 I/POSE ( 3043): GetSyncPose pose_clr_2 VALID(oemValid(1),isFocus(0)) Origin(0) 3DoF; Arena[1]_Trig(0)_Out(0)_OutLevel(0.0000); XYZ(-0.4173, -0.8290, -0.3271), EulerYPR(-115.09, 177.82, 1.86), Wxyz(0.0239, 0.5362, -0.0073, 0.8437); LVel(0.0000, 0.0000, 0.0000), AngV(0.4616, -0.1186, -0.0637); PoseTime=171609872458, predict time=0.000ms(p0,r0), pose latency(I)=0.000
10-11 16:04:21.107 I/SVRI ( 3043): [Arena] GetArenaRange Rectangle(2.00, 2.00)
10-11 16:04:21.120 I/SVRI ( 3043): [Arena] GetArenaRange Rectangle(2.00, 2.00)
10-11 16:04:21.133 I/SVRI ( 3043): [Arena] GetArenaRange Rectangle(2.00, 2.00)
10-11 16:04:21.147 I/SVRI ( 3043): [Arena] GetArenaRange Rectangle(2.00, 2.00)
10-11 16:04:21.160 I/SVRI ( 3043): [Arena] GetArenaRange Rectangle(2.00, 2.00)
10-11 16:04:21.173 I/SVRI ( 3043): [Arena] GetArenaRange Rectangle(2.00, 2.00)
10-11 16:04:21.187 I/SVRI ( 3043): [Arena] GetArenaRange Rectangle(2.00, 2.00)
10-11 16:04:21.201 I/SVRI ( 3043): [Arena] GetArenaRange Rectangle(2.00, 2.00)
10-11 16:04:21.214 I/SVRI ( 3043): [Arena] GetArenaRange Rectangle(2.00, 2.00)
10-11 16:04:21.227 I/SVRI ( 3043): [Arena] GetArenaRange Rectangle(2.00, 2.00)
10-11 16:04:21.241 I/SVRI ( 3043): [Arena] GetArenaRange Rectangle(2.00, 2.00)
10-11 16:04:21.254 I/SVRI ( 3043): [Arena] GetArenaRange Rectangle(2.00, 2.00)
10-11 16:04:21.255 I/[vrbledevice]Finch3DofController[0]( 2129): updatePose: timeStamp(171760656587), Euler:[-135.03519,1.89708,177.80312] Quat:[0.02262,0.38198,-0.01138,0.92382] Acc:[0.04248,0.03948,1.20951] Gyro:[-0.01292,0.05189,-0.00180]
10-11 16:04:21.261 W/AudFlgTr( 813): track uid 10065 buf is zero
10-11 16:04:21.267 I/SVRI ( 3043): [Arena] GetArenaRange Rectangle(2.00, 2.00)
10-11 16:04:21.279 W/SVRI ( 3043): GetPoseState: svrHeadPoseState poseQuality becomes LOW! Turn on Gray Mask. 1 32
10-11 16:04:21.279 I/OverlayManager( 3043): setHMDLoseTracking mIsHMDLoseTracking = 1, mDrawLoading = 0, mNotifyOverlayResumeLater = 0
10-11 16:04:21.279 D/VRCORE ( 3043): TID:3077 ./VRSystemStub.cc:738: Enter SetParameters
10-11 16:04:21.281 I/VRCORE_Server( 2113): GetCallback target device :0, type: 9
10-11 16:04:21.281 D/VRCORE ( 2113): TID:2449 ./DeviceProxy.cc:54: Leave PollNextCommand
10-11 16:04:21.281 D/VRCORE_PluginKit( 2388): got request form client 9
10-11 16:04:21.282 I/VRCORE_PluginKit( 2388): RequestObserver.java:onNext(25) dev: com.htc.vr.device.svr.SvrHmdDevice_1207d09[0] Callback type: 9
10-11 16:04:21.282 I/VRCORE_PluginKit( 2388): RequestObserver.java:onNext(156) SetParameters : [com.htc.vr.device.svr.SvrHmdDevice_1207d09] set string [setLostTracking=0].
10-11 16:04:21.282 D/SVR_HMD ( 2388): SvrHmdDevice.java:setParameters(452) Notify LOW poseQuality from DeviceService as in WVR/LINK
10-11 16:04:21.282 I/VRCORE_PluginKit( 2388): VRDeviceStub.java:DeviceSetErrorType(518) set error status: 64
10-11 16:04:21.283 I/VRCORE_PluginKit( 2388): VRDeviceStub.java:handleMessage(132) com.htc.vr.device.svr.SvrHmdDevice_1207d09[0] NativeDriverStub@c342b3c, event = 5
10-11 16:04:21.283 D/VRCORE_PluginKit( 2388): SendEventToClient at DriverStub
10-11 16:04:21.283 D/VRCORE ( 2113): TID:2449 ./DeviceProxy.cc:54: Enter PollNextCommand
10-11 16:04:21.284 D/VRCORE_Server( 2113): Set other type's event
10-11 16:04:21.284 I/VRCORE_Server( 2113): SendEventToClient:devId=0, eventId =30006
10-11 16:04:21.284 D/VRCORE ( 3043): TID:3077 ./VRSystemStub.cc:738: Leave SetParameters
10-11 16:04:21.284 I/VRCORE ( 3043): OnReceiveEvent: event.eventType=30006
10-11 16:04:21.284 I/VRCORE ( 3043): OnReceiveCoreEvent: eventType = 30006, inputId = 0, device_index = 0, devType = 1, interaction_mode = 0, gaze_trigger = 0
10-11 16:04:21.285 I/VRActivityEventManager( 3043): This event sent by system key. Filter it!!!
10-11 16:04:21.285 D/VRCORE ( 3043): byte size:17
10-11 16:04:21.285 I/VRCORE_Server( 2113): call onMessage event: 30006, device: 0
10-11 16:04:21.286 I/SVRI ( 3043): [Arena] GetArenaRange Rectangle(2.00, 2.00)
10-11 16:04:21.287 D/VRAssistHelper( 2113): Send VREvent to VRAssist service, event Type: 30006
10-11 16:04:21.287 I/VRCORE_Server( 2113): device is not null in GetDisplayConfigure(), using DisplayConfigure of device
10-11 16:04:21.287 D/VRCORE_Server( 2113): TID:3121 setupDisplayConfigure(145) has external screen: false
10-11 16:04:21.287 D/VRCORE_Server( 2113): TID:3121 setupDisplayConfigure(180) initial screenOrientation config using default
10-11 16:04:21.287 I/OverlayManager( 3043): drawBlockScreen mIsHMDLoseTracking changed = 1
10-11 16:04:21.287 D/VRCORE_Server( 2113): model number: N/A
10-11 16:04:21.288 I/VRCORE ( 2179): OnReceiveEvent: event.eventType=30006
10-11 16:04:21.288 I/VRCORE ( 2179): OnReceiveCoreEvent: eventType = 30006, inputId = 0, device_index = 0, devType = 1, interaction_mode = 0, gaze_trigger = 0
10-11 16:04:21.288 D/VRCORE ( 2179): byte size:17
10-11 16:04:21.289 D/VROEM EnvironmentChecker( 2071): event: 30006 device Id: 0 device type: 1 tracker type: 0
10-11 16:04:21.289 D/VRNotificationService( 2071): onEvent()
10-11 16:04:21.289 D/WVRDeviceEvent( 2071): DispatchEventToListeners devId: 0 evt: 30006 deviceType: 1 data: 64
10-11 16:04:21.289 D/MiaCDeviceEventDetector( 2071): mDevErrorListener onEventReceive...
10-11 16:04:21.289 D/MiaCDeviceEventDetector( 2071): onErrorStatusChanged(1,0,0,2,64) start...
10-11 16:04:21.289 D/VRNotificationService( 2071): Add notification:@vive.wave.vr.oem|鏃犳硶杩借釜浣嶇疆|璇疯繑鍥炶拷韪尯锛屾垨鍙栦笅澶存埓寮忚澶囦甫閲嶆柊鎴翠笂
10-11 16:04:21.289 D/WVRNotificationOverlayService( 2071): onAddNotificationItem() start..||鏃犳硶杩借釜浣嶇疆
10-11 16:04:21.290 D/WVRNotificationOverlayService( 2071): processDrawViewTask(): update notification view...
10-11 16:04:21.292 D/WVRNotificationOverlayService( 2071): drawNotification(view,3,0,thread,pos[]) start...
10-11 16:04:21.294 D/VRCustomizeOverlay( 2071): showOverlay(id=11) Begin
10-11 16:04:21.294 D/VRCustomizeOverlay( 2071): showOverlay(id=11) mService.mServiceName = vive.wave.vr.oem.notification.WVRNotificationOverlayService
10-11 16:04:21.295 I/SVRI ( 3043): [Arena] GetArenaRange Rectangle(2.00, 2.00)
10-11 16:04:21.295 D/VROverlay( 2071): addOverlayView() mService.mServiceName = vive.wave.vr.oem.notification.WVRNotificationOverlayService
10-11 16:04:21.295 D/VROverlaySMD( 3043): showOverlay() Activity Statue = ACTIVITY_ONRENDERREADY
10-11 16:04:21.296 D/VROverlaySMD( 3043): showOverlay() id = 11 res = 0
10-11 16:04:21.300 D/VROverlay( 2071): onPreDraw() mServiceName = vive.wave.vr.oem.notification.WVRNotificationOverlayService
10-11 16:04:21.300 D/VROverlay( 2071): onPreDraw() vrActivityStatus = ON_RESUME
10-11 16:04:21.300 D/VROverlay( 2071): onPreDraw() overlayId = 11
10-11 16:04:21.301 D/VROverlaySMD( 3043): IVROverlayActivityCallback isActivityResumed true
10-11 16:04:21.303 D/VROverlayService( 2071): getTaskCountInQueueVRActivity() taskCount = 0
10-11 16:04:21.303 D/VROverlaySMD( 3043): isLowMemory() false
10-11 16:04:21.303 D/VROverlaySMD( 3043): IVROverlayActivityCallback isActivityDestroyed false
10-11 16:04:21.303 D/VROverlayService( 2071): getViewBitmap(final View view) isRunAtUiTread = true
10-11 16:04:21.308 I/SVRI ( 3043): [Arena] GetArenaRange Rectangle(2.00, 2.00)
10-11 16:04:21.316 D/VROverlaySMD( 3043): IVROverlayActivityCallback isActivityDestroyed false
10-11 16:04:21.322 I/SVRI ( 3043): [Arena] GetArenaRange Rectangle(2.00, 2.00)
10-11 16:04:21.323 I/OverlayGenerator( 3043): handleGenerateTextureId textureId = 46
10-11 16:04:21.325 I/OverlayGenerator( 3043): printAllocatedSize textureId = 29, width = 192, height = 192, size = 144.00 KB
10-11 16:04:21.325 I/OverlayGenerator( 3043): printAllocatedSize textureId = 32, width = 1024, height = 1024, size = 4.00 MB
10-11 16:04:21.325 I/OverlayGenerator( 3043): printAllocatedSize textureId = 46, width = 992, height = 427, size = 1.62 MB
10-11 16:04:21.329 D/VROverlay( 2071): onPreDraw() mServiceName = vive.wave.vr.oem.notification.WVRNotificationOverlayService
10-11 16:04:21.329 I/OverlayShader( 3043): isInited GL_ALREADY_SIGNALED
10-11 16:04:21.329 D/VROverlay( 2071): onPreDraw() vrActivityStatus = ON_RESUME
10-11 16:04:21.329 D/VROverlay( 2071): onPreDraw() overlayId = 11
10-11 16:04:21.329 I/OverlayShader( 3043): isInited GL_ALREADY_SIGNALED
10-11 16:04:21.329 I/CustomizeOverlay( 3043): CustomizeOverlay::draw widthRatio = 1.000000, heightRatio = 1.000000
10-11 16:04:21.329 I/CustomizeOverlay( 3043): draw mOverlayWidth = 992, mOverlayHeight = 992, xRatio = 0.496000, yRatio = 0.213500
10-11 16:04:21.329 D/VROverlaySMD( 3043): IVROverlayActivityCallback isActivityResumed true
10-11 16:04:21.331 D/VROverlayService( 2071): getTaskCountInQueueVRActivity() taskCount = 0
10-11 16:04:21.332 D/VROverlaySMD( 3043): isLowMemory() false
10-11 16:04:21.332 D/VROverlaySMD( 3043): IVROverlayActivityCallback isActivityDestroyed false
10-11 16:04:21.332 D/VROverlayService( 2071): getViewBitmap(final View view) isRunAtUiTread = true
10-11 16:04:21.335 I/SVRI ( 3043): [Arena] GetArenaRange Rectangle(2.00, 2.00)
10-11 16:04:21.345 D/VROverlaySMD( 3043): IVROverlayActivityCallback isActivityDestroyed false
10-11 16:04:21.352 I/SVRI ( 3043): [Arena] GetArenaRange Rectangle(2.00, 2.00)
10-11 16:04:21.352 I/CustomizeOverlay( 3043): CustomizeOverlay::draw widthRatio = 1.000000, heightRatio = 1.000000
10-11 16:04:21.352 I/CustomizeOverlay( 3043): draw mOverlayWidth = 992, mOverlayHeight = 992, xRatio = 0.496000, yRatio = 0.213500
10-11 16:04:21.354 D/VRCustomizeOverlay( 2071): showOverlay(id=11) End
10-11 16:04:21.354 D/WVRNotificationOverlayService( 2071): setSceneShadow(true) start...
10-11 16:04:21.354 D/VROverlayService( 2071): setShowShadow
10-11 16:04:21.361 I/OverlayManager( 3043): First frame for draw all world lock overlay
10-11 16:04:21.369 I/OverlayManager( 3043): drawPassThrough mPassThroughParameter.mEnable = 1
10-11 16:04:21.369 I/OverlayManager( 3043): drawPassThrough first frame passthrough = 0xbfc9dd00, passthrough->isEnable() = 0, passthrough->isOverlayVisible() = 0
10-11 16:04:21.371 I/OverlayShader( 3043): isInited GL_ALREADY_SIGNALED
10-11 16:04:21.386 E/svr ( 3043): Compiling shader 21 (Mask = 0x00000011)...
10-11 16:04:21.387 I/svr ( 3043): Loaded Shader (163): Vert: 0x00000011 <=> Frag: 0x00000011
10-11 16:04:21.388 D/ArmModel( 3043): ArmModel getArmedPose(3) 0, 1
10-11 16:04:21.413 D/ArmModel( 3043): ArmModel getArmedPose(2) 1, 1
10-11 16:04:21.413 D/ArmModel( 3043): Dev(2)ctrllerXYRotationRadio : 0.327915 elbowCurveLerpValue = 0.515583
10-11 16:04:21.413 D/ArmModel( 3043): Dev(2)quatCtrllerXYRot : (-0.022675,0.492089,0.000000,0.870250)
10-11 16:04:21.413 D/ArmModel( 3043): Dev(2)quatCtrllerXYLerpRot : (-0.012089,0.262357,0.000000,0.964895)
10-11 16:04:21.413 D/ArmModel( 3043): Dev(2)elbowOffset : (-0.310810,-0.833251,0.314977)
10-11 16:04:21.413 D/ArmModel( 3043): Dev(2)wristOffset : (-0.460135,-0.829948,0.301159)
10-11 16:04:21.413 D/ArmModel( 3043): Dev(2)ctrllerOffset : (-0.417311,-0.827975,0.326892)
10-11 16:04:21.413 D/ArmModel( 3043): Dev(2)finalCtrlPos : (-0.417311,-0.827975,-0.326892)
10-11 16:04:21.426 I/SVRI ( 3043): GetPoseState svr_hmd_1 tm1(3) Quality Pose/Camera/Sensor 0.53 1.00 1.00 ; lost 1 ; TS171928324418
10-11 16:04:21.440 I/SVRI ( 3043): GetPoseState svr_hmd_1 tm1(3) Quality Pose/Camera/Sensor 0.50 1.00 1.00 ; lost 1 ; TS171942362491
10-11 16:04:21.453 I/WVRFoveat( 3043): FovText: eye 0 s 0 id 35 1 mode 2 1 enable 1 0 support 0
10-11 16:04:21.468 I/OverlayManager( 3043): isPassThroughShowing show = 0
10-11 16:04:21.522 I/POSE ( 3043): GetFocusPoseState pose_clr_2 VALID(oemValid(1),isFocus(0)) Origin(0) 3DoF; Arena[1]_Trig(0)_Out(0)_OutLevel(0.0000); XYZ(-0.4173, -0.8285, -0.3270), EulerYPR(-115.09, 177.79, 1.87), Wxyz(0.0242, 0.5362, -0.0075, 0.8437); LVel(0.0000, 0.0000, 0.0000), AngV(0.0075, 0.0002, -0.0078); PoseTime=172022827186, predict time=0.000ms(p0,r0), pose latency(I)=0.000
10-11 16:04:21.557 D/SVR_HMD ( 2388): SvrHmdDevice.java:onSensorChanged(281) SvrHmdDevice, onSensorChanged, sensor.getType() = 1, ACCELER: X = -0.08131409, Y = -9.70343, Z = 2.3505402
10-11 16:04:21.557 D/SVR_HMD ( 2388): SvrHmdDevice.java:onSensorChanged(273) SvrHmdDevice, onSensorChanged, sensor.getType() = 4, GYRO: AxisX = 0.016693115, AxisY = -0.013763428, AxisZ = 0.023880005
10-11 16:04:21.604 I/svr ( 3043): FPS: 73.63
10-11 16:04:21.667 I/POSE ( 3043): GetSyncPose pose_hmd_1 INVALID (oemValid(1),isFocus(0)) Origin(0) 3DoF; Arena[1]_Trig(0)_Out(0)_OutLevel(0.0000); XYZ(-0.2001, -0.1540, -0.1552), EulerYPR(-50.78, -171.78, -40.76), Wxyz(-0.2096, 0.8340, -0.2850, 0.4234); LVel(-0.0405, 0.0569, 0.0014), AngV(-0.0229, 0.1270, -0.1693); PoseTime=172169993116, predict time=15.822ms(p0,r0), pose latency(I)=0.000
10-11 16:04:21.667 I/POSE ( 3043): GetSyncPose pose_clr_2 VALID(oemValid(1),isFocus(0)) Origin(0) 3DoF; Arena[1]_Trig(0)_Out(0)_OutLevel(0.0000); XYZ(-0.4173, -0.8287, -0.3271), EulerYPR(-115.09, 177.80, 1.87), Wxyz(0.0240, 0.5362, -0.0075, 0.8437); LVel(0.0000, 0.0000, 0.0000), AngV(0.0122, 0.0085, -0.0044); PoseTime=172172013608, predict time=0.000ms(p0,r0), pose latency(I)=0.000
10-11 16:04:21.694 D/ArmModel( 3043): ArmModel getArmedPose(2) 1, 1
10-11 16:04:21.694 D/ArmModel( 3043): Dev(2)ctrllerXYRotationRadio : 0.327889 elbowCurveLerpValue = 0.515578
10-11 16:04:21.694 D/ArmModel( 3043): Dev(2)quatCtrllerXYRot : (-0.022095,0.492080,0.000000,0.870270)
10-11 16:04:21.694 D/ArmModel( 3043): Dev(2)quatCtrllerXYLerpRot : (-0.011780,0.262348,0.000000,0.964901)
10-11 16:04:21.694 D/ArmModel( 3043): Dev(2)elbowOffset : (-0.310826,-0.833781,0.315140)
10-11 16:04:21.694 D/ArmModel( 3043): Dev(2)wristOffset : (-0.460154,-0.830563,0.301320)
10-11 16:04:21.694 D/ArmModel( 3043): Dev(2)ctrllerOffset : (-0.417329,-0.828640,0.327057)
10-11 16:04:21.694 D/ArmModel( 3043): Dev(2)finalCtrlPos : (-0.417329,-0.828640,-0.327057)
10-11 16:04:21.736 I/SVRI ( 3043): checkSteady 2 stops
10-11 16:04:21.736 W/ArmModel( 3043): setHandSteady LOCKED
10-11 16:04:21.758 I/ipdmonitor( 2388): ipd = 659
10-11 16:04:21.776 I/OverlayManager( 3043): drawPassThrough mPassThroughParameter.mEnable = 1
10-11 16:04:21.776 I/OverlayManager( 3043): drawPassThrough passthrough = 0xbfc9dd00, passthrough->isEnable() = 0, passthrough->isOverlayVisible() = 0
10-11 16:04:21.869 I/OverlayManager( 3043): isPassThroughShowing show = 0
